08-02 17:20:48.704 3566 3610 V RecentTasksController: Task 8714 is not an active desktop task
08-02 17:20:48.704 3566 3610 V RecentTasksController: Added fullscreen task: 8714
08-02 17:20:48.704 3566 3610 V RecentTasksController: generateList - complete
08-02 17:20:48.704 5602 5627 D AlphabeticIndexCompat: computeSectionName: cs: FotMob sectionName: F
08-02 17:20:48.705 5602 5627 D AlphabeticIndexCompat: computeSectionName: cs: OneDrive sectionName: O
08-02 17:20:48.705 5602 5623 D PreloadThumbnailUseCase: Preloading thumbnails for task ids: [[id=8714 windowingMode=1 user=0 lastActiveTime=262495425] null, [id=8724 windowingMode=1 user=0 lastActiveTime=262619458] null, [id=8726 windowingMode=1 user=0 lastActiveTime=263464082] null]
08-02 17:20:48.706 5602 5627 D AlphabeticIndexCompat: computeSectionName: cs: WhatsApp sectionName: W
08-02 17:20:48.706 5602 5627 D AlphabeticIndexCompat: computeSectionName: cs: YouTube Music sectionName: Y
08-02 17:20:48.710 5602 5627 D AlphabeticIndexCompat: computeSectionName: cs: YouTube sectionName: Y
08-02 17:20:48.711 5602 5627 D AlphabeticIndexCompat: computeSectionName: cs: Fit sectionName: F
08-02 17:20:48.711 5602 5627 D AlphabeticIndexCompat: computeSectionName: cs: Shopify sectionName: S
08-02 17:20:48.712 5602 5627 D AlphabeticIndexCompat: computeSectionName: cs: Conversations sectionName: C
08-02 17:20:48.713 5602 5627 D AlphabeticIndexCompat: computeSectionName: cs: Google Play Books sectionName: G
08-02 17:20:48.713 5602 5627 D AlphabeticIndexCompat: computeSectionName: cs: Battery sectionName: B
08-02 17:20:48.714 5602 5627 D AlphabeticIndexCompat: computeSectionName: cs: Users sectionName: U
08-02 17:20:48.718 5602 5627 D AlphabeticIndexCompat: computeSectionName: cs: ING Banking sectionName: I
08-02 17:20:48.719 5602 5627 D AlphabeticIndexCompat: computeSectionName: cs: VLC sectionName: V
08-02 17:20:48.720 5602 5627 D AlphabeticIndexCompat: computeSectionName: cs: Drive sectionName: D
08-02 17:20:48.720 5602 5627 D AlphabeticIndexCompat: computeSectionName: cs: Clock sectionName: C
08-02 17:20:48.721 5602 5627 D AlphabeticIndexCompat: computeSectionName: cs: Stocard sectionName: S
08-02 17:20:48.722 5602 5627 D AlphabeticIndexCompat: computeSectionName: cs: Paired sectionName: P
08-02 17:20:48.723 5602 5627 D AlphabeticIndexCompat: computeSectionName: cs: Prusa sectionName: P
08-02 17:20:48.727 5602 5627 D AlphabeticIndexCompat: computeSectionName: cs: Maps sectionName: M
08-02 17:20:48.728 5602 5627 D AlphabeticIndexCompat: computeSectionName: cs: Pinterest sectionName: P
08-02 17:20:48.729 5602 5627 D AlphabeticIndexCompat: computeSectionName: cs: Shazam sectionName: S
08-02 17:20:48.729 5602 5627 D AlphabeticIndexCompat: computeSectionName: cs: Google Play Store sectionName: G
08-02 17:20:48.730 5602 5627 D AlphabeticIndexCompat: computeSectionName: cs: Indeed Job Search sectionName: I
08-02 17:20:48.731 5602 5627 D AlphabeticIndexCompat: computeSectionName: cs: myGov sectionName: M
08-02 17:20:48.731 5602 5627 D AlphabeticIndexCompat: computeSectionName: cs: Dropbox sectionName: D
08-02 17:20:48.732 5602 5627 D AlphabeticIndexCompat: computeSectionName: cs: Elevate sectionName: E
08-02 17:20:48.737 5602 5627 D AlphabeticIndexCompat: computeSectionName: cs: Coinbase sectionName: C
08-02 17:20:48.738 5602 5627 D AlphabeticIndexCompat: computeSectionName: cs: Amazon Shopping sectionName: A
08-02 17:20:48.738 5602 5627 D AlphabeticIndexCompat: computeSectionName: cs: SmartThings sectionName: S
08-02 17:20:48.739 5602 5627 D AlphabeticIndexCompat: computeSectionName: cs: Constant Contact sectionName: C
08-02 17:20:48.740 5602 5627 D AlphabeticIndexCompat: computeSectionName: cs: Telegram sectionName: T
08-02 17:20:48.740 5602 5627 D AlphabeticIndexCompat: computeSectionName: cs: Claude sectionName: C
08-02 17:20:48.741 5602 5627 D AlphabeticIndexCompat: computeSectionName: cs: Finch sectionName: F
08-02 17:20:48.747 21634 28145 W libbinder.Binder: Binder transaction to android.accounts.IAccountAuthenticator, function: UNKNOWN_FUNCTION_NAME, code: 3, took 1500ms. Data bytes: 492 Reply bytes: 0 Flags: 17
08-02 17:20:48.851 21634 21638 E gcblocker: too long GC blocking: 5
08-02 17:20:48.851 21634 21638 E gcblocker: gc block end, 168185173,100
08-02 17:20:48.857 32367 19837 W com.amazon.avod.thirdpartyclient/PandaOAuthExchangeRequestHelper: Actor refresh token is not set in the response, ignoring...
08-02 17:20:48.857 32367 19837 W com.amazon.avod.thirdpartyclient/PandaOAuthExchangeRequestHelper: Account refresh token is not set in the response, ignoring...
08-02 17:20:48.857 32367 19837 W com.amazon.avod.thirdpartyclient/PandaOAuthExchangeRequestHelper: Actor refresh token is not set in the response, ignoring...
08-02 17:20:48.857 32367 19837 W com.amazon.avod.thirdpartyclient/PandaOAuthExchangeRequestHelper: Account refresh token is not set in the response, ignoring...
08-02 17:20:48.857 32367 19837 E com.amazon.avod.thirdpartyclient/PandaOAuthExchangeRequestHelper: Failed to parse actor info from the response. Just return null.
08-02 17:20:48.857 32367 19837 E com.amazon.avod.thirdpartyclient/PandaOAuthExchangeRequestHelper: org.json.JSONException: No value for actor_info
08-02 17:20:48.857 32367 19837 E com.amazon.avod.thirdpartyclient/PandaOAuthExchangeRequestHelper: at org.json.JSONObject.get(JSONObject.java:398)
08-02 17:20:48.857 32367 19837 E com.amazon.avod.thirdpartyclient/PandaOAuthExchangeRequestHelper: at org.json.JSONObject.getJSONObject(JSONObject.java:618)
08-02 17:20:48.857 32367 19837 E com.amazon.avod.thirdpartyclient/PandaOAuthExchangeRequestHelper: at com.amazon.identity.auth.device.token.OAuthTokenManager.a(SourceFile:362)
08-02 17:20:48.857 32367 19837 E com.amazon.avod.thirdpartyclient/PandaOAuthExchangeRequestHelper: at com.amazon.identity.auth.device.token.OAuthTokenManager.a(SourceFile:347)
08-02 17:20:48.857 32367 19837 E com.amazon.avod.thirdpartyclient/PandaOAuthExchangeRequestHelper: at com.amazon.identity.auth.device.token.OAuthTokenManager.a(SourceFile:386)
08-02 17:20:48.857 32367 19837 E com.amazon.avod.thirdpartyclient/PandaOAuthExchangeRequestHelper: at com.amazon.identity.auth.device.token.OAuthTokenManager.a(SourceFile:113)
08-02 17:20:48.857 32367 19837 E com.amazon.avod.thirdpartyclient/PandaOAuthExchangeRequestHelper: at com.amazon.identity.auth.device.token.w.a(SourceFile:192)
08-02 17:20:48.857 32367 19837 E com.amazon.avod.thirdpartyclient/PandaOAuthExchangeRequestHelper: at com.amazon.identity.auth.device.token.w.b(SourceFile:10)
08-02 17:20:48.857 32367 19837 E com.amazon.avod.thirdpartyclient/PandaOAuthExchangeRequestHelper: at com.amazon.identity.auth.device.token.o.a(SourceFile:1)
08-02 17:20:48.857 32367 19837 E com.amazon.avod.thirdpartyclient/PandaOAuthExchangeRequestHelper: at com.amazon.identity.auth.device.token.m$c$b.run(SourceFile:12)
08-02 17:20:48.857 32367 19837 E com.amazon.avod.thirdpartyclient/PandaOAuthExchangeRequestHelper: at java.util.concurrent.ThreadPoolExecutor.runWorker(ThreadPoolExecutor.java:1100)
08-02 17:20:48.857 32367 19837 E com.amazon.avod.thirdpartyclient/PandaOAuthExchangeRequestHelper: at java.util.concurrent.ThreadPoolExecutor$Worker.run(ThreadPoolExecutor.java:624)
08-02 17:20:48.857 32367 19837 E com.amazon.avod.thirdpartyclient/PandaOAuthExchangeRequestHelper: at java.lang.Thread.run(Thread.java:1572)
08-02 17:20:48.919 3766 3766 D GRIL-S : [34141]> SET_PREFERRED_CAMERA_FREQ_1_5[1753000]
08-02 17:20:48.923 3766 4457 D GRIL-S : [34141]< SET_PREFERRED_CAMERA_FREQ_1_5
08-02 17:20:48.925 3766 3766 D GRIL-S : [34142]> SET_PREFERRED_CAMERA_FREQ_1_5[1665000]
08-02 17:20:48.927 3766 4457 D GRIL-S : [34142]< SET_PREFERRED_CAMERA_FREQ_1_5
08-02 17:20:48.927 32367 690 E libbinder.IPCThreadState: Binder transaction failure. id: 143585654, cmd: BR_FROZEN_REPLY (29202), error: 0 (Success)
08-02 17:20:48.927 32367 690 E JavaBinder: !!! FAILED BINDER TRANSACTION !!! (parcel size = 756)
08-02 17:20:48.927 1761 2535 W ActivityManager: pid 32367 com.amazon.avod.thirdpartyclient sent binder code 3 with flags 2 and got error -2147483646
08-02 17:20:48.927 1761 2535 D ActivityManager: Too many transaction errors, throttling transaction error callback.
08-02 17:20:48.928 3766 3766 D GRIL-S : [34143]> SET_PREFERRED_DISPLAY_FREQ_1_4[865000]
08-02 17:20:48.929 32367 690 W com.amazon.avod.thirdpartyclient/DistributedDataStorage: Failed action SetData with remote package.
08-02 17:20:48.930 3766 4457 D GRIL-S : [34143]< SET_PREFERRED_DISPLAY_FREQ_1_4
08-02 17:20:48.932 3766 3766 D GRIL-S : [34144]> SET_PREFERRED_CAMERA_FREQ_1_5[830000, 860000]
08-02 17:20:48.933 3766 4457 D GRIL-S : [34144]< SET_PREFERRED_CAMERA_FREQ_1_5
08-02 17:20:48.935 32367 690 E libbinder.IPCThreadState: Binder transaction failure. id: 143585697, cmd: BR_FROZEN_REPLY (29202), error: 0 (Success)
08-02 17:20:48.935 3766 3766 D GRIL-S : [34145]> SET_PREFERRED_CAMERA_FREQ_1_5[830000, 860000]
08-02 17:20:48.935 32367 690 D ActivityThread: Too many transaction errors, throttling transaction error callback.
08-02 17:20:48.935 32367 690 E JavaBinder: !!! FAILED BINDER TRANSACTION !!! (parcel size = 764)
08-02 17:20:48.936 3766 4457 D GRIL-S : [34145]< SET_PREFERRED_CAMERA_FREQ_1_5
08-02 17:20:48.938 32367 690 W com.amazon.avod.thirdpartyclient/DistributedDataStorage: Failed action SetData with remote package.
08-02 17:20:48.944 32367 690 E libbinder.IPCThreadState: Binder transaction failure. id: 143585731, cmd: BR_FROZEN_REPLY (29202), error: 0 (Success)
08-02 17:20:48.945 32367 690 D ActivityThread: Too many transaction errors, throttling transaction error callback.
08-02 17:20:48.945 32367 690 E JavaBinder: !!! FAILED BINDER TRANSACTION !!! (parcel size = 780)
08-02 17:20:48.953 32367 690 W com.amazon.avod.thirdpartyclient/DistributedDataStorage: Failed action SetData with remote package.
08-02 17:20:48.954 1761 5008 W ApplicationInfo: Large ApplicationInfo parcel: size=20140 package=com.zhiliaoapp.musically splits=57 sharedLibs=8 resDirs=1 overlayPaths=1
08-02 17:20:48.954 1761 5008 W PackageInfo: Large parcel: size=22164 pkg=com.zhiliaoapp.musically uid=10310 prevAllowSquashing=false
08-02 17:20:48.955 1761 2535 W ApplicationInfo: Large ApplicationInfo parcel: size=20140 package=com.zhiliaoapp.musically splits=57 sharedLibs=8 resDirs=1 overlayPaths=1
08-02 17:20:48.955 1761 2535 W PackageInfo: Large parcel: size=22164 pkg=com.zhiliaoapp.musically uid=10310 prevAllowSquashing=false
08-02 17:20:48.956 1761 5008 W ApplicationInfo: Large ApplicationInfo parcel: size=20140 package=com.zhiliaoapp.musically splits=57 sharedLibs=8 resDirs=1 overlayPaths=1
08-02 17:20:48.956 1761 5008 W PackageInfo: Large parcel: size=22164 pkg=com.zhiliaoapp.musically uid=10310 prevAllowSquashing=false
08-02 17:20:48.958 32367 690 E libbinder.IPCThreadState: Binder transaction failure. id: 143585756, cmd: BR_FROZEN_REPLY (29202), error: 0 (Success)
08-02 17:20:48.958 32367 690 D ActivityThread: Too many transaction errors, throttling transaction error callback.
08-02 17:20:48.958 32367 690 E JavaBinder: !!! FAILED BINDER TRANSACTION !!! (parcel size = 788)
08-02 17:20:48.959 32367 690 W com.amazon.avod.thirdpartyclient/DistributedDataStorage: Failed action SetData with remote package.
08-02 17:20:49.004 32367 19810 I AmazonVideo: BearerTokenCache: BearerToken{key=TokenKey{account=xxaivxx, profile=xxaivxx}, success=xxaivxx, failure=null}
08-02 17:20:49.006 32367 690 E libbinder.IPCThreadState: Binder transaction failure. id: 143585924, cmd: BR_FROZEN_REPLY (29202), error: 0 (Success)
08-02 17:20:49.006 32367 690 D ActivityThread: Too many transaction errors, throttling transaction error callback.
08-02 17:20:49.006 32367 690 E JavaBinder: !!! FAILED BINDER TRANSACTION !!! (parcel size = 620)
08-02 17:20:49.008 32367 690 W com.amazon.avod.thirdpartyclient/DistributedDataStorage: Failed action SetUserdata with remote package.
08-02 17:20:49.008 32367 690 E libbinder.IPCThreadState: Binder transaction failure. id: 143585933, cmd: BR_FROZEN_REPLY (29202), error: 0 (Success)
08-02 17:20:49.009 32367 690 D ActivityThread: Too many transaction errors, throttling transaction error callback.
08-02 17:20:49.009 32367 690 E JavaBinder: !!! FAILED BINDER TRANSACTION !!! (parcel size = 628)
08-02 17:20:49.011 32367 690 W com.amazon.avod.thirdpartyclient/DistributedDataStorage: Failed action SetUserdata with remote package.
08-02 17:20:49.030 32083 32143 I Finsky : [180] AIM: AppInfoManager-Perf > getApps > data collection finished
08-02 17:20:49.030 32083 32143 I Finsky : [180] AIM: AppInfoManager-Perf > maybeDestroyAppInfoManager is called. actives = 1
08-02 17:20:49.070 1761 9948 V SafetySourceDataValidat: Package: com.android.vending has expected signature
08-02 17:20:49.070 1761 9948 V SafetySourceDataValidat: Package: com.android.vending has expected signature
08-02 17:20:49.084 1761 2535 W ApplicationInfo: Large ApplicationInfo parcel: size=20140 package=com.zhiliaoapp.musically splits=57 sharedLibs=8 resDirs=1 overlayPaths=1
08-02 17:20:49.084 1761 2535 W PackageInfo: Large parcel: size=22164 pkg=com.zhiliaoapp.musically uid=10310 prevAllowSquashing=false
08-02 17:20:49.286 32367 690 E libbinder.IPCThreadState: Binder transaction failure. id: 143586335, cmd: BR_FROZEN_REPLY (29202), error: 0 (Success)
08-02 17:20:49.286 32367 690 D ActivityThread: Too many transaction errors, throttling transaction error callback.
08-02 17:20:49.286 32367 690 E JavaBinder: !!! FAILED BINDER TRANSACTION !!! (parcel size = 704)
08-02 17:20:49.288 32367 690 W com.amazon.avod.thirdpartyclient/DistributedDataStorage: Failed action SetData with remote package.
08-02 17:20:49.289 32367 690 E libbinder.IPCThreadState: Binder transaction failure. id: 143586344, cmd: BR_FROZEN_REPLY (29202), error: 0 (Success)
08-02 17:20:49.289 32367 690 D ActivityThread: Too many transaction errors, throttling transaction error callback.
08-02 17:20:49.289 32367 690 E JavaBinder: !!! FAILED BINDER TRANSACTION !!! (parcel size = 712)
08-02 17:20:49.291 32367 690 W com.amazon.avod.thirdpartyclient/DistributedDataStorage: Failed action SetData with remote package.
08-02 17:20:49.301 8200 14217 D gojni : 10.9M/150.1M netcheck: DetectCaptivePortal(found=false)
08-02 17:20:49.307 32367 690 E libbinder.IPCThreadState: Binder transaction failure. id: 143586365, cmd: BR_FROZEN_REPLY (29202), error: 0 (Success)
08-02 17:20:49.307 32367 690 D ActivityThread: Too many transaction errors, throttling transaction error callback.
08-02 17:20:49.307 32367 690 E JavaBinder: !!! FAILED BINDER TRANSACTION !!! (parcel size = 1104)
08-02 17:20:49.308 32367 690 W com.amazon.avod.thirdpartyclient/DistributedDataStorage: Failed action SetDeviceData with remote package.
08-02 17:20:49.310 32367 690 E libbinder.IPCThreadState: Binder transaction failure. id: 143586374, cmd: BR_FROZEN_REPLY (29202), error: 0 (Success)
08-02 17:20:49.310 32367 690 D ActivityThread: Too many transaction errors, throttling transaction error callback.
08-02 17:20:49.310 32367 690 E JavaBinder: !!! FAILED BINDER TRANSACTION !!! (parcel size = 1112)
08-02 17:20:49.311 32367 690 W com.amazon.avod.thirdpartyclient/DistributedDataStorage: Failed action SetDeviceData with remote package.
08-02 17:20:49.322 8200 14217 D gojni : 10.9M/150.1M magicsock: endpoints changed: 194.223.89.88:33299 (stun), 192.0.0.4:33299 (local), 192.168.1.123:33299 (local), [2001:8004:5c10:ec56:2a43:a4c2:f3f5:5010]:33299 (local), [2001:8004:5c10:ec56:809a:777d:6536:2197]:33299 (local), [2001:8004:69a0:5f8:a549:29b3:cb12:9918]:33299 (local), [2405:6e00:2651:c23f:8b52:fb1b:b75a:e637]:33299 (local), [2405:6e00:2651:c23f:f064:3ff:fede:2b4f]:33299 (local)
08-02 17:20:49.335 19875 19875 W ip : type=1400 audit(0.0:336409): avc: denied { bind } for scontext=u:r:untrusted_app_34:s0:c124,c258,c512,c768 tcontext=u:r:untrusted_app_34:s0:c124,c258,c512,c768 tclass=netlink_route_socket permissive=0 app=com.tailscale.ipn
08-02 17:20:49.353 663 663 D libnos_datagram: Calling App 0x02 with params 0x000a
08-02 17:20:49.364 32367 19810 I AmazonVideo.http: FetchFromServer: (2262ms, #1) Completed Request@da33bb9[GET https://abxc3apcastp.fe.api.amazonvideo.com/cdp/playback/GetDefaultSettings?&deviceTypeID=A43PXU4ZN2AL1&firmware=fmw%3A37-app%3A3.0.465.1747&format=json&osLocale=en_US&responseFormatVersion=1.0.0&softwareVersion=465&uxLocale=en_US&version=1]
08-02 17:20:49.381 32367 19879 D AmazonVideo.http: Non-CRC - PDX - abxc3apcastp.fe.api.amazonvideo.com/cdp/playback/GetDefaultSettings
08-02 17:20:49.385 32367 22899 I AmazonVideo: Updated default heuristics configuration
08-02 17:20:49.404 663 663 D libnos_datagram: App 0x02 returning 0x0
08-02 17:20:49.404 663 663 I citadeld: reportCitadelAppCalled app_id = 2 arg = 10 app_status = 0
08-02 17:20:49.404 663 663 I citadeld: Recorded atom for RPC call
08-02 17:20:49.409 663 663 D libnos_datagram: Calling App 0x02 with params 0x000b
08-02 17:20:49.413 663 663 D libnos_datagram: App 0x02 returning 0x0
08-02 17:20:49.414 663 663 I citadeld: reportCitadelAppCalled app_id = 2 arg = 11 app_status = 0
08-02 17:20:49.414 663 663 I citadeld: Recorded atom for RPC call
08-02 17:20:49.416 663 663 D libnos_datagram: Calling App 0x02 with params 0x000c
08-02 17:20:49.428 32367 32460 W AmazonVideo: Warning: getAccessToken
08-02 17:20:49.429 32367 690 E libbinder.IPCThreadState: Binder transaction failure. id: 143586500, cmd: BR_FROZEN_REPLY (29202), error: 0 (Success)
08-02 17:20:49.429 32367 690 D ActivityThread: Too many transaction errors, throttling transaction error callback.
08-02 17:20:49.429 32367 690 E JavaBinder: !!! FAILED BINDER TRANSACTION !!! (parcel size = 620)
08-02 17:20:49.429 32367 690 W com.amazon.avod.thirdpartyclient/DistributedDataStorage: Failed action SetUserdata with remote package.
08-02 17:20:49.431 32367 690 E libbinder.IPCThreadState: Binder transaction failure. id: 143586508, cmd: BR_FROZEN_REPLY (29202), error: 0 (Success)
08-02 17:20:49.431 32367 690 D ActivityThread: Too many transaction errors, throttling transaction error callback.
08-02 17:20:49.431 32367 690 E JavaBinder: !!! FAILED BINDER TRANSACTION !!! (parcel size = 628)
08-02 17:20:49.433 32367 690 W com.amazon.avod.thirdpartyclient/DistributedDataStorage: Failed action SetUserdata with remote package.
08-02 17:20:49.433 663 663 D libnos_datagram: App 0x02 returning 0x0
08-02 17:20:49.433 663 663 I citadeld: reportCitadelAppCalled app_id = 2 arg = 12 app_status = 0
08-02 17:20:49.433 663 663 I citadeld: Recorded atom for RPC call
08-02 17:20:49.561 1761 2535 W ApplicationInfo: Large ApplicationInfo parcel: size=20140 package=com.zhiliaoapp.musically splits=57 sharedLibs=8 resDirs=1 overlayPaths=1
08-02 17:20:49.562 1761 2535 W PackageInfo: Large parcel: size=22164 pkg=com.zhiliaoapp.musically uid=10310 prevAllowSquashing=false
08-02 17:20:49.595 30171 30336 I AiAiVC : (REDACTED) Centralized allowlist: requested package %s is in the allowlist
08-02 17:20:49.595 30171 30336 I AiAiVC : (REDACTED) Centralized allowlist: requested package %s is in the allowlist
08-02 17:20:49.595 30171 30336 I AiAiVC : (REDACTED) Centralized allowlist: requested package %s is in the allowlist
08-02 17:20:49.595 30171 30336 I AiAiVC : (REDACTED) Centralized allowlist: requested package %s is in the allowlist
08-02 17:20:49.595 30171 30336 I AiAiVC : (REDACTED) Centralized allowlist: requested package %s is in the allowlist
08-02 17:20:49.595 30171 30336 I AiAiVC : (REDACTED) Centralized allowlist: requested package %s is in the allowlist
08-02 17:20:49.595 30171 30336 I AiAiVC : (REDACTED) Centralized allowlist: requested package %s is in the allowlist
08-02 17:20:49.595 30171 30336 I AiAiVC : (REDACTED) Centralized allowlist: requested package %s is in the allowlist
08-02 17:20:49.595 30171 30336 I AiAiVC : (REDACTED) Centralized allowlist: requested package %s is in the allowlist
08-02 17:20:49.595 30171 30336 I AiAiVC : (REDACTED) Centralized allowlist: requested package %s is in the allowlist
08-02 17:20:49.596 30171 30336 I AiAiVC : (REDACTED) Centralized allowlist: requested package %s is in the allowlist
08-02 17:20:49.596 30171 30336 I AiAiVC : (REDACTED) Centralized allowlist: requested package %s is in the allowlist
08-02 17:20:49.596 30171 30336 I AiAiVC : (REDACTED) Centralized allowlist: requested package %s is in the allowlist
08-02 17:20:49.596 30171 30336 I AiAiVC : (REDACTED) Centralized allowlist: requested package %s is in the allowlist
08-02 17:20:49.596 30171 30336 I AiAiVC : (REDACTED) Centralized allowlist: requested package %s is in the allowlist
08-02 17:20:49.596 30171 30336 I AiAiVC : (REDACTED) Centralized allowlist: requested package %s is in the allowlist
08-02 17:20:49.596 30171 30336 I AiAiVC : (REDACTED) Centralized allowlist: requested package %s is in the allowlist
08-02 17:20:49.596 30171 30336 I AiAiVC : (REDACTED) Centralized allowlist: requested package %s is in the allowlist
08-02 17:20:49.596 30171 30336 I AiAiVC : (REDACTED) Centralized allowlist: requested package %s is in the allowlist
08-02 17:20:49.596 30171 30336 I AiAiVC : (REDACTED) Centralized allowlist: requested package %s is in the allowlist
08-02 17:20:49.596 30171 30336 I AiAiVC : (REDACTED) Centralized allowlist: requested package %s is not in the allowlist
08-02 17:20:49.596 30171 30336 I AiAiVC : (REDACTED) Centralized allowlist: requested package %s is in the allowlist
08-02 17:20:49.596 30171 30336 I AiAiVC : (REDACTED) Centralized allowlist: requested package %s is in the allowlist
08-02 17:20:49.596 30171 30336 I AiAiVC : (REDACTED) Centralized allowlist: requested package %s is in the allowlist
08-02 17:20:49.596 30171 30336 I AiAiVC : (REDACTED) Centralized allowlist: requested package %s is not in the allowlist
08-02 17:20:49.596 30171 30336 I AiAiVC : (REDACTED) Centralized allowlist: requested package %s is in the allowlist
08-02 17:20:49.596 30171 30336 I AiAiVC : (REDACTED) Centralized allowlist: requested component %s is in the allowlist
08-02 17:20:49.596 30171 30336 I AiAiVC : (REDACTED) Centralized allowlist: requested component %s is in the allowlist
08-02 17:20:49.596 30171 30336 I AiAiVC : (REDACTED) Centralized allowlist: requested component %s is in the allowlist
08-02 17:20:49.596 30171 30336 I AiAiVC : (REDACTED) Centralized allowlist: requested component %s is in the allowlist
08-02 17:20:49.596 30171 30336 I AiAiVC : (REDACTED) Centralized allowlist: requested component %s is not in the allowlist
08-02 17:20:49.596 30171 30336 I AiAiVC : (REDACTED) Centralized allowlist: requested component %s is not in the allowlist
08-02 17:20:49.596 30171 30336 I AiAiVC : (REDACTED) Centralized allowlist: requested component %s is not in the allowlist
08-02 17:20:49.596 30171 30336 I AiAiVC : (REDACTED) Centralized allowlist: requested component %s is not in the allowlist
08-02 17:20:49.596 30171 30336 I AiAiVC : (REDACTED) Centralized allowlist: requested component %s is in the allowlist
08-02 17:20:49.596 30171 30336 I AiAiVC : (REDACTED) Centralized allowlist: requested component %s is in the allowlist
08-02 17:20:49.596 30171 30336 I AiAiVC : (REDACTED) Centralized allowlist: requested component %s is in the allowlist
08-02 17:20:49.596 30171 30336 I AiAiVC : (REDACTED) Centralized allowlist: requested component %s is in the allowlist
08-02 17:20:49.596 30171 30336 I AiAiVC : (REDACTED) Centralized allowlist: requested component %s is in the allowlist
08-02 17:20:49.596 30171 30336 I AiAiVC : (REDACTED) Centralized allowlist: requested component %s is in the allowlist
08-02 17:20:49.596 30171 30336 I AiAiVC : (REDACTED) Centralized allowlist: requested component %s is in the allowlist
08-02 17:20:49.596 30171 30336 I AiAiVC : (REDACTED) Centralized allowlist: requested component %s is in the allowlist
08-02 17:20:49.671 30171 30336 I AiAiVC : (REDACTED) Centralized allowlist: requested package %s is in the allowlist
08-02 17:20:49.671 30171 30336 I AiAiVC : (REDACTED) Centralized allowlist: requested package %s is in the allowlist
08-02 17:20:49.671 30171 30336 I AiAiVC : (REDACTED) Centralized allowlist: requested package %s is in the allowlist
08-02 17:20:49.671 30171 30336 I AiAiVC : (REDACTED) Centralized allowlist: requested package %s is in the allowlist
08-02 17:20:49.671 30171 30336 I AiAiVC : (REDACTED) Centralized allowlist: requested package %s is in the allowlist
08-02 17:20:49.671 30171 30336 I AiAiVC : (REDACTED) Centralized allowlist: requested package %s is in the allowlist
08-02 17:20:49.671 30171 30336 I AiAiVC : (REDACTED) Centralized allowlist: requested package %s is in the allowlist
08-02 17:20:49.671 30171 30336 I AiAiVC : (REDACTED) Centralized allowlist: requested package %s is in the allowlist
08-02 17:20:49.671 30171 30336 I AiAiVC : (REDACTED) Centralized allowlist: requested package %s is in the allowlist
08-02 17:20:49.671 30171 30336 I AiAiVC : (REDACTED) Centralized allowlist: requested package %s is in the allowlist
08-02 17:20:49.671 30171 30336 I AiAiVC : (REDACTED) Centralized allowlist: requested package %s is in the allowlist
08-02 17:20:49.671 30171 30336 I AiAiVC : (REDACTED) Centralized allowlist: requested package %s is in the allowlist
08-02 17:20:49.671 30171 30336 I AiAiVC : (REDACTED) Centralized allowlist: requested package %s is in the allowlist
08-02 17:20:49.671 30171 30336 I AiAiVC : (REDACTED) Centralized allowlist: requested package %s is in the allowlist
08-02 17:20:49.671 30171 30336 I AiAiVC : (REDACTED) Centralized allowlist: requested package %s is in the allowlist
08-02 17:20:49.671 30171 30336 I AiAiVC : (REDACTED) Centralized allowlist: requested package %s is in the allowlist
08-02 17:20:49.671 30171 30336 I AiAiVC : (REDACTED) Centralized allowlist: requested package %s is in the allowlist
08-02 17:20:49.671 30171 30336 I AiAiVC : (REDACTED) Centralized allowlist: requested package %s is in the allowlist
08-02 17:20:49.671 30171 30336 I AiAiVC : (REDACTED) Centralized allowlist: requested package %s is in the allowlist
08-02 17:20:49.671 30171 30336 I AiAiVC : (REDACTED) Centralized allowlist: requested package %s is in the allowlist
08-02 17:20:49.672 30171 30336 I AiAiVC : (REDACTED) Centralized allowlist: requested package %s is not in the allowlist
08-02 17:20:49.672 30171 30336 I AiAiVC : (REDACTED) Centralized allowlist: requested package %s is in the allowlist
08-02 17:20:49.672 30171 30336 I AiAiVC : (REDACTED) Centralized allowlist: requested package %s is in the allowlist
08-02 17:20:49.672 30171 30336 I AiAiVC : (REDACTED) Centralized allowlist: requested package %s is in the allowlist
08-02 17:20:49.672 30171 30336 I AiAiVC : (REDACTED) Centralized allowlist: requested package %s is not in the allowlist
08-02 17:20:49.672 30171 30336 I AiAiVC : (REDACTED) Centralized allowlist: requested package %s is in the allowlist
08-02 17:20:49.672 30171 30336 I AiAiVC : (REDACTED) Centralized allowlist: requested component %s is in the allowlist
08-02 17:20:49.672 30171 30336 I AiAiVC : (REDACTED) Centralized allowlist: requested component %s is in the allowlist
08-02 17:20:49.672 30171 30336 I AiAiVC : (REDACTED) Centralized allowlist: requested component %s is in the allowlist
08-02 17:20:49.672 30171 30336 I AiAiVC : (REDACTED) Centralized allowlist: requested component %s is in the allowlist
08-02 17:20:49.672 30171 30336 I AiAiVC : (REDACTED) Centralized allowlist: requested component %s is not in the allowlist
08-02 17:20:49.672 30171 30336 I AiAiVC : (REDACTED) Centralized allowlist: requested component %s is not in the allowlist
08-02 17:20:49.672 30171 30336 I AiAiVC : (REDACTED) Centralized allowlist: requested component %s is not in the allowlist
08-02 17:20:49.672 30171 30336 I AiAiVC : (REDACTED) Centralized allowlist: requested component %s is not in the allowlist
08-02 17:20:49.672 30171 30336 I AiAiVC : (REDACTED) Centralized allowlist: requested component %s is in the allowlist
08-02 17:20:49.672 30171 30336 I AiAiVC : (REDACTED) Centralized allowlist: requested component %s is in the allowlist
08-02 17:20:49.672 30171 30336 I AiAiVC : (REDACTED) Centralized allowlist: requested component %s is in the allowlist
08-02 17:20:49.672 30171 30336 I AiAiVC : (REDACTED) Centralized allowlist: requested component %s is in the allowlist
08-02 17:20:49.672 30171 30336 I AiAiVC : (REDACTED) Centralized allowlist: requested component %s is in the allowlist
08-02 17:20:49.672 30171 30336 I AiAiVC : (REDACTED) Centralized allowlist: requested component %s is in the allowlist
08-02 17:20:49.672 30171 30336 I AiAiVC : (REDACTED) Centralized allowlist: requested component %s is in the allowlist
08-02 17:20:49.673 30171 30336 I AiAiVC : (REDACTED) Centralized allowlist: requested component %s is in the allowlist
08-02 17:20:49.683 30171 30336 I AiAiVC : (REDACTED) Centralized allowlist: requested package %s is in the allowlist
08-02 17:20:49.684 30171 30336 I AiAiVC : (REDACTED) Centralized allowlist: requested package %s is in the allowlist
08-02 17:20:49.684 30171 30336 I AiAiVC : (REDACTED) Centralized allowlist: requested package %s is in the allowlist
08-02 17:20:49.684 30171 30336 I AiAiVC : (REDACTED) Centralized allowlist: requested package %s is in the allowlist
08-02 17:20:49.684 30171 30336 I AiAiVC : (REDACTED) Centralized allowlist: requested package %s is in the allowlist
08-02 17:20:49.684 30171 30336 I AiAiVC : (REDACTED) Centralized allowlist: requested package %s is in the allowlist
08-02 17:20:49.684 30171 30336 I AiAiVC : (REDACTED) Centralized allowlist: requested package %s is in the allowlist
08-02 17:20:49.684 30171 30336 I AiAiVC : (REDACTED) Centralized allowlist: requested package %s is in the allowlist
08-02 17:20:49.684 30171 30336 I AiAiVC : (REDACTED) Centralized allowlist: requested package %s is in the allowlist
08-02 17:20:49.684 30171 30336 I AiAiVC : (REDACTED) Centralized allowlist: requested package %s is in the allowlist
08-02 17:20:49.684 30171 30336 I AiAiVC : (REDACTED) Centralized allowlist: requested package %s is in the allowlist
08-02 17:20:49.684 30171 30336 I AiAiVC : (REDACTED) Centralized allowlist: requested package %s is in the allowlist
08-02 17:20:49.684 30171 30336 I AiAiVC : (REDACTED) Centralized allowlist: requested package %s is in the allowlist
08-02 17:20:49.684 30171 30336 I AiAiVC : (REDACTED) Centralized allowlist: requested package %s is in the allowlist
08-02 17:20:49.684 30171 30336 I AiAiVC : (REDACTED) Centralized allowlist: requested package %s is in the allowlist
08-02 17:20:49.684 30171 30336 I AiAiVC : (REDACTED) Centralized allowlist: requested package %s is in the allowlist
08-02 17:20:49.684 30171 30336 I AiAiVC : (REDACTED) Centralized allowlist: requested package %s is in the allowlist
08-02 17:20:49.684 30171 30336 I AiAiVC : (REDACTED) Centralized allowlist: requested package %s is in the allowlist
08-02 17:20:49.684 30171 30336 I AiAiVC : (REDACTED) Centralized allowlist: requested package %s is in the allowlist
08-02 17:20:49.684 30171 30336 I AiAiVC : (REDACTED) Centralized allowlist: requested package %s is in the allowlist
08-02 17:20:49.684 30171 30336 I AiAiVC : (REDACTED) Centralized allowlist: requested package %s is not in the allowlist
08-02 17:20:49.684 30171 30336 I AiAiVC : (REDACTED) Centralized allowlist: requested package %s is in the allowlist
08-02 17:20:49.684 30171 30336 I AiAiVC : (REDACTED) Centralized allowlist: requested package %s is in the allowlist
08-02 17:20:49.684 30171 30336 I AiAiVC : (REDACTED) Centralized allowlist: requested package %s is in the allowlist
08-02 17:20:49.684 30171 30336 I AiAiVC : (REDACTED) Centralized allowlist: requested package %s is not in the allowlist
08-02 17:20:49.684 30171 30336 I AiAiVC : (REDACTED) Centralized allowlist: requested package %s is in the allowlist
08-02 17:20:49.684 30171 30336 I AiAiVC : (REDACTED) Centralized allowlist: requested component %s is in the allowlist
08-02 17:20:49.684 30171 30336 I AiAiVC : (REDACTED) Centralized allowlist: requested component %s is in the allowlist
08-02 17:20:49.684 30171 30336 I AiAiVC : (REDACTED) Centralized allowlist: requested component %s is in the allowlist
08-02 17:20:49.684 30171 30336 I AiAiVC : (REDACTED) Centralized allowlist: requested component %s is in the allowlist
08-02 17:20:49.684 30171 30336 I AiAiVC : (REDACTED) Centralized allowlist: requested component %s is not in the allowlist
08-02 17:20:49.684 30171 30336 I AiAiVC : (REDACTED) Centralized allowlist: requested component %s is not in the allowlist
08-02 17:20:49.684 30171 30336 I AiAiVC : (REDACTED) Centralized allowlist: requested component %s is not in the allowlist
08-02 17:20:49.684 30171 30336 I AiAiVC : (REDACTED) Centralized allowlist: requested component %s is not in the allowlist
08-02 17:20:49.684 30171 30336 I AiAiVC : (REDACTED) Centralized allowlist: requested component %s is in the allowlist
08-02 17:20:49.684 30171 30336 I AiAiVC : (REDACTED) Centralized allowlist: requested component %s is in the allowlist
08-02 17:20:49.685 30171 30336 I AiAiVC : (REDACTED) Centralized allowlist: requested component %s is in the allowlist
08-02 17:20:49.685 30171 30336 I AiAiVC : (REDACTED) Centralized allowlist: requested component %s is in the allowlist
08-02 17:20:49.685 30171 30336 I AiAiVC : (REDACTED) Centralized allowlist: requested component %s is in the allowlist
08-02 17:20:49.685 30171 30336 I AiAiVC : (REDACTED) Centralized allowlist: requested component %s is in the allowlist
08-02 17:20:49.685 30171 30336 I AiAiVC : (REDACTED) Centralized allowlist: requested component %s is in the allowlist
08-02 17:20:49.685 30171 30336 I AiAiVC : (REDACTED) Centralized allowlist: requested component %s is in the allowlist
08-02 17:20:49.689 30171 30336 I AiAiVC : (REDACTED) Centralized allowlist: requested package %s is in the allowlist
08-02 17:20:49.689 30171 30336 I AiAiVC : (REDACTED) Centralized allowlist: requested package %s is in the allowlist
08-02 17:20:49.689 30171 30336 I AiAiVC : (REDACTED) Centralized allowlist: requested package %s is in the allowlist
08-02 17:20:49.689 30171 30336 I AiAiVC : (REDACTED) Centralized allowlist: requested package %s is in the allowlist
08-02 17:20:49.689 30171 30336 I AiAiVC : (REDACTED) Centralized allowlist: requested package %s is in the allowlist
08-02 17:20:49.689 30171 30336 I AiAiVC : (REDACTED) Centralized allowlist: requested package %s is in the allowlist
08-02 17:20:49.689 30171 30336 I AiAiVC : (REDACTED) Centralized allowlist: requested package %s is in the allowlist
08-02 17:20:49.689 30171 30336 I AiAiVC : (REDACTED) Centralized allowlist: requested package %s is in the allowlist
08-02 17:20:49.689 30171 30336 I AiAiVC : (REDACTED) Centralized allowlist: requested package %s is in the allowlist
08-02 17:20:49.689 30171 30336 I AiAiVC : (REDACTED) Centralized allowlist: requested package %s is in the allowlist
08-02 17:20:49.689 30171 30336 I AiAiVC : (REDACTED) Centralized allowlist: requested package %s is in the allowlist
08-02 17:20:49.689 30171 30336 I AiAiVC : (REDACTED) Centralized allowlist: requested package %s is in the allowlist
08-02 17:20:49.689 30171 30336 I AiAiVC : (REDACTED) Centralized allowlist: requested package %s is in the allowlist
08-02 17:20:49.689 30171 30336 I AiAiVC : (REDACTED) Centralized allowlist: requested package %s is in the allowlist
08-02 17:20:49.689 30171 30336 I AiAiVC : (REDACTED) Centralized allowlist: requested package %s is in the allowlist
08-02 17:20:49.689 30171 30336 I AiAiVC : (REDACTED) Centralized allowlist: requested package %s is in the allowlist
08-02 17:20:49.689 30171 30336 I AiAiVC : (REDACTED) Centralized allowlist: requested package %s is in the allowlist
08-02 17:20:49.689 30171 30336 I AiAiVC : (REDACTED) Centralized allowlist: requested package %s is in the allowlist
08-02 17:20:49.689 30171 30336 I AiAiVC : (REDACTED) Centralized allowlist: requested package %s is in the allowlist
08-02 17:20:49.689 30171 30336 I AiAiVC : (REDACTED) Centralized allowlist: requested package %s is in the allowlist
08-02 17:20:49.689 30171 30336 I AiAiVC : (REDACTED) Centralized allowlist: requested package %s is not in the allowlist
08-02 17:20:49.689 30171 30336 I AiAiVC : (REDACTED) Centralized allowlist: requested package %s is in the allowlist
08-02 17:20:49.689 30171 30336 I AiAiVC : (REDACTED) Centralized allowlist: requested package %s is in the allowlist
08-02 17:20:49.689 30171 30336 I AiAiVC : (REDACTED) Centralized allowlist: requested package %s is in the allowlist
08-02 17:20:49.689 30171 30336 I AiAiVC : (REDACTED) Centralized allowlist: requested package %s is not in the allowlist
08-02 17:20:49.689 30171 30336 I AiAiVC : (REDACTED) Centralized allowlist: requested package %s is in the allowlist
08-02 17:20:49.689 30171 30336 I AiAiVC : (REDACTED) Centralized allowlist: requested component %s is in the allowlist
08-02 17:20:49.689 30171 30336 I AiAiVC : (REDACTED) Centralized allowlist: requested component %s is in the allowlist
08-02 17:20:49.689 30171 30336 I AiAiVC : (REDACTED) Centralized allowlist: requested component %s is in the allowlist
08-02 17:20:49.689 30171 30336 I AiAiVC : (REDACTED) Centralized allowlist: requested component %s is in the allowlist
08-02 17:20:49.689 30171 30336 I AiAiVC : (REDACTED) Centralized allowlist: requested component %s is not in the allowlist
08-02 17:20:49.689 30171 30336 I AiAiVC : (REDACTED) Centralized allowlist: requested component %s is not in the allowlist
08-02 17:20:49.689 30171 30336 I AiAiVC : (REDACTED) Centralized allowlist: requested component %s is not in the allowlist
08-02 17:20:49.690 30171 30336 I AiAiVC : (REDACTED) Centralized allowlist: requested component %s is not in the allowlist
08-02 17:20:49.690 30171 30336 I AiAiVC : (REDACTED) Centralized allowlist: requested component %s is in the allowlist
08-02 17:20:49.690 30171 30336 I AiAiVC : (REDACTED) Centralized allowlist: requested component %s is in the allowlist
08-02 17:20:49.690 30171 30336 I AiAiVC : (REDACTED) Centralized allowlist: requested component %s is in the allowlist
08-02 17:20:49.690 30171 30336 I AiAiVC : (REDACTED) Centralized allowlist: requested component %s is in the allowlist
08-02 17:20:49.690 30171 30336 I AiAiVC : (REDACTED) Centralized allowlist: requested component %s is in the allowlist
08-02 17:20:49.690 30171 30336 I AiAiVC : (REDACTED) Centralized allowlist: requested component %s is in the allowlist
08-02 17:20:49.690 30171 30336 I AiAiVC : (REDACTED) Centralized allowlist: requested component %s is in the allowlist
08-02 17:20:49.690 30171 30336 I AiAiVC : (REDACTED) Centralized allowlist: requested component %s is in the allowlist
08-02 17:20:49.697 30171 30336 I AiAiVC : (REDACTED) Centralized allowlist: requested package %s is in the allowlist
08-02 17:20:49.697 30171 30336 I AiAiVC : (REDACTED) Centralized allowlist: requested package %s is in the allowlist
08-02 17:20:49.697 30171 30336 I AiAiVC : (REDACTED) Centralized allowlist: requested package %s is in the allowlist
08-02 17:20:49.697 30171 30336 I AiAiVC : (REDACTED) Centralized allowlist: requested package %s is in the allowlist
08-02 17:20:49.697 30171 30336 I AiAiVC : (REDACTED) Centralized allowlist: requested package %s is in the allowlist
08-02 17:20:49.698 30171 30336 I AiAiVC : (REDACTED) Centralized allowlist: requested package %s is in the allowlist
08-02 17:20:49.698 30171 30336 I AiAiVC : (REDACTED) Centralized allowlist: requested package %s is in the allowlist
08-02 17:20:49.698 30171 30336 I AiAiVC : (REDACTED) Centralized allowlist: requested package %s is in the allowlist
08-02 17:20:49.698 30171 30336 I AiAiVC : (REDACTED) Centralized allowlist: requested package %s is in the allowlist
08-02 17:20:49.698 30171 30336 I AiAiVC : (REDACTED) Centralized allowlist: requested package %s is in the allowlist
08-02 17:20:49.698 30171 30336 I AiAiVC : (REDACTED) Centralized allowlist: requested package %s is in the allowlist
08-02 17:20:49.698 30171 30336 I AiAiVC : (REDACTED) Centralized allowlist: requested package %s is in the allowlist
08-02 17:20:49.698 30171 30336 I AiAiVC : (REDACTED) Centralized allowlist: requested package %s is in the allowlist
08-02 17:20:49.698 30171 30336 I AiAiVC : (REDACTED) Centralized allowlist: requested package %s is in the allowlist
08-02 17:20:49.698 30171 30336 I AiAiVC : (REDACTED) Centralized allowlist: requested package %s is in the allowlist
08-02 17:20:49.699 30171 30336 I AiAiVC : (REDACTED) Centralized allowlist: requested package %s is in the allowlist
08-02 17:20:49.699 30171 30336 I AiAiVC : (REDACTED) Centralized allowlist: requested package %s is in the allowlist
08-02 17:20:49.700 30171 30336 I AiAiVC : (REDACTED) Centralized allowlist: requested package %s is in the allowlist
08-02 17:20:49.700 30171 30336 I AiAiVC : (REDACTED) Centralized allowlist: requested package %s is in the allowlist
08-02 17:20:49.700 30171 30336 I AiAiVC : (REDACTED) Centralized allowlist: requested package %s is in the allowlist
08-02 17:20:49.700 30171 30336 I AiAiVC : (REDACTED) Centralized allowlist: requested package %s is not in the allowlist
08-02 17:20:49.700 30171 30336 I AiAiVC : (REDACTED) Centralized allowlist: requested package %s is in the allowlist
08-02 17:20:49.700 30171 30336 I AiAiVC : (REDACTED) Centralized allowlist: requested package %s is in the allowlist
08-02 17:20:49.700 30171 30336 I AiAiVC : (REDACTED) Centralized allowlist: requested package %s is in the allowlist
08-02 17:20:49.700 30171 30336 I AiAiVC : (REDACTED) Centralized allowlist: requested package %s is not in the allowlist
08-02 17:20:49.700 30171 30336 I AiAiVC : (REDACTED) Centralized allowlist: requested package %s is in the allowlist
08-02 17:20:49.700 30171 30336 I AiAiVC : (REDACTED) Centralized allowlist: requested component %s is in the allowlist
08-02 17:20:49.700 30171 30336 I AiAiVC : (REDACTED) Centralized allowlist: requested component %s is in the allowlist
08-02 17:20:49.700 30171 30336 I AiAiVC : (REDACTED) Centralized allowlist: requested component %s is in the allowlist
08-02 17:20:49.700 30171 30336 I AiAiVC : (REDACTED) Centralized allowlist: requested component %s is in the allowlist
08-02 17:20:49.700 30171 30336 I AiAiVC : (REDACTED) Centralized allowlist: requested component %s is not in the allowlist
08-02 17:20:49.700 30171 30336 I AiAiVC : (REDACTED) Centralized allowlist: requested component %s is not in the allowlist
08-02 17:20:49.700 30171 30336 I AiAiVC : (REDACTED) Centralized allowlist: requested component %s is not in the allowlist
08-02 17:20:49.700 30171 30336 I AiAiVC : (REDACTED) Centralized allowlist: requested component %s is not in the allowlist
08-02 17:20:49.700 30171 30336 I AiAiVC : (REDACTED) Centralized allowlist: requested component %s is in the allowlist
08-02 17:20:49.700 30171 30336 I AiAiVC : (REDACTED) Centralized allowlist: requested component %s is in the allowlist
08-02 17:20:49.700 30171 30336 I AiAiVC : (REDACTED) Centralized allowlist: requested component %s is in the allowlist
08-02 17:20:49.700 30171 30336 I AiAiVC : (REDACTED) Centralized allowlist: requested component %s is in the allowlist
08-02 17:20:49.700 30171 30336 I AiAiVC : (REDACTED) Centralized allowlist: requested component %s is in the allowlist
08-02 17:20:49.700 30171 30336 I AiAiVC : (REDACTED) Centralized allowlist: requested component %s is in the allowlist
08-02 17:20:49.700 30171 30336 I AiAiVC : (REDACTED) Centralized allowlist: requested component %s is in the allowlist
08-02 17:20:49.700 30171 30336 I AiAiVC : (REDACTED) Centralized allowlist: requested component %s is in the allowlist
08-02 17:20:49.704 30171 30336 I AiAiVC : (REDACTED) Centralized allowlist: requested package %s is in the allowlist
08-02 17:20:49.704 30171 30336 I AiAiVC : (REDACTED) Centralized allowlist: requested package %s is in the allowlist
08-02 17:20:49.705 30171 30336 I AiAiVC : (REDACTED) Centralized allowlist: requested package %s is in the allowlist
08-02 17:20:49.705 30171 30336 I AiAiVC : (REDACTED) Centralized allowlist: requested package %s is in the allowlist
08-02 17:20:49.705 30171 30336 I AiAiVC : (REDACTED) Centralized allowlist: requested package %s is in the allowlist
08-02 17:20:49.705 30171 30336 I AiAiVC : (REDACTED) Centralized allowlist: requested package %s is in the allowlist
08-02 17:20:49.705 30171 30336 I AiAiVC : (REDACTED) Centralized allowlist: requested package %s is in the allowlist
08-02 17:20:49.705 30171 30336 I AiAiVC : (REDACTED) Centralized allowlist: requested package %s is in the allowlist
08-02 17:20:49.705 30171 30336 I AiAiVC : (REDACTED) Centralized allowlist: requested package %s is in the allowlist
08-02 17:20:49.705 30171 30336 I AiAiVC : (REDACTED) Centralized allowlist: requested package %s is in the allowlist
08-02 17:20:49.705 30171 30336 I AiAiVC : (REDACTED) Centralized allowlist: requested package %s is in the allowlist
08-02 17:20:49.705 30171 30336 I AiAiVC : (REDACTED) Centralized allowlist: requested package %s is in the allowlist
08-02 17:20:49.705 30171 30336 I AiAiVC : (REDACTED) Centralized allowlist: requested package %s is in the allowlist
08-02 17:20:49.705 30171 30336 I AiAiVC : (REDACTED) Centralized allowlist: requested package %s is in the allowlist
08-02 17:20:49.705 30171 30336 I AiAiVC : (REDACTED) Centralized allowlist: requested package %s is in the allowlist
08-02 17:20:49.705 30171 30336 I AiAiVC : (REDACTED) Centralized allowlist: requested package %s is in the allowlist
08-02 17:20:49.705 30171 30336 I AiAiVC : (REDACTED) Centralized allowlist: requested package %s is in the allowlist
08-02 17:20:49.705 30171 30336 I AiAiVC : (REDACTED) Centralized allowlist: requested package %s is in the allowlist
08-02 17:20:49.705 30171 30336 I AiAiVC : (REDACTED) Centralized allowlist: requested package %s is in the allowlist
08-02 17:20:49.705 30171 30336 I AiAiVC : (REDACTED) Centralized allowlist: requested package %s is in the allowlist
08-02 17:20:49.705 30171 30336 I AiAiVC : (REDACTED) Centralized allowlist: requested package %s is not in the allowlist
08-02 17:20:49.705 30171 30336 I AiAiVC : (REDACTED) Centralized allowlist: requested package %s is in the allowlist
08-02 17:20:49.705 30171 30336 I AiAiVC : (REDACTED) Centralized allowlist: requested package %s is in the allowlist
08-02 17:20:49.705 30171 30336 I AiAiVC : (REDACTED) Centralized allowlist: requested package %s is in the allowlist
08-02 17:20:49.705 30171 30336 I AiAiVC : (REDACTED) Centralized allowlist: requested package %s is not in the allowlist
08-02 17:20:49.705 30171 30336 I AiAiVC : (REDACTED) Centralized allowlist: requested package %s is in the allowlist
08-02 17:20:49.705 30171 30336 I AiAiVC : (REDACTED) Centralized allowlist: requested component %s is in the allowlist
08-02 17:20:49.705 30171 30336 I AiAiVC : (REDACTED) Centralized allowlist: requested component %s is in the allowlist
08-02 17:20:49.705 30171 30336 I AiAiVC : (REDACTED) Centralized allowlist: requested component %s is in the allowlist
08-02 17:20:49.705 30171 30336 I AiAiVC : (REDACTED) Centralized allowlist: requested component %s is in the allowlist
08-02 17:20:49.705 30171 30336 I AiAiVC : (REDACTED) Centralized allowlist: requested component %s is not in the allowlist
08-02 17:20:49.705 30171 30336 I AiAiVC : (REDACTED) Centralized allowlist: requested component %s is not in the allowlist
08-02 17:20:49.705 30171 30336 I AiAiVC : (REDACTED) Centralized allowlist: requested component %s is not in the allowlist
08-02 17:20:49.705 30171 30336 I AiAiVC : (REDACTED) Centralized allowlist: requested component %s is not in the allowlist
08-02 17:20:49.705 30171 30336 I AiAiVC : (REDACTED) Centralized allowlist: requested component %s is in the allowlist
08-02 17:20:49.705 30171 30336 I AiAiVC : (REDACTED) Centralized allowlist: requested component %s is in the allowlist
08-02 17:20:49.705 30171 30336 I AiAiVC : (REDACTED) Centralized allowlist: requested component %s is in the allowlist
08-02 17:20:49.705 30171 30336 I AiAiVC : (REDACTED) Centralized allowlist: requested component %s is in the allowlist
08-02 17:20:49.705 30171 30336 I AiAiVC : (REDACTED) Centralized allowlist: requested component %s is in the allowlist
08-02 17:20:49.705 30171 30336 I AiAiVC : (REDACTED) Centralized allowlist: requested component %s is in the allowlist
08-02 17:20:49.705 30171 30336 I AiAiVC : (REDACTED) Centralized allowlist: requested component %s is in the allowlist
08-02 17:20:49.705 30171 30336 I AiAiVC : (REDACTED) Centralized allowlist: requested component %s is in the allowlist
08-02 17:20:49.710 30171 30336 I AiAiVC : (REDACTED) Centralized allowlist: requested package %s is in the allowlist
08-02 17:20:49.710 30171 30336 I AiAiVC : (REDACTED) Centralized allowlist: requested package %s is in the allowlist
08-02 17:20:49.710 30171 30336 I AiAiVC : (REDACTED) Centralized allowlist: requested package %s is in the allowlist
08-02 17:20:49.711 30171 30336 I AiAiVC : (REDACTED) Centralized allowlist: requested package %s is in the allowlist
08-02 17:20:49.711 30171 30336 I AiAiVC : (REDACTED) Centralized allowlist: requested package %s is in the allowlist
08-02 17:20:49.711 30171 30336 I AiAiVC : (REDACTED) Centralized allowlist: requested package %s is in the allowlist
08-02 17:20:49.711 30171 30336 I AiAiVC : (REDACTED) Centralized allowlist: requested package %s is in the allowlist
08-02 17:20:49.711 30171 30336 I AiAiVC : (REDACTED) Centralized allowlist: requested package %s is in the allowlist
08-02 17:20:49.711 30171 30336 I AiAiVC : (REDACTED) Centralized allowlist: requested package %s is in the allowlist
08-02 17:20:49.711 30171 30336 I AiAiVC : (REDACTED) Centralized allowlist: requested package %s is in the allowlist
08-02 17:20:49.711 30171 30336 I AiAiVC : (REDACTED) Centralized allowlist: requested package %s is in the allowlist
