08-02 17:20:56.314 1761 2516 D ActivityManager: freezing 16346 com.google.android.packageinstaller
08-02 17:20:56.326 1761 3451 D InetDiagMessage: Destroyed 0 sockets, proto=IPPROTO_TCP, family=AF_INET, states=14
08-02 17:20:56.330 1761 3451 D InetDiagMessage: Destroyed 0 sockets, proto=IPPROTO_TCP, family=AF_INET6, states=14
08-02 17:20:56.331 1761 3451 D InetDiagMessage: Destroyed live tcp sockets for uids={10089} in 10ms
08-02 17:20:56.360 30171 30257 I AiAiPwm : (REDACTED) No relevant change resolved from source %s.
08-02 17:20:56.408 21634 21642 W libbinder.Binder: Binder transaction to android.accounts.IAccountAuthenticator, function: UNKNOWN_FUNCTION_NAME, code: 3, took 1500ms. Data bytes: 492 Reply bytes: 0 Flags: 17
08-02 17:20:56.506 1202 3533 I WifiHAL : Creating message to get link statistics; iface = 47
08-02 17:20:56.521 21634 21638 E gcblocker: too long GC blocking: 5
08-02 17:20:56.521 21634 21638 E gcblocker: gc block end, 168192844,100
08-02 17:20:56.594 1202 3533 I WifiHAL : Getting cached scan results, iface handle = 0xb4000077e618d4d0
08-02 17:20:56.594 1202 3533 E WifiHAL : Creating message to get cached scan results
08-02 17:20:56.604 1202 3533 I WifiHAL : In GetCachedScanResultsCommand::handleResponse
08-02 17:20:56.703 1761 9949 W ApplicationInfo: Large ApplicationInfo parcel: size=20140 package=com.zhiliaoapp.musically splits=57 sharedLibs=8 resDirs=1 overlayPaths=1
08-02 17:20:56.931 1165 1165 W TracingMuxer: type=1400 audit(0.0:336410): avc: denied { write } for name="traced_producer" dev="tmpfs" ino=1402 scontext=u:r:hal_neuralnetworks_darwinn:s0 tcontext=u:object_r:traced_producer_socket:s0 tclass=sock_file permissive=0
08-02 17:20:57.070 1761 2516 D ActivityManager: freezing 4247 com.google.android.cellbroadcastreceiver
08-02 17:20:57.079 1761 3451 D InetDiagMessage: Destroyed 0 sockets, proto=IPPROTO_TCP, family=AF_INET, states=14
08-02 17:20:57.084 1761 3451 D InetDiagMessage: Destroyed 0 sockets, proto=IPPROTO_TCP, family=AF_INET6, states=14
08-02 17:20:57.084 1761 3451 D InetDiagMessage: Destroyed live tcp sockets for uids={10282} in 11ms
08-02 17:20:57.150 1761 3451 D InetDiagMessage: Destroyed 0 sockets, proto=IPPROTO_TCP, family=AF_INET, states=14
08-02 17:20:57.152 1761 3451 D InetDiagMessage: Destroyed 0 sockets, proto=IPPROTO_TCP, family=AF_INET6, states=14
08-02 17:20:57.152 1761 3451 D InetDiagMessage: Destroyed live tcp sockets for uids={10507} in 5ms
08-02 17:20:57.156 1761 3451 D InetDiagMessage: Destroyed 0 sockets, proto=IPPROTO_TCP, family=AF_INET, states=14
08-02 17:20:57.158 1761 3451 D InetDiagMessage: Destroyed 0 sockets, proto=IPPROTO_TCP, family=AF_INET6, states=14
08-02 17:20:57.158 1761 3451 D InetDiagMessage: Destroyed live tcp sockets for uids={20507} in 6ms
08-02 17:20:57.168 19172 19210 W alxk : (REDACTED) Slow context fetch for key %s took %s
08-02 17:20:57.169 19172 19210 I eczu : (REDACTED) GetContext(%s, %s): Fetch from the %s surface finished with status: %s
08-02 17:20:57.171 19172 19210 I elhl : (REDACTED) ContextResult succeeded for ContextKey: %s. %s
08-02 17:20:57.171 19172 19208 I elhl : (REDACTED) ContextResult succeeded for ContextKey: %s. %s
08-02 17:20:57.191 19172 19210 I elhy : (REDACTED) Updating context input '%s' with dynamic class '%s' containing %s entities. %s
08-02 17:20:57.191 19172 19209 I elhy : (REDACTED) Updating context input '%s' with dynamic class '%s' containing %s entities. %s
08-02 17:20:57.192 19172 19210 I elhy : (REDACTED) Clearing context input '%s'. %s
08-02 17:20:57.192 19172 19209 I elhy : (REDACTED) Clearing context input '%s'. %s
08-02 17:20:57.202 19172 19209 I elhs : (REDACTED) Sending speech biasing context update to SODA with locale %s. %s
08-02 17:20:57.202 19172 19210 I elhs : (REDACTED) Sending speech biasing context update to SODA with locale %s. %s
08-02 17:20:57.208 19172 19209 I exvq : (REDACTED) #getSodaAsrUpdateRequest inserting app domain: %s
08-02 17:20:57.208 19172 19200 I exvq : (REDACTED) #getSodaAsrUpdateRequest inserting app domain: %s
08-02 17:20:57.213 19172 19206 I eynq : #updateAndGetSnapshot
08-02 17:20:57.214 19172 19209 I eynq : (REDACTED) Listening for responses for locale %s
08-02 17:20:57.241 17882 17882 I gbei : (REDACTED) Created gRPC endpoint for service %s
08-02 17:20:57.261 19172 19209 I eynq : (REDACTED) >>> [%s] Emitting request locale: %s, secondaryLocales: %s, resources: %s, requestClient: %s
08-02 17:20:57.268 17882 17924 I eyqj : SRM: AccountScoped session starting on service-side.
08-02 17:20:57.270 17882 17924 I eyob : (REDACTED) <<< [%s] Received request for primary locale %s. Secondary locales: '%s'
08-02 17:20:57.271 17882 17924 I eyob : (REDACTED) <<< [%s] Requested resources IDs: %s. Request client: %s.
08-02 17:20:57.275 17882 17949 I eyna : (REDACTED) [%s] #collectSodaResourcesAndWriteToSodaResourcesStore
08-02 17:20:57.278 17882 17924 I DefaultLPManager: #getAvailablePackages
08-02 17:20:57.282 17882 17924 I fbri : #getDownloadableLanguagePacks
08-02 17:20:57.283 17882 17920 I DefaultLPManager: #getAvailablePackages
08-02 17:20:57.284 17882 17922 I eyna : (REDACTED) [%s] #getInstalledLanguagePacks
08-02 17:20:57.285 17882 17950 I DefaultLPManager: #getRequestedPackages
08-02 17:20:57.286 17882 17950 I ZipLPPopulator: #addNewFileGroups
08-02 17:20:57.286 17882 17950 I fbri : #getDownloadableLanguagePacks
08-02 17:20:57.286 17882 17920 I fbri : #getDownloadableLanguagePacks
08-02 17:20:57.291 17882 17924 I fbrz : (REDACTED) Loaded languagepack (LP) flag value from latest config %s: %s
08-02 17:20:57.292 17882 17924 W SystemLPSourceImpl: #getAvailablePackages: Note there is not reason to call this method, as getInstalledPackages() returns the same LanguagePacks for this impl.
08-02 17:20:57.292 17882 17924 W LegacyLPSourceImpl: #getAvailablePackages: Note there is no reason to call this method, as getInstalledPackages() returns the same LanguagePacks for this impl.
08-02 17:20:57.296 17882 17950 I fbrz : (REDACTED) Loaded languagepack (LP) flag value from latest config %s: %s
08-02 17:20:57.296 17882 17950 W SystemLPSourceImpl: #getRequestedPackages: There is not reason to call this method, as the result is always empty.
08-02 17:20:57.296 17882 17950 W LegacyLPSourceImpl: #getRequestedPackages: There is no reason to call this method, as the result is always empty.
08-02 17:20:57.297 17882 17943 E fbpr : (REDACTED) Unrecognized recognizer for [%s, %d]: %d. Ignoring it and its associated features.
08-02 17:20:57.297 17882 17920 I fbrz : (REDACTED) Loaded languagepack (LP) flag value from latest config %s: %s
08-02 17:20:57.297 17882 17924 E fbpr : (REDACTED) Unrecognized recognizer for [%s, %d]: %d. Ignoring it and its associated features.
08-02 17:20:57.298 17882 17920 W SystemLPSourceImpl: #getAvailablePackages: Note there is not reason to call this method, as getInstalledPackages() returns the same LanguagePacks for this impl.
08-02 17:20:57.298 17882 17920 W LegacyLPSourceImpl: #getAvailablePackages: Note there is no reason to call this method, as getInstalledPackages() returns the same LanguagePacks for this impl.
08-02 17:20:57.298 17882 17920 I DefaultLPManager: #getInstalledPackages
08-02 17:20:57.298 17882 17920 I fbri : #getInstalledPackages from MDD
08-02 17:20:57.298 17882 17920 I fbri : #GetLanguagePackList
08-02 17:20:57.298 17882 17920 I fbri : MDD.getFileGroupsByFilter(langpack-domain_xx-XX_ver_zipfile)
08-02 17:20:57.306 17882 17922 E fbpr : (REDACTED) Unrecognized recognizer for [%s, %d]: %d. Ignoring it and its associated features.
08-02 17:20:57.306 17882 17924 E fbpr : (REDACTED) Unrecognized recognizer for [%s, %d]: %d. Ignoring it and its associated features.
08-02 17:20:57.307 17882 17924 E fbpr : (REDACTED) Unrecognized recognizer for [%s, %d]: %d. Ignoring it and its associated features.
08-02 17:20:57.307 17882 17943 E fbpr : (REDACTED) Unrecognized recognizer for [%s, %d]: %d. Ignoring it and its associated features.
08-02 17:20:57.307 17882 17924 E fbpr : (REDACTED) Unrecognized recognizer for [%s, %d]: %d. Ignoring it and its associated features.
08-02 17:20:57.307 17882 17943 E fbpr : (REDACTED) Unrecognized recognizer for [%s, %d]: %d. Ignoring it and its associated features.
08-02 17:20:57.307 17882 17924 E fbpr : (REDACTED) Unrecognized recognizer for [%s, %d]: %d. Ignoring it and its associated features.
08-02 17:20:57.307 17882 17943 E fbpr : (REDACTED) Unrecognized recognizer for [%s, %d]: %d. Ignoring it and its associated features.
08-02 17:20:57.308 17882 17943 E fbpr : (REDACTED) Unrecognized recognizer for [%s, %d]: %d. Ignoring it and its associated features.
08-02 17:20:57.312 17882 17924 I LPRequestState: (REDACTED) [%s] #resolveDesiredLanguagePacks
08-02 17:20:57.312 17882 17924 I LPRequestState: (REDACTED) Assigning language pack %s for request %s
08-02 17:20:57.315 17882 17943 I eyla : (REDACTED) [%s] #updateResource begin
08-02 17:20:57.315 17882 17943 I eyla : (REDACTED) [%s] #updateResource end
08-02 17:20:57.316 17882 17903 I SystemLPSourceImpl: (REDACTED) Parsed system partition LanguagePack metadata file: %s
08-02 17:20:57.317 17882 17949 I LPDownloadSettingsState: (REDACTED) Defaulting LP download condition to %s as user has not edited settings.
08-02 17:20:57.318 17882 17949 I ZipLPPopulator: (REDACTED) MDD.addFileGroup: %s
08-02 17:20:57.319 19172 19209 I eynq : (REDACTED) <<< [%s] Reading SodaResourceManager message with updated resourceIds: %s. Total set: %s
08-02 17:20:57.320 19172 19203 I eynq : (REDACTED) <<< [%s] Reading SodaResourceManager message with updated resourceIds: %s. Total set: %s
08-02 17:20:57.323 17882 17922 E fbpr : (REDACTED) Unrecognized recognizer for [%s, %d]: %d. Ignoring it and its associated features.
08-02 17:20:57.324 17882 17922 E fbpr : (REDACTED) Unrecognized recognizer for [%s, %d]: %d. Ignoring it and its associated features.
08-02 17:20:57.324 17882 17922 E fbpr : (REDACTED) Unrecognized recognizer for [%s, %d]: %d. Ignoring it and its associated features.
08-02 17:20:57.324 17882 17922 E fbpr : (REDACTED) Unrecognized recognizer for [%s, %d]: %d. Ignoring it and its associated features.
08-02 17:20:57.328 17882 17903 I SystemLPSourceImpl: (REDACTED) Parsed system partition LanguagePack metadata file: %s
08-02 17:20:57.329 17882 17909 I LegacyLPSourceImpl: (REDACTED) Parsing legacy read-only LanguagePack metadata file: %s
08-02 17:20:57.329 17882 17903 I LegacyLPSourceImpl: (REDACTED) Parsing legacy read-only LanguagePack metadata file: %s
08-02 17:20:57.331 17882 17914 I SystemLPSourceImpl: (REDACTED) Parsed system partition LanguagePack metadata file: %s
08-02 17:20:57.331 17882 17909 I LegacyLPSourceImpl: (REDACTED) Parsing legacy read-only LanguagePack metadata file: %s
08-02 17:20:57.377 1761 2516 D ActivityManager: freezing 17706 com.google.android.youtube
08-02 17:20:57.379 1207 13320 D AudioFlinger: onStateChanged: pid:17706 uid:10224 state:frozen - no freeze activity
08-02 17:20:57.388 1761 3451 D InetDiagMessage: Destroyed 0 sockets, proto=IPPROTO_TCP, family=AF_INET, states=14
08-02 17:20:57.391 1761 3451 D InetDiagMessage: Destroyed 0 sockets, proto=IPPROTO_TCP, family=AF_INET6, states=14
08-02 17:20:57.391 1761 3451 D InetDiagMessage: Destroyed live tcp sockets for uids={10224} in 6ms
08-02 17:20:57.517 1761 2516 D ActivityManager: freezing 32367 com.amazon.avod.thirdpartyclient
08-02 17:20:57.542 1761 3451 D InetDiagMessage: Destroyed 0 sockets, proto=IPPROTO_TCP, family=AF_INET, states=14
08-02 17:20:57.547 1761 3451 D InetDiagMessage: Destroyed 0 sockets, proto=IPPROTO_TCP, family=AF_INET6, states=14
08-02 17:20:57.547 1761 3451 D InetDiagMessage: Destroyed live tcp sockets for uids={10306} in 10ms
08-02 17:20:57.727 17882 17924 I ZipLPPopulator: (REDACTED) Updated file group for group '%s' from location: %s
08-02 17:20:57.727 17882 17922 I ZipLPPopulator: #addNewFileGroups complete
08-02 17:20:57.727 17882 17922 I fbri : #getPendingPackages from MDD
08-02 17:20:57.727 17882 17922 I fbri : #GetLanguagePackList
08-02 17:20:57.727 17882 17922 I fbri : MDD.getFileGroupsByFilter(langpack-domain_xx-XX_ver_zipfile)
08-02 17:20:57.736 17882 17924 I DefaultLPManager: #getPackage
08-02 17:20:57.736 17882 17924 I ZipfileLPSourceImpl: #getPackage
08-02 17:20:57.736 17882 17924 I ZipLPPopulator: #addNewFileGroups
08-02 17:20:57.736 17882 17924 I fbri : #getDownloadableLanguagePacks
08-02 17:20:57.740 17882 17924 I fbrz : (REDACTED) Loaded languagepack (LP) flag value from latest config %s: %s
08-02 17:20:57.741 17882 17924 E fbpr : (REDACTED) Unrecognized recognizer for [%s, %d]: %d. Ignoring it and its associated features.
08-02 17:20:57.748 17882 17924 E fbpr : (REDACTED) Unrecognized recognizer for [%s, %d]: %d. Ignoring it and its associated features.
08-02 17:20:57.749 17882 17924 E fbpr : (REDACTED) Unrecognized recognizer for [%s, %d]: %d. Ignoring it and its associated features.
08-02 17:20:57.749 17882 17924 E fbpr : (REDACTED) Unrecognized recognizer for [%s, %d]: %d. Ignoring it and its associated features.
08-02 17:20:57.749 17882 17924 E fbpr : (REDACTED) Unrecognized recognizer for [%s, %d]: %d. Ignoring it and its associated features.
08-02 17:20:57.753 17882 17924 I LPRequestState: (REDACTED) [%s] #resolveDesiredLanguagePacks
08-02 17:20:57.753 17882 17949 I LPRequestState: (REDACTED) Assigning language pack %s for request %s
08-02 17:20:57.754 17882 17922 I LPDownloadSettingsState: (REDACTED) Defaulting LP download condition to %s as user has not edited settings.
08-02 17:20:57.754 17882 17922 I ZipLPPopulator: (REDACTED) MDD.addFileGroup: %s
08-02 17:20:57.872 17882 17922 I ZipLPPopulator: #addNewFileGroups complete
08-02 17:20:57.873 17882 17922 I ZipLPPopulator: (REDACTED) MDD.getFileGroup(%s)
08-02 17:20:57.875 17882 17924 I ZipLPPopulator: (REDACTED) Updated file group for group '%s' from location: %s
08-02 17:20:57.879 17882 17914 I ZipfileLPSourceImpl: (REDACTED) MDD.getFileGroup(%s) complete
08-02 17:20:57.892 17882 17914 I ZipfileLPSourceImpl: (REDACTED) Found LanguagePack metadata file with path: %s
08-02 17:20:57.892 17882 17914 I ZipfileLPSourceImpl: (REDACTED) Returning LanguagePack path for locale %s, version %d from MDD with group name '%s': '%s'
08-02 17:20:57.893 17882 17924 I eyna : (REDACTED) [%s] Installed LanguagePacks: %s
08-02 17:20:57.893 17882 17924 I eyna : (REDACTED) [%s] Pending pack: %s
08-02 17:20:57.945 19172 19203 I eynq : (REDACTED) <<< [%s] Reading SodaResourceManager message with updated resourceIds: %s. Total set: %s
08-02 17:20:57.945 19172 19203 I eynq : (REDACTED) <<< [%s] SodaResourceManager session emitted all requested resources: %s. Ok to terminate.
08-02 17:20:57.956 19172 19200 I eynq : (REDACTED) <<< [%s] Reading SodaResourceManager message with updated resourceIds: %s. Total set: %s
08-02 17:20:57.956 19172 19200 I eynq : (REDACTED) <<< [%s] SodaResourceManager session emitted all requested resources: %s. Ok to terminate.
08-02 17:20:57.960 21634 28145 W libbinder.Binder: Binder transaction to android.accounts.IAccountAuthenticator, function: UNKNOWN_FUNCTION_NAME, code: 3, took 1501ms. Data bytes: 492 Reply bytes: 0 Flags: 17
08-02 17:20:58.004 17882 17949 I eyla : (REDACTED) [%s] All resources wrote to PDS and notified client.
08-02 17:20:58.004 17882 17949 I eyla : (REDACTED) [%s] hotwordLatency: %d, tdsidLatency: %d, All resources latency: %d
08-02 17:20:58.009 17882 17914 I eyob : (REDACTED) [%s] Returning ResourceResponse.
08-02 17:20:58.014 19172 19203 I eynq : (REDACTED) [%s] SRM session terminated after all resources accounted for: %s.
08-02 17:20:58.031 19172 19206 I exur : #updateSodaResourcesWithoutReload
08-02 17:20:58.032 19172 19204 I exur : #updateSodaResourcesWithoutReload inside sequencer
08-02 17:20:58.036 19172 19212 I exur : #checkAsrCompatibility inside sequencer
08-02 17:20:58.036 19172 19212 I exur : (REDACTED) #checkAsrCompatibility initializing Soda. Locale: %s. Expected LP version: %d
08-02 17:20:58.039 19172 19212 I exur : (REDACTED) Soda cache directory: %s
08-02 17:20:58.040 19172 19212 I exur : Hotmatch disabled: flag not enabled
08-02 17:20:58.042 1450 1450 I adbd : adbd service requested 'shell,v2,TERM=xterm:export ANDROID_LOG_TAGS=''; exec logcat '-d' '-v' 'threadtime''
08-02 17:20:58.051 19172 19212 I eyix : SODA instance exists and matches params. Updating callbacks and returning preloaded instance.
08-02 17:20:58.051 19172 19212 I exur : #checkAsrCompatibility successful!
08-02 17:20:58.052 19172 19212 I exvq : Compatcheck success for background update.
08-02 17:20:58.052 19172 19212 I exur : #backgroundUpdate
08-02 17:20:58.052 19172 19188 I exur : #backgroundUpdate inside sequencer
08-02 17:20:58.057 19172 19188 I exur : #backgroundUpdate using the existing ASR soda instance.
08-02 17:20:58.066 21634 21638 E gcblocker: too long GC blocking: 5
08-02 17:20:58.066 21634 21638 E gcblocker: gc block end, 168194388,101
08-02 17:20:58.070 622 622 I hwservicemanager: getTransport: Cannot find entry hardware.google.bluetooth.bt_channel_avoidance@1.0::IBTChannelAvoidance/default in either framework or device VINTF manifest.
08-02 17:20:58.075 1371 1422 D RILClient: [OemClient]IND: (clientId = 0, msgId = 2016, dataLength = 996, channel = 0)
08-02 17:20:58.081 3807 3807 I SHANNON_IMS: 4326 [DATA] Received mCellStatus [ 1 ] [ band : 7] (RilIndImsPhysicalChannelConfigs%update:44)
08-02 17:20:58.081 3807 3807 I SHANNON_IMS: 4327 [NETW] #:PURP:# UNSOL {RILC_UNSOL_PHYSICAL_CHANNEL_CONFIGS} : band : 7 (NetworkAdaptor$AdaptorChannel%onMessage:306)
08-02 17:20:58.087 1190 1214 W libbinder.BackendUnifiedServiceManager: Thread Pool max thread count is 0. Cannot cache binder as linkToDeath cannot be implemented. serviceName: vendor.google.bluetooth_ext.IBTChannelAvoidance/default
08-02 17:20:58.088 1371 1422 D RILClient: [OemClient]IND: (clientId = 0, msgId = 2016, dataLength = 996, channel = 0)
08-02 17:20:58.088 1158 1158 I bluetooth_hal.extensions.channel_avoidance: SetBluetoothChannelStatus: Setting Channel Map <0xff 0xff 0xff 0xff 0xff 0xff 0xff 0xff 0xff 0x7f>.
08-02 17:20:58.094 1158 1227 I bluetooth_hal.extensions.channel_avoidance: OnCommandCallback: Set Channel Avoidance VSE succeeded. Status: 0x0
08-02 17:20:58.097 3807 3807 I SHANNON_IMS: 4330 [DATA] Received mCellStatus [ 0 ] [ band : 7] (RilIndImsPhysicalChannelConfigs%update:44)
08-02 17:20:58.097 3807 3807 I SHANNON_IMS: 4331 [NETW] #:PURP:# UNSOL {RILC_UNSOL_PHYSICAL_CHANNEL_CONFIGS} : band : 0 (NetworkAdaptor$AdaptorChannel%onMessage:306)
08-02 17:20:58.110 4189 4392 D IwlanNetworkService[0]: : reg state REGISTRATION_STATE_HOME
08-02 17:20:58.112 4312 5060 D StateService: Country ISO: au
08-02 17:20:58.114 4312 5060 D StateService: Country ISO: au
08-02 17:20:58.145 1371 1422 D RILClient: [OemClient]IND: (clientId = 0, msgId = 3005, dataLength = 24, channel = 0)
08-02 17:20:58.150 3807 3807 I SHANNON_IMS: 4334 [NETW] #:PURP:# UNSOL {RILC_UNSOL_IMS_SUPPORT_SERVICE} : VoPS : 1 EMC : 1 SIM_IDX : 0 RAT : 14 REG_STATE : 1 CELL_ID : 151108138 LAC/TAC : 36912 PLMN : 50501 (NetworkAdaptor$AdaptorChannel%onMessage:306)
08-02 17:20:58.150 3807 3807 I SHANNON_IMS: 4335 [CONN] #:ORNG:# supportService [VoPS : 1/ EMC : 1/ RAT_INFO : 14/ REG_STATE : 1/ CELL_ID : 151108138/ LAC-TAC Info : 36912/ PLMN : 50501] [SLID:0 ] (ImsConnectivityMgr$RegistrationListener%supportService:2897)
08-02 17:20:58.177 3849 3849 D TelephonyConfigUpdateInstallReceiver: getConfigParser: domain=satellite
08-02 17:20:58.178 3849 3849 V SatelliteController: satelliteConfigParser is not ready
08-02 17:20:58.178 3849 3849 D SatelliteController: getDeviceSatellitePlmnListFromConfigUpdater: return empty list
08-02 17:20:58.178 3849 3849 D SatelliteController: getCarrierRoamingNtnAllSatellitePlmnSetFromStorage: [302723, 44026, 73029, 44055, 312190, 44025, 313210, 23402, 310210, 310830, 53013, 255707, 50511, 771688, 50559]
08-02 17:20:58.178 3849 3849 D SatelliteController: getAllPlmnList: [302723, 44026, 73029, 44055, 312190, 44025, 313210, 23402, 310210, 310830, 53013, 255707, 50511, 771688, 50559]
08-02 17:20:58.178 3849 3849 D SatelliteController: isDtcSatelliteTechnologySupported: subId=3, plmn=50501
08-02 17:20:58.178 3849 3849 D TelephonyConfigUpdateInstallReceiver: getConfigParser: domain=satellite
08-02 17:20:58.178 3849 3849 V SatelliteController: satelliteConfigParser is not ready
08-02 17:20:58.178 3849 3849 D SatelliteController: getDeviceSatellitePlmnListFromConfigUpdater: return empty list
08-02 17:20:58.178 3849 3849 D SatelliteController: getCarrierRoamingNtnAllSatellitePlmnSetFromStorage: [302723, 44026, 73029, 44055, 312190, 44025, 313210, 23402, 310210, 310830, 53013, 255707, 50511, 771688, 50559]
08-02 17:20:58.178 3849 3849 D SatelliteController: getAllPlmnList: [302723, 44026, 73029, 44055, 312190, 44025, 313210, 23402, 310210, 310830, 53013, 255707, 50511, 771688, 50559]
08-02 17:20:58.178 3849 3849 D SatelliteController: isDtcSatelliteTechnologySupported: the plmn=50501 is not contained in satellite provider
08-02 17:20:58.178 3849 3849 D NtnCapabilityResolver: isNtn=false
08-02 17:20:58.178 3849 3849 D NtnCapabilityResolver: isDtcSupported=false
08-02 17:20:58.181 3849 3849 D TelephonyConfigUpdateInstallReceiver: getConfigParser: domain=satellite
08-02 17:20:58.181 3849 3849 V SatelliteController: satelliteConfigParser is not ready
08-02 17:20:58.181 3849 3849 D SatelliteController: getDeviceSatellitePlmnListFromConfigUpdater: return empty list
08-02 17:20:58.181 3849 3849 D SatelliteController: getCarrierRoamingNtnAllSatellitePlmnSetFromStorage: [302723, 44026, 73029, 44055, 312190, 44025, 313210, 23402, 310210, 310830, 53013, 255707, 50511, 771688, 50559]
08-02 17:20:58.181 3849 3849 D SatelliteController: getAllPlmnList: [302723, 44026, 73029, 44055, 312190, 44025, 313210, 23402, 310210, 310830, 53013, 255707, 50511, 771688, 50559]
08-02 17:20:58.181 3849 3849 D SatelliteController: isDtcSatelliteTechnologySupported: subId=3, plmn=50501
08-02 17:20:58.181 3849 3849 D TelephonyConfigUpdateInstallReceiver: getConfigParser: domain=satellite
08-02 17:20:58.181 3849 3849 V SatelliteController: satelliteConfigParser is not ready
08-02 17:20:58.181 3849 3849 D SatelliteController: getDeviceSatellitePlmnListFromConfigUpdater: return empty list
08-02 17:20:58.181 3849 3849 D SatelliteController: getCarrierRoamingNtnAllSatellitePlmnSetFromStorage: [302723, 44026, 73029, 44055, 312190, 44025, 313210, 23402, 310210, 310830, 53013, 255707, 50511, 771688, 50559]
08-02 17:20:58.181 3849 3849 D SatelliteController: getAllPlmnList: [302723, 44026, 73029, 44055, 312190, 44025, 313210, 23402, 310210, 310830, 53013, 255707, 50511, 771688, 50559]
08-02 17:20:58.181 3849 3849 D SatelliteController: isDtcSatelliteTechnologySupported: the plmn=50501 is not contained in satellite provider
08-02 17:20:58.181 3849 3849 D NtnCapabilityResolver: isNtn=false
08-02 17:20:58.181 3849 3849 D NtnCapabilityResolver: isDtcSupported=false
08-02 17:20:58.187 3849 3849 D SatelliteController: isUsingNonTerrestrialNetworkViaCarrier: subId=3 isUsingNtn=false
08-02 17:20:58.187 3849 3849 D SatelliteController: getSelectedSatelliteSubId: subId=1
08-02 17:20:58.196 19172 19188 I native : I0000 00:00:1785662458.195292 19188 context-module-impl.cc:802] Update context input. (Proto:MessageLite at 0xb400006fa5e2f250)
08-02 17:20:58.196 3849 4150 D SatelliteSessionController: isInEnablingState: getCurrentState=com.android.internal.telephony.satellite.SatelliteSessionController$PowerOffState@a614138
08-02 17:20:58.196 3849 4150 D SatelliteController: getSelectedSatelliteSubId: subId=1
08-02 17:20:58.197 3849 4150 D SatelliteController: isCarrierRoamingNtnEligible(1): doesn't support manual-connect P2P SMS
08-02 17:20:58.197 3849 4150 D SatelliteController: evaluateCarrierRoamingNtnEligibilityChange: isCarrierRoamingNtnEligible=false
08-02 17:20:58.197 3849 4150 D SatelliteController: getSelectedSatelliteSubId: subId=1
08-02 17:20:58.197 3849 4150 D SatelliteController: notifyNtnEligibility: phoneId=0 currentNtnEligibility=false
08-02 17:20:58.197 3849 4150 V SatelliteController: getWwanIsInService: return true
08-02 17:20:58.198 3849 4150 D SatelliteController: handleServiceStateForSatelliteConnectionViaCarrier: resetCarrierRoamingSatelliteModeParams: device is connected to terrestrial service or radio is off
08-02 17:20:58.198 3849 4150 D SatelliteController: handleServiceStateForSatelliteConnectionViaCarrier: clearing current satellite per plmn configs for subId: 3
08-02 17:20:58.198 3849 4150 D SatelliteController: getCarrierRoamingNtnConnectType: Checking connect type from PLMN config for subId: 3
08-02 17:20:58.198 3849 4150 D TelephonyConfigUpdateInstallReceiver: getConfigParser: domain=satellite
08-02 17:20:58.198 3849 4150 V SatelliteController: satelliteConfigParser is not ready
08-02 17:20:58.198 3849 4150 D SatelliteController: isSatelliteAttachSupportedViaConfigupdater: return null (satelliteConfig is null)
08-02 17:20:58.198 3566 3566 D GlobalActionsDialogLite: Service changed before actions created
08-02 17:20:58.199 3566 3566 D GlobalActionsDialogLite: Service changed before actions created
08-02 17:20:58.199 3849 4150 D SatelliteController: getSatellitePerPlmnConfiguration: subId=3 return null
08-02 17:20:58.199 3849 4150 D SatelliteController: getCarrierRoamingNtnConnectType: config: null
08-02 17:20:58.199 3849 4150 D TelephonyConfigUpdateInstallReceiver: getConfigParser: domain=satellite
08-02 17:20:58.199 3849 4150 V SatelliteController: satelliteConfigParser is not ready
08-02 17:20:58.199 3849 4150 D SatelliteController: getCarrierRoamingNtnConnectTypeViaConfigUpdater: return null (satelliteConfig is null)
08-02 17:20:58.200 3849 4150 D SatelliteController: getCarrierRoamingNtnConnectType: Falling back to global carrier config connect type: 0
08-02 17:20:58.200 3849 4150 D TelephonyConfigUpdateInstallReceiver: getConfigParser: domain=satellite
08-02 17:20:58.200 3849 4150 V SatelliteController: satelliteConfigParser is not ready
08-02 17:20:58.200 3849 4150 D SatelliteController: isSatelliteAttachSupportedViaConfigupdater: return null (satelliteConfig is null)
08-02 17:20:58.201 3849 4150 V SatelliteController: getWwanIsInService: return true
08-02 17:20:58.201 3849 4150 D SatelliteController: updateLastNotifiedNtnModeAndNotify: subId=3 initialized=true lastNotifiedNtnMode=false currNtnMode=false
08-02 17:20:58.201 3849 4150 D SatelliteController: updateLastNotifiedNtnModeAndNotify: not in NTN mode, clear per plmn configs
08-02 17:20:58.201 3849 4150 D SatelliteController: isInCarrierRoamingNbIotNtn: satellite is disabled
08-02 17:20:58.201 3849 4150 D SatelliteController: getCarrierRoamingNtnConnectType: Checking connect type from PLMN config for subId: 3
08-02 17:20:58.201 3849 4150 D TelephonyConfigUpdateInstallReceiver: getConfigParser: domain=satellite
08-02 17:20:58.201 3849 4150 V SatelliteController: satelliteConfigParser is not ready
08-02 17:20:58.201 3849 4150 D SatelliteController: isSatelliteAttachSupportedViaConfigupdater: return null (satelliteConfig is null)
08-02 17:20:58.208 1761 5008 I LocationAccessPolicy: com.instagram.android is aware of fine but the app-ops permission is specifically denied.
08-02 17:20:58.208 1761 5008 I LocationAccessPolicy: com.instagram.android is aware of coarse but the app-ops permission is specifically denied.
08-02 17:20:58.209 4312 4458 I SconeRelayMetricsApCollectorDataPlugin: SubId 3: Using API 34+ ServiceState parsing.
08-02 17:20:58.209 4312 5070 D ConnectivityEventWriter: Event filtered: SERVICE_STATE_CHANGED
08-02 17:20:58.209 4312 4458 I SconeRelayMetricsApCollectorDataPlugin: SubId 3: Data InService, Roaming=false
08-02 17:20:58.209 1761 5008 W ContextImpl: Calling a method in the system process without a qualified user: android.app.ContextImpl.sendBroadcastMultiplePermissions:1375 android.content.Context.sendBroadcastMultiplePermissions:2803 com.android.server.TelephonyRegistry.broadcastServiceStateChanged:4404 com.android.server.TelephonyRegistry.notifyServiceStateForPhoneId:1930 com.android.internal.telephony.ITelephonyRegistry$Stub.onTransact:629
08-02 17:20:58.212 1761 5008 W ContextImpl: Calling a method in the system process without a qualified user: android.app.ContextImpl.sendBroadcastMultiplePermissions:1408 com.android.server.TelephonyRegistry.broadcastServiceStateChanged:4409 com.android.server.TelephonyRegistry.notifyServiceStateForPhoneId:1930 com.android.internal.telephony.ITelephonyRegistry$Stub.onTransact:629 android.os.Binder.execTransactInternal:1369
08-02 17:20:58.214 1120 1120 I SatelliteTileStateReceiver: onReceive: intent=Intent { act=android.intent.action.SERVICE_STATE flg=0x1000010 xflg=0x4 cmp=com.android.settings/.network.telephony.satellite.quicksettings.SatelliteTileStateReceiver (has extras) }
08-02 17:20:58.214 4312 5070 D ImsPreconditionCheck: {subId=3} handleMessage: { when=-2ms what=9 obj={mVoiceRegState=0(IN_SERVICE), mDataRegState=0(IN_SERVICE), mChannelNumber=3148, duplexMode()=0, mCellBandwidths=[20000, 20000, 20000, 20000], mOperatorAlphaLong=null, mOperatorAlphaShort=null, isManualNetworkSelection=false(automatic), getRilVoiceRadioTechnology=14(LTE), getRilDataRadioTechnology=18(IWLAN), mCssIndicator=unsupported, mIsEmergencyOnly=false, isUsingCarrierAggregation=true, mArfcnRsrpBoost=0, mNetworkRegistrationInfos=[NetworkRegistrationInfo{ domain=PS transportType=WLAN registrationState=HOME networkRegistrationState=HOME roamingType=NOT_ROAMING accessNetworkTechnology=IWLAN rejectCause=0 emergencyEnabled=false availableServices=[DATA] cellIdentity=null voiceSpecificInfo=null dataSpecificInfo=null nrState=**** rRplmn= isUsingCarrierAggregation=false isNonTerrestrialNetwork=TERRESTRIAL satelliteTechnology=NT_RADIO_TECHNOLOGY_UNKNOWN}, NetworkRegistrationInfo{ domain=CS transportType=WWAN registrationState=HOME networkRegistrationState=HOME roamingType=NOT_ROAMING accessNetworkTechnology=LTE rejectCause=0 emergencyEnabled=false availableServices=[VOICE,SMS,VIDEO] cellIdentity=CellIdentityLte:{ mCi=[****] mPci=[****] mTac=[****] mEarfcn=[****] mBands=[7, 3, 1, 28] mBandwidth=2147483647 mMcc=505 mMnc=01 mAlphaLong=Telstra mAlphaShort=Telstra mAdditionalPlmns={} mCsgInfo=null} voiceSpecificInfo=VoiceSpecificRegistrationInfo { mCssSupported=false mRoamingIndicator=0 mSystemIsInPrl=0 mDefaultRoamingIndicator=0} dataSpecificInfo=null nrState=**** rRplmn=50501 isUsingCarrierAggregation=false isNonTerrestrialNetwork=TERRESTRIAL satelliteTechnology=NT_RADIO_TECHNOLOGY_UNKNOWN}, NetworkRegistrationInfo{ domain=PS transportType=WWAN registrationState=HOME networkRegistrationState=HOME roamingType=NOT_ROAMING accessNetworkTechnology=LTE rejectCause=0 emergencyEnabled=false availableServices=[DATA,MMS] cellIdentity=CellIdentityLte:{ mCi=[****] mPci=[****] mTac=[****] mEarfcn=[****] mBands=[7, 3, 1, 28] mBandwidth=2147483647 mMcc=505 mMnc=01 mAlphaLong=Telstra mAlphaShort=Telstra mAdditionalPlmns={} mCsgInfo=null} voiceSpecificInfo=null dataSpecificInfo=android.telephony.DataSpecificRegistrationInfo :{ maxDataCalls = 16 isDcNrRestricted = false isNrAvailable = true isEnDcAvailable = true mLteAttachResultType = 2 mLteAttachExtraInfo = 0 LteVopsSupportInfo : mVopsSupport = 2 mEmcBearerSupport = 2 } nrState=**** rRplmn=50501 isUsingCarrierAggregation=false isNonTerrestrialNetwork=TERRESTRIAL satelliteTechnology=NT_RADIO_TECHNOLOGY_UNKNOWN}], mNrFrequencyRange=0, mOperatorAlphaLongRaw=Telstra, mOperatorAlphaShortRaw=Telstra, mIsDataRoamingFromRegistration=false, mIsIwlanPreferred=true, mIsUsingNonTerrestrialNetwork=false} target=emf async=false heapIndex=-1 }
08-02 17:20:58.214 1120 1120 I SatelliteTileStateReceiver: Satellite tile static feature configs are enabled for this device.
08-02 17:20:58.214 1120 1209 I SatelliteTileStateReceiver: Handling subscription or config change.
08-02 17:20:58.216 19172 19188 I native : I0000 00:00:1785662458.216158 19188 context-module-impl.cc:809] Update context input for public scope. (Proto:MessageLite at 0xb400006fa5e2f250)
08-02 17:20:58.218 3849 4150 D SatelliteController: getSatellitePerPlmnConfiguration: subId=3 return null
08-02 17:20:58.218 3849 4150 D SatelliteController: getCarrierRoamingNtnConnectType: config: null
08-02 17:20:58.218 3849 4150 D TelephonyConfigUpdateInstallReceiver: getConfigParser: domain=satellite
08-02 17:20:58.218 3849 4150 V SatelliteController: satelliteConfigParser is not ready
08-02 17:20:58.218 3849 4150 D SatelliteController: getCarrierRoamingNtnConnectTypeViaConfigUpdater: return null (satelliteConfig is null)
08-02 17:20:58.219 1761 5008 W ContextImpl: Calling a method in the system process without a qualified user: android.app.ContextImpl.sendBroadcastMultiplePermissions:1408 com.android.server.TelephonyRegistry.broadcastServiceStateChanged:4418 com.android.server.TelephonyRegistry.notifyServiceStateForPhoneId:1930 com.android.internal.telephony.ITelephonyRegistry$Stub.onTransact:629 android.os.Binder.execTransactInternal:1369
08-02 17:20:58.219 1120 1209 I SatelliteUtils: Checking LTE-based NTN support for SubId: 3
08-02 17:20:58.219 3849 4150 D SatelliteController: getCarrierRoamingNtnConnectType: Falling back to global carrier config connect type: 0
08-02 17:20:58.219 3849 4150 D TelephonyConfigUpdateInstallReceiver: getConfigParser: domain=satellite
08-02 17:20:58.219 3849 4150 V SatelliteController: satelliteConfigParser is not ready
08-02 17:20:58.219 3849 4150 D SatelliteController: isSatelliteAttachSupportedViaConfigupdater: return null (satelliteConfig is null)
08-02 17:20:58.219 3849 4551 D TelephonyConfigUpdateInstallReceiver: getConfigParser: domain=satellite
08-02 17:20:58.219 3849 4551 V SatelliteController: satelliteConfigParser is not ready
08-02 17:20:58.219 3849 4551 D SatelliteController: isSatelliteAttachSupportedViaConfigupdater: return null (satelliteConfig is null)
08-02 17:20:58.220 3849 4150 V SatelliteController: getWwanIsInService: return true
08-02 17:20:58.220 3849 4150 D SatelliteController: getCarrierRoamingNtnConnectType: Checking connect type from PLMN config for subId: 3
08-02 17:20:58.220 3849 4150 D TelephonyConfigUpdateInstallReceiver: getConfigParser: domain=satellite
08-02 17:20:58.220 3849 4150 V SatelliteController: satelliteConfigParser is not ready
08-02 17:20:58.220 3849 4150 D SatelliteController: isSatelliteAttachSupportedViaConfigupdater: return null (satelliteConfig is null)
08-02 17:20:58.220 19172 19188 I exvq : #backgroundBiasingUpdate succeeded.
08-02 17:20:58.221 3849 4150 D SatelliteController: getSatellitePerPlmnConfiguration: subId=3 return null
08-02 17:20:58.221 3849 4150 D SatelliteController: getCarrierRoamingNtnConnectType: config: null
08-02 17:20:58.221 3849 4150 D TelephonyConfigUpdateInstallReceiver: getConfigParser: domain=satellite
08-02 17:20:58.221 3849 4150 V SatelliteController: satelliteConfigParser is not ready
08-02 17:20:58.221 3849 4150 D SatelliteController: getCarrierRoamingNtnConnectTypeViaConfigUpdater: return null (satelliteConfig is null)
08-02 17:20:58.221 1761 5008 W ContextImpl: Calling a method in the system process without a qualified user: android.app.ContextImpl.sendBroadcastMultiplePermissions:1408 com.android.server.TelephonyRegistry.broadcastServiceStateChanged:4424 com.android.server.TelephonyRegistry.notifyServiceStateForPhoneId:1930 com.android.internal.telephony.ITelephonyRegistry$Stub.onTransact:629 android.os.Binder.execTransactInternal:1369
08-02 17:20:58.222 19172 19209 I elhs : (REDACTED) Sending speech biasing context update to SODA with locale %s. %s
08-02 17:20:58.224 3849 3849 D ServiceStateProvider: subId=3
08-02 17:20:58.224 3849 3903 D SatelliteController: getCarrierRoamingNtnConnectType: Checking connect type from PLMN config for subId: 3
08-02 17:20:58.224 3849 3903 D TelephonyConfigUpdateInstallReceiver: getConfigParser: domain=satellite
08-02 17:20:58.224 3849 3903 V SatelliteController: satelliteConfigParser is not ready
08-02 17:20:58.224 3849 3903 D SatelliteController: isSatelliteAttachSupportedViaConfigupdater: return null (satelliteConfig is null)
08-02 17:20:58.224 4312 5060 D StateService: Country ISO: au
08-02 17:20:58.225 19172 19209 I exvq : (REDACTED) #getSodaAsrUpdateRequest inserting app domain: %s
08-02 17:20:58.226 19172 19212 I exur : #checkAsrCompatibility inside sequencer
08-02 17:20:58.226 19172 19212 I exur : (REDACTED) #checkAsrCompatibility initializing Soda. Locale: %s. Expected LP version: %d
08-02 17:20:58.226 19172 19212 I exur : (REDACTED) Soda cache directory: %s
08-02 17:20:58.226 3849 3849 D SatelliteController: getCarrierRoamingNtnConnectType: Checking connect type from PLMN config for subId: 3
08-02 17:20:58.226 3849 3849 D TelephonyConfigUpdateInstallReceiver: getConfigParser: domain=satellite
08-02 17:20:58.226 3849 3849 V SatelliteController: satelliteConfigParser is not ready
08-02 17:20:58.226 3849 3849 D SatelliteController: isSatelliteAttachSupportedViaConfigupdater: return null (satelliteConfig is null)
08-02 17:20:58.226 19172 19212 I exur : Hotmatch disabled: flag not enabled
08-02 17:20:58.226 19172 19212 I eyix : SODA instance exists and matches params. Updating callbacks and returning preloaded instance.
08-02 17:20:58.226 19172 19212 I exur : #checkAsrCompatibility successful!
08-02 17:20:58.227 19172 19206 I exvq : Compatcheck success for background update.
08-02 17:20:58.227 19172 19206 I exur : #backgroundUpdate
08-02 17:20:58.227 19172 19206 I exur : #backgroundUpdate inside sequencer
08-02 17:20:58.227 19172 19206 I exur : #backgroundUpdate using the existing ASR soda instance.
08-02 17:20:58.228 3807 4802 I SHANNON_IMS: 4343 [PROX] onReceive: intent= [Intent { act=android.intent.action.SERVICE_STATE flg=0x1000010 xflg=0x4 (has extras) }] (ConnectivityBroadcastReceiver%onReceive:91)
08-02 17:20:58.228 3849 3849 D SatelliteController: getSatellitePerPlmnConfiguration: subId=3 return null
08-02 17:20:58.228 3849 3849 D SatelliteController: getCarrierRoamingNtnConnectType: config: null
08-02 17:20:58.228 3849 3849 D TelephonyConfigUpdateInstallReceiver: getConfigParser: domain=satellite
08-02 17:20:58.228 3849 3849 V SatelliteController: satelliteConfigParser is not ready
08-02 17:20:58.228 3849 3849 D SatelliteController: getCarrierRoamingNtnConnectTypeViaConfigUpdater: return null (satelliteConfig is null)
08-02 17:20:58.229 1761 1985 D ActivityManager: sync unfroze 4247 com.google.android.cellbroadcastreceiver for 3
08-02 17:20:58.230 3849 4150 D SatelliteController: getCarrierRoamingNtnConnectType: Falling back to global carrier config connect type: 0
08-02 17:20:58.230 3849 4150 D TelephonyConfigUpdateInstallReceiver: getConfigParser: domain=satellite
08-02 17:20:58.230 3849 4150 V SatelliteController: satelliteConfigParser is not ready
08-02 17:20:58.230 3849 4150 D SatelliteController: isSatelliteAttachSupportedViaConfigupdater: return null (satelliteConfig is null)
08-02 17:20:58.231 3849 4150 V SatelliteController: getWwanIsInService: return true
08-02 17:20:58.231 3849 4150 D SatelliteController: isUsingNonTerrestrialNetworkViaCarrier: subId=3 isUsingNtn=false
08-02 17:20:58.231 3849 4150 D SatelliteController: isUsingNonTerrestrialNetworkViaCarrier: phone is null for subId=-1
08-02 17:20:58.232 3849 3849 D SatelliteController: getCarrierRoamingNtnConnectType: Falling back to global carrier config connect type: 0
08-02 17:20:58.232 3849 3849 D TelephonyConfigUpdateInstallReceiver: getConfigParser: domain=satellite
08-02 17:20:58.232 3849 3849 V SatelliteController: satelliteConfigParser is not ready
08-02 17:20:58.232 3849 3849 D SatelliteController: isSatelliteAttachSupportedViaConfigupdater: return null (satelliteConfig is null)
08-02 17:20:58.233 4247 4247 D CellBroadcastReceiver: onReceive Intent { act=android.intent.action.SERVICE_STATE flg=0x1000010 xflg=0x4 cmp=com.google.android.cellbroadcastreceiver/com.android.cellbroadcastreceiver.CellBroadcastReceiver (has extras) }
08-02 17:20:58.234 3849 3849 V SatelliteController: getWwanIsInService: return true
08-02 17:20:58.234 3849 3849 D SatelliteController: isInCarrierRoamingNbIotNtn: satellite is disabled
08-02 17:20:58.234 4247 4247 D CellBroadcastReceiver: onServiceStateChanged, ss: 0
08-02 17:20:58.234 4247 4247 D CellBroadcastReceiver: networkOperator: 50501
08-02 17:20:58.235 3849 3903 D SatelliteController: getSatellitePerPlmnConfiguration: subId=3 return null
08-02 17:20:58.235 3849 3903 D SatelliteController: getCarrierRoamingNtnConnectType: config: null
08-02 17:20:58.235 3849 3903 D TelephonyConfigUpdateInstallReceiver: getConfigParser: domain=satellite
08-02 17:20:58.235 3849 3903 V SatelliteController: satelliteConfigParser is not ready
08-02 17:20:58.235 3849 3903 D SatelliteController: getCarrierRoamingNtnConnectTypeViaConfigUpdater: return null (satelliteConfig is null)
08-02 17:20:58.235 19172 19188 I esds : (REDACTED) AppFlow %s is about to be transmitted
08-02 17:20:58.236 3849 3903 D SatelliteController: getCarrierRoamingNtnConnectType: Falling back to global carrier config connect type: 0
08-02 17:20:58.236 19172 19208 I axuj : #getOobeStatus: OptedIn [CONTEXT ratelimit_period="10 SECONDS" ]
08-02 17:20:58.238 4247 4247 D CellBroadcastReceiver: update supported roaming operator as
08-02 17:20:58.238 19172 19206 I native : I0000 00:00:1785662458.238749 19206 context-module-impl.cc:802] Update context input. (Proto:MessageLite at 0xb400006fa5e66510)
08-02 17:20:58.242 3849 3849 I Telephony: TelecomAccountRegistry$TelecomAccountTelephonyCallback: TelecomAccountRegistry: onServiceStateChanged: newState=0, mServiceState=0
08-02 17:20:58.243 19172 19206 I native : I0000 00:00:1785662458.243092 19206 context-module-impl.cc:809] Update context input for public scope. (Proto:MessageLite at 0xb400006fa5e66510)
08-02 17:20:58.245 19172 19206 I exvq : #backgroundBiasingUpdate succeeded.
08-02 17:20:58.245 1120 1209 I SatelliteTileStateReceiver: Satellite tile static feature configs are enabled for this device.
08-02 17:20:58.246 1120 1209 I SatelliteTileStateReceiver: SatelliteTileService runtime component state enabled: true
08-02 17:20:58.246 1120 1209 W JobInfo : Job 'com.android.settings/.network.telephony.satellite.quicksettings.SatelliteEligibilityJobService#108' has a deadline with functional constraints and an extremely short time window of 0 ms (delay=0, deadline=0). The functional constraints are not likely to be satisfied when the job runs.
08-02 17:20:58.246 19172 19209 I elhs : (REDACTED) Sending speech biasing context update to SODA with locale %s. %s
08-02 17:20:58.246 3849 3849 I Telephony: isRttCurrentlySupported -- regular acct, hasVoiceAvailability: true
08-02 17:20:58.246 3849 3849 I Telephony: isRttSupported: false
08-02 17:20:58.246 3849 3849 I Telephony: alwaysAllowWhileRoaming: false
08-02 17:20:58.246 3849 3849 I Telephony: isRoaming: false
08-02 17:20:58.246 3849 3849 I Telephony: isOnWfc: true
08-02 17:20:58.250 1761 5008 W JobInfo : Job 'com.android.settings/.network.telephony.satellite.quicksettings.SatelliteEligibilityJobService#108' has a deadline with functional constraints and an extremely short time window of 0 ms (delay=0, deadline=0). The functional constraints are not likely to be satisfied when the job runs.
08-02 17:20:58.251 19172 19207 I exur : #checkAsrCompatibility inside sequencer
08-02 17:20:58.251 19172 19207 I exur : (REDACTED) #checkAsrCompatibility initializing Soda. Locale: %s. Expected LP version: %d
08-02 17:20:58.251 19172 19207 I exur : (REDACTED) Soda cache directory: %s
08-02 17:20:58.251 19172 19207 I exur : Hotmatch disabled: flag not enabled
08-02 17:20:58.251 19172 19207 I eyix : SODA instance exists and matches params. Updating callbacks and returning preloaded instance.
08-02 17:20:58.252 19172 19207 I exur : #checkAsrCompatibility successful!
08-02 17:20:58.252 19172 19212 I esds : (REDACTED) AppFlow %s is about to be transmitted
08-02 17:20:58.264 19172 19212 I exvq : Compatcheck success for background update.
08-02 17:20:58.264 19172 19212 I exur : #backgroundUpdate
08-02 17:20:58.264 19172 19209 I exvq : (REDACTED) #getSodaAsrUpdateRequest inserting app domain: %s
08-02 17:20:58.264 19172 19206 I exur : #backgroundUpdate inside sequencer
08-02 17:20:58.264 19172 19206 I exur : #backgroundUpdate using the existing ASR soda instance.
08-02 17:20:58.265 19172 19206 I exvq : #backgroundBiasingUpdate succeeded.
08-02 17:20:58.267 19172 19210 I elhs : (REDACTED) SODA speech biasing context update for %s is complete. %s
08-02 17:20:58.268 19172 19212 I esds : (REDACTED) AppFlow %s is about to be transmitted
08-02 17:20:58.268 19172 19210 I elhc : (REDACTED) Successfully scheduled context update for key: %s for %s.
08-02 17:20:58.269 1120 1120 I SatelliteEligibilityJobService: onStartJob: 108
08-02 17:20:58.270 1120 1120 I SatelliteTileStateReceiver: Satellite tile static feature configs are enabled for this device.
08-02 17:20:58.274 19172 19206 I exur : #checkAsrCompatibility inside sequencer
08-02 17:20:58.275 1120 1120 I SatelliteTileStateReceiver: SatelliteTileService runtime component state enabled: true
08-02 17:20:58.276 19172 19206 I exur : (REDACTED) #checkAsrCompatibility initializing Soda. Locale: %s. Expected LP version: %d
08-02 17:20:58.276 19172 19206 I exur : (REDACTED) Soda cache directory: %s
08-02 17:20:58.276 19172 19206 I exur : Hotmatch disabled: flag not enabled
08-02 17:20:58.276 19172 19206 I eyix : SODA instance exists and matches params. Updating callbacks and returning preloaded instance.
08-02 17:20:58.277 19172 19206 I exur : #checkAsrCompatibility successful!
08-02 17:20:58.277 19172 19206 I exvq : Compatcheck success for background update.
08-02 17:20:58.278 19172 19206 I exur : #backgroundUpdate
08-02 17:20:58.278 19172 19206 I exur : #backgroundUpdate inside sequencer
08-02 17:20:58.278 19172 19206 I exur : #backgroundUpdate using the existing ASR soda instance.
08-02 17:20:58.278 19172 19206 I exvq : #backgroundBiasingUpdate succeeded.
08-02 17:20:58.279 19172 19203 I elhs : (REDACTED) SODA speech biasing context update for %s is complete. %s
08-02 17:20:58.280 19172 19203 I elhc : (REDACTED) Successfully scheduled context update for key: %s for %s.
08-02 17:20:58.282 19172 19188 I esds : (REDACTED) AppFlow %s is about to be transmitted
08-02 17:20:58.284 19172 19188 I esds : (REDACTED) AppFlow %s is about to be transmitted
08-02 17:20:58.284 19172 19188 I esds : (REDACTED) AppFlow %s is about to be transmitted
08-02 17:20:58.297 1120 1120 I SatelliteEligibilityJobService: Current ServiceState: 0
08-02 17:20:58.297 1120 1120 I SatelliteEligibilityJobService: Device is IN_SERVICE (Terrestrial), rescheduling job.
08-02 17:20:58.298 1120 1120 I SatelliteTileStateReceiver: Satellite tile static feature configs are enabled for this device.
08-02 17:20:58.299 1120 1120 I SatelliteTileStateReceiver: SatelliteTileService runtime component state enabled: true
08-02 17:20:58.311 1761 9949 W JobScheduler: Job didn't exist in JobStore: 53ba170 #1000/108 com.android.settings/.network.telephony.satellite.quicksettings.SatelliteEligibilityJobService