08-02 17:20:49.711 30171 30336 I AiAiVC : (REDACTED) Centralized allowlist: requested package %s is in the allowlist
08-02 17:20:49.711 30171 30336 I AiAiVC : (REDACTED) Centralized allowlist: requested package %s is in the allowlist
08-02 17:20:49.711 30171 30336 I AiAiVC : (REDACTED) Centralized allowlist: requested package %s is in the allowlist
08-02 17:20:49.711 30171 30336 I AiAiVC : (REDACTED) Centralized allowlist: requested package %s is in the allowlist
08-02 17:20:49.711 30171 30336 I AiAiVC : (REDACTED) Centralized allowlist: requested package %s is in the allowlist
08-02 17:20:49.711 30171 30336 I AiAiVC : (REDACTED) Centralized allowlist: requested package %s is in the allowlist
08-02 17:20:49.711 30171 30336 I AiAiVC : (REDACTED) Centralized allowlist: requested package %s is in the allowlist
08-02 17:20:49.711 30171 30336 I AiAiVC : (REDACTED) Centralized allowlist: requested package %s is in the allowlist
08-02 17:20:49.711 30171 30336 I AiAiVC : (REDACTED) Centralized allowlist: requested package %s is in the allowlist
08-02 17:20:49.711 30171 30336 I AiAiVC : (REDACTED) Centralized allowlist: requested package %s is not in the allowlist
08-02 17:20:49.711 30171 30336 I AiAiVC : (REDACTED) Centralized allowlist: requested package %s is in the allowlist
08-02 17:20:49.711 30171 30336 I AiAiVC : (REDACTED) Centralized allowlist: requested package %s is in the allowlist
08-02 17:20:49.711 30171 30336 I AiAiVC : (REDACTED) Centralized allowlist: requested package %s is in the allowlist
08-02 17:20:49.711 30171 30336 I AiAiVC : (REDACTED) Centralized allowlist: requested package %s is not in the allowlist
08-02 17:20:49.711 30171 30336 I AiAiVC : (REDACTED) Centralized allowlist: requested package %s is in the allowlist
08-02 17:20:49.711 30171 30336 I AiAiVC : (REDACTED) Centralized allowlist: requested component %s is in the allowlist
08-02 17:20:49.711 30171 30336 I AiAiVC : (REDACTED) Centralized allowlist: requested component %s is in the allowlist
08-02 17:20:49.711 30171 30336 I AiAiVC : (REDACTED) Centralized allowlist: requested component %s is in the allowlist
08-02 17:20:49.711 30171 30336 I AiAiVC : (REDACTED) Centralized allowlist: requested component %s is in the allowlist
08-02 17:20:49.711 30171 30336 I AiAiVC : (REDACTED) Centralized allowlist: requested component %s is not in the allowlist
08-02 17:20:49.711 30171 30336 I AiAiVC : (REDACTED) Centralized allowlist: requested component %s is not in the allowlist
08-02 17:20:49.711 30171 30336 I AiAiVC : (REDACTED) Centralized allowlist: requested component %s is not in the allowlist
08-02 17:20:49.711 30171 30336 I AiAiVC : (REDACTED) Centralized allowlist: requested component %s is not in the allowlist
08-02 17:20:49.711 30171 30336 I AiAiVC : (REDACTED) Centralized allowlist: requested component %s is in the allowlist
08-02 17:20:49.711 30171 30336 I AiAiVC : (REDACTED) Centralized allowlist: requested component %s is in the allowlist
08-02 17:20:49.711 30171 30336 I AiAiVC : (REDACTED) Centralized allowlist: requested component %s is in the allowlist
08-02 17:20:49.711 30171 30336 I AiAiVC : (REDACTED) Centralized allowlist: requested component %s is in the allowlist
08-02 17:20:49.711 30171 30336 I AiAiVC : (REDACTED) Centralized allowlist: requested component %s is in the allowlist
08-02 17:20:49.711 30171 30336 I AiAiVC : (REDACTED) Centralized allowlist: requested component %s is in the allowlist
08-02 17:20:49.711 30171 30336 I AiAiVC : (REDACTED) Centralized allowlist: requested component %s is in the allowlist
08-02 17:20:49.711 30171 30336 I AiAiVC : (REDACTED) Centralized allowlist: requested component %s is in the allowlist
08-02 17:20:49.715 30171 30336 I AiAiVC : (REDACTED) Centralized allowlist: requested package %s is in the allowlist
08-02 17:20:49.715 30171 30336 I AiAiVC : (REDACTED) Centralized allowlist: requested package %s is in the allowlist
08-02 17:20:49.715 30171 30336 I AiAiVC : (REDACTED) Centralized allowlist: requested package %s is in the allowlist
08-02 17:20:49.715 30171 30336 I AiAiVC : (REDACTED) Centralized allowlist: requested package %s is in the allowlist
08-02 17:20:49.715 30171 30336 I AiAiVC : (REDACTED) Centralized allowlist: requested package %s is in the allowlist
08-02 17:20:49.715 30171 30336 I AiAiVC : (REDACTED) Centralized allowlist: requested package %s is in the allowlist
08-02 17:20:49.715 30171 30336 I AiAiVC : (REDACTED) Centralized allowlist: requested package %s is in the allowlist
08-02 17:20:49.715 30171 30336 I AiAiVC : (REDACTED) Centralized allowlist: requested package %s is in the allowlist
08-02 17:20:49.715 30171 30336 I AiAiVC : (REDACTED) Centralized allowlist: requested package %s is in the allowlist
08-02 17:20:49.715 30171 30336 I AiAiVC : (REDACTED) Centralized allowlist: requested package %s is in the allowlist
08-02 17:20:49.715 30171 30336 I AiAiVC : (REDACTED) Centralized allowlist: requested package %s is in the allowlist
08-02 17:20:49.715 30171 30336 I AiAiVC : (REDACTED) Centralized allowlist: requested package %s is in the allowlist
08-02 17:20:49.715 30171 30336 I AiAiVC : (REDACTED) Centralized allowlist: requested package %s is in the allowlist
08-02 17:20:49.715 30171 30336 I AiAiVC : (REDACTED) Centralized allowlist: requested package %s is in the allowlist
08-02 17:20:49.716 30171 30336 I AiAiVC : (REDACTED) Centralized allowlist: requested package %s is in the allowlist
08-02 17:20:49.716 30171 30336 I AiAiVC : (REDACTED) Centralized allowlist: requested package %s is in the allowlist
08-02 17:20:49.716 30171 30336 I AiAiVC : (REDACTED) Centralized allowlist: requested package %s is in the allowlist
08-02 17:20:49.716 30171 30336 I AiAiVC : (REDACTED) Centralized allowlist: requested package %s is in the allowlist
08-02 17:20:49.716 30171 30336 I AiAiVC : (REDACTED) Centralized allowlist: requested package %s is in the allowlist
08-02 17:20:49.716 30171 30336 I AiAiVC : (REDACTED) Centralized allowlist: requested package %s is in the allowlist
08-02 17:20:49.716 30171 30336 I AiAiVC : (REDACTED) Centralized allowlist: requested package %s is not in the allowlist
08-02 17:20:49.716 30171 30336 I AiAiVC : (REDACTED) Centralized allowlist: requested package %s is in the allowlist
08-02 17:20:49.716 30171 30336 I AiAiVC : (REDACTED) Centralized allowlist: requested package %s is in the allowlist
08-02 17:20:49.716 30171 30336 I AiAiVC : (REDACTED) Centralized allowlist: requested package %s is in the allowlist
08-02 17:20:49.716 30171 30336 I AiAiVC : (REDACTED) Centralized allowlist: requested package %s is not in the allowlist
08-02 17:20:49.716 30171 30336 I AiAiVC : (REDACTED) Centralized allowlist: requested package %s is in the allowlist
08-02 17:20:49.716 30171 30336 I AiAiVC : (REDACTED) Centralized allowlist: requested component %s is in the allowlist
08-02 17:20:49.716 30171 30336 I AiAiVC : (REDACTED) Centralized allowlist: requested component %s is in the allowlist
08-02 17:20:49.716 30171 30336 I AiAiVC : (REDACTED) Centralized allowlist: requested component %s is in the allowlist
08-02 17:20:49.716 30171 30336 I AiAiVC : (REDACTED) Centralized allowlist: requested component %s is in the allowlist
08-02 17:20:49.716 30171 30336 I AiAiVC : (REDACTED) Centralized allowlist: requested component %s is not in the allowlist
08-02 17:20:49.716 30171 30336 I AiAiVC : (REDACTED) Centralized allowlist: requested component %s is not in the allowlist
08-02 17:20:49.716 30171 30336 I AiAiVC : (REDACTED) Centralized allowlist: requested component %s is not in the allowlist
08-02 17:20:49.716 30171 30336 I AiAiVC : (REDACTED) Centralized allowlist: requested component %s is not in the allowlist
08-02 17:20:49.716 30171 30336 I AiAiVC : (REDACTED) Centralized allowlist: requested component %s is in the allowlist
08-02 17:20:49.716 30171 30336 I AiAiVC : (REDACTED) Centralized allowlist: requested component %s is in the allowlist
08-02 17:20:49.716 30171 30336 I AiAiVC : (REDACTED) Centralized allowlist: requested component %s is in the allowlist
08-02 17:20:49.716 30171 30336 I AiAiVC : (REDACTED) Centralized allowlist: requested component %s is in the allowlist
08-02 17:20:49.716 30171 30336 I AiAiVC : (REDACTED) Centralized allowlist: requested component %s is in the allowlist
08-02 17:20:49.716 30171 30336 I AiAiVC : (REDACTED) Centralized allowlist: requested component %s is in the allowlist
08-02 17:20:49.716 30171 30336 I AiAiVC : (REDACTED) Centralized allowlist: requested component %s is in the allowlist
08-02 17:20:49.716 30171 30336 I AiAiVC : (REDACTED) Centralized allowlist: requested component %s is in the allowlist
08-02 17:20:49.719 30171 30336 I AiAiVC : (REDACTED) Centralized allowlist: requested package %s is in the allowlist
08-02 17:20:49.719 30171 30336 I AiAiVC : (REDACTED) Centralized allowlist: requested package %s is in the allowlist
08-02 17:20:49.719 30171 30336 I AiAiVC : (REDACTED) Centralized allowlist: requested package %s is in the allowlist
08-02 17:20:49.719 30171 30336 I AiAiVC : (REDACTED) Centralized allowlist: requested package %s is in the allowlist
08-02 17:20:49.719 30171 30336 I AiAiVC : (REDACTED) Centralized allowlist: requested package %s is in the allowlist
08-02 17:20:49.719 30171 30336 I AiAiVC : (REDACTED) Centralized allowlist: requested package %s is in the allowlist
08-02 17:20:49.719 30171 30336 I AiAiVC : (REDACTED) Centralized allowlist: requested package %s is in the allowlist
08-02 17:20:49.719 30171 30336 I AiAiVC : (REDACTED) Centralized allowlist: requested package %s is in the allowlist
08-02 17:20:49.719 30171 30336 I AiAiVC : (REDACTED) Centralized allowlist: requested package %s is in the allowlist
08-02 17:20:49.719 30171 30336 I AiAiVC : (REDACTED) Centralized allowlist: requested package %s is in the allowlist
08-02 17:20:49.719 30171 30336 I AiAiVC : (REDACTED) Centralized allowlist: requested package %s is in the allowlist
08-02 17:20:49.719 30171 30336 I AiAiVC : (REDACTED) Centralized allowlist: requested package %s is in the allowlist
08-02 17:20:49.719 30171 30336 I AiAiVC : (REDACTED) Centralized allowlist: requested package %s is in the allowlist
08-02 17:20:49.719 30171 30336 I AiAiVC : (REDACTED) Centralized allowlist: requested package %s is in the allowlist
08-02 17:20:49.719 30171 30336 I AiAiVC : (REDACTED) Centralized allowlist: requested package %s is in the allowlist
08-02 17:20:49.719 30171 30336 I AiAiVC : (REDACTED) Centralized allowlist: requested package %s is in the allowlist
08-02 17:20:49.719 30171 30336 I AiAiVC : (REDACTED) Centralized allowlist: requested package %s is in the allowlist
08-02 17:20:49.719 30171 30336 I AiAiVC : (REDACTED) Centralized allowlist: requested package %s is in the allowlist
08-02 17:20:49.719 30171 30336 I AiAiVC : (REDACTED) Centralized allowlist: requested package %s is in the allowlist
08-02 17:20:49.719 30171 30336 I AiAiVC : (REDACTED) Centralized allowlist: requested package %s is in the allowlist
08-02 17:20:49.720 30171 30336 I AiAiVC : (REDACTED) Centralized allowlist: requested package %s is not in the allowlist
08-02 17:20:49.720 30171 30336 I AiAiVC : (REDACTED) Centralized allowlist: requested package %s is in the allowlist
08-02 17:20:49.720 30171 30336 I AiAiVC : (REDACTED) Centralized allowlist: requested package %s is in the allowlist
08-02 17:20:49.720 30171 30336 I AiAiVC : (REDACTED) Centralized allowlist: requested package %s is in the allowlist
08-02 17:20:49.720 30171 30336 I AiAiVC : (REDACTED) Centralized allowlist: requested package %s is not in the allowlist
08-02 17:20:49.720 30171 30336 I AiAiVC : (REDACTED) Centralized allowlist: requested package %s is in the allowlist
08-02 17:20:49.721 32367 19847 I AmazonVideo.http: FetchFromServer: (2267ms, #1) Completed Request@9eacdc3[POST https://abxc3apcastp.fe.api.amazonvideo.com/cdp/insights/reportEvent/v1/android?clientName=ATVAndroidThirdPartyClient&cpuCoreCount=8&&deviceLandscapeWidthDp=994&deviceManufacturer=Google&deviceModel=Pixel+9+Pro+Fold&deviceName=ThirdParty&deviceOsVersion=17&devicePortraitWidthDp=443&deviceTypeId=A43PXU4ZN2AL1&deviceTypeID=A43PXU4ZN2AL1&firmware=fmw%3A37-app%3A3.0.465.1747&format=json&osLocale=en_AU&performanceClass=33&screenDensity=DEFAULT&screenWidth=sw360dp&socModel=Tensor+G4&softwareVersion=465&supportsPKMZ=false&totalMemory=15583.0625&uxLocale=en_US&version=1 w/ body]
08-02 17:20:49.726 30171 30336 I AiAiVC : (REDACTED) Centralized allowlist: requested component %s is in the allowlist
08-02 17:20:49.726 30171 30336 I AiAiVC : (REDACTED) Centralized allowlist: requested component %s is in the allowlist
08-02 17:20:49.726 30171 30336 I AiAiVC : (REDACTED) Centralized allowlist: requested component %s is in the allowlist
08-02 17:20:49.726 30171 30336 I AiAiVC : (REDACTED) Centralized allowlist: requested component %s is in the allowlist
08-02 17:20:49.726 30171 30336 I AiAiVC : (REDACTED) Centralized allowlist: requested component %s is not in the allowlist
08-02 17:20:49.726 30171 30336 I AiAiVC : (REDACTED) Centralized allowlist: requested component %s is not in the allowlist
08-02 17:20:49.726 30171 30336 I AiAiVC : (REDACTED) Centralized allowlist: requested component %s is not in the allowlist
08-02 17:20:49.726 30171 30336 I AiAiVC : (REDACTED) Centralized allowlist: requested component %s is not in the allowlist
08-02 17:20:49.726 30171 30336 I AiAiVC : (REDACTED) Centralized allowlist: requested component %s is in the allowlist
08-02 17:20:49.726 30171 30336 I AiAiVC : (REDACTED) Centralized allowlist: requested component %s is in the allowlist
08-02 17:20:49.726 30171 30336 I AiAiVC : (REDACTED) Centralized allowlist: requested component %s is in the allowlist
08-02 17:20:49.726 30171 30336 I AiAiVC : (REDACTED) Centralized allowlist: requested component %s is in the allowlist
08-02 17:20:49.726 30171 30336 I AiAiVC : (REDACTED) Centralized allowlist: requested component %s is in the allowlist
08-02 17:20:49.726 30171 30336 I AiAiVC : (REDACTED) Centralized allowlist: requested component %s is in the allowlist
08-02 17:20:49.726 30171 30336 I AiAiVC : (REDACTED) Centralized allowlist: requested component %s is in the allowlist
08-02 17:20:49.726 30171 30336 I AiAiVC : (REDACTED) Centralized allowlist: requested component %s is in the allowlist
08-02 17:20:49.727 1761 9949 I WifiService: releaseWifiLock uid=10306
08-02 17:20:49.777 32367 19882 D AmazonVideo.http: Non-CRC - PDX - abxc3apcastp.fe.api.amazonvideo.com/cdp/insights/reportEvent/v1/android
08-02 17:20:49.847 32367 19846 W AmazonVideo: Warning: EventManager-Processed-INSIGHTS [Failure, Failure-Expired, FailureAttempt-0]
08-02 17:20:49.934 663 682 D libnos_datagram: Calling App 0x00 with params 0x0200
08-02 17:20:49.963 663 682 D libnos_datagram: App 0x00 returning 0x0
08-02 17:20:49.978 19676 19691 I om.shire.mobile: Compiler allocated 5295KB to compile void android.view.ViewRootImpl.performTraversals(long)
08-02 17:20:50.250 30171 30288 I AiAiSmartNotification: (REDACTED) playStoreCategoriesMap size: %d
08-02 17:20:50.263 21634 28145 W libbinder.Binder: Binder transaction to android.accounts.IAccountAuthenticator, function: UNKNOWN_FUNCTION_NAME, code: 3, took 1500ms. Data bytes: 492 Reply bytes: 0 Flags: 17
08-02 17:20:50.378 21634 21638 E gcblocker: too long GC blocking: 5
08-02 17:20:50.378 21634 21638 E gcblocker: gc block end, 168186700,101
08-02 17:20:50.880 1761 9949 I WifiService: releaseWifiLock uid=10306
08-02 17:20:50.900 1761 9949 I WifiService: acquireWifiLock uid=10306 lockMode=3 packageName=com.amazon.avod.thirdpartyclient
08-02 17:20:50.915 32367 32460 W AmazonVideo: Warning: getAccessToken
08-02 17:20:51.081 32367 19846 I AmazonVideo: EventManager: processing complete
08-02 17:20:51.144 1761 1981 W PackageManager: Unable to load service info ResolveInfo{e63365 jcutting.ghosttubesls/com.ghosttube.authentication.AccountAuthenticatorService m=0x108000 userHandle=null}
08-02 17:20:51.144 1761 1981 W PackageManager: org.xmlpull.v1.XmlPullParserException: No android.accounts.AccountAuthenticator meta-data
08-02 17:20:51.144 1761 1981 W PackageManager: at android.content.pm.RegisteredServicesCache.parseServiceInfo(RegisteredServicesCache.java:720)
08-02 17:20:51.144 1761 1981 W PackageManager: at android.content.pm.RegisteredServicesCache.generateServicesMap(RegisteredServicesCache.java:543)
08-02 17:20:51.144 1761 1981 W PackageManager: at android.content.pm.RegisteredServicesCache.handlePackageEvent(RegisteredServicesCache.java:238)
08-02 17:20:51.144 1761 1981 W PackageManager: at android.content.pm.RegisteredServicesCache.-$$Nest$mhandlePackageEvent(RegisteredServicesCache.java:0)
08-02 17:20:51.144 1761 1981 W PackageManager: at android.content.pm.RegisteredServicesCache$1.onReceive(RegisteredServicesCache.java:247)
08-02 17:20:51.144 1761 1981 W PackageManager: at android.app.LoadedApk$ReceiverDispatcher$Args.lambda$getRunnable$0(LoadedApk.java:2050)
08-02 17:20:51.144 1761 1981 W PackageManager: at android.app.LoadedApk$ReceiverDispatcher$Args.$r8$lambda$mcNAAl1SQ4MyJPyDg8TJ2x2h0Rk(LoadedApk.java:0)
08-02 17:20:51.144 1761 1981 W PackageManager: at android.app.LoadedApk$ReceiverDispatcher$Args$$ExternalSyntheticLambda0.run(D8$$SyntheticClass:0)
08-02 17:20:51.144 1761 1981 W PackageManager: at android.os.Handler.handleCallback(Handler.java:1095)
08-02 17:20:51.144 1761 1981 W PackageManager: at android.os.Handler.dispatchMessageImpl(Handler.java:135)
08-02 17:20:51.144 1761 1981 W PackageManager: at android.os.Handler.dispatchMessage(Handler.java:125)
08-02 17:20:51.144 1761 1981 W PackageManager: at android.os.Looper.loopOnce(Looper.java:296)
08-02 17:20:51.144 1761 1981 W PackageManager: at android.os.Looper.loop(Looper.java:397)
08-02 17:20:51.144 1761 1981 W PackageManager: at android.os.HandlerThread.run(HandlerThread.java:139)
08-02 17:20:51.252 1761 5008 I WifiService: releaseWifiLock uid=10306
08-02 17:20:51.263 1761 5008 I WifiService: acquireWifiLock uid=10306 lockMode=3 packageName=com.amazon.avod.thirdpartyclient
08-02 17:20:51.268 32367 32460 W AmazonVideo: Warning: getAccessToken
08-02 17:20:51.289 1761 1981 I AppBindingService: [Supervision app] feature disabled
08-02 17:20:51.312 1761 1761 D ActivityManager: sync unfroze 12214 com.google.android.odad for 6
08-02 17:20:51.327 30171 19886 I AiAiEcho: (REDACTED) AppIndexer Package:[%s] UserProfile:[%d] Enabled:[%s].
08-02 17:20:51.327 30171 19886 I AiAiEcho: (REDACTED) AppFetcherImplV2 updateApps package:[%s], userId:[%d], reason:[%s].
08-02 17:20:51.329 30171 19888 I AiAiEcho: (REDACTED) AppIndexer Package:[%s] UserProfile:[%d] Enabled:[%s].
08-02 17:20:51.329 30171 19888 I AiAiEcho: (REDACTED) AppFetcherImplV2 updateApps package:[%s], userId:[%d], reason:[%s].
08-02 17:20:51.334 1761 1981 W PackageManager: Unable to load service info ResolveInfo{626a65b jcutting.ghosttubesls/com.ghosttube.authentication.AccountAuthenticatorService m=0x108000 userHandle=null}
08-02 17:20:51.334 1761 1981 W PackageManager: org.xmlpull.v1.XmlPullParserException: No android.accounts.AccountAuthenticator meta-data
08-02 17:20:51.334 1761 1981 W PackageManager: at android.content.pm.RegisteredServicesCache.parseServiceInfo(RegisteredServicesCache.java:720)
08-02 17:20:51.334 1761 1981 W PackageManager: at android.content.pm.RegisteredServicesCache.generateServicesMap(RegisteredServicesCache.java:543)
08-02 17:20:51.334 1761 1981 W PackageManager: at android.content.pm.RegisteredServicesCache.handlePackageEvent(RegisteredServicesCache.java:238)
08-02 17:20:51.334 1761 1981 W PackageManager: at android.content.pm.RegisteredServicesCache.-$$Nest$mhandlePackageEvent(RegisteredServicesCache.java:0)
08-02 17:20:51.334 1761 1981 W PackageManager: at android.content.pm.RegisteredServicesCache$1.onReceive(RegisteredServicesCache.java:247)
08-02 17:20:51.334 1761 1981 W PackageManager: at android.app.LoadedApk$ReceiverDispatcher$Args.lambda$getRunnable$0(LoadedApk.java:2050)
08-02 17:20:51.334 1761 1981 W PackageManager: at android.app.LoadedApk$ReceiverDispatcher$Args.$r8$lambda$mcNAAl1SQ4MyJPyDg8TJ2x2h0Rk(LoadedApk.java:0)
08-02 17:20:51.334 1761 1981 W PackageManager: at android.app.LoadedApk$ReceiverDispatcher$Args$$ExternalSyntheticLambda0.run(D8$$SyntheticClass:0)
08-02 17:20:51.334 1761 1981 W PackageManager: at android.os.Handler.handleCallback(Handler.java:1095)
08-02 17:20:51.334 1761 1981 W PackageManager: at android.os.Handler.dispatchMessageImpl(Handler.java:135)
08-02 17:20:51.334 1761 1981 W PackageManager: at android.os.Handler.dispatchMessage(Handler.java:125)
08-02 17:20:51.334 1761 1981 W PackageManager: at android.os.Looper.loopOnce(Looper.java:296)
08-02 17:20:51.334 1761 1981 W PackageManager: at android.os.Looper.loop(Looper.java:397)
08-02 17:20:51.334 1761 1981 W PackageManager: at android.os.HandlerThread.run(HandlerThread.java:139)
08-02 17:20:51.337 1761 1981 I AppBindingService: [Supervision app] feature disabled
08-02 17:20:51.396 1761 5008 W ApplicationInfo: Large ApplicationInfo parcel: size=20140 package=com.zhiliaoapp.musically splits=57 sharedLibs=8 resDirs=1 overlayPaths=1
08-02 17:20:51.396 1761 5008 W ParceledListSlice: Element #308 is 20464 bytes.
08-02 17:20:51.436 1761 5008 W ApplicationInfo: Large ApplicationInfo parcel: size=20140 package=com.zhiliaoapp.musically splits=57 sharedLibs=8 resDirs=1 overlayPaths=1
08-02 17:20:51.436 1761 5008 W ParceledListSlice: Element #308 is 20464 bytes.
08-02 17:20:51.466 12214 12214 I ContentProtectionServic: CP service created
08-02 17:20:51.472 1761 1761 I RemoteContentProtectionService: Connection status for: ComponentInfo{com.google.android.odad/com.google.android.apps.miphone.odad.contentprotection.ContentProtectionService} changed to: connected
08-02 17:20:51.474 29393 29738 W libbinder.Binder: Binder transaction to android.content.IContentProvider, function: UNKNOWN_FUNCTION_NAME, code: 21, took 4830ms. Data bytes: 476 Reply bytes: 428 Flags: 18
08-02 17:20:51.474 12214 12214 I ContentProtectionServic: CP service onConnected
08-02 17:20:51.477 12214 12280 I ccw : Starting to build the allowlist
08-02 17:20:51.526 5602 5627 D AlphabeticIndexCompat: computeSectionName: cs: SHiRE Mobile sectionName: S
08-02 17:20:51.527 5602 5602 D AllAppsStore: setApps: apps.length=334
08-02 17:20:51.527 5602 5602 D AllAppsStore: notifyUpdate: notifying listeners
08-02 17:20:51.527 5602 5602 D ActivityAllAppsContainerView: onAppsUpdated; number of apps: 334
08-02 17:20:51.527 5602 5602 D ActivityAllAppsContainerView: rebindAdapters: force: false
08-02 17:20:51.527 5602 5602 D ActivityAllAppsContainerView: rebindAdapters: Not needed.
08-02 17:20:51.528 5602 5602 D StatsLog: LAUNCHER_ALLAPPS_COUNT
08-02 17:20:51.531 5602 5602 D AlphabeticalAppsList: Clearing FastScrollerSections.
08-02 17:20:51.531 5602 5602 D AlphabeticalAppsList: Adding apps with sections. HasPrivateApps: false
08-02 17:20:51.531 5602 5602 D AlphabeticalAppsList: addAppsWithSections: adding sectionName: … with appInfoTitle: 7plus
08-02 17:20:51.531 5602 5602 D AlphabeticalAppsList: addAppsWithSections: adding sectionName: A with appInfoTitle: Adobe Acrobat
08-02 17:20:51.531 5602 5602 D AlphabeticalAppsList: addAppsWithSections: adding sectionName: B with appInfoTitle: Balance
08-02 17:20:51.531 5602 5602 D AlphabeticalAppsList: addAppsWithSections: adding sectionName: C with appInfoTitle: Calculator
08-02 17:20:51.531 5602 5602 D AlphabeticalAppsList: addAppsWithSections: adding sectionName: D with appInfoTitle: Dasher
08-02 17:20:51.531 5602 5602 D AlphabeticalAppsList: addAppsWithSections: adding sectionName: E with appInfoTitle: eBay
08-02 17:20:51.531 5602 5602 D AlphabeticalAppsList: addAppsWithSections: adding sectionName: F with appInfoTitle: Facebook
08-02 17:20:51.531 5602 5602 D AlphabeticalAppsList: addAppsWithSections: adding sectionName: G with appInfoTitle: Gemini
08-02 17:20:51.531 5602 5602 D AlphabeticalAppsList: addAppsWithSections: adding sectionName: H with appInfoTitle: HCF
08-02 17:20:51.531 5602 5602 D AlphabeticalAppsList: addAppsWithSections: adding sectionName: I with appInfoTitle: IFTTT
08-02 17:20:51.531 5602 5602 D AlphabeticalAppsList: addAppsWithSections: adding sectionName: J with appInfoTitle: Jotform
08-02 17:20:51.532 5602 5602 D AlphabeticalAppsList: addAppsWithSections: adding sectionName: K with appInfoTitle: Keep notes
08-02 17:20:51.532 5602 5602 D AlphabeticalAppsList: addAppsWithSections: adding sectionName: L with appInfoTitle: LANDR
08-02 17:20:51.532 5602 5602 D AlphabeticalAppsList: addAppsWithSections: adding sectionName: M with appInfoTitle: Macquarie
08-02 17:20:51.532 5602 5602 D AlphabeticalAppsList: addAppsWithSections: adding sectionName: N with appInfoTitle: Nando's
08-02 17:20:51.532 5602 5602 D AlphabeticalAppsList: addAppsWithSections: adding sectionName: O with appInfoTitle: Obico
08-02 17:20:51.532 5602 5602 D AlphabeticalAppsList: addAppsWithSections: adding sectionName: P with appInfoTitle: Paired
08-02 17:20:51.532 5602 5602 D AlphabeticalAppsList: addAppsWithSections: adding sectionName: R with appInfoTitle: Raid
08-02 17:20:51.532 5602 5602 D AlphabeticalAppsList: addAppsWithSections: adding sectionName: S with appInfoTitle: Safety
08-02 17:20:51.532 5602 5602 D AlphabeticalAppsList: addAppsWithSections: adding sectionName: T with appInfoTitle: Tailscale
08-02 17:20:51.532 5602 5602 D AlphabeticalAppsList: addAppsWithSections: adding sectionName: U with appInfoTitle: Uber
08-02 17:20:51.532 5602 5602 D AlphabeticalAppsList: addAppsWithSections: adding sectionName: V with appInfoTitle: VeVe
08-02 17:20:51.532 5602 5602 D AlphabeticalAppsList: addAppsWithSections: adding sectionName: W with appInfoTitle: WA Health - Manage My Care
08-02 17:20:51.532 5602 5602 D AlphabeticalAppsList: addAppsWithSections: adding sectionName: X with appInfoTitle: X
08-02 17:20:51.532 5602 5602 D AlphabeticalAppsList: addAppsWithSections: adding sectionName: Y with appInfoTitle: YouTube
08-02 17:20:51.532 5602 5602 D AlphabeticalAppsList: addAppsWithSections: adding sectionName: Z with appInfoTitle: Zeely
08-02 17:20:51.532 5602 5602 D AlphabeticalAppsList: Adding FastScrollSection duplicate to scroll to the bottom.
08-02 17:20:51.538 5602 5602 D AlphabeticalAppsList: Clearing FastScrollerSections.
08-02 17:20:51.538 5602 5602 D AlphabeticalAppsList: Adding FastScrollSection for work edu card.
08-02 17:20:51.538 5602 5602 D AlphabeticalAppsList: Adding apps with sections. HasPrivateApps: false
08-02 17:20:51.538 5602 5602 D AlphabeticalAppsList: addAppsWithSections: adding sectionName: … with appInfoTitle: 7plus
08-02 17:20:51.538 5602 5602 D AlphabeticalAppsList: addAppsWithSections: adding sectionName: A with appInfoTitle: Adobe Acrobat
08-02 17:20:51.538 5602 5602 D AlphabeticalAppsList: addAppsWithSections: adding sectionName: B with appInfoTitle: Balance
08-02 17:20:51.538 5602 5602 D AlphabeticalAppsList: addAppsWithSections: adding sectionName: C with appInfoTitle: Calculator
08-02 17:20:51.538 5602 5602 D AlphabeticalAppsList: addAppsWithSections: adding sectionName: D with appInfoTitle: Dasher
08-02 17:20:51.538 5602 5602 D AlphabeticalAppsList: addAppsWithSections: adding sectionName: E with appInfoTitle: eBay
08-02 17:20:51.538 5602 5602 D AlphabeticalAppsList: addAppsWithSections: adding sectionName: F with appInfoTitle: Facebook
08-02 17:20:51.538 5602 5602 D AlphabeticalAppsList: addAppsWithSections: adding sectionName: G with appInfoTitle: Gemini
08-02 17:20:51.538 5602 5602 D AlphabeticalAppsList: addAppsWithSections: adding sectionName: H with appInfoTitle: HCF
08-02 17:20:51.538 5602 5602 D AlphabeticalAppsList: addAppsWithSections: adding sectionName: I with appInfoTitle: IFTTT
08-02 17:20:51.538 5602 5602 D AlphabeticalAppsList: addAppsWithSections: adding sectionName: J with appInfoTitle: Jotform
08-02 17:20:51.538 5602 5602 D AlphabeticalAppsList: addAppsWithSections: adding sectionName: K with appInfoTitle: Keep notes
08-02 17:20:51.538 5602 5602 D AlphabeticalAppsList: addAppsWithSections: adding sectionName: L with appInfoTitle: LANDR
08-02 17:20:51.538 5602 5602 D AlphabeticalAppsList: addAppsWithSections: adding sectionName: M with appInfoTitle: Macquarie
08-02 17:20:51.538 5602 5602 D AlphabeticalAppsList: addAppsWithSections: adding sectionName: N with appInfoTitle: Nando's
08-02 17:20:51.538 5602 5602 D AlphabeticalAppsList: addAppsWithSections: adding sectionName: O with appInfoTitle: Obico
08-02 17:20:51.538 5602 5602 D AlphabeticalAppsList: addAppsWithSections: adding sectionName: P with appInfoTitle: Paired
08-02 17:20:51.538 5602 5602 D AlphabeticalAppsList: addAppsWithSections: adding sectionName: R with appInfoTitle: Raid
08-02 17:20:51.538 5602 5602 D AlphabeticalAppsList: addAppsWithSections: adding sectionName: S with appInfoTitle: Safety
08-02 17:20:51.538 5602 5602 D AlphabeticalAppsList: addAppsWithSections: adding sectionName: T with appInfoTitle: Tailscale
08-02 17:20:51.538 5602 5602 D AlphabeticalAppsList: addAppsWithSections: adding sectionName: U with appInfoTitle: Uber
08-02 17:20:51.538 5602 5602 D AlphabeticalAppsList: addAppsWithSections: adding sectionName: V with appInfoTitle: VeVe
08-02 17:20:51.538 5602 5602 D AlphabeticalAppsList: addAppsWithSections: adding sectionName: W with appInfoTitle: WA Health - Manage My Care
08-02 17:20:51.538 5602 5602 D AlphabeticalAppsList: addAppsWithSections: adding sectionName: X with appInfoTitle: X
08-02 17:20:51.538 5602 5602 D AlphabeticalAppsList: addAppsWithSections: adding sectionName: Y with appInfoTitle: YouTube
08-02 17:20:51.538 5602 5602 D AlphabeticalAppsList: addAppsWithSections: adding sectionName: Z with appInfoTitle: Zeely
08-02 17:20:51.538 5602 5602 D AlphabeticalAppsList: Adding FastScrollSection duplicate to scroll to the bottom.
08-02 17:20:51.539 5602 5602 D AllAppsStore: setApps: apps.length=334
08-02 17:20:51.539 5602 5602 D AllAppsStore: notifyUpdate: notifying listeners
08-02 17:20:51.573 12214 12237 I le.android.odad: Background concurrent mark compact GC freed 8962KB AllocSpace bytes, 3(112KB) LOS objects, 98% free, 4080KB/256MB, paused 1.927ms,1.966ms total 250.437ms
08-02 17:20:51.581 5602 5602 D b/387844520: getOutlineOffsetX: measured width = 161, mNormalizedIconSize = 148, last updated width = 161
08-02 17:20:51.584 1761 5008 W ApplicationInfo: Large ApplicationInfo parcel: size=20140 package=com.zhiliaoapp.musically splits=57 sharedLibs=8 resDirs=1 overlayPaths=1
08-02 17:20:51.584 1761 5008 W PackageInfo: Large parcel: size=22196 pkg=com.zhiliaoapp.musically uid=10310 reqPerm=36(1) prevAllowSquashing=false
08-02 17:20:51.585 1761 5008 W ParceledListSlice: Element #281 is 22196 bytes.
08-02 17:20:51.609 12214 12280 I ccw : Using APK blocklist. Potential packages: 304, blocklist size: 6186, allowlist size: 202, latency: PT0.132S
08-02 17:20:51.623 5602 5627 D AlphabeticIndexCompat: computeSectionName: cs: Spotify sectionName: S
08-02 17:20:51.625 5602 5602 D AllAppsStore: setApps: apps.length=334
08-02 17:20:51.625 5602 5602 D AllAppsStore: notifyUpdate: notifying listeners
08-02 17:20:51.625 5602 5602 D ActivityAllAppsContainerView: onAppsUpdated; number of apps: 334
08-02 17:20:51.625 5602 5602 D ActivityAllAppsContainerView: rebindAdapters: force: false
08-02 17:20:51.625 5602 5602 D ActivityAllAppsContainerView: rebindAdapters: Not needed.
08-02 17:20:51.625 5602 5602 D StatsLog: LAUNCHER_ALLAPPS_COUNT
08-02 17:20:51.629 5602 5602 D AlphabeticalAppsList: Clearing FastScrollerSections.
08-02 17:20:51.629 5602 5602 D AlphabeticalAppsList: Adding apps with sections. HasPrivateApps: false
08-02 17:20:51.629 5602 5602 D AlphabeticalAppsList: addAppsWithSections: adding sectionName: … with appInfoTitle: 7plus
08-02 17:20:51.629 5602 5602 D AlphabeticalAppsList: addAppsWithSections: adding sectionName: A with appInfoTitle: Adobe Acrobat
08-02 17:20:51.629 5602 5602 D AlphabeticalAppsList: addAppsWithSections: adding sectionName: B with appInfoTitle: Balance
08-02 17:20:51.629 5602 5602 D AlphabeticalAppsList: addAppsWithSections: adding sectionName: C with appInfoTitle: Calculator
08-02 17:20:51.629 5602 5602 D AlphabeticalAppsList: addAppsWithSections: adding sectionName: D with appInfoTitle: Dasher
08-02 17:20:51.629 5602 5602 D AlphabeticalAppsList: addAppsWithSections: adding sectionName: E with appInfoTitle: eBay
08-02 17:20:51.629 5602 5602 D AlphabeticalAppsList: addAppsWithSections: adding sectionName: F with appInfoTitle: Facebook
08-02 17:20:51.629 5602 5602 D AlphabeticalAppsList: addAppsWithSections: adding sectionName: G with appInfoTitle: Gemini
08-02 17:20:51.629 5602 5602 D AlphabeticalAppsList: addAppsWithSections: adding sectionName: H with appInfoTitle: HCF
08-02 17:20:51.629 5602 5602 D AlphabeticalAppsList: addAppsWithSections: adding sectionName: I with appInfoTitle: IFTTT
08-02 17:20:51.629 5602 5602 D AlphabeticalAppsList: addAppsWithSections: adding sectionName: J with appInfoTitle: Jotform
08-02 17:20:51.629 5602 5602 D AlphabeticalAppsList: addAppsWithSections: adding sectionName: K with appInfoTitle: Keep notes
08-02 17:20:51.629 5602 5602 D AlphabeticalAppsList: addAppsWithSections: adding sectionName: L with appInfoTitle: LANDR
08-02 17:20:51.629 5602 5602 D AlphabeticalAppsList: addAppsWithSections: adding sectionName: M with appInfoTitle: Macquarie
08-02 17:20:51.629 5602 5602 D AlphabeticalAppsList: addAppsWithSections: adding sectionName: N with appInfoTitle: Nando's
08-02 17:20:51.629 5602 5602 D AlphabeticalAppsList: addAppsWithSections: adding sectionName: O with appInfoTitle: Obico
08-02 17:20:51.629 5602 5602 D AlphabeticalAppsList: addAppsWithSections: adding sectionName: P with appInfoTitle: Paired
08-02 17:20:51.629 5602 5602 D AlphabeticalAppsList: addAppsWithSections: adding sectionName: R with appInfoTitle: Raid
08-02 17:20:51.629 5602 5602 D AlphabeticalAppsList: addAppsWithSections: adding sectionName: S with appInfoTitle: Safety
08-02 17:20:51.629 5602 5602 D AlphabeticalAppsList: addAppsWithSections: adding sectionName: T with appInfoTitle: Tailscale
08-02 17:20:51.629 5602 5602 D AlphabeticalAppsList: addAppsWithSections: adding sectionName: U with appInfoTitle: Uber
08-02 17:20:51.629 5602 5602 D AlphabeticalAppsList: addAppsWithSections: adding sectionName: V with appInfoTitle: VeVe
08-02 17:20:51.629 5602 5602 D AlphabeticalAppsList: addAppsWithSections: adding sectionName: W with appInfoTitle: WA Health - Manage My Care
08-02 17:20:51.629 5602 5602 D AlphabeticalAppsList: addAppsWithSections: adding sectionName: X with appInfoTitle: X
08-02 17:20:51.630 5602 5602 D AlphabeticalAppsList: addAppsWithSections: adding sectionName: Y with appInfoTitle: YouTube
08-02 17:20:51.630 5602 5602 D AlphabeticalAppsList: addAppsWithSections: adding sectionName: Z with appInfoTitle: Zeely
08-02 17:20:51.630 5602 5602 D AlphabeticalAppsList: Adding FastScrollSection duplicate to scroll to the bottom.
08-02 17:20:51.635 5602 5602 D AlphabeticalAppsList: Clearing FastScrollerSections.
08-02 17:20:51.635 5602 5602 D AlphabeticalAppsList: Adding FastScrollSection for work edu card.
08-02 17:20:51.635 5602 5602 D AlphabeticalAppsList: Adding apps with sections. HasPrivateApps: false
08-02 17:20:51.635 5602 5602 D AlphabeticalAppsList: addAppsWithSections: adding sectionName: … with appInfoTitle: 7plus
08-02 17:20:51.635 5602 5602 D AlphabeticalAppsList: addAppsWithSections: adding sectionName: A with appInfoTitle: Adobe Acrobat
08-02 17:20:51.635 5602 5602 D AlphabeticalAppsList: addAppsWithSections: adding sectionName: B with appInfoTitle: Balance
08-02 17:20:51.635 5602 5602 D AlphabeticalAppsList: addAppsWithSections: adding sectionName: C with appInfoTitle: Calculator
08-02 17:20:51.635 5602 5602 D AlphabeticalAppsList: addAppsWithSections: adding sectionName: D with appInfoTitle: Dasher
08-02 17:20:51.635 5602 5602 D AlphabeticalAppsList: addAppsWithSections: adding sectionName: E with appInfoTitle: eBay
08-02 17:20:51.636 5602 5602 D AlphabeticalAppsList: addAppsWithSections: adding sectionName: F with appInfoTitle: Facebook
08-02 17:20:51.636 5602 5602 D AlphabeticalAppsList: addAppsWithSections: adding sectionName: G with appInfoTitle: Gemini
08-02 17:20:51.636 5602 5602 D AlphabeticalAppsList: addAppsWithSections: adding sectionName: H with appInfoTitle: HCF
08-02 17:20:51.636 5602 5602 D AlphabeticalAppsList: addAppsWithSections: adding sectionName: I with appInfoTitle: IFTTT
08-02 17:20:51.636 5602 5602 D AlphabeticalAppsList: addAppsWithSections: adding sectionName: J with appInfoTitle: Jotform
08-02 17:20:51.636 5602 5602 D AlphabeticalAppsList: addAppsWithSections: adding sectionName: K with appInfoTitle: Keep notes
08-02 17:20:51.636 5602 5602 D AlphabeticalAppsList: addAppsWithSections: adding sectionName: L with appInfoTitle: LANDR
08-02 17:20:51.636 5602 5602 D AlphabeticalAppsList: addAppsWithSections: adding sectionName: M with appInfoTitle: Macquarie
08-02 17:20:51.636 5602 5602 D AlphabeticalAppsList: addAppsWithSections: adding sectionName: N with appInfoTitle: Nando's
08-02 17:20:51.636 5602 5602 D AlphabeticalAppsList: addAppsWithSections: adding sectionName: O with appInfoTitle: Obico
08-02 17:20:51.636 5602 5602 D AlphabeticalAppsList: addAppsWithSections: adding sectionName: P with appInfoTitle: Paired
08-02 17:20:51.636 5602 5602 D AlphabeticalAppsList: addAppsWithSections: adding sectionName: R with appInfoTitle: Raid
08-02 17:20:51.636 5602 5602 D AlphabeticalAppsList: addAppsWithSections: adding sectionName: S with appInfoTitle: Safety
08-02 17:20:51.636 5602 5602 D AlphabeticalAppsList: addAppsWithSections: adding sectionName: T with appInfoTitle: Tailscale
08-02 17:20:51.636 5602 5602 D AlphabeticalAppsList: addAppsWithSections: adding sectionName: U with appInfoTitle: Uber
08-02 17:20:51.636 5602 5602 D AlphabeticalAppsList: addAppsWithSections: adding sectionName: V with appInfoTitle: VeVe
08-02 17:20:51.636 5602 5602 D AlphabeticalAppsList: addAppsWithSections: adding sectionName: W with appInfoTitle: WA Health - Manage My Care
08-02 17:20:51.636 5602 5602 D AlphabeticalAppsList: addAppsWithSections: adding sectionName: X with appInfoTitle: X
08-02 17:20:51.636 5602 5602 D AlphabeticalAppsList: addAppsWithSections: adding sectionName: Y with appInfoTitle: YouTube
08-02 17:20:51.636 5602 5602 D AlphabeticalAppsList: addAppsWithSections: adding sectionName: Z with appInfoTitle: Zeely
08-02 17:20:51.636 5602 5602 D AlphabeticalAppsList: Adding FastScrollSection duplicate to scroll to the bottom.
08-02 17:20:51.636 5602 5602 D AllAppsStore: setApps: apps.length=334
08-02 17:20:51.636 5602 5602 D AllAppsStore: notifyUpdate: notifying listeners
08-02 17:20:51.648 5602 5602 D b/387844520: getOutlineOffsetX: measured width = 161, mNormalizedIconSize = 148, last updated width = 161
08-02 17:20:51.764 1761 9949 I WifiService: releaseWifiLock uid=10306
08-02 17:20:51.784 21634 21881 W libbinder.Binder: Binder transaction to android.accounts.IAccountAuthenticator, function: UNKNOWN_FUNCTION_NAME, code: 3, took 1501ms. Data bytes: 492 Reply bytes: 0 Flags: 17
08-02 17:20:51.792 12214 12214 I bvx : Starting work type: HANDLE_PACKAGES_CHANGED using foreground service, isShort: false
08-02 17:20:51.811 1761 2535 I ActivityManager: Background started FGS: Allowed [callingPackage: com.google.android.odad; callingUid: 10151; uidState: IMPF; uidBFSL: n/a; BFGS denied: false; intent: Intent { xflg=0x4 cmp=com.google.android.odad/com.google.android.apps.miphone.odad.backgroundwork.impl.WorkService (has extras) }; code:BACKGROUND_ACTIVITY_PERMISSION; tempAllowListReason:; allowWiu:58; targetSdkVersion:37; callerTargetSdkVersion:37; startForegroundCount:0; bindFromPackage:null; isBindService:false]
08-02 17:20:51.816 12214 12214 I WorkService: Work service created
08-02 17:20:51.817 12214 12283 I cow : Started coroutine watchdog: work-service, duration: PT3M
08-02 17:20:51.826 1761 9949 W ForegroundServiceTypeLoggerModule: Foreground service start for UID: 10151 does not have any types
08-02 17:20:51.829 12214 12214 I WorkService: Moved work service to foreground
08-02 17:20:51.829 12214 12214 I bvx : Starting the handler for work type: HANDLE_PACKAGES_CHANGED
08-02 17:20:51.830 12214 12214 I WorkService: Work service returning from onStartCommand, work count: 1
08-02 17:20:51.833 12214 19892 I bvl : No reboot detected, boot count: 42
08-02 17:20:51.845 12214 19892 I bvl : Found: 2 changed packages for sequence number: 706, new sequence number: 709
08-02 17:20:51.888 21634 21638 E gcblocker: too long GC blocking: 5
08-02 17:20:51.888 21634 21638 E gcblocker: gc block end, 168188211,100
08-02 17:20:51.899 12214 19892 I bvl : Handling installed or updated package: com.spotify.music
08-02 17:20:51.899 12214 19892 I coq : Attempting to classify package: com.spotify.music using model: bll_1
08-02 17:20:51.912 12214 19892 I coq : Skipping package: com.spotify.music, it was already classified as: NOT_HARMFUL, and rescan was disabled
08-02 17:20:52.063 12214 19892 I bvl : Handling installed or updated package: com.shire.mobile
08-02 17:20:52.063 12214 19892 I coq : Attempting to classify package: com.shire.mobile using model: bll_1
08-02 17:20:52.097 19676 19893 D ProfileInstaller: Installing profile for com.shire.mobile
08-02 17:20:52.141 1761 1972 D HintManagerService: Sent cleanup message for uid 10507
08-02 17:20:52.196 1761 9949 W ApplicationInfo: Large ApplicationInfo parcel: size=23476 package=com.google.android.googlequicksearchbox splits=7 sharedLibs=5 resDirs=1 overlayPaths=1
08-02 17:20:52.196 1761 9949 W ParceledListSlice: Element #383 is 23936 bytes.
08-02 17:20:52.196 1761 9949 W ApplicationInfo: Large ApplicationInfo parcel: size=23476 package=com.google.android.googlequicksearchbox splits=7 sharedLibs=5 resDirs=1 overlayPaths=1
08-02 17:20:52.196 1761 9949 W ParceledListSlice: Element #384 is 24852 bytes.
08-02 17:20:52.202 1761 9949 W ApplicationInfo: Large ApplicationInfo parcel: size=31968 package=com.alibaba.aliexpresshd splits=18 sharedLibs=3 resDirs=1 overlayPaths=1
08-02 17:20:52.202 1761 9949 W ParceledListSlice: Element #444 is 32344 bytes.
08-02 17:20:52.203 1761 9949 W ApplicationInfo: Large ApplicationInfo parcel: size=25800 package=com.alibaba.intl.android.apps.poseidon splits=39 sharedLibs=4 resDirs=1 overlayPaths=1
08-02 17:20:52.203 1761 9949 W ParceledListSlice: Element #445 is 26224 bytes.
08-02 17:20:52.203 1761 9949 W ApplicationInfo: Large ApplicationInfo parcel: size=22036 package=com.amazon.mShop.android.shopping splits=2 sharedLibs=5 resDirs=1 overlayPaths=1
08-02 17:20:52.203 1761 9949 W ParceledListSlice: Element #449 is 22468 bytes.
08-02 17:20:52.203 1761 9949 W ApplicationInfo: Large ApplicationInfo parcel: size=22036 package=com.amazon.mShop.android.shopping splits=2 sharedLibs=5 resDirs=1 overlayPaths=1
08-02 17:20:52.204 1761 9949 W ParceledListSlice: Element #450 is 22372 bytes.
08-02 17:20:52.204 1761 9949 W ApplicationInfo: Large ApplicationInfo parcel: size=22036 package=com.amazon.mShop.android.shopping splits=2 sharedLibs=5 resDirs=1 overlayPaths=1
08-02 17:20:52.204 1761 9949 W ParceledListSlice: Element #451 is 22492 bytes.
08-02 17:20:52.204 1761 9949 W ApplicationInfo: Large ApplicationInfo parcel: size=22036 package=com.amazon.mShop.android.shopping splits=2 sharedLibs=5 resDirs=1 overlayPaths=1
08-02 17:20:52.204 1761 9949 W ParceledListSlice: Element #452 is 22436 bytes.
08-02 17:20:52.204 1761 9949 W ApplicationInfo: Large ApplicationInfo parcel: size=22036 package=com.amazon.mShop.android.shopping splits=2 sharedLibs=5 resDirs=1 overlayPaths=1
08-02 17:20:52.204 1761 9949 W ParceledListSlice: Element #453 is 22500 bytes.
08-02 17:20:52.204 1761 9949 W ApplicationInfo: Large ApplicationInfo parcel: size=22036 package=com.amazon.mShop.android.shopping splits=2 sharedLibs=5 resDirs=1 overlayPaths=1
08-02 17:20:52.204 1761 9949 W ParceledListSlice: Element #454 is 22492 bytes.
08-02 17:20:52.231 1761 9949 W ApplicationInfo: Large ApplicationInfo parcel: size=25160 package=com.zhiliaoapp.musically splits=57 sharedLibs=8 resDirs=1 overlayPaths=1
08-02 17:20:52.232 1761 9949 W ParceledListSlice: Element #851 is 25524 bytes.
08-02 17:20:52.232 1761 9949 W ApplicationInfo: Large ApplicationInfo parcel: size=22360 package=dji.go.v5 sharedLibs=4 resDirs=1 overlayPaths=1
08-02 17:20:52.232 1761 9949 W ParceledListSlice: Element #854 is 22680 bytes.
08-02 17:20:52.395 1761 3451 D InetDiagMessage: Destroyed 1 sockets, proto=IPPROTO_TCP, family=AF_INET, states=14
08-02 17:20:52.399 1761 3451 D InetDiagMessage: Destroyed 0 sockets, proto=IPPROTO_TCP, family=AF_INET6, states=14
08-02 17:20:52.399 1761 3451 D InetDiagMessage: Destroyed live tcp sockets for uids={10224} in 14ms
08-02 17:20:52.401 1761 3451 D InetDiagMessage: Destroyed 0 sockets, proto=IPPROTO_TCP, family=AF_INET, states=14
08-02 17:20:52.403 1761 3451 D InetDiagMessage: Destroyed 0 sockets, proto=IPPROTO_TCP, family=AF_INET6, states=14
08-02 17:20:52.403 1761 3451 D InetDiagMessage: Destroyed live tcp sockets for uids={20224} in 4ms
08-02 17:20:52.520 1761 3451 D InetDiagMessage: Destroyed 0 sockets, proto=IPPROTO_TCP, family=AF_INET, states=14
08-02 17:20:52.524 1761 3451 D InetDiagMessage: Destroyed 6 sockets, proto=IPPROTO_TCP, family=AF_INET6, states=14
08-02 17:20:52.525 1761 3451 D InetDiagMessage: Destroyed live tcp sockets for uids={10306} in 7ms
08-02 17:20:52.526 1761 3451 D InetDiagMessage: Destroyed 0 sockets, proto=IPPROTO_TCP, family=AF_INET, states=14
08-02 17:20:52.528 1761 3451 D InetDiagMessage: Destroyed 0 sockets, proto=IPPROTO_TCP, family=AF_INET6, states=14
08-02 17:20:52.528 1761 3451 D InetDiagMessage: Destroyed live tcp sockets for uids={20306} in 4ms
08-02 17:20:52.673 12214 19892 I bws : BLL finished for package: com.shire.mobile, score: 6.0, verdict: NOT_HARMFUL
08-02 17:20:52.673 12214 19892 I coq : Finished new classification for package: com.shire.mobile, model: bll_1, verdict: NOT_HARMFUL, score: 6.0
08-02 17:20:52.683 12214 19892 I bvl : Work finished, result: Result(successCount=2, failureCount=0), latency: PT0.848S
08-02 17:20:52.687 12214 12340 I bvx : Finished work type: HANDLE_PACKAGES_CHANGED, success: true, latency: PT0.854S
08-02 17:20:52.687 12214 12214 I WorkService: Stopping the work service
08-02 17:20:52.690 1761 9948 W ForegroundServiceTypeLoggerModule: FGS stop call for: 10151 has no types!
08-02 17:20:52.696 12214 12214 I WorkService: Work service moved out of the foreground
08-02 17:20:52.697 12214 12214 I WorkService: Work service destroyed
08-02 17:20:52.697 12214 12214 I cow : Stopping watchdog: work-service, completed in time
08-02 17:20:53.147 1761 2517 D HintManagerService: Starts cleaning for 10507
08-02 17:20:53.314 21634 28145 W libbinder.Binder: Binder transaction to android.accounts.IAccountAuthenticator, function: UNKNOWN_FUNCTION_NAME, code: 3, took 1501ms. Data bytes: 492 Reply bytes: 0 Flags: 17
08-02 17:20:53.427 21634 21638 E gcblocker: too long GC blocking: 5
08-02 17:20:53.427 21634 21638 E gcblocker: gc block end, 168189750,100
08-02 17:20:54.476 12214 12214 I ContentProtectionServic: CP service destroyed
08-02 17:20:54.482 1761 1761 I RemoteContentProtectionService: Connection status for: ComponentInfo{com.google.android.odad/com.google.android.apps.miphone.odad.contentprotection.ContentProtectionService} changed to: disconnected
08-02 17:20:54.505 1761 3451 D InetDiagMessage: Destroyed 0 sockets, proto=IPPROTO_TCP, family=AF_INET, states=14
08-02 17:20:54.508 1761 3451 D InetDiagMessage: Destroyed 0 sockets, proto=IPPROTO_TCP, family=AF_INET6, states=14
08-02 17:20:54.508 1761 3451 D InetDiagMessage: Destroyed live tcp sockets for uids={10615} in 9ms
08-02 17:20:54.511 1761 3451 D InetDiagMessage: Destroyed 0 sockets, proto=IPPROTO_TCP, family=AF_INET, states=14
08-02 17:20:54.514 1761 3451 D InetDiagMessage: Destroyed 0 sockets, proto=IPPROTO_TCP, family=AF_INET6, states=14
08-02 17:20:54.514 1761 3451 D InetDiagMessage: Destroyed live tcp sockets for uids={20615} in 6ms
08-02 17:20:54.857 21634 28145 W libbinder.Binder: Binder transaction to android.accounts.IAccountAuthenticator, function: UNKNOWN_FUNCTION_NAME, code: 3, took 1501ms. Data bytes: 492 Reply bytes: 0 Flags: 17
08-02 17:20:54.966 21634 21638 E gcblocker: too long GC blocking: 5
08-02 17:20:54.967 21634 21638 E gcblocker: gc block end, 168191289,100
08-02 17:20:55.775 3762 4765 D TemperatureStateSource: sequence=16766 actualDelay=10000
08-02 17:20:55.778 3762 4765 D TemperatureStateSource: Reading temperature: sequence=16767
08-02 17:20:55.791 24905 24905 I pixel-thermal: VIRTUAL-SKIN:31.0008 raw data: CLOSE_WEIGHT:1 OPEN_WEIGHT:2.8026e-45 VIRTUAL-SKIN:31000.8 VIRTUAL-SKIN-CLOSE:31000.8 VIRTUAL-SKIN-CLOSE-SUB-1:30800.2 VIRTUAL-SKIN-CLOSE-SUB-2:31000.8 VIRTUAL-SKIN-CLOSE-SUB-3:29741.3 VIRTUAL-SKIN-CLOSE-SUB-4:28103.9 VIRTUAL-SKIN-LEGACY:31000.8 VIRTUAL-SKIN-OPEN:31763.2 VIRTUAL-SKIN-OPEN-SUB-1:29429.5 VIRTUAL-SKIN-OPEN-SUB-2:31763.2 charger_therm:33486 display_therm:28300 gnss_tcxo_therm:31060 inner_brightness:0 inner_display_therm:30192 maxfg_base:28200 maxfg_secondary:26500 modem_therm:31839 rffe_therm:31060 soc_therm:33976 usb_conn_therm:28745
08-02 17:20:55.792 3762 4765 D TemperatureStateSource: getDeviceTemperatures: sequence=16767 deviceTemperatureType=3 temperatureSource=0 temperatures=[31.000786]
08-02 17:20:55.793 3762 4765 D TemperatureStateSource: sequence=16767 waitTime=10000
08-02 17:20:55.796 24905 24905 I pixel-thermal: VIRTUAL-SKIN:31.0008 raw data: VIRTUAL-SKIN:31000.8
08-02 17:20:55.796 3762 4079 I TemperatureStateSource: temperature was set
08-02 17:20:55.796 3762 4079 D ImpulseStateSource: Notify clients: 17795
08-02 17:20:55.875 1761 1992 W ProcessStats: Tracking association SourceState{b9c43d3 com.google.android.apps.nexuslauncher/10259 BFgs #1195356} whose proc state 4 is better than process ProcessState{e8ab5a1 com.google.android.apps.wellbeing/10168 pkg=com.google.android.apps.wellbeing} proc state 14 (73 skipped)
