08-02 17:20:46.810 24905 24905 I pixel-thermal: VIRTUAL-SKIN-INNER-DISPLAY:31.3209 raw data: VIRTUAL-SKIN-INNER-DISPLAY:31320.9 VIRTUAL-SKIN-OPEN:31320.9
08-02 17:20:46.811 24905 24905 I pixel-thermal: battery:28.2 raw data: battery:28200
08-02 17:20:46.811 24905 24905 I pixel-thermal: gnss_tcxo_therm:30.704 raw data: gnss_tcxo_therm:30704
08-02 17:20:46.811 24905 24905 I pixel-thermal: charger_therm:31.572 raw data: charger_therm:31572
08-02 17:20:46.811 24905 24905 I pixel-thermal: usb_conn_therm:28.7 raw data: usb_conn_therm:28700
08-02 17:20:46.811 24905 24905 I pixel-thermal: modem_therm:30.904 raw data: modem_therm:30904
08-02 17:20:46.815 19676 19749 I DisplayManager: Choreographer implicitly registered for the refresh rate.
08-02 17:20:46.815 1761 5008 D MediaSessionService: onSessionActiveStateChanged: record=com.spotify.music/spotify-media-session/413 (userId=0) active=false
08-02 17:20:46.816 3746 3746 I PlayerSettingsManager: activePlayerChanged - current active app uid=10507 isNotFrozen=true
08-02 17:20:46.816 3746 3746 I PlayerSettingsManager: activePlayerChanged - New player is null, removed active player
08-02 17:20:46.816 3746 3746 I PlayerSettingsManager: getPlayerRepeatMode - no active player
08-02 17:20:46.816 3746 3746 I PlayerSettingsManager: getPlayerShuffleMode - no active player
08-02 17:20:46.816 3746 3746 I PlayerSettingsManager: updateRemoteDevice: repeat (STATE_REPEAT_OFF -> STATE_REPEAT_OFF), shuffle (STATE_SHUFFLE_OFF -> STATE_SHUFFLE_OFF)
08-02 17:20:46.817 19676 19749 D vulkan : searching for layers in '/data/app/~~Ccn0w3QqNFA8hjrM4PA0tQ==/com.shire.mobile-I-W9RRMiz84k5OIrQjuKkA==/lib/arm64'
08-02 17:20:46.817 19676 19749 D vulkan : searching for layers in '/data/app/~~Ccn0w3QqNFA8hjrM4PA0tQ==/com.shire.mobile-I-W9RRMiz84k5OIrQjuKkA==/base.apk!/lib/arm64-v8a'
08-02 17:20:46.818 1761 3910 I MediaSessionStack: removeSession | record: com.spotify.music/spotify-media-session/413 (userId=0)
08-02 17:20:46.818 1761 3910 D MediaSessionService: Media button session is changed to null
08-02 17:20:46.818 3746 3746 I MediaPlayerList: onMediaKeyEventSessionChanged: packageName=com.spotify.music
08-02 17:20:46.818 1761 3910 D MediaSessionService: destroySessionLocked: record=com.spotify.music/spotify-media-session/413 (userId=0)
08-02 17:20:46.818 1761 3495 D MediaSessionService: setFgsIfNoSessionIsLinkedToNotification: record=com.spotify.music/spotify-media-session/413 (userId=0)
08-02 17:20:46.818 1761 5046 W ActivityManager: Skipping manifest association check for null package. SourceUid: 10507, SourcePkg: null, TargetUid: 10507, TargetPkg: com.spotify.music
08-02 17:20:46.822 3746 3746 W MediaPlayerList: com.spotify.music is already the active player
08-02 17:20:46.822 3746 3746 I MediaPlayerList: onMediaKeyEventSessionChanged: packageName=com.spotify.music
08-02 17:20:46.822 3746 3746 W MediaPlayerList: com.spotify.music is already the active player
08-02 17:20:46.822 3746 3746 W MediaPlayerWrapper: The session was destroyed com.spotify.music
08-02 17:20:46.822 1761 5046 W MediaSessionRecord: Ignoring call to destroyed session
08-02 17:20:46.822 1761 2024 W MediaSessionRecord: Ignoring call to destroyed session
08-02 17:20:46.822 3746 3746 W MediaControlGattService: Feature MEDIA_STATE support: true
08-02 17:20:46.823 3746 3746 W MediaControlGattService: Feature PLAYER_NAME support: true
08-02 17:20:46.823 3746 3746 W MediaControlGattService: Feature PLAYER_ICON_URL support: false
08-02 17:20:46.823 3746 3746 W MediaControlGattService: Feature PLAYER_ICON_OBJ_ID support: false
08-02 17:20:46.823 3746 3746 W MediaControlGattService: Feature CURRENT_TRACK_SEGMENT_OBJ_ID support: false
08-02 17:20:46.823 3746 3746 W MediaControlGattService: Feature CURRENT_TRACK_OBJ_ID support: false
08-02 17:20:46.823 3746 3746 W MediaControlGattService: Feature NEXT_TRACK_OBJ_ID support: false
08-02 17:20:46.823 3746 3746 W MediaControlGattService: Feature CURRENT_GROUP_OBJ_ID support: false
08-02 17:20:46.824 3746 3746 W MediaControlGattService: Feature PARENT_GROUP_OBJ_ID support: false
08-02 17:20:46.824 3746 3746 W MediaControlGattService: Feature SEARCH_RESULT_OBJ_ID support: false
08-02 17:20:46.824 3746 3746 W MediaControlGattService: Feature TRACK_TITLE support: true
08-02 17:20:46.824 3746 3746 W MediaControlGattService: Feature TRACK_DURATION support: true
08-02 17:20:46.824 3746 3746 W MediaControlGattService: Feature TRACK_POSITION support: true
08-02 17:20:46.824 3746 3746 W MediaControlGattService: Feature TRACK_POSITION_NOTIFY support: true
08-02 17:20:46.824 3746 3746 W MediaControlGattService: Feature MEDIA_STATE support: true
08-02 17:20:46.824 3746 3746 W MediaControlGattService: Feature PLAYBACK_SPEED support: true
08-02 17:20:46.824 3746 3746 W MediaControlGattService: Feature PLAYBACK_SPEED support: true
08-02 17:20:46.824 3746 3746 W MediaControlGattService: Feature PLAYBACK_SPEED support: true
08-02 17:20:46.824 3746 3746 W MediaControlGattService: Feature SEEKING_SPEED support: true
08-02 17:20:46.825 3746 3746 W MediaControlGattService: Feature SEEKING_SPEED support: true
08-02 17:20:46.825 3746 3746 W MediaControlGattService: Feature SEEKING_SPEED support: true
08-02 17:20:46.825 3746 3746 W MediaControlGattService: Feature PLAYING_ORDER_SUPPORTED support: true
08-02 17:20:46.825 3746 3746 W MediaControlGattService: Feature PLAYING_ORDER support: true
08-02 17:20:46.825 3746 3746 W MediaControlGattService: Feature MEDIA_CONTROL_POINT_OPCODES_SUPPORTED support: true
08-02 17:20:46.825 3746 3746 W MediaControlGattService: Feature TRACK_POSITION support: true
08-02 17:20:46.825 3746 3746 W MediaControlGattService: Feature TRACK_POSITION_NOTIFY support: true
08-02 17:20:46.825 3746 3746 W MediaControlGattService: Feature MEDIA_STATE support: true
08-02 17:20:46.825 1761 2505 D ActivityManager: sync unfroze 32367 com.amazon.avod.thirdpartyclient for 6
08-02 17:20:46.825 3746 3746 W MediaControlGattService: Feature TRACK_TITLE support: true
08-02 17:20:46.825 3746 3746 W MediaControlGattService: Feature TRACK_TITLE support: true
08-02 17:20:46.825 3746 3746 W MediaControlGattService: Feature TRACK_TITLE_NOTIFY support: true
08-02 17:20:46.826 3746 3746 W MediaControlGattService: Feature TRACK_DURATION support: true
08-02 17:20:46.826 3746 3746 W MediaControlGattService: Feature TRACK_DURATION support: true
08-02 17:20:46.826 3746 3746 W MediaControlGattService: Feature TRACK_DURATION_NOTIFY support: true
08-02 17:20:46.826 3746 3746 W MediaControlGattService: Feature MEDIA_STATE support: true
08-02 17:20:46.826 3746 3746 W MediaControlGattService: Feature MEDIA_STATE support: true
08-02 17:20:46.827 3746 3746 W MediaControlGattService: Feature TRACK_CHANGED support: true
08-02 17:20:46.830 3746 3746 I PlayerSettingsManager: activePlayerChanged - New player is null, removed active player
08-02 17:20:46.831 3746 3746 I PlayerSettingsManager: getPlayerRepeatMode - no active player
08-02 17:20:46.831 3746 3746 I PlayerSettingsManager: getPlayerShuffleMode - no active player
08-02 17:20:46.831 3746 3746 I PlayerSettingsManager: updateRemoteDevice: repeat (STATE_REPEAT_OFF -> STATE_REPEAT_OFF), shuffle (STATE_SHUFFLE_OFF -> STATE_SHUFFLE_OFF)
08-02 17:20:46.831 3746 3746 I PlayerSettingsManager: activePlayerChanged - New player is null, removed active player
08-02 17:20:46.831 3746 3746 I PlayerSettingsManager: getPlayerRepeatMode - no active player
08-02 17:20:46.831 3746 3746 I PlayerSettingsManager: getPlayerShuffleMode - no active player
08-02 17:20:46.831 3746 3746 I PlayerSettingsManager: updateRemoteDevice: repeat (STATE_REPEAT_OFF -> STATE_REPEAT_OFF), shuffle (STATE_SHUFFLE_OFF -> STATE_SHUFFLE_OFF)
08-02 17:20:46.831 3746 3746 W MediaPlayerWrapper: The session was destroyed com.spotify.music
08-02 17:20:46.831 1761 5812 W MediaSessionRecord: Ignoring call to destroyed session
08-02 17:20:46.831 3746 3746 I bluetooth: system/btif/avrcp/avrcp_service.cc:533 SendMediaUpdate: track_changed=true : play_state=true : queue=true
08-02 17:20:46.846 1761 2505 D ActivityManager: sync unfroze 17882 com.google.android.googlequicksearchbox:search for 6
08-02 17:20:46.851 17882 17919 D WM-DelayedWorkTracker: Scheduling work 4717f14f-061d-48b1-b32d-dedb428718f2
08-02 17:20:46.851 17882 17919 D WM-GreedyScheduler: Starting work for 4717f14f-061d-48b1-b32d-dedb428718f2
08-02 17:20:46.851 32083 32136 I Finsky : [179] AIM: AppInfoManager-Perf > ItemModel > CacheSize=376, cacheHitCount=0, cacheMissCount=0, total appsWithNoServerDataCount=9. Missed in cache (limit 10) : []
08-02 17:20:46.851 1207 3941 D AudioFlinger: onStateChanged: pid:17706 uid:10224 state:unfrozen - no freeze activity
08-02 17:20:46.853 1761 2505 D ActivityManager: sync unfroze 17706 com.google.android.youtube for 6
08-02 17:20:46.856 1761 2022 I AppsFilter: interaction: PackageSetting{23d68c com.google.android.microdroid.empty_payload/10286} -> PackageSetting{9c47002 com.spotify.music/10507} BLOCKED
08-02 17:20:46.856 1761 2022 I AppsFilter: interaction: PackageSetting{d4fb0a0 com.shire.mobile/10615} -> PackageSetting{9c47002 com.spotify.music/10507} BLOCKED
08-02 17:20:46.857 29040 29040 D BoundBrokerSvc: onUnbind: Intent { act=com.google.android.gms.measurement.START xflg=0x4 pkg=com.google.android.gms }
08-02 17:20:46.858 19172 19181 I exzc : (REDACTED) HDM. appOpsListener %s %s
08-02 17:20:46.858 19172 19181 I exzc : (REDACTED) HDM. Ignoring irrelevant audio permission changes for package %s
08-02 17:20:46.858 1761 5008 D ConnectivityService: requestNetwork for uid/pid:1000/1761 asUid: 10615 activeRequest: null callbackRequest: 25175 [NetworkRequest [ REQUEST id=25176, [ Capabilities: INTERNET&NOT_RESTRICTED&TRUSTED&NOT_VCN_MANAGED&NOT_BANDWIDTH_CONSTRAINED Uid: 10615 RequestorUid: 1000 RequestorPkg: android UnderlyingNetworks: Null] ]] callback flags: 0 order: 2147483647 isUidTracked: false declaredMethods: AVAIL|LOST|BLK
08-02 17:20:46.859 1761 2505 W JobServiceContext: Sending onNetworkChanged for a job that isn't started. JobStatus{d0a76ce #u0a306/5648 com.amazon.avod.thirdpartyclient/androidx.work.impl.background.systemjob.SystemJobService u=0 s=10306 TIME=-5s833ms:none NET READY}
08-02 17:20:46.859 3849 3849 D CarrierSvcBindHelper: onPackageModified: com.spotify.music
08-02 17:20:46.859 1761 2505 W JobServiceContext: Sending onNetworkChanged for a job that isn't started. JobStatus{1fedc57 androidx.work.systemjobscheduler:u0a224/95485 #des_dispatch_all_task#@androidx.work.systemjobscheduler@com.google.android.youtube/androidx.work.impl.background.systemjob.SystemJobService u=0 s=10224 TIME=-2m9s622ms:none NET READY}
08-02 17:20:46.859 3849 4175 D EuiccConnector: handleMessage: E msg.what=1
08-02 17:20:46.859 3849 4175 D EuiccConnector: processMsg: ConnectedState
08-02 17:20:46.859 3849 4175 D EuiccConnector: processMsg: DisconnectedState
08-02 17:20:46.860 3849 4101 V MessagingReadRestrictionAllowlistMonitor: onBroadcastReceived: No AppOp changes for package: com.spotify.music
08-02 17:20:46.860 3566 3566 D ControlsListingControllerImpl: ServiceConfig reloaded, count: 2
08-02 17:20:46.860 3762 3762 D ServerContainer: uid 10507 is not cached.
08-02 17:20:46.860 3849 4150 I SatelliteAppTracker: onPackageModified : com.spotify.music
08-02 17:20:46.861 1761 3482 I AppWidgetServiceImpl: queryIntentReceivers for user 0 found: 4 receivers.
08-02 17:20:46.861 1761 3482 D AppWidgetServiceImpl: Trying to notify widget providers changed
08-02 17:20:46.862 1761 3482 D AppWidgetServiceImpl: Trying to notify widget providers changed
08-02 17:20:46.862 1761 2026 W PackageInfo: Large parcel: size=17244 pkg=com.spotify.music uid=10507 serv=10688(39) prevAllowSquashing=false
08-02 17:20:46.862 3849 4150 D SatelliteAppTracker: packageName: com.spotify.music, value: null
08-02 17:20:46.863 1761 3503 D ShortcutService: received package broadcast intent: Intent { act=android.intent.action.PACKAGE_CHANGED dat=package: flg=0x45000010 (has extras) }
08-02 17:20:46.863 1761 3503 D ShortcutService: changing package: com.spotify.music userId=0
08-02 17:20:46.864 3849 3849 D CarrierSvcBindHelper: No carrier app for: 0
08-02 17:20:46.864 3849 3849 D CarrierSvcBindHelper: No carrier app for: 1
08-02 17:20:46.865 3790 3790 I RegisteredComponentCache: generateComponentsList: New Components =>
08-02 17:20:46.865 3790 3790 I RegisteredComponentCache: ComponentInfo: ResolveInfo{67cbf89 com.google.android.tag/com.android.apps.tag.TagViewer m=0x108000 userHandle=UserHandle{0}}, techs: android.nfc.tech.Ndef,
08-02 17:20:46.865 3790 3790 I RegisteredComponentCache: ComponentInfo: ResolveInfo{26f7b8e com.paypal.android.p2pmobile/com.paypal.android.pdsdk.ui.receive.PayDropReceiveActivity$EntryPoint m=0x108000 userHandle=UserHandle{0}}, techs: android.nfc.tech.IsoDep,
08-02 17:20:46.865 3790 3790 I RegisteredComponentCache: ComponentInfo: ResolveInfo{ef10faf com.paypal.android.p2pmobile/com.paypal.android.pdsdk.ui.send.PayDropSendingStatusActivity$EntryPoint m=0x108000 userHandle=UserHandle{0}}, techs: android.nfc.tech.IsoDep,
08-02 17:20:46.865 3790 3790 I RegisteredComponentCache: ComponentInfo: ResolveInfo{fc52fbc com.paypal.android.p2pmobile/com.paypal.android.pdsdk.ui.send.enteramount.PayDropEnterAmountActivity$EntryPoint m=0x108000 userHandle=UserHandle{0}}, techs: android.nfc.tech.IsoDep,
08-02 17:20:46.865 3790 3790 I RegisteredComponentCache: generateComponentsList: Removed Components =>
08-02 17:20:46.865 3790 3790 I RegisteredComponentCache: ComponentInfo: ResolveInfo{4bed3e1 com.google.android.tag/com.android.apps.tag.TagViewer m=0x108000 userHandle=UserHandle{0}}, techs: android.nfc.tech.Ndef,
08-02 17:20:46.865 3790 3790 I RegisteredComponentCache: ComponentInfo: ResolveInfo{ad4f506 com.paypal.android.p2pmobile/com.paypal.android.pdsdk.ui.receive.PayDropReceiveActivity$EntryPoint m=0x108000 userHandle=UserHandle{0}}, techs: android.nfc.tech.IsoDep,
08-02 17:20:46.865 3790 3790 I RegisteredComponentCache: ComponentInfo: ResolveInfo{7f857c7 com.paypal.android.p2pmobile/com.paypal.android.pdsdk.ui.send.PayDropSendingStatusActivity$EntryPoint m=0x108000 userHandle=UserHandle{0}}, techs: android.nfc.tech.IsoDep,
08-02 17:20:46.865 3790 3790 I RegisteredComponentCache: ComponentInfo: ResolveInfo{a6631f4 com.paypal.android.p2pmobile/com.paypal.android.pdsdk.ui.send.enteramount.PayDropEnterAmountActivity$EntryPoint m=0x108000 userHandle=UserHandle{0}}, techs: android.nfc.tech.IsoDep,
08-02 17:20:46.865 3849 4175 D EuiccConnector: handleMessage: X
08-02 17:20:46.867 1761 3910 W ApplicationInfo: Large ApplicationInfo parcel: size=20140 package=com.zhiliaoapp.musically splits=57 sharedLibs=8 resDirs=1 overlayPaths=1
08-02 17:20:46.867 1761 3910 W ParceledListSlice: Element #17 is 20356 bytes.
08-02 17:20:46.867 1761 3910 W ApplicationInfo: Large ApplicationInfo parcel: size=20140 package=com.zhiliaoapp.musically splits=57 sharedLibs=8 resDirs=1 overlayPaths=1
08-02 17:20:46.867 1761 3910 W ParceledListSlice: Element #18 is 20352 bytes.
08-02 17:20:46.867 1761 3910 W ApplicationInfo: Large ApplicationInfo parcel: size=20140 package=com.zhiliaoapp.musically splits=57 sharedLibs=8 resDirs=1 overlayPaths=1
08-02 17:20:46.867 1761 3910 W ParceledListSlice: Element #19 is 20360 bytes.
08-02 17:20:46.867 19676 19676 D CompatChangeReporter: Compat change id reported: 377864165; UID 10615; state: ENABLED
08-02 17:20:46.867 1761 3910 W ApplicationInfo: Large ApplicationInfo parcel: size=20140 package=com.zhiliaoapp.musically splits=57 sharedLibs=8 resDirs=1 overlayPaths=1
08-02 17:20:46.867 1761 3910 W ParceledListSlice: Element #20 is 20376 bytes.
08-02 17:20:46.867 3567 22914 I PermissionControllerServiceImpl: Updating user sensitive for uid 10507
08-02 17:20:46.869 1761 3444 D UntrustedWifiNetworkFactory: got request NetworkRequest [ REQUEST id=25176, [ Capabilities: INTERNET&NOT_RESTRICTED&TRUSTED&NOT_VCN_MANAGED&NOT_BANDWIDTH_CONSTRAINED Uid: 10615 RequestorUid: 1000 RequestorPkg: android UnderlyingNetworks: Null] ]
08-02 17:20:46.870 1761 3444 D OemPaidWifiNetworkFactory: got request NetworkRequest [ REQUEST id=25176, [ Capabilities: INTERNET&NOT_RESTRICTED&TRUSTED&NOT_VCN_MANAGED&NOT_BANDWIDTH_CONSTRAINED Uid: 10615 RequestorUid: 1000 RequestorPkg: android UnderlyingNetworks: Null] ]
08-02 17:20:46.870 1761 3444 D MultiInternetWifiNetworkFactory: got request NetworkRequest [ REQUEST id=25176, [ Capabilities: INTERNET&NOT_RESTRICTED&TRUSTED&NOT_VCN_MANAGED&NOT_BANDWIDTH_CONSTRAINED Uid: 10615 RequestorUid: 1000 RequestorPkg: android UnderlyingNetworks: Null] ]
08-02 17:20:46.870 1761 3451 D ConnectivityService: NetReassign [25176 : null → 117] [c 0] [a 0] [i 2]
08-02 17:20:46.870 1761 5046 W ApplicationInfo: Large ApplicationInfo parcel: size=20140 package=com.zhiliaoapp.musically splits=57 sharedLibs=8 resDirs=1 overlayPaths=1
08-02 17:20:46.870 1761 5046 W ParceledListSlice: Element #17 is 20356 bytes.
08-02 17:20:46.870 1761 5046 W ApplicationInfo: Large ApplicationInfo parcel: size=20140 package=com.zhiliaoapp.musically splits=57 sharedLibs=8 resDirs=1 overlayPaths=1
08-02 17:20:46.870 1761 5046 W ParceledListSlice: Element #18 is 20352 bytes.
08-02 17:20:46.870 1761 5046 W ApplicationInfo: Large ApplicationInfo parcel: size=20140 package=com.zhiliaoapp.musically splits=57 sharedLibs=8 resDirs=1 overlayPaths=1
08-02 17:20:46.870 1761 5046 W ParceledListSlice: Element #19 is 20360 bytes.
08-02 17:20:46.871 32367 646 I AmazonVideo: CardCache evictExpiredFragments evicted 0 fragments, took 0 ms
08-02 17:20:46.872 1761 5812 W ApplicationInfo: Large ApplicationInfo parcel: size=20140 package=com.zhiliaoapp.musically splits=57 sharedLibs=8 resDirs=1 overlayPaths=1
08-02 17:20:46.872 1761 5812 W ParceledListSlice: Element #20 is 20376 bytes.
08-02 17:20:46.877 3849 4263 D ImsResolver: maybeAddedImsService, packageName: com.spotify.music
08-02 17:20:46.877 3849 4263 V ImsResolver: searchForImsServices: package=com.spotify.music, users=[UserHandle{0}]
08-02 17:20:46.877 1761 3503 E system_server: No package ID 7f found for resource ID 0x7f0f0005.
08-02 17:20:46.877 1761 3503 E system_server: No package ID 7f found for resource ID 0x7f13209c.
08-02 17:20:46.877 1761 3503 E system_server: No package ID 7f found for resource ID 0x7f13209c.
08-02 17:20:46.877 3849 4263 V ImsResolver: searchForImsServices: package=com.spotify.music, users=[UserHandle{0}]
08-02 17:20:46.880 1761 2024 W ApplicationInfo: Large ApplicationInfo parcel: size=23476 package=com.google.android.googlequicksearchbox splits=7 sharedLibs=5 resDirs=1 overlayPaths=1
08-02 17:20:46.882 1761 2026 W ApplicationInfo: Large ApplicationInfo parcel: size=31968 package=com.alibaba.aliexpresshd splits=18 sharedLibs=3 resDirs=1 overlayPaths=1
08-02 17:20:46.882 1761 2026 W ParceledListSlice: Element #17 is 32224 bytes.
08-02 17:20:46.882 1761 2026 W ApplicationInfo: Large ApplicationInfo parcel: size=22036 package=com.amazon.mShop.android.shopping splits=2 sharedLibs=5 resDirs=1 overlayPaths=1
08-02 17:20:46.882 1761 2026 W ParceledListSlice: Element #18 is 22284 bytes.
08-02 17:20:46.882 1761 2026 W ParceledListSlice: Overly large reply size: 83552
08-02 17:20:46.883 1761 5008 W ApplicationInfo: Large ApplicationInfo parcel: size=22036 package=com.amazon.mShop.android.shopping splits=2 sharedLibs=5 resDirs=1 overlayPaths=1
08-02 17:20:46.883 1761 5008 W ParceledListSlice: Element #19 is 22272 bytes.
08-02 17:20:46.883 17882 17882 D WM-SystemJobService: onStartJob for WorkGenerationalId(workSpecId=4717f14f-061d-48b1-b32d-dedb428718f2, generation=0)
08-02 17:20:46.884 19676 19676 I ContentCaptureHelper: Setting logging level to OFF
08-02 17:20:46.885 3849 3849 D SatelliteController: packageStateChanged: package:com.spotify.music defaultSmsPackageName: com.google.android.apps.messaging satelliteGatewayServicePackageName: com.google.android.apps.stargate
08-02 17:20:46.889 1761 3910 W ApplicationInfo: Large ApplicationInfo parcel: size=23476 package=com.google.android.googlequicksearchbox splits=7 sharedLibs=5 resDirs=1 overlayPaths=1
08-02 17:20:46.889 1761 3910 W ParceledListSlice: Element #32 is 24644 bytes.
08-02 17:20:46.889 1761 3910 W ApplicationInfo: Large ApplicationInfo parcel: size=23476 package=com.google.android.googlequicksearchbox splits=7 sharedLibs=5 resDirs=1 overlayPaths=1
08-02 17:20:46.889 1761 3910 W ParceledListSlice: Element #33 is 24808 bytes.
08-02 17:20:46.889 1761 3910 W ApplicationInfo: Large ApplicationInfo parcel: size=23476 package=com.google.android.googlequicksearchbox splits=7 sharedLibs=5 resDirs=1 overlayPaths=1
08-02 17:20:46.889 1761 3910 W ParceledListSlice: Element #34 is 24852 bytes.
08-02 17:20:46.894 1761 5046 W ApplicationInfo: Large ApplicationInfo parcel: size=23476 package=com.google.android.googlequicksearchbox splits=7 sharedLibs=5 resDirs=1 overlayPaths=1
08-02 17:20:46.894 1761 5046 W ParceledListSlice: Element #35 is 24272 bytes.
08-02 17:20:46.894 1761 5046 W ApplicationInfo: Large ApplicationInfo parcel: size=23476 package=com.google.android.googlequicksearchbox splits=7 sharedLibs=5 resDirs=1 overlayPaths=1
08-02 17:20:46.894 1761 5046 W ParceledListSlice: Element #36 is 24824 bytes.
08-02 17:20:46.894 1761 5046 W ApplicationInfo: Large ApplicationInfo parcel: size=23476 package=com.google.android.googlequicksearchbox splits=7 sharedLibs=5 resDirs=1 overlayPaths=1
08-02 17:20:46.894 1761 5046 W ParceledListSlice: Element #37 is 25036 bytes.
08-02 17:20:46.896 1761 3917 W ApplicationInfo: Large ApplicationInfo parcel: size=23476 package=com.google.android.googlequicksearchbox splits=7 sharedLibs=5 resDirs=1 overlayPaths=1
08-02 17:20:46.896 1761 3917 W ParceledListSlice: Element #38 is 24548 bytes.
08-02 17:20:46.898 1761 2538 W ApplicationInfo: Large ApplicationInfo parcel: size=20140 package=com.zhiliaoapp.musically splits=57 sharedLibs=8 resDirs=1 overlayPaths=1
08-02 17:20:46.898 1761 2538 W ParceledListSlice: Element #308 is 20504 bytes.
08-02 17:20:46.899 3849 4298 D SatelliteAccessController: Current default SMS app:ComponentInfo{com.google.android.apps.messaging/com.google.android.apps.messaging.shared.receiver.SmsDeliverReceiver}
08-02 17:20:46.899 3849 4298 D SatelliteController: getSelectedSatelliteSubId: subId=1
08-02 17:20:46.900 1761 3917 D CompatChangeReporter: Compat change id reported: 463899193; UID 10615; state: ENABLED
08-02 17:20:46.901 3849 4298 D SatelliteAccessController: supportedMsgApps:com.google.android.apps.messaging
08-02 17:20:46.902 29040 29040 D BoundBrokerSvc: onUnbind: Intent { act=com.google.android.gms.potokens.service.START dat=chimera-action:/... xflg=0x4 cmp=com.google.android.gms/.chimera.GmsApiService }
08-02 17:20:46.902 1761 3917 W InputChannel-JNI: Channel already disposed.
08-02 17:20:46.902 1371 1422 D RILClient: [OemClient]IND: (clientId = 0, msgId = 2016, dataLength = 996, channel = 0)
08-02 17:20:46.903 1761 5814 W ApplicationInfo: Large ApplicationInfo parcel: size=31968 package=com.alibaba.aliexpresshd splits=18 sharedLibs=3 resDirs=1 overlayPaths=1
08-02 17:20:46.903 1761 5814 W ParceledListSlice: Element #65 is 32608 bytes.
08-02 17:20:46.903 1761 5814 W ParceledListSlice: Overly large reply size: 86600
08-02 17:20:46.904 3807 3807 I SHANNON_IMS: 4283 [DATA] Received mCellStatus [ 1 ] [ band : 0] (RilIndImsPhysicalChannelConfigs%update:44)
08-02 17:20:46.904 17882 17914 D WM-Processor: qvy: processing WorkGenerationalId(workSpecId=4717f14f-061d-48b1-b32d-dedb428718f2, generation=0)
08-02 17:20:46.905 3807 3807 I SHANNON_IMS: 4284 [NETW] #:PURP:# UNSOL {RILC_UNSOL_PHYSICAL_CHANNEL_CONFIGS} : band : 7 (NetworkAdaptor$AdaptorChannel%onMessage:306)
08-02 17:20:46.907 19676 19676 D WindowOnBackDispatcher: setTopOnBackInvokedCallback (unwrapped): android.app.Activity$$ExternalSyntheticLambda0@a3f71c5
08-02 17:20:46.909 1761 5046 W ApplicationInfo: Large ApplicationInfo parcel: size=31968 package=com.alibaba.aliexpresshd splits=18 sharedLibs=3 resDirs=1 overlayPaths=1
08-02 17:20:46.909 1761 5046 W ParceledListSlice: Element #66 is 32628 bytes.
08-02 17:20:46.909 1761 5046 W ApplicationInfo: Large ApplicationInfo parcel: size=31968 package=com.alibaba.aliexpresshd splits=18 sharedLibs=3 resDirs=1 overlayPaths=1
08-02 17:20:46.909 1761 5046 W ParceledListSlice: Element #67 is 32620 bytes.
08-02 17:20:46.909 1761 5046 W ApplicationInfo: Large ApplicationInfo parcel: size=31968 package=com.alibaba.aliexpresshd splits=18 sharedLibs=3 resDirs=1 overlayPaths=1
08-02 17:20:46.909 1761 5046 W ParceledListSlice: Element #68 is 32604 bytes.
08-02 17:20:46.909 1761 5046 W ParceledListSlice: Overly large reply size: 97872
08-02 17:20:46.910 1761 5814 D ActivityManager: sync unfroze 4628 .ShannonImsService for 7
08-02 17:20:46.910 1761 2026 W ApplicationInfo: Large ApplicationInfo parcel: size=31968 package=com.alibaba.aliexpresshd splits=18 sharedLibs=3 resDirs=1 overlayPaths=1
08-02 17:20:46.910 1761 2026 W ParceledListSlice: Element #69 is 32604 bytes.
08-02 17:20:46.910 1761 2026 W ApplicationInfo: Large ApplicationInfo parcel: size=31968 package=com.alibaba.aliexpresshd splits=18 sharedLibs=3 resDirs=1 overlayPaths=1
08-02 17:20:46.910 1761 2026 W ParceledListSlice: Element #70 is 32620 bytes.
08-02 17:20:46.911 1761 5814 W ApplicationInfo: Large ApplicationInfo parcel: size=22036 package=com.amazon.mShop.android.shopping splits=2 sharedLibs=5 resDirs=1 overlayPaths=1
08-02 17:20:46.911 1761 5814 W ParceledListSlice: Element #73 is 22748 bytes.
08-02 17:20:46.914 1202 3533 I WifiHAL : found interface wlan0
08-02 17:20:46.914 17882 17910 D WM-Processor: Work WorkGenerationalId(workSpecId=4717f14f-061d-48b1-b32d-dedb428718f2, generation=0) is already enqueued for processing
08-02 17:20:46.916 4312 5060 D StateService: Country ISO: au
08-02 17:20:46.917 1202 3533 I WifiHAL : Setting Channel Avoidance success
08-02 17:20:46.920 1761 2024 D CoreBackPreview: Window{b8006b8 u0 com.shire.mobile/com.shire.mobile.MainActivity}: Setting back callback OnBackInvokedCallbackInfo{mCallback=android.window.IOnBackInvokedCallback$Stub$Proxy@ef59fce, mPriority=-1, mIsAnimationCallback=false, mOverrideBehavior=0}
08-02 17:20:46.921 4189 4392 D IwlanNetworkService[0]: : reg state REGISTRATION_STATE_HOME
08-02 17:20:46.929 1761 2548 V AccessibilityUserState: updateShortcutTargets: type:accessibility_shortcut_target_service, current:{}, new:{}
08-02 17:20:46.929 1761 2548 V AccessibilityUserState: updateShortcutTargets: type:accessibility_qs_targets, current:{}, new:{}
08-02 17:20:46.929 1761 2548 V AccessibilityUserState: updateShortcutTargets: type:accessibility_button_targets, current:{}, new:{}
08-02 17:20:46.929 1761 2548 V AccessibilityUserState: updateShortcutTargets: type:accessibility_gesture_targets, current:{}, new:{}
08-02 17:20:46.929 1761 2548 V AccessibilityUserState: updateShortcutTargets: type:accessibility_key_gesture_targets, current:{}, new:{}
08-02 17:20:46.929 1761 2548 V AccessibilityUserState: updateShortcutTargets: type:accessibility_top_row_key_targets, current:{}, new:{}
08-02 17:20:46.929 1761 2548 V AccessibilityUserState: updateShortcutTargets: type:accessibility_quick_access_targets, current:{}, new:{}
08-02 17:20:46.929 1761 2548 V AccessibilityManagerService: onUserStateChangedLocked for userId: 0, forceUpdate: false
08-02 17:20:46.935 17882 17882 D WM-WorkerWrapper: Starting work for com.google.apps.tiktok.contrib.work.TikTokListenableWorker
08-02 17:20:46.948 1371 1422 D RILClient: [OemClient]IND: (clientId = 0, msgId = 3005, dataLength = 24, channel = 0)
08-02 17:20:46.948 3807 3807 I SHANNON_IMS: 4287 [NETW] #:PURP:# UNSOL {RILC_UNSOL_IMS_SUPPORT_SERVICE} : VoPS : 1 EMC : 1 SIM_IDX : 0 RAT : 14 REG_STATE : 1 CELL_ID : 151108138 LAC/TAC : 36912 PLMN : 50501 (NetworkAdaptor$AdaptorChannel%onMessage:306)
08-02 17:20:46.948 3807 3807 I SHANNON_IMS: 4288 [CONN] #:ORNG:# supportService [VoPS : 1/ EMC : 1/ RAT_INFO : 14/ REG_STATE : 1/ CELL_ID : 151108138/ LAC-TAC Info : 36912/ PLMN : 50501] [SLID:0 ] (ImsConnectivityMgr$RegistrationListener%supportService:2897)
08-02 17:20:46.949 1371 1422 D RILClient: [OemClient]IND: (clientId = 0, msgId = 2016, dataLength = 996, channel = 0)
08-02 17:20:46.950 1761 2548 V AccessibilityUserState: updateShortcutTargets: type:accessibility_shortcut_target_service, current:{}, new:{}
08-02 17:20:46.950 1761 2548 V AccessibilityUserState: updateShortcutTargets: type:accessibility_button_targets, current:{}, new:{}
08-02 17:20:46.950 1761 2548 V AccessibilityUserState: updateShortcutTargets: type:accessibility_gesture_targets, current:{}, new:{}
08-02 17:20:46.950 1761 2548 V AccessibilityUserState: updateShortcutTargets: type:accessibility_qs_targets, current:{}, new:{}
08-02 17:20:46.950 1761 2548 V AccessibilityUserState: updateShortcutTargets: type:accessibility_key_gesture_targets, current:{}, new:{}
08-02 17:20:46.950 1761 2548 V AccessibilityUserState: updateShortcutTargets: type:accessibility_top_row_key_targets, current:{}, new:{}
08-02 17:20:46.950 1761 2548 V AccessibilityUserState: updateShortcutTargets: type:accessibility_quick_access_targets, current:{}, new:{}
08-02 17:20:46.950 1761 2548 W MagnificationConnectionManager: requestConnection duplicated request: connect=false, mConnectionState=DISCONNECTED
08-02 17:20:46.950 1761 1761 V AccessibilityManagerService: onUserStateChangedLocked for userId: 0, forceUpdate: false
08-02 17:20:46.951 17882 17882 I aavi : Local calendar periodic scheduler worker starts.
08-02 17:20:46.951 1761 1761 V AccessibilityUserState: updateShortcutTargets: type:accessibility_shortcut_target_service, current:{}, new:{}
08-02 17:20:46.951 1761 1761 V AccessibilityUserState: updateShortcutTargets: type:accessibility_button_targets, current:{}, new:{}
08-02 17:20:46.951 1761 1761 V AccessibilityUserState: updateShortcutTargets: type:accessibility_gesture_targets, current:{}, new:{}
08-02 17:20:46.951 1761 1761 V AccessibilityUserState: updateShortcutTargets: type:accessibility_qs_targets, current:{}, new:{}
08-02 17:20:46.951 1761 1761 V AccessibilityUserState: updateShortcutTargets: type:accessibility_key_gesture_targets, current:{}, new:{}
08-02 17:20:46.951 1761 1761 V AccessibilityUserState: updateShortcutTargets: type:accessibility_top_row_key_targets, current:{}, new:{}
08-02 17:20:46.951 1761 1761 V AccessibilityUserState: updateShortcutTargets: type:accessibility_quick_access_targets, current:{}, new:{}
08-02 17:20:46.951 1761 1761 W MagnificationConnectionManager: requestConnection duplicated request: connect=false, mConnectionState=DISCONNECTED
08-02 17:20:46.951 17882 17882 I A : Scheduling the PCP local calendar update worker.
08-02 17:20:46.953 3807 3807 I SHANNON_IMS: 4292 [DATA] Received mCellStatus [ 1 ] [ band : 7] (RilIndImsPhysicalChannelConfigs%update:44)
08-02 17:20:46.953 3807 3807 I SHANNON_IMS: 4293 [NETW] #:PURP:# UNSOL {RILC_UNSOL_PHYSICAL_CHANNEL_CONFIGS} : band : 7 (NetworkAdaptor$AdaptorChannel%onMessage:306)
08-02 17:20:46.954 32083 32144 I Finsky : [181] AIM: AppInfoManager-Perf > ItemModel > CacheSize=376, cacheHitCount=0, cacheMissCount=0, total appsWithNoServerDataCount=9. Missed in cache (limit 10) : []
08-02 17:20:46.957 4312 5060 D StateService: Country ISO: au
08-02 17:20:46.957 8200 14217 D gojni : 10.6M/150.1M magicsock: disco: node [NCKUH] d:b0c46301cd6eea5d now using 10.109.219.125:9240 mtu=1360 tx=ee701f35e4b7
08-02 17:20:46.959 3849 3849 D TelephonyConfigUpdateInstallReceiver: getConfigParser: domain=satellite
08-02 17:20:46.959 3849 3849 V SatelliteController: satelliteConfigParser is not ready
08-02 17:20:46.959 3849 3849 D SatelliteController: getDeviceSatellitePlmnListFromConfigUpdater: return empty list
08-02 17:20:46.959 3849 3849 D SatelliteController: getCarrierRoamingNtnAllSatellitePlmnSetFromStorage: [302723, 44026, 73029, 44055, 312190, 44025, 313210, 23402, 310210, 310830, 53013, 255707, 50511, 771688, 50559]
08-02 17:20:46.959 3849 3849 D SatelliteController: getAllPlmnList: [302723, 44026, 73029, 44055, 312190, 44025, 313210, 23402, 310210, 310830, 53013, 255707, 50511, 771688, 50559]
08-02 17:20:46.959 3849 3849 D SatelliteController: isDtcSatelliteTechnologySupported: subId=3, plmn=50501
08-02 17:20:46.959 3849 3849 D TelephonyConfigUpdateInstallReceiver: getConfigParser: domain=satellite
08-02 17:20:46.959 3849 3849 V SatelliteController: satelliteConfigParser is not ready
08-02 17:20:46.959 3849 3849 D SatelliteController: getDeviceSatellitePlmnListFromConfigUpdater: return empty list
08-02 17:20:46.959 3849 3849 D SatelliteController: getCarrierRoamingNtnAllSatellitePlmnSetFromStorage: [302723, 44026, 73029, 44055, 312190, 44025, 313210, 23402, 310210, 310830, 53013, 255707, 50511, 771688, 50559]
08-02 17:20:46.959 3849 3849 D SatelliteController: getAllPlmnList: [302723, 44026, 73029, 44055, 312190, 44025, 313210, 23402, 310210, 310830, 53013, 255707, 50511, 771688, 50559]
08-02 17:20:46.959 3849 3849 D SatelliteController: isDtcSatelliteTechnologySupported: the plmn=50501 is not contained in satellite provider
08-02 17:20:46.959 3849 3849 D NtnCapabilityResolver: isNtn=false
08-02 17:20:46.959 3849 3849 D NtnCapabilityResolver: isDtcSupported=false
08-02 17:20:46.960 3849 3849 D TelephonyConfigUpdateInstallReceiver: getConfigParser: domain=satellite
08-02 17:20:46.960 3849 3849 V SatelliteController: satelliteConfigParser is not ready
08-02 17:20:46.960 3849 3849 D SatelliteController: getDeviceSatellitePlmnListFromConfigUpdater: return empty list
08-02 17:20:46.960 3849 3849 D SatelliteController: getCarrierRoamingNtnAllSatellitePlmnSetFromStorage: [302723, 44026, 73029, 44055, 312190, 44025, 313210, 23402, 310210, 310830, 53013, 255707, 50511, 771688, 50559]
08-02 17:20:46.960 3849 3849 D SatelliteController: getAllPlmnList: [302723, 44026, 73029, 44055, 312190, 44025, 313210, 23402, 310210, 310830, 53013, 255707, 50511, 771688, 50559]
08-02 17:20:46.960 3849 3849 D SatelliteController: isDtcSatelliteTechnologySupported: subId=3, plmn=50501
08-02 17:20:46.960 3849 3849 D TelephonyConfigUpdateInstallReceiver: getConfigParser: domain=satellite
08-02 17:20:46.960 3849 3849 V SatelliteController: satelliteConfigParser is not ready
08-02 17:20:46.960 3849 3849 D SatelliteController: getDeviceSatellitePlmnListFromConfigUpdater: return empty list
08-02 17:20:46.960 3849 3849 D SatelliteController: getCarrierRoamingNtnAllSatellitePlmnSetFromStorage: [302723, 44026, 73029, 44055, 312190, 44025, 313210, 23402, 310210, 310830, 53013, 255707, 50511, 771688, 50559]
08-02 17:20:46.960 3849 3849 D SatelliteController: getAllPlmnList: [302723, 44026, 73029, 44055, 312190, 44025, 313210, 23402, 310210, 310830, 53013, 255707, 50511, 771688, 50559]
08-02 17:20:46.960 3849 3849 D SatelliteController: isDtcSatelliteTechnologySupported: the plmn=50501 is not contained in satellite provider
08-02 17:20:46.960 3849 3849 D NtnCapabilityResolver: isNtn=false
08-02 17:20:46.960 3849 3849 D NtnCapabilityResolver: isDtcSupported=false
08-02 17:20:46.960 29393 29393 W TimedProcessReaper: Current importance is: 125
08-02 17:20:46.967 19787 19787 W ip : type=1400 audit(0.0:336407): avc: denied { bind } for scontext=u:r:untrusted_app_34:s0:c124,c258,c512,c768 tcontext=u:r:untrusted_app_34:s0:c124,c258,c512,c768 tclass=netlink_route_socket permissive=0
08-02 17:20:46.983 19788 19788 W ip : type=1400 audit(0.0:336408): avc: denied { bind } for scontext=u:r:untrusted_app_34:s0:c124,c258,c512,c768 tcontext=u:r:untrusted_app_34:s0:c124,c258,c512,c768 tclass=netlink_route_socket permissive=0
08-02 17:20:46.963 3849 3849 D SatelliteController: isUsingNonTerrestrialNetworkViaCarrier: subId=3 isUsingNtn=false
08-02 17:20:46.963 3849 3849 D SatelliteController: getSelectedSatelliteSubId: subId=1
08-02 17:20:46.966 3849 4150 D SatelliteSessionController: isInEnablingState: getCurrentState=com.android.internal.telephony.satellite.SatelliteSessionController$PowerOffState@a614138
08-02 17:20:46.966 3849 4150 D SatelliteController: getSelectedSatelliteSubId: subId=1
08-02 17:20:46.966 3849 4150 D SatelliteController: isCarrierRoamingNtnEligible(1): doesn't support manual-connect P2P SMS
08-02 17:20:46.966 3849 4150 D SatelliteController: evaluateCarrierRoamingNtnEligibilityChange: isCarrierRoamingNtnEligible=false
08-02 17:20:46.966 3849 4150 D SatelliteController: getSelectedSatelliteSubId: subId=1
08-02 17:20:46.966 3849 4150 D SatelliteController: notifyNtnEligibility: phoneId=0 currentNtnEligibility=false
08-02 17:20:46.966 3849 4150 V SatelliteController: getWwanIsInService: return true
08-02 17:20:46.966 3849 4150 D SatelliteController: handleServiceStateForSatelliteConnectionViaCarrier: resetCarrierRoamingSatelliteModeParams: device is connected to terrestrial service or radio is off
08-02 17:20:46.966 3849 4150 D SatelliteController: handleServiceStateForSatelliteConnectionViaCarrier: clearing current satellite per plmn configs for subId: 3
08-02 17:20:46.966 3849 4150 D SatelliteController: getCarrierRoamingNtnConnectType: Checking connect type from PLMN config for subId: 3
08-02 17:20:46.966 3849 4150 D TelephonyConfigUpdateInstallReceiver: getConfigParser: domain=satellite
08-02 17:20:46.966 3849 4150 V SatelliteController: satelliteConfigParser is not ready
08-02 17:20:46.966 3849 4150 D SatelliteController: isSatelliteAttachSupportedViaConfigupdater: return null (satelliteConfig is null)
08-02 17:20:46.966 3849 4150 D SatelliteController: getSatellitePerPlmnConfiguration: subId=3 return null
08-02 17:20:46.966 3849 4150 D SatelliteController: getCarrierRoamingNtnConnectType: config: null
08-02 17:20:46.966 3849 4150 D TelephonyConfigUpdateInstallReceiver: getConfigParser: domain=satellite
08-02 17:20:46.966 3849 4150 V SatelliteController: satelliteConfigParser is not ready
08-02 17:20:46.966 3849 4150 D SatelliteController: getCarrierRoamingNtnConnectTypeViaConfigUpdater: return null (satelliteConfig is null)
08-02 17:20:46.966 3849 4150 D SatelliteController: getCarrierRoamingNtnConnectType: Falling back to global carrier config connect type: 0
08-02 17:20:46.966 3849 4150 D TelephonyConfigUpdateInstallReceiver: getConfigParser: domain=satellite
08-02 17:20:46.966 3849 4150 V SatelliteController: satelliteConfigParser is not ready
08-02 17:20:46.966 3849 4150 D SatelliteController: isSatelliteAttachSupportedViaConfigupdater: return null (satelliteConfig is null)
08-02 17:20:46.967 3849 4150 V SatelliteController: getWwanIsInService: return true
08-02 17:20:46.967 3849 4150 D SatelliteController: updateLastNotifiedNtnModeAndNotify: subId=3 initialized=true lastNotifiedNtnMode=false currNtnMode=false
08-02 17:20:46.967 3849 4150 D SatelliteController: updateLastNotifiedNtnModeAndNotify: not in NTN mode, clear per plmn configs
08-02 17:20:46.967 3849 4150 D SatelliteController: isInCarrierRoamingNbIotNtn: satellite is disabled
08-02 17:20:46.967 3849 4150 D SatelliteController: getCarrierRoamingNtnConnectType: Checking connect type from PLMN config for subId: 3
08-02 17:20:46.967 3849 4150 D TelephonyConfigUpdateInstallReceiver: getConfigParser: domain=satellite
08-02 17:20:46.967 3849 4150 V SatelliteController: satelliteConfigParser is not ready
08-02 17:20:46.967 3849 4150 D SatelliteController: isSatelliteAttachSupportedViaConfigupdater: return null (satelliteConfig is null)
08-02 17:20:46.967 3849 4150 D SatelliteController: getSatellitePerPlmnConfiguration: subId=3 return null
08-02 17:20:46.967 3849 4150 D SatelliteController: getCarrierRoamingNtnConnectType: config: null
08-02 17:20:46.967 3849 4150 D TelephonyConfigUpdateInstallReceiver: getConfigParser: domain=satellite
08-02 17:20:46.967 3849 4150 V SatelliteController: satelliteConfigParser is not ready
08-02 17:20:46.967 3849 4150 D SatelliteController: getCarrierRoamingNtnConnectTypeViaConfigUpdater: return null (satelliteConfig is null)
08-02 17:20:46.967 3849 4150 D SatelliteController: getCarrierRoamingNtnConnectType: Falling back to global carrier config connect type: 0
08-02 17:20:46.967 3849 4150 D TelephonyConfigUpdateInstallReceiver: getConfigParser: domain=satellite
08-02 17:20:46.967 3849 4150 V SatelliteController: satelliteConfigParser is not ready
08-02 17:20:46.967 3849 4150 D SatelliteController: isSatelliteAttachSupportedViaConfigupdater: return null (satelliteConfig is null)
08-02 17:20:46.967 3849 4150 V SatelliteController: getWwanIsInService: return true
08-02 17:20:46.967 3849 4150 D SatelliteController: getCarrierRoamingNtnConnectType: Checking connect type from PLMN config for subId: 3
08-02 17:20:46.967 3849 4150 D TelephonyConfigUpdateInstallReceiver: getConfigParser: domain=satellite
08-02 17:20:46.967 3849 4150 V SatelliteController: satelliteConfigParser is not ready
08-02 17:20:46.967 3849 4150 D SatelliteController: isSatelliteAttachSupportedViaConfigupdater: return null (satelliteConfig is null)
08-02 17:20:46.967 3849 4150 D SatelliteController: getSatellitePerPlmnConfiguration: subId=3 return null
08-02 17:20:46.967 3849 4150 D SatelliteController: getCarrierRoamingNtnConnectType: config: null
08-02 17:20:46.967 3849 4150 D TelephonyConfigUpdateInstallReceiver: getConfigParser: domain=satellite
08-02 17:20:46.967 3849 4150 V SatelliteController: satelliteConfigParser is not ready
08-02 17:20:46.967 3849 4150 D SatelliteController: getCarrierRoamingNtnConnectTypeViaConfigUpdater: return null (satelliteConfig is null)
08-02 17:20:46.967 3849 4150 D SatelliteController: getCarrierRoamingNtnConnectType: Falling back to global carrier config connect type: 0
08-02 17:20:46.967 3849 4150 D TelephonyConfigUpdateInstallReceiver: getConfigParser: domain=satellite
08-02 17:20:46.967 3849 4150 V SatelliteController: satelliteConfigParser is not ready
08-02 17:20:46.967 3849 4150 D SatelliteController: isSatelliteAttachSupportedViaConfigupdater: return null (satelliteConfig is null)
08-02 17:20:46.968 3849 4150 V SatelliteController: getWwanIsInService: return true
08-02 17:20:46.968 3849 4150 D SatelliteController: isUsingNonTerrestrialNetworkViaCarrier: subId=3 isUsingNtn=false
08-02 17:20:46.968 3849 4150 D SatelliteController: isUsingNonTerrestrialNetworkViaCarrier: phone is null for subId=-1
08-02 17:20:46.972 8200 14204 D App : bindSocketToActiveNetwork: binding fd=147 to net=120 iface=wlan0
08-02 17:20:46.972 8200 14183 D gojni : App: bindSocketToActiveNetwork: binding fd=147 to net=120 iface=wlan0
08-02 17:20:46.984 19676 19676 I om.shire.mobile: hiddenapi: Accessing hidden method Landroid/os/SystemProperties;->addChangeCallback(Ljava/lang/Runnable;)V (runtime_flags=0, domain=platform, api=unsupported) from Landroidx/compose/ui/platform/AndroidComposeView$Companion; (domain=app, TargetSdkVersion=36) using reflection: allowed
08-02 17:20:46.989 3566 3566 D GlobalActionsDialogLite: Service changed before actions created
08-02 17:20:46.989 3566 3566 D GlobalActionsDialogLite: Service changed before actions created
08-02 17:20:46.993 4312 5070 D ConnectivityEventWriter: Event filtered: SERVICE_STATE_CHANGED
08-02 17:20:46.994 4312 5070 D ImsPreconditionCheck: {subId=3} handleMessage: { when=-1ms what=9 obj={mVoiceRegState=0(IN_SERVICE), mDataRegState=0(IN_SERVICE), mChannelNumber=3148, duplexMode()=0, mCellBandwidths=[20000, 20000, 20000, 20000], mOperatorAlphaLong=null, mOperatorAlphaShort=null, isManualNetworkSelection=false(automatic), getRilVoiceRadioTechnology=14(LTE), getRilDataRadioTechnology=18(IWLAN), mCssIndicator=unsupported, mIsEmergencyOnly=false, isUsingCarrierAggregation=true, mArfcnRsrpBoost=0, mNetworkRegistrationInfos=[NetworkRegistrationInfo{ domain=PS transportType=WLAN registrationState=HOME networkRegistrationState=HOME roamingType=NOT_ROAMING accessNetworkTechnology=IWLAN rejectCause=0 emergencyEnabled=false availableServices=[DATA] cellIdentity=null voiceSpecificInfo=null dataSpecificInfo=null nrState=**** rRplmn= isUsingCarrierAggregation=false isNonTerrestrialNetwork=TERRESTRIAL satelliteTechnology=NT_RADIO_TECHNOLOGY_UNKNOWN}, NetworkRegistrationInfo{ domain=CS transportType=WWAN registrationState=HOME networkRegistrationState=HOME roamingType=NOT_ROAMING accessNetworkTechnology=LTE rejectCause=0 emergencyEnabled=false availableServices=[VOICE,SMS,VIDEO] cellIdentity=CellIdentityLte:{ mCi=[****] mPci=[****] mTac=[****] mEarfcn=[****] mBands=[7] mBandwidth=2147483647 mMcc=505 mMnc=01 mAlphaLong=Telstra mAlphaShort=Telstra mAdditionalPlmns={} mCsgInfo=null} voiceSpecificInfo=VoiceSpecificRegistrationInfo { mCssSupported=false mRoamingIndicator=0 mSystemIsInPrl=0 mDefaultRoamingIndicator=0} dataSpecificInfo=null nrState=**** rRplmn=50501 isUsingCarrierAggregation=false isNonTerrestrialNetwork=TERRESTRIAL satelliteTechnology=NT_RADIO_TECHNOLOGY_UNKNOWN}, NetworkRegistrationInfo{ domain=PS transportType=WWAN registrationState=HOME networkRegistrationState=HOME roamingType=NOT_ROAMING accessNetworkTechnology=LTE rejectCause=0 emergencyEnabled=false availableServices=[DATA,MMS] cellIdentity=CellIdentityLte:{ mCi=[****] mPci=[****] mTac=[****] mEarfcn=[****] mBands=[7] mBandwidth=2147483647 mMcc=505 mMnc=01 mAlphaLong=Telstra mAlphaShort=Telstra mAdditionalPlmns={} mCsgInfo=null} voiceSpecificInfo=null dataSpecificInfo=android.telephony.DataSpecificRegistrationInfo :{ maxDataCalls = 16 isDcNrRestricted = false isNrAvailable = true isEnDcAvailable = true mLteAttachResultType = 2 mLteAttachExtraInfo = 0 LteVopsSupportInfo : mVopsSupport = 2 mEmcBearerSupport = 2 } nrState=**** rRplmn=50501 isUsingCarrierAggregation=false isNonTerrestrialNetwork=TERRESTRIAL satelliteTechnology=NT_RADIO_TECHNOLOGY_UNKNOWN}], mNrFrequencyRange=0, mOperatorAlphaLongRaw=Telstra, mOperatorAlphaShortRaw=Telstra, mIsDataRoamingFromRegistration=false, mIsIwlanPreferred=true, mIsUsingNonTerrestrialNetwork=false} target=emf async=false heapIndex=-1 }
08-02 17:20:46.994 4312 4458 I SconeRelayMetricsApCollectorDataPlugin: SubId 3: Using API 34+ ServiceState parsing.
08-02 17:20:46.994 4312 4458 I SconeRelayMetricsApCollectorDataPlugin: SubId 3: Data InService, Roaming=false
08-02 17:20:46.995 4312 5060 D StateService: Country ISO: au
08-02 17:20:46.995 32367 32582 I AmazonVideo: Battery Info: BatteryInfo{Status=CHARGING, Health=GOOD, Power source=USB, Level=100.0, Temperature=287, Voltage=4356}
08-02 17:20:46.996 1761 5390 I PackageManager: getInstalledPackages: callingUid=1000 flags=134217856 updatedFlags=135004288 userId=0
08-02 17:20:47.005 3566 3610 V RecentTasksController: Notify recent tasks changed
08-02 17:20:47.006 5602 5602 D RecentTasksList: invalidateLoadedTasks - previous requestLoadId: -1
08-02 17:20:47.006 1761 2026 W ApplicationInfo: Large ApplicationInfo parcel: size=25160 package=com.zhiliaoapp.musically splits=57 sharedLibs=8 resDirs=1 overlayPaths=1
08-02 17:20:47.006 1761 2026 W ParceledListSlice: Element #205 is 25792 bytes.
08-02 17:20:47.006 1761 2535 I LocationAccessPolicy: com.instagram.android is aware of fine but the app-ops permission is specifically denied.
08-02 17:20:47.007 1761 2535 I LocationAccessPolicy: com.instagram.android is aware of coarse but the app-ops permission is specifically denied.
08-02 17:20:47.007 1761 2535 W ContextImpl: Calling a method in the system process without a qualified user: android.app.ContextImpl.sendBroadcastMultiplePermissions:1375 android.content.Context.sendBroadcastMultiplePermissions:2803 com.android.server.TelephonyRegistry.broadcastServiceStateChanged:4404 com.android.server.TelephonyRegistry.notifyServiceStateForPhoneId:1930 com.android.internal.telephony.ITelephonyRegistry$Stub.onTransact:629
08-02 17:20:47.008 1761 2026 W ApplicationInfo: Large ApplicationInfo parcel: size=25160 package=com.zhiliaoapp.musically splits=57 sharedLibs=8 resDirs=1 overlayPaths=1
08-02 17:20:47.008 1761 2026 W ParceledListSlice: Element #206 is 25792 bytes.
08-02 17:20:47.008 1761 2026 W ApplicationInfo: Large ApplicationInfo parcel: size=25160 package=com.zhiliaoapp.musically splits=57 sharedLibs=8 resDirs=1 overlayPaths=1
08-02 17:20:47.008 1761 2026 W ParceledListSlice: Element #207 is 25824 bytes.
08-02 17:20:47.008 1761 2026 W ApplicationInfo: Large ApplicationInfo parcel: size=25160 package=com.zhiliaoapp.musically splits=57 sharedLibs=8 resDirs=1 overlayPaths=1
08-02 17:20:47.008 1761 2026 W ParceledListSlice: Element #208 is 25808 bytes.
08-02 17:20:47.009 3566 3610 V RecentTasksController: generateList(getRecentTasks)
08-02 17:20:47.009 3566 3610 V RecentTasksController: initializeDesksMap - allDeskIds: []
08-02 17:20:47.009 3566 3610 V RecentTasksController: Task 8726 is not an active desktop task
08-02 17:20:47.009 3566 3610 V RecentTasksController: Added fullscreen task: 8726
08-02 17:20:47.009 1761 5812 W ApplicationInfo: Large ApplicationInfo parcel: size=25160 package=com.zhiliaoapp.musically splits=57 sharedLibs=8 resDirs=1 overlayPaths=1
08-02 17:20:47.009 1761 5812 W ParceledListSlice: Element #209 is 25880 bytes.
08-02 17:20:47.009 1761 5812 W ApplicationInfo: Large ApplicationInfo parcel: size=25160 package=com.zhiliaoapp.musically splits=57 sharedLibs=8 resDirs=1 overlayPaths=1
08-02 17:20:47.009 1761 5812 W ParceledListSlice: Element #210 is 25780 bytes.
08-02 17:20:47.009 1761 5812 W ApplicationInfo: Large ApplicationInfo parcel: size=25160 package=com.zhiliaoapp.musically splits=57 sharedLibs=8 resDirs=1 overlayPaths=1
08-02 17:20:47.009 1761 5812 W ParceledListSlice: Element #211 is 25792 bytes.
08-02 17:20:47.009 3566 3610 V RecentTasksController: Task 8724 is not an active desktop task
08-02 17:20:47.010 3566 3610 V RecentTasksController: Added fullscreen task: 8724
08-02 17:20:47.010 3566 3610 V RecentTasksController: Task 8714 is not an active desktop task
08-02 17:20:47.010 3566 3610 V RecentTasksController: Added fullscreen task: 8714
08-02 17:20:47.010 3566 3610 V RecentTasksController: generateList - complete
