08-02 17:20:47.010 1761 2535 W ContextImpl: Calling a method in the system process without a qualified user: android.app.ContextImpl.sendBroadcastMultiplePermissions:1408 com.android.server.TelephonyRegistry.broadcastServiceStateChanged:4409 com.android.server.TelephonyRegistry.notifyServiceStateForPhoneId:1930 com.android.internal.telephony.ITelephonyRegistry$Stub.onTransact:629 android.os.Binder.execTransactInternal:1369
08-02 17:20:47.010 1120 1120 I SatelliteTileStateReceiver: onReceive: intent=Intent { act=android.intent.action.SERVICE_STATE flg=0x1000010 xflg=0x4 cmp=com.android.settings/.network.telephony.satellite.quicksettings.SatelliteTileStateReceiver (has extras) }
08-02 17:20:47.010 1120 1120 I SatelliteTileStateReceiver: Satellite tile static feature configs are enabled for this device.
08-02 17:20:47.010 1761 2535 W ContextImpl: Calling a method in the system process without a qualified user: android.app.ContextImpl.sendBroadcastMultiplePermissions:1408 com.android.server.TelephonyRegistry.broadcastServiceStateChanged:4418 com.android.server.TelephonyRegistry.notifyServiceStateForPhoneId:1930 com.android.internal.telephony.ITelephonyRegistry$Stub.onTransact:629 android.os.Binder.execTransactInternal:1369
08-02 17:20:47.011 1120 1209 I SatelliteTileStateReceiver: Handling subscription or config change.
08-02 17:20:47.012 3807 4802 I SHANNON_IMS: 4300 [PROX] onReceive: intent= [Intent { act=android.intent.action.SERVICE_STATE flg=0x1000010 xflg=0x4 (has extras) }] (ConnectivityBroadcastReceiver%onReceive:91)
08-02 17:20:47.013 1120 1209 I SatelliteUtils: Checking LTE-based NTN support for SubId: 3
08-02 17:20:47.013 3849 4344 D TelephonyConfigUpdateInstallReceiver: getConfigParser: domain=satellite
08-02 17:20:47.013 3849 4344 V SatelliteController: satelliteConfigParser is not ready
08-02 17:20:47.013 3849 4344 D SatelliteController: isSatelliteAttachSupportedViaConfigupdater: return null (satelliteConfig is null)
08-02 17:20:47.013 5602 5623 D PreloadThumbnailUseCase: Preloading thumbnails for task ids: [[id=8714 windowingMode=1 user=0 lastActiveTime=262495425] null, [id=8724 windowingMode=1 user=0 lastActiveTime=262619458] null, [id=8726 windowingMode=1 user=0 lastActiveTime=263464082] null]
08-02 17:20:47.013 1761 2026 W ApplicationInfo: Large ApplicationInfo parcel: size=25160 package=com.zhiliaoapp.musically splits=57 sharedLibs=8 resDirs=1 overlayPaths=1
08-02 17:20:47.013 1761 2026 W ParceledListSlice: Element #212 is 25824 bytes.
08-02 17:20:47.013 3849 4344 D SatelliteController: getCarrierRoamingNtnConnectType: Checking connect type from PLMN config for subId: 3
08-02 17:20:47.013 3849 4344 D TelephonyConfigUpdateInstallReceiver: getConfigParser: domain=satellite
08-02 17:20:47.013 3849 4344 V SatelliteController: satelliteConfigParser is not ready
08-02 17:20:47.013 3849 4344 D SatelliteController: isSatelliteAttachSupportedViaConfigupdater: return null (satelliteConfig is null)
08-02 17:20:47.013 3849 4344 D SatelliteController: getSatellitePerPlmnConfiguration: subId=3 return null
08-02 17:20:47.013 3849 4344 D SatelliteController: getCarrierRoamingNtnConnectType: config: null
08-02 17:20:47.013 3849 4344 D TelephonyConfigUpdateInstallReceiver: getConfigParser: domain=satellite
08-02 17:20:47.013 3849 4344 V SatelliteController: satelliteConfigParser is not ready
08-02 17:20:47.013 3849 4344 D SatelliteController: getCarrierRoamingNtnConnectTypeViaConfigUpdater: return null (satelliteConfig is null)
08-02 17:20:47.014 3849 4344 D SatelliteController: getCarrierRoamingNtnConnectType: Falling back to global carrier config connect type: 0
08-02 17:20:47.014 1120 1209 I SatelliteTileStateReceiver: Satellite tile static feature configs are enabled for this device.
08-02 17:20:47.015 19676 19676 D VRI[MainActivity]: WindowInsets changed: 1080x2424 statusBars:[0,152,0,0] mandatorySystemGestures:[0,181,0,78]
08-02 17:20:47.015 1120 1209 I SatelliteTileStateReceiver: SatelliteTileService runtime component state enabled: true
08-02 17:20:47.015 1120 1209 W JobInfo : Job 'com.android.settings/.network.telephony.satellite.quicksettings.SatelliteEligibilityJobService#108' has a deadline with functional constraints and an extremely short time window of 0 ms (delay=0, deadline=0). The functional constraints are not likely to be satisfied when the job runs.
08-02 17:20:47.015 1761 2026 W JobInfo : Job 'com.android.settings/.network.telephony.satellite.quicksettings.SatelliteEligibilityJobService#108' has a deadline with functional constraints and an extremely short time window of 0 ms (delay=0, deadline=0). The functional constraints are not likely to be satisfied when the job runs.
08-02 17:20:47.016 1761 2535 W ContextImpl: Calling a method in the system process without a qualified user: android.app.ContextImpl.sendBroadcastMultiplePermissions:1408 com.android.server.TelephonyRegistry.broadcastServiceStateChanged:4424 com.android.server.TelephonyRegistry.notifyServiceStateForPhoneId:1930 com.android.internal.telephony.ITelephonyRegistry$Stub.onTransact:629 android.os.Binder.execTransactInternal:1369
08-02 17:20:47.019 1761 1985 D ActivityManager: sync unfroze 4247 com.google.android.cellbroadcastreceiver for 3
08-02 17:20:47.020 3849 3849 D ServiceStateProvider: subId=3
08-02 17:20:47.022 4247 4247 D CellBroadcastReceiver: onReceive Intent { act=android.intent.action.SERVICE_STATE flg=0x1000010 xflg=0x4 cmp=com.google.android.cellbroadcastreceiver/com.android.cellbroadcastreceiver.CellBroadcastReceiver (has extras) }
08-02 17:20:47.022 4247 4247 D CellBroadcastReceiver: onServiceStateChanged, ss: 0
08-02 17:20:47.022 4247 4247 D CellBroadcastReceiver: networkOperator: 50501
08-02 17:20:47.022 4247 4247 D CellBroadcastReceiver: update supported roaming operator as
08-02 17:20:47.023 3849 3849 D SatelliteController: getCarrierRoamingNtnConnectType: Checking connect type from PLMN config for subId: 3
08-02 17:20:47.023 3849 3849 D TelephonyConfigUpdateInstallReceiver: getConfigParser: domain=satellite
08-02 17:20:47.023 3849 3849 V SatelliteController: satelliteConfigParser is not ready
08-02 17:20:47.023 3849 3849 D SatelliteController: isSatelliteAttachSupportedViaConfigupdater: return null (satelliteConfig is null)
08-02 17:20:47.023 3849 3849 D SatelliteController: getSatellitePerPlmnConfiguration: subId=3 return null
08-02 17:20:47.023 3849 3849 D SatelliteController: getCarrierRoamingNtnConnectType: config: null
08-02 17:20:47.023 3849 3849 D TelephonyConfigUpdateInstallReceiver: getConfigParser: domain=satellite
08-02 17:20:47.023 3849 3849 V SatelliteController: satelliteConfigParser is not ready
08-02 17:20:47.023 3849 3849 D SatelliteController: getCarrierRoamingNtnConnectTypeViaConfigUpdater: return null (satelliteConfig is null)
08-02 17:20:47.023 3849 3849 D SatelliteController: getCarrierRoamingNtnConnectType: Falling back to global carrier config connect type: 0
08-02 17:20:47.023 3849 3849 D TelephonyConfigUpdateInstallReceiver: getConfigParser: domain=satellite
08-02 17:20:47.023 3849 3849 V SatelliteController: satelliteConfigParser is not ready
08-02 17:20:47.023 3849 3849 D SatelliteController: isSatelliteAttachSupportedViaConfigupdater: return null (satelliteConfig is null)
08-02 17:20:47.024 3849 3849 V SatelliteController: getWwanIsInService: return true
08-02 17:20:47.024 3849 3849 D SatelliteController: isInCarrierRoamingNbIotNtn: satellite is disabled
08-02 17:20:47.030 32367 32367 I AmazonVideo: DeviceInteractiveBroadcastReceiver: Received android.intent.action.SCREEN_OFF request.
08-02 17:20:47.030 32367 32367 I AmazonVideo: AppVisibilityTracker: old visibility DEVICE_ACTIVE_IN_BACKGROUND, new visibility DEVICE_INACTIVE_IN_BACKGROUND
08-02 17:20:47.039 32367 32367 I AmazonVideo: : Received android.intent.action.SCREEN_OFF request.
08-02 17:20:47.039 3849 3849 I Telephony: TelecomAccountRegistry$TelecomAccountTelephonyCallback: TelecomAccountRegistry: onServiceStateChanged: newState=0, mServiceState=0
08-02 17:20:47.040 19172 19212 I esds : (REDACTED) AppFlow %s is about to be transmitted
08-02 17:20:47.040 3849 3849 I Telephony: isRttCurrentlySupported -- regular acct, hasVoiceAvailability: true
08-02 17:20:47.040 3849 3849 I Telephony: isRttSupported: false
08-02 17:20:47.040 3849 3849 I Telephony: alwaysAllowWhileRoaming: false
08-02 17:20:47.040 3849 3849 I Telephony: isRoaming: false
08-02 17:20:47.040 3849 3849 I Telephony: isOnWfc: true
08-02 17:20:47.047 19172 19200 I axuj : #getOobeStatus: OptedIn [CONTEXT ratelimit_period="10 SECONDS" skipped=5 ]
08-02 17:20:47.052 32367 32367 I AmazonVideo: UIPlayerAppVisibilityTracker transitioned to fg=false, active=false
08-02 17:20:47.053 32367 32367 I AmazonVideo: Received CONNECTIVITY_ACTION intent. Refreshing network info.
08-02 17:20:47.054 32367 32367 I AmazonVideo: Received CONNECTIVITY_ACTION intent. Refreshing network info.
08-02 17:20:47.054 32367 32367 I AmazonVideo: Received CONNECTIVITY_ACTION intent. Refreshing network info.
08-02 17:20:47.054 32367 32367 I AmazonVideo: Received CONNECTIVITY_ACTION intent. Refreshing network info.
08-02 17:20:47.058 32367 22899 D AmazonVideo.http: Received Request@da33bb9[GET https://abxc3apcastp.fe.api.amazonvideo.com/cdp/playback/GetDefaultSettings?&deviceTypeID=A43PXU4ZN2AL1&firmware=fmw%3A37-app%3A3.0.465.1747&format=json&osLocale=en_US&responseFormatVersion=1.0.0&softwareVersion=465&uxLocale=en_US&version=1] from thread HeuristicsConfigurationScheduler-2
08-02 17:20:47.059 32367 32367 I AmazonVideo: BatteryTracker: Received android.intent.action.ACTION_POWER_CONNECTED request.
08-02 17:20:47.064 1120 1120 I SatelliteEligibilityJobService: onStartJob: 108
08-02 17:20:47.064 1120 1120 I SatelliteTileStateReceiver: Satellite tile static feature configs are enabled for this device.
08-02 17:20:47.064 1120 1120 I SatelliteTileStateReceiver: SatelliteTileService runtime component state enabled: true
08-02 17:20:47.065 1120 1120 I SatelliteEligibilityJobService: Current ServiceState: 0
08-02 17:20:47.065 1120 1120 I SatelliteEligibilityJobService: Device is IN_SERVICE (Terrestrial), rescheduling job.
08-02 17:20:47.065 1120 1120 I SatelliteTileStateReceiver: Satellite tile static feature configs are enabled for this device.
08-02 17:20:47.065 1120 1120 I SatelliteTileStateReceiver: SatelliteTileService runtime component state enabled: true
08-02 17:20:47.081 1761 3917 D ConnectivityService: Returning UNBLOCKED NetworkInfo to uid=10224
08-02 17:20:47.086 1761 5008 W JobScheduler: Job didn't exist in JobStore: d80cdd7 #1000/108 com.android.settings/.network.telephony.satellite.quicksettings.SatelliteEligibilityJobService
08-02 17:20:47.086 1761 2024 D ConnectivityService: requestNetwork for uid/pid:10224/17706 activeRequest: null callbackRequest: 25177 [NetworkRequest [ REQUEST id=25178, [ Capabilities: INTERNET&NOT_RESTRICTED&TRUSTED&NOT_VCN_MANAGED&NOT_BANDWIDTH_CONSTRAINED Uid: 10224 RequestorUid: 10224 RequestorPkg: com.google.android.youtube UnderlyingNetworks: Null] ]] callback flags: 0 order: 2147483647 isUidTracked: false declaredMethods: AVAIL|LOST|NC|BLK
08-02 17:20:47.091 1761 3444 D UntrustedWifiNetworkFactory: got request NetworkRequest [ REQUEST id=25178, [ Capabilities: INTERNET&NOT_RESTRICTED&TRUSTED&NOT_VCN_MANAGED&NOT_BANDWIDTH_CONSTRAINED Uid: 10224 RequestorUid: 10224 RequestorPkg: com.google.android.youtube UnderlyingNetworks: Null] ]
08-02 17:20:47.091 1761 3444 D OemPaidWifiNetworkFactory: got request NetworkRequest [ REQUEST id=25178, [ Capabilities: INTERNET&NOT_RESTRICTED&TRUSTED&NOT_VCN_MANAGED&NOT_BANDWIDTH_CONSTRAINED Uid: 10224 RequestorUid: 10224 RequestorPkg: com.google.android.youtube UnderlyingNetworks: Null] ]
08-02 17:20:47.091 1761 3444 D MultiInternetWifiNetworkFactory: got request NetworkRequest [ REQUEST id=25178, [ Capabilities: INTERNET&NOT_RESTRICTED&TRUSTED&NOT_VCN_MANAGED&NOT_BANDWIDTH_CONSTRAINED Uid: 10224 RequestorUid: 10224 RequestorPkg: com.google.android.youtube UnderlyingNetworks: Null] ]
08-02 17:20:47.091 1761 3451 D ConnectivityService: NetReassign [25178 : null → 117] [c 0] [a 2] [i 2]
08-02 17:20:47.101 1761 5046 I WifiService: acquireWifiLock uid=10306 lockMode=1 packageName=com.amazon.avod.thirdpartyclient
08-02 17:20:47.105 32367 19810 I AmazonVideo: PlaybackAuthProvider: accountDirectedId is absent, fallback to using token for current profile.
08-02 17:20:47.110 19676 19676 I HWUI : Using FreeType backend (prop=Auto)
08-02 17:20:47.124 32367 32367 I AmazonVideo: Sync Framework: not rescheduling the periodic sync request; same parameters as before. App is inactive.
08-02 17:20:47.139 1761 5008 E AppOps : attributionTag VCN not declared in manifest of android
08-02 17:20:47.147 1761 3917 D WindowManager: setClientSurface Surface(name=VRI-com.shire.mobile/com.shire.mobile.MainActivity#31861)/@0x429a367 for b8006b8 com.shire.mobile/com.shire.mobile.MainActivity
08-02 17:20:47.150 19676 19676 I Surface : Creating surface for consumer unnamed-19676-0 with slotExpansion=1 for 64 slots
08-02 17:20:47.151 1761 1972 V WindowManager: Sent Transition (#6018) createdAt=08-02 17:20:46.584 via request=TransitionRequestInfo { type = OPEN, triggerTask = TaskInfo{userId=0 taskId=8726 effectiveUid=10615 displayId=0 isRunning=true baseIntent=Intent { flg=0x10000000 cmp=com.shire.mobile/.MainActivity } baseActivity=ComponentInfo{com.shire.mobile/com.shire.mobile.MainActivity} topActivity=ComponentInfo{com.shire.mobile/com.shire.mobile.MainActivity} origActivity=null realActivity=ComponentInfo{com.shire.mobile/com.shire.mobile.MainActivity} realActivityIsAppLockEnabled=false numActivities=1 lastActiveTime=263463873 supportsMultiWindow=true supportsMultiWindowWithoutConstraints=true resizeMode=1 isResizeable=true minWidth=-1 minHeight=-1 defaultMinSize=220 token=WCT{RemoteToken{e2e2514 Task{a0b70d2 #8726 type=standard A=10615:com.shire.mobile}}} topActivityType=1 pictureInPictureParams=null shouldDockBigOverlays=false launchIntoPipHostTaskId=-1 lastParentTaskIdBeforePip=-1 displayCutoutSafeInsets=Rect(0, 152 - 0, 0) topActivityInfo=ActivityInfo{a6a11bd com.shire.mobile.MainActivity} launchCookies=[] positionInParent=Point(0, 0) parentTaskId=-1 isFocused=false isInteractive=false isVisible=false isVisibleRequested=false isTopActivityNoDisplay=false isSleeping=true locusId=null displayAreaFeatureId=1 isTopActivityTransparent=false isActivityStackTransparent=false lastNonFullscreenBounds=null leafTaskBoundsFromOptions= false capturedLink=null capturedLinkTimestamp=0 requestedVisibleTypes=503 topActivityRequestOpenInBrowserEducationTimestamp=0 appCompatTaskInfo=AppCompatTaskInfo { topActivityInSizeCompat=false isLeafTask= true eligibleForLetterboxEducation= false isLetterboxEducationEnabled= false isLetterboxDoubleTapEnabled= false eligibleForUserAspectRatioButton= false topActivityBoundsLetterboxed= false isFromLetterboxDoubleTap= false topActivityLetterboxVerticalPosition= -1 topActivityLetterboxHorizontalPosition= -1 topActivityLetterboxWidth=-1 topActivityLetterboxHeight=-1 topActivityAppBounds=Rect(0, 0 - 1080, 2424) isUserFullscreenOverrideEnabled=false isSystemFullscreenOverrideEnabled=false hasMinAspectRatioOverride=false topActivityLetterboxBounds=null topNonResizableActivityAspectRatio=-1.0} topActivityMainWindowFrame=null isAppBubble=false}, pipChange = null, remoteTransitionInfo = null, displayChanges = null, requestedLocation = null, userChange = null, windowingLayerChange = null, fullscreenRequestChange = null, flags = 0, debugId = 6018 }
08-02 17:20:47.151 1761 1972 V WindowManager: startWCT=WindowContainerTransaction { changes= {} hops= [] flags= 0 errorCallbackToken=null taskFragmentOrganizer=null }
08-02 17:20:47.151 1761 1972 V WindowManager: info={id=6018 t=OPEN f=0x40 trk=0 r=[] c=[]}
08-02 17:20:47.151 19676 19676 I Surface : Creating surface for consumer VRI[MainActivity]#0(BLAST Consumer)0 with slotExpansion=1 for 64 slots
08-02 17:20:47.153 1761 3496 I MR2ServiceImpl: Updating composite discovery preference | preference: RouteDiscoveryRequest{ preferredFeatures={}, activeScan=false }, active routers: []
08-02 17:20:47.156 3566 4413 V WindowManagerShell: onTransitionReady(transaction=7563437997793)
08-02 17:20:47.156 3566 3610 V WindowManagerShell: onTransitionReady (#6018) android.os.BinderProxy@1ab0741: {id=6018 t=OPEN f=0x40 trk=0 r=[] c=[]}
08-02 17:20:47.156 3566 3610 V WindowManagerShell: FocusTransitionObserver: Updating focus state for transition #6018
08-02 17:20:47.156 3566 3610 V ShellDesktopMode: DesktopModeLogger: taskInfo map after processing changes 0
08-02 17:20:47.156 3566 3610 V WindowManagerShell: No transition roots in (#6018) android.os.BinderProxy@1ab0741@0 so abort
08-02 17:20:47.157 1761 1826 I system_server: Background concurrent mark compact GC freed 48MB AllocSpace bytes, 45(1396KB) LOS objects, 75% free, 125MB/512MB, paused 21.003ms,12.244ms total 1.023s
08-02 17:20:47.157 3566 3610 V WindowManagerShell: Transition animation finished (aborted=true), notifying core (#6018) android.os.BinderProxy@1ab0741@0
08-02 17:20:47.137 32083 32145 I Finsky : [182] AIM: AppInfoManager-Perf > ItemModel > CacheSize=376, cacheHitCount=0, cacheMissCount=0, total appsWithNoServerDataCount=9. Missed in cache (limit 10) : []
08-02 17:20:47.158 1761 1972 V WindowManager: Finish Transition (#6018): created at
08-02 17:20:46.584 collect-started=0.04ms request-sent=13.331ms started=15.697ms ready=221.851ms sent=564.599ms finished=573.939ms
08-02 17:20:47.158 3566 3610 V WindowManagerShell: Track 0 became idle
08-02 17:20:47.158 3566 3610 V WindowManagerShell: All active transition animations finished
08-02 17:20:47.164 1761 1972 D HintManagerService: Sent cleanup message for uid 10615
08-02 17:20:47.165 1761 1975 I DisplayDeviceRepository: Display device changed render timings: "Inner Display", renderFrameRate=120.00001, presentationDeadlineNanos=11500000, appVsyncOffsetNanos=6233332, frameRateOverrides=[]
08-02 17:20:47.166 3807 3807 I SHANNON_IMS: 4313 [CALL] isEmcAvailable for true (ImsCallManager%isEmcAvailable:1620)
08-02 17:20:47.167 1761 3496 I MR2ServiceImpl: Updating composite discovery preference | preference: RouteDiscoveryRequest{ preferredFeatures={}, activeScan=false }, active routers: []
08-02 17:20:47.174 1761 1828 W System : A resource failed to call close.
08-02 17:20:47.176 1761 1828 W System : A resource failed to call close.
08-02 17:20:47.187 29040 19721 I Auth : (REDACTED) [SupervisedAccountIntentOperation] onHandleIntent: %s
08-02 17:20:47.190 32367 32367 I AmazonVideo: Battery Info: BatteryInfo{Status=CHARGING, Health=GOOD, Power source=USB, Level=100.0, Temperature=287, Voltage=4356}
08-02 17:20:47.214 32367 19826 I AmazonVideo: Sync Framework: Worker[5ace62dc]: Attempting sync for {trigger=periodic_sync, isQA=false}
08-02 17:20:47.235 17882 17920 I A : Calendar refresh worker found. Do not schedule new one.
08-02 17:20:47.235 32083 32145 I Finsky : [182] AIM: AppInfoManager-Perf > getApps > data collection finished
08-02 17:20:47.235 32083 32145 I Finsky : [182] AIM: AppInfoManager-Perf > maybeDestroyAppInfoManager is called. actives = 2
08-02 17:20:47.240 21634 21642 W libbinder.Binder: Binder transaction to android.accounts.IAccountAuthenticator, function: UNKNOWN_FUNCTION_NAME, code: 3, took 1500ms. Data bytes: 492 Reply bytes: 0 Flags: 17
08-02 17:20:47.240 32367 32489 I AmazonVideo: Parsing utm_campaign associate tag from InstallReferrer: utm_source=google-play&utm_medium=organic
08-02 17:20:47.259 32083 32136 I Finsky : [179] AIM: AppInfoManager-Perf > ItemModel > CacheSize=376, cacheHitCount=0, cacheMissCount=0, total appsWithNoServerDataCount=9. Missed in cache (limit 10) : []
08-02 17:20:47.268 1761 5390 E AppSearchAppIndxrImpl: Certificate not found for package: org.chromium.webapk.a3e290019259cbe34_v2
08-02 17:20:47.274 29040 19721 W AppInstallOperation: FDL Migration::InstallIntentOperation by FDL Module [CONTEXT service_id=77 ]
08-02 17:20:47.274 29040 19825 I FraudProtectUtils: Not in testing population, skipping local test bank apps. [CONTEXT service_id=469 ]
08-02 17:20:47.274 29040 19825 I FraudProtectUtils: (REDACTED) Latest bank app list size: %d, %s isBankApp: false
08-02 17:20:47.274 29040 19825 I PackageInstallIntentOp: (REDACTED) Package %s is not a bank app. Skipping updates.
08-02 17:20:47.278 29040 19824 I Dck : [DckModuleInit] Package added intent processing... [CONTEXT service_id=289 ]
08-02 17:20:47.282 29040 19824 I Dck : [DckModuleInit] Package added is not voem app [CONTEXT service_id=289 ]
08-02 17:20:47.296 1761 5046 I PackageManager: getInstalledPackages: callingUid=10139 flags=0 updatedFlags=786432 userId=0
08-02 17:20:47.297 29040 19824 I NearbyDiscovery: (REDACTED) processGrantSlicePermission: %s
08-02 17:20:47.316 32367 19826 I AmazonVideo: Sync Framework: Worker[5ace62dc]: EventSyncComponent (1 of 13): OK to sync
08-02 17:20:47.329 32367 19826 I AmazonVideo: EventManager: processing events...
08-02 17:20:47.331 32367 19826 I AmazonVideo: Sync Framework: Worker[5ace62dc]: DeviceCapabilitiesSyncComponent (2 of 13): Skipping; disabled by user activity policy ACTIVE_APPLICATION_INSTANCE_ONLY
08-02 17:20:47.332 32367 19826 I AmazonVideo: Sync Framework: Worker[5ace62dc]: SessionIdSyncComponent (3 of 13): Skipping; disabled by device screen policy SCREEN_ON
08-02 17:20:47.333 32367 19826 I AmazonVideo: Sync Framework: Worker[5ace62dc]: LocalizationSyncComponent (4 of 13): Skipping; disabled by device screen policy SCREEN_ON
08-02 17:20:47.333 32367 19826 I AmazonVideo: Sync Framework: Worker[5ace62dc]: DetailPageSyncComponent (5 of 13): Skipping; disabled by device screen policy SCREEN_ON
08-02 17:20:47.333 32367 19826 I AmazonVideo: Sync Framework: Worker[5ace62dc]: XrayDownloadsSyncComponent (6 of 13): Skipping; disabled by device screen policy SCREEN_ON
08-02 17:20:47.333 32367 19826 I AmazonVideo: Sync Framework: Worker[5ace62dc]: QueuedActionSyncComponent (7 of 13): Skipping; disabled by device screen policy SCREEN_ON
08-02 17:20:47.333 32367 19826 I AmazonVideo: Sync Framework: Worker[5ace62dc]: ResiliencyConfigSyncComponent (8 of 13): Skipping; disabled by device screen policy SCREEN_ON
08-02 17:20:47.333 32367 19826 I AmazonVideo: Sync Framework: Worker[5ace62dc]: CleanupSyncComponent (9 of 13): Skipping; disabled by device screen policy SCREEN_ON
08-02 17:20:47.333 32367 19826 I AmazonVideo: Sync Framework: Worker[5ace62dc]: DownloadSyncComponent (10 of 13): OK to sync
08-02 17:20:47.338 32367 19826 I AmazonVideo: DWNLD syncTrigger: PERIODIC_SYNC, isDeviceActive: false, isAppInForeground: false
08-02 17:20:47.339 32083 32127 I Finsky : [172] WM::SCH: Logging work initialize for 12-1
08-02 17:20:47.343 21634 21638 E gcblocker: too long GC blocking: 5
08-02 17:20:47.343 21634 21638 E gcblocker: gc block end, 168183665,100
08-02 17:20:47.349 32083 32127 I Finsky : [172] WM::SCH: Logging work initialize for 12-1
08-02 17:20:47.352 32367 19826 I AmazonVideo: DWNLD Starting Download Sync: periodic_sync. Forced ? false
08-02 17:20:47.353 32367 19826 I AmazonVideo: DWNLD Downloads syncing for actions [SyncPlayerSdkErrorStateAction]
08-02 17:20:47.365 5736 19598 I NearbySharing: Got package event: PackageChanged(packageName=com.spotify.music, changedComponents=[])
08-02 17:20:47.367 5736 5736 I Dtdi : (REDACTED) [MediaSender] MTDebug received ACTION_PACKAGE_CHANGED for package=%s
08-02 17:20:47.374 1761 2026 W JobScheduler: Job didn't exist in JobStore: 1fedc57 {androidx.work.systemjobscheduler} #u0a224/95485 #des_dispatch_all_task#@androidx.work.systemjobscheduler@com.google.android.youtube/androidx.work.impl.background.systemjob.SystemJobService
08-02 17:20:47.380 29040 19842 I FraudProtectUtils: Not in testing population, skipping local test bank apps. [CONTEXT service_id=469 ]
08-02 17:20:47.380 29040 19842 I FraudProtectUtils: (REDACTED) Latest bank app list size: %d, %s isBankApp: false
08-02 17:20:47.380 29040 19842 W ComponentChangedIO: No package name in intent data or package is not a bank app [CONTEXT service_id=469 ]
08-02 17:20:47.380 32083 32145 I Finsky : [182] SCH: Scheduling phonesky job Id: 12-1, CT: 1785662446690, Constraints: [{ L: 15000, D: 86400000, C: CHARGING_NONE, I: IDLE_NONE, N: NET_ANY, B: BATTERY_ANY }]
08-02 17:20:47.385 32367 19826 I AmazonVideo: DWNLD sync error state for PlayerSdk downloads: UserDownload{Asin=amzn1.dv.gti.de8af319-570a-48ee-aefa-6cc8a969253a, Title=Transformers One, ContentType=MOVIE, Owner=xxaivxx, isPlayerSdkDownload=true, State=ERROR/Done, Error=DOWNLOAD_NOT_OWNED, OwningAppPackageName=com.amazon.avod.thirdpartyclient, isAutoDownload=false, isFullyWatched=true}
08-02 17:20:47.391 32083 32143 I Finsky : [180] SCH: Scheduling 1 system job(s)
08-02 17:20:47.391 32083 32143 I Finsky : [180] SCH: Scheduling system job Id: 9955, L: 14299, D: 44390188, C: false, I: false, N: 1
08-02 17:20:47.399 32367 19826 I AmazonVideo: DWNLD SYNC_PLAYER_SDK_ERROR_STATE success asin:amzn1.dv.gti.de8af319-570a-48ee-aefa-6cc8a969253a count:1 note:sync error state succeed
08-02 17:20:47.421 29040 29040 D BoundBrokerSvc: onRebind: Intent { act=com.google.android.gms.onboardingconsent.api.ConsentManagerApiService.START dat=chimera-action:/... xflg=0x4 cmp=com.google.android.gms/.chimera.GmsApiService }
08-02 17:20:47.430 32083 32132 I Finsky : [176] [ContentSync] finished, scheduled=true
08-02 17:20:47.440 1761 2026 I WifiService: acquireWifiLock uid=10306 lockMode=3 packageName=com.amazon.avod.thirdpartyclient
08-02 17:20:47.446 32367 19846 D AmazonVideo.http: Received Request@9eacdc3[POST https://abxc3apcastp.fe.api.amazonvideo.com/cdp/insights/reportEvent/v1/android?clientName=ATVAndroidThirdPartyClient&cpuCoreCount=8&&deviceLandscapeWidthDp=994&deviceManufacturer=Google&deviceModel=Pixel+9+Pro+Fold&deviceName=ThirdParty&deviceOsVersion=17&devicePortraitWidthDp=443&deviceTypeId=A43PXU4ZN2AL1&deviceTypeID=A43PXU4ZN2AL1&firmware=fmw%3A37-app%3A3.0.465.1747&format=json&osLocale=en_AU&performanceClass=33&screenDensity=DEFAULT&screenWidth=sw360dp&socModel=Tensor+G4&softwareVersion=465&supportsPKMZ=false&totalMemory=15583.0625&uxLocale=en_US&version=1 w/ body] from thread EventManager:ProcessingThread-7
08-02 17:20:47.449 29040 19712 W SQLiteLog: (28) double-quoted string literal: "com.shire.mobile"
08-02 17:20:47.473 32083 32145 I Finsky : [182] SCH: Scheduling phonesky job Id: 12-1, CT: 1785662446714, Constraints: [{ L: 15000, D: 86400000, C: CHARGING_NONE, I: IDLE_NONE, N: NET_ANY, B: BATTERY_ANY }]
08-02 17:20:47.474 32367 19826 I AmazonVideo: DWNLD UserDownloadEventReporter: suppressing reporting for event_subtype=SYNC_PLAYER_SDK_ERROR_STATE
08-02 17:20:47.474 32367 19826 I AmazonVideo: DWNLD SYNC_PLAYER_SDK_ERROR_STATE success report - asin:amzn1.dv.gti.de8af319-570a-48ee-aefa-6cc8a969253a report: T:1 F:0 S:1 N:0. S: sync error state succeed.
08-02 17:20:47.488 32367 19826 I AmazonVideo: DWNLD ShouldAttemptSync: false, ShouldSkipSync: false, scheduled sync time: 1785665180
08-02 17:20:47.495 32083 32145 I Finsky : [182] SCH: Scheduling 0 system job(s)
08-02 17:20:47.496 32083 32145 I Finsky : [182] [ContentSync] finished, scheduled=true
08-02 17:20:47.496 32367 19826 I AmazonVideo: DWNLD Downloads syncing for actions [SyncPlayerSdkDownloadSyncAction]
08-02 17:20:47.503 32367 19826 I AmazonVideo: DWNLD DownloadQueue should ignore pause token: false
08-02 17:20:47.504 32367 19826 I AmazonVideo: DWNLD DownloadQueue Not retrying errored download UserDownload{Asin=amzn1.dv.gti.de8af319-570a-48ee-aefa-6cc8a969253a, Title=Transformers One, ContentType=MOVIE, Owner=xxaivxx, isPlayerSdkDownload=true, State=ERROR/Done, Error=DOWNLOAD_NOT_OWNED, OwningAppPackageName=com.amazon.avod.thirdpartyclient, isAutoDownload=false, isFullyWatched=true}, since the error code DOWNLOAD_NOT_OWNED is blocklisted, blocklist: [AV_MARKETPLACE_CHANGE, DISK_FULL, DOWNLOAD_NOT_OWNED, EXTERNAL_DISK_FULL, EXTERNAL_STORAGE_NOT_WRITABLE, INTERNAL_DISK_FULL, INTERNAL_STORAGE_NOT_WRITABLE, INVALID_GEO_IP, NO_AVAILABLE_DOWNLOAD_RIGHTS, NO_SERVER_ENTITLEMENTS, PURCHASE_CHARGE_ERROR, SERVICE_ERROR]
08-02 17:20:47.504 32367 19826 I AmazonVideo: DWNLD DownloadQueue Processed download queue with 1 pending jobs; no actionable job found.
08-02 17:20:47.504 32367 19826 I AmazonVideo: DWNLD performAvailabilityBaseline: ignoring request; force=false, ttl=Will expire 1785672853101 milliseconds from Epoch
08-02 17:20:47.504 32367 19826 I AmazonVideo: Sync Framework: Worker[5ace62dc]: StorageSpaceSyncComponent (11 of 13): Skipping; disabled by device screen policy SCREEN_ON
08-02 17:20:47.504 32367 19826 I AmazonVideo: Sync Framework: Worker[5ace62dc]: EngageSyncComponent (12 of 13): Skipping; disabled by device screen policy SCREEN_ON
08-02 17:20:47.504 32367 19826 I AmazonVideo: Sync Framework: Worker[5ace62dc]: ThirdPartyAdvertisingIdSyncComponent (13 of 13): Skipping; disabled by user activity policy ACTIVE_APPLICATION_INSTANCE_ONLY
08-02 17:20:47.504 32367 19826 I AmazonVideo: Sync Framework: Worker[5ace62dc]: Completed sync for {trigger=periodic_sync, isQA=false}
08-02 17:20:47.506 32367 792 I AmazonVideo: DWNLD DownloadQueue should ignore pause token: false
08-02 17:20:47.511 32367 792 I AmazonVideo: DWNLD DownloadQueue Not retrying errored download UserDownload{Asin=amzn1.dv.gti.de8af319-570a-48ee-aefa-6cc8a969253a, Title=Transformers One, ContentType=MOVIE, Owner=xxaivxx, isPlayerSdkDownload=true, State=ERROR/Done, Error=DOWNLOAD_NOT_OWNED, OwningAppPackageName=com.amazon.avod.thirdpartyclient, isAutoDownload=false, isFullyWatched=true}, since the error code DOWNLOAD_NOT_OWNED is blocklisted, blocklist: [AV_MARKETPLACE_CHANGE, DISK_FULL, DOWNLOAD_NOT_OWNED, EXTERNAL_DISK_FULL, EXTERNAL_STORAGE_NOT_WRITABLE, INTERNAL_DISK_FULL, INTERNAL_STORAGE_NOT_WRITABLE, INVALID_GEO_IP, NO_AVAILABLE_DOWNLOAD_RIGHTS, NO_SERVER_ENTITLEMENTS, PURCHASE_CHARGE_ERROR, SERVICE_ERROR]
08-02 17:20:47.511 32367 792 I AmazonVideo: DWNLD DownloadQueue Processed download queue with 1 pending jobs; no actionable job found.
08-02 17:20:47.520 29040 29060 I ConsentManagerApiServic: (REDACTED) ConsentManagerApiService onGetService success %s
08-02 17:20:47.580 5602 5627 W ApplicationInfo: Large ApplicationInfo parcel: size=23476 package=com.google.android.googlequicksearchbox splits=7 sharedLibs=5 resDirs=1 overlayPaths=1
08-02 17:20:47.582 5602 5627 W ApplicationInfo: Large ApplicationInfo parcel: size=23476 package=com.google.android.googlequicksearchbox splits=7 sharedLibs=5 resDirs=1 overlayPaths=1
08-02 17:20:47.584 5602 5627 W ApplicationInfo: Large ApplicationInfo parcel: size=23476 package=com.google.android.googlequicksearchbox splits=7 sharedLibs=5 resDirs=1 overlayPaths=1
08-02 17:20:47.585 5602 5627 W ApplicationInfo: Large ApplicationInfo parcel: size=23476 package=com.google.android.googlequicksearchbox splits=7 sharedLibs=5 resDirs=1 overlayPaths=1
08-02 17:20:47.587 5602 5627 W ApplicationInfo: Large ApplicationInfo parcel: size=23476 package=com.google.android.googlequicksearchbox splits=7 sharedLibs=5 resDirs=1 overlayPaths=1
08-02 17:20:47.589 5602 5627 W ApplicationInfo: Large ApplicationInfo parcel: size=23476 package=com.google.android.googlequicksearchbox splits=7 sharedLibs=5 resDirs=1 overlayPaths=1
08-02 17:20:47.592 5602 5627 W ApplicationInfo: Large ApplicationInfo parcel: size=23476 package=com.google.android.googlequicksearchbox splits=7 sharedLibs=5 resDirs=1 overlayPaths=1
08-02 17:20:47.631 1761 2026 W ApplicationInfo: Large ApplicationInfo parcel: size=20140 package=com.zhiliaoapp.musically splits=57 sharedLibs=8 resDirs=1 overlayPaths=1
08-02 17:20:47.631 1761 2026 W ParceledListSlice: Element #308 is 20504 bytes.
08-02 17:20:47.642 5602 5627 W ApplicationInfo: Large ApplicationInfo parcel: size=31968 package=com.alibaba.aliexpresshd splits=18 sharedLibs=3 resDirs=1 overlayPaths=1
08-02 17:20:47.643 5602 5627 W ApplicationInfo: Large ApplicationInfo parcel: size=31968 package=com.alibaba.aliexpresshd splits=18 sharedLibs=3 resDirs=1 overlayPaths=1
08-02 17:20:47.645 5602 5627 W ApplicationInfo: Large ApplicationInfo parcel: size=31968 package=com.alibaba.aliexpresshd splits=18 sharedLibs=3 resDirs=1 overlayPaths=1
08-02 17:20:47.647 5602 5627 W ApplicationInfo: Large ApplicationInfo parcel: size=31968 package=com.alibaba.aliexpresshd splits=18 sharedLibs=3 resDirs=1 overlayPaths=1
08-02 17:20:47.651 5602 5627 W ApplicationInfo: Large ApplicationInfo parcel: size=31968 package=com.alibaba.aliexpresshd splits=18 sharedLibs=3 resDirs=1 overlayPaths=1
08-02 17:20:47.652 5602 5627 W ApplicationInfo: Large ApplicationInfo parcel: size=31968 package=com.alibaba.aliexpresshd splits=18 sharedLibs=3 resDirs=1 overlayPaths=1
08-02 17:20:47.657 29040 16840 I GetConsentOperation: (REDACTED) GetConsentOperation executing for package %s key %s
08-02 17:20:47.658 5602 5627 W ApplicationInfo: Large ApplicationInfo parcel: size=22036 package=com.amazon.mShop.android.shopping splits=2 sharedLibs=5 resDirs=1 overlayPaths=1
08-02 17:20:47.662 13489 13489 I Choreographer: Skipped 86 frames! The application may be doing too much work on its main thread.
08-02 17:20:47.685 29040 16840 I ProtoConsentDataManager: (REDACTED) getConsent: Getting consent for package=[%s], key=[%s]
08-02 17:20:47.708 29040 16840 I GetConsentOperation: GetConsentOperation success [CONTEXT service_id=460 ]
08-02 17:20:47.742 17882 17910 I WM-WorkerWrapper: Worker result SUCCESS for Work [ id=4717f14f-061d-48b1-b32d-dedb428718f2, class=com.google.apps.tiktok.contrib.work.TikTokListenableWorker, tags={ com.google.apps.tiktok.contrib.work.TikTokListenableWorker,TikTokWorker#com.google.android.apps.search.assistant.platform.pcp.featuredata.localcalendar.LocalCalendarPeriodicSchedulerWorker } ]
08-02 17:20:47.763 1761 5804 W ApplicationInfo: Large ApplicationInfo parcel: size=20140 package=com.zhiliaoapp.musically splits=57 sharedLibs=8 resDirs=1 overlayPaths=1
08-02 17:20:47.763 1761 5804 W ParceledListSlice: Element #425 is 20144 bytes.
08-02 17:20:47.903 840 3671 E powerhal-libperfmgr: Error: shouldn't report duration during pause state.
08-02 17:20:47.911 1761 1972 I ActivityTaskManager: Displayed com.shire.mobile/.MainActivity for user 0: +1s328ms
08-02 17:20:47.911 1761 9948 W libbinder.Binder: Binder transaction to android.app.IActivityManager, function: UNKNOWN_FUNCTION_NAME, code: 1598246212, took 1331ms. Data bytes: 240 Reply bytes: 4 Flags: 16
08-02 17:20:47.912 3566 3610 V ShellTaskOrganizer: Task appeared taskId=8726 listener=FullscreenTaskListener
08-02 17:20:47.912 3566 3610 V ShellTaskOrganizer: Fullscreen Task Appeared: #8726
08-02 17:20:47.914 3566 3610 D ShellPackageUpdate: PackageUpdateController: Setting handlePackageUpdate for task: 8726
08-02 17:20:47.914 19676 19748 I HWUI : Davey! duration=1075ms; Flags=1, FrameTimelineVsyncId=99838540, IntendedVsync=168183254212652, Vsync=168183320879316, InputEventId=0, HandleInputStart=168183329278326, AnimationStart=168183329282884, PerformTraversalsStart=168183329356858, DrawStart=168183906158332, FrameDeadline=168183270212652, FrameStartTime=168183329144171, FrameInterval=8333333, WorkloadTarget=16000000, AnimationTime=168183320879316, SyncQueued=168184171816006, SyncStart=168184171928677, IssueDrawCommandsStart=168184172238573, SwapBuffers=168184324472134, FrameCompleted=168184329734748, DequeueBufferDuration=23723, QueueBufferDuration=672119, GpuCompleted=168184329734748, SwapBuffersCompleted=168184325403896, DisplayPresentTime=0, CommandSubmissionCompleted=168184324472134,
08-02 17:20:47.915 1761 5804 E TransitionChain: Can't collect into a chain with no transition
08-02 17:20:47.916 3566 3610 V RecentTasksController: Notify recent tasks changed
08-02 17:20:47.917 5602 5602 D RecentTasksList: invalidateLoadedTasks - previous requestLoadId: -1
08-02 17:20:47.917 32083 32091 W android.vending: Suspending all threads took: 11.455ms
08-02 17:20:47.983 17882 17882 D WM-Processor: qvy 4717f14f-061d-48b1-b32d-dedb428718f2 executed; reschedule = false
08-02 17:20:47.983 17882 17882 D WM-SystemJobService: 4717f14f-061d-48b1-b32d-dedb428718f2 executed on JobScheduler
08-02 17:20:47.987 19676 19676 I Choreographer: Skipped 125 frames! The application may be doing too much work on its main thread.
08-02 17:20:48.008 5602 5627 W ApplicationInfo: Large ApplicationInfo parcel: size=25160 package=com.zhiliaoapp.musically splits=57 sharedLibs=8 resDirs=1 overlayPaths=1
08-02 17:20:48.011 1761 2026 W ApplicationInfo: Large ApplicationInfo parcel: size=20140 package=com.zhiliaoapp.musically splits=57 sharedLibs=8 resDirs=1 overlayPaths=1
08-02 17:20:48.011 1761 2026 W ParceledListSlice: Element #308 is 20504 bytes.
08-02 17:20:48.020 1761 5008 W ActivityManager: Skipping manifest association check for null package. SourceUid: 10139, SourcePkg: null, TargetUid: 10139, TargetPkg: com.google.android.gms
08-02 17:20:48.022 17882 17909 D WM-GreedyScheduler: Cancelling work ID 4717f14f-061d-48b1-b32d-dedb428718f2
08-02 17:20:48.075 17706 17750 W WM-Processor: Didn't find WorkSpec for id WorkGenerationalId(workSpecId=92662795-282a-4acd-a46c-356a59b417b4, generation=0)
08-02 17:20:48.130 1761 5008 I PackageManager: getInstalledPackages: callingUid=10139 flags=0 updatedFlags=786432 userId=0
08-02 17:20:48.132 17706 17715 W android.youtube: Suspending all threads took: 21.800ms
08-02 17:20:48.134 1761 2026 W ApplicationInfo: Large ApplicationInfo parcel: size=20140 package=com.zhiliaoapp.musically splits=57 sharedLibs=8 resDirs=1 overlayPaths=1
08-02 17:20:48.135 1761 2026 W ParceledListSlice: Element #308 is 20504 bytes.
08-02 17:20:48.136 5602 5627 W ApplicationInfo: Large ApplicationInfo parcel: size=25160 package=com.zhiliaoapp.musically splits=57 sharedLibs=8 resDirs=1 overlayPaths=1
08-02 17:20:48.152 5602 5627 W ApplicationInfo: Large ApplicationInfo parcel: size=25160 package=com.zhiliaoapp.musically splits=57 sharedLibs=8 resDirs=1 overlayPaths=1
08-02 17:20:48.169 1761 2517 D HintManagerService: Starts cleaning for 10615
08-02 17:20:48.177 5602 5627 W ApplicationInfo: Large ApplicationInfo parcel: size=25160 package=com.zhiliaoapp.musically splits=57 sharedLibs=8 resDirs=1 overlayPaths=1
08-02 17:20:48.184 17882 17909 D WM-SystemJobScheduler: Scheduling work ID 4717f14f-061d-48b1-b32d-dedb428718f2 (com.google.apps.tiktok.contrib.work.TikTokListenableWorker), Job ID 162648
08-02 17:20:48.195 17882 17909 D WM-GreedyScheduler: Ignoring {WorkSpec: b063b03a-e74c-4b6a-8e2a-200e9d4f8abd}. Requires ContentUri triggers.
08-02 17:20:48.203 5602 5627 W ApplicationInfo: Large ApplicationInfo parcel: size=25160 package=com.zhiliaoapp.musically splits=57 sharedLibs=8 resDirs=1 overlayPaths=1
08-02 17:20:48.218 5602 5627 W ApplicationInfo: Large ApplicationInfo parcel: size=25160 package=com.zhiliaoapp.musically splits=57 sharedLibs=8 resDirs=1 overlayPaths=1
08-02 17:20:48.227 5602 5627 W ApplicationInfo: Large ApplicationInfo parcel: size=25160 package=com.zhiliaoapp.musically splits=57 sharedLibs=8 resDirs=1 overlayPaths=1
08-02 17:20:48.233 5602 5627 W ApplicationInfo: Large ApplicationInfo parcel: size=25160 package=com.zhiliaoapp.musically splits=57 sharedLibs=8 resDirs=1 overlayPaths=1
08-02 17:20:48.244 1761 9948 W ApplicationInfo: Large ApplicationInfo parcel: size=20140 package=com.zhiliaoapp.musically splits=57 sharedLibs=8 resDirs=1 overlayPaths=1
08-02 17:20:48.244 1761 9948 W ParceledListSlice: Element #308 is 20504 bytes.
08-02 17:20:48.298 1761 5046 W ApplicationInfo: Large ApplicationInfo parcel: size=20140 package=com.zhiliaoapp.musically splits=57 sharedLibs=8 resDirs=1 overlayPaths=1
08-02 17:20:48.299 1761 5046 W ParceledListSlice: Element #308 is 20504 bytes.
08-02 17:20:48.324 32367 32378 W hirdpartyclient: Reducing the number of considered missed Gc histogram windows from 400 to 100
08-02 17:20:48.379 19172 19181 I exzc : (REDACTED) HDM. appOpsListener %s %s
08-02 17:20:48.379 19172 19181 I exzc : (REDACTED) HDM. Ignoring irrelevant audio permission changes for package %s
08-02 17:20:48.476 24905 24918 I pixel-thermal: usb_conn_therm:28.7 raw data: usb_conn_therm:28700
08-02 17:20:48.544 19676 19676 I Choreographer: Skipped 53 frames! The application may be doing too much work on its main thread.
08-02 17:20:48.563 5736 7097 I FontLog : (REDACTED) Received query %s, URI %s
08-02 17:20:48.563 5736 7097 I FontLog : (REDACTED) Query [%s] resolved to %s
08-02 17:20:48.565 5736 7097 I FontLog : (REDACTED) Fetch %s end status %s
08-02 17:20:48.570 5736 7097 I FontLog : (REDACTED) Pulling font file for id = %d, cache size = %d
08-02 17:20:48.577 5602 5627 D AlphabeticIndexCompat: computeSectionName: cs: Settings sectionName: S
08-02 17:20:48.579 5602 5627 D AlphabeticIndexCompat: computeSectionName: cs: Kogan.com sectionName: K
08-02 17:20:48.586 5736 5811 I FontLog : (REDACTED) Pulling font file for id = %d, cache size = %d
08-02 17:20:48.586 5602 5627 D AlphabeticIndexCompat: computeSectionName: cs: Sheets sectionName: S
08-02 17:20:48.587 5602 5627 D AlphabeticIndexCompat: computeSectionName: cs: Beem sectionName: B
08-02 17:20:48.588 5602 5627 D AlphabeticIndexCompat: computeSectionName: cs: Gemini sectionName: G
08-02 17:20:48.588 5602 5627 D AlphabeticIndexCompat: computeSectionName: cs: Block Blast! sectionName: B
08-02 17:20:48.589 5602 5627 D AlphabeticIndexCompat: computeSectionName: cs: Linktree sectionName: L
08-02 17:20:48.590 5602 5627 D AlphabeticIndexCompat: computeSectionName: cs: My Telstra sectionName: M
08-02 17:20:48.590 5602 5627 D AlphabeticIndexCompat: computeSectionName: cs: Pixel Weather sectionName: P
08-02 17:20:48.595 1761 2024 E TransitionChain: Can't collect into a chain with no transition
08-02 17:20:48.595 1761 2024 E TransitionChain: Can't collect into a chain with no transition
08-02 17:20:48.597 1761 2504 W UsageStatsService: Unexpected activity event reported! (com.catdaddy.cat22/com.catdaddy.cat22.StaticLibLoader event : 23 instanceId : 178755181)
08-02 17:20:48.600 1761 2024 D CorePackageUpdate: onRecentTaskRemoved Removing task: 8670
08-02 17:20:48.600 1761 2024 D CorePackageUpdate: Couldn't find a persistent state for task= 8670
08-02 17:20:48.602 5602 5602 D RecentsView: onTaskRemoved: 8670, not handling task stack changes
08-02 17:20:48.602 5602 5602 D RecentsView: onTaskRemoved: 8670, not handling task stack changes
08-02 17:20:48.603 3566 3610 V RecentTasksController: Notify recent tasks changed
08-02 17:20:48.603 5602 5602 D RecentTasksList: invalidateLoadedTasks - previous requestLoadId: -1
08-02 17:20:48.606 3566 3610 V ShellTaskOrganizer: Task vanished taskId=8670
08-02 17:20:48.606 3566 3610 V ShellTaskOrganizer: Fullscreen Task Vanished: #8670
08-02 17:20:48.606 3566 3610 V ShellDesktopMode: Task Vanished: #8670 closed=true
08-02 17:20:48.607 3566 3610 D ShellPackageUpdate: PackageUpdateController: Removing handlePackageUpdate for task: 8670
08-02 17:20:48.608 1761 2024 E WindowOrganizerController: Attempting to externally change a non-organized container: Task{2710e84 #8670 type=standard A=10491:com.catdaddy.cat22 nonResizable}={handlePackageUpdate:false,} playercount=2 taskorg=android.window.ITaskOrganizer$Stub$Proxy@3a83583
08-02 17:20:48.608 3566 3610 V RecentTasksController: Notify recent tasks changed
08-02 17:20:48.609 3566 3610 D ShellDesktopMode: AppToWebRepository: Task 8670 is vanishing. Removing task data from repository
08-02 17:20:48.609 5602 5602 D RecentTasksList: invalidateLoadedTasks - previous requestLoadId: -1
08-02 17:20:48.610 3566 3610 V AppCompat: SingleSurfaceLetterboxController: []
08-02 17:20:48.610 3566 3610 V AppCompat: MultiSurfaceLetterboxController: []
08-02 17:20:48.610 3566 3610 V AppCompat: LetterboxInputController: []
08-02 17:20:48.610 3566 3610 V AppCompat: RoundedCornersLetterboxController: {}
08-02 17:20:48.610 5602 5627 D AlphabeticIndexCompat: computeSectionName: cs: Dasher sectionName: D
08-02 17:20:48.611 5602 5627 D AlphabeticIndexCompat: computeSectionName: cs: AfterShip sectionName: A
08-02 17:20:48.611 5602 5627 D AlphabeticIndexCompat: computeSectionName: cs: Spotify sectionName: S
08-02 17:20:48.612 5602 5627 D AlphabeticIndexCompat: computeSectionName: cs: LinkedIn sectionName: L
08-02 17:20:48.613 5602 5627 D AlphabeticIndexCompat: computeSectionName: cs: Zoom sectionName: Z
08-02 17:20:48.613 5602 5627 D AlphabeticIndexCompat: computeSectionName: cs: CoinSpot sectionName: C
08-02 17:20:48.614 5602 5627 D AlphabeticIndexCompat: computeSectionName: cs: Notion sectionName: N
08-02 17:20:48.615 5602 5627 D AlphabeticIndexCompat: computeSectionName: cs: Audible sectionName: A
08-02 17:20:48.625 5602 5627 D AlphabeticIndexCompat: computeSectionName: cs: TradingView sectionName: T
08-02 17:20:48.626 5602 5627 D AlphabeticIndexCompat: computeSectionName: cs: PayPal sectionName: P
08-02 17:20:48.627 5602 5627 D AlphabeticIndexCompat: computeSectionName: cs: Pokémon GO sectionName: P
08-02 17:20:48.627 5602 5627 D AlphabeticIndexCompat: computeSectionName: cs: Balance sectionName: B
08-02 17:20:48.628 5602 5627 D AlphabeticIndexCompat: computeSectionName: cs: MEXC sectionName: M
08-02 17:20:48.629 5602 5627 D AlphabeticIndexCompat: computeSectionName: cs: Android System Intelligence sectionName: A
08-02 17:20:48.631 5602 5627 D AlphabeticIndexCompat: computeSectionName: cs: Home sectionName: H
08-02 17:20:48.632 5602 5627 D AlphabeticIndexCompat: computeSectionName: cs: TikTok sectionName: T
08-02 17:20:48.633 5602 5627 D AlphabeticIndexCompat: computeSectionName: cs: Facebook sectionName: F
08-02 17:20:48.634 5602 5627 D AlphabeticIndexCompat: computeSectionName: cs: Digital Wellbeing sectionName: D
08-02 17:20:48.634 5602 5627 D AlphabeticIndexCompat: computeSectionName: cs: NordVPN sectionName: N
08-02 17:20:48.635 5602 5627 D AlphabeticIndexCompat: computeSectionName: cs: Chrome sectionName: C
08-02 17:20:48.636 5602 5627 D AlphabeticIndexCompat: computeSectionName: cs: CapCut sectionName: C
08-02 17:20:48.643 5602 5627 D AlphabeticIndexCompat: computeSectionName: cs: Eurosport sectionName: E
08-02 17:20:48.644 5602 5627 D AlphabeticIndexCompat: computeSectionName: cs: DHgate sectionName: D
08-02 17:20:48.645 5602 5627 D AlphabeticIndexCompat: computeSectionName: cs: OWNA sectionName: O
08-02 17:20:48.646 5602 5627 D AlphabeticIndexCompat: computeSectionName: cs: AusPost sectionName: A
08-02 17:20:48.647 5602 5627 D AlphabeticIndexCompat: computeSectionName: cs: Malwarebytes sectionName: M
08-02 17:20:48.647 5602 5627 D AlphabeticIndexCompat: computeSectionName: cs: Ring sectionName: R
08-02 17:20:48.649 1761 2026 W ActivityManager: Skipping manifest association check for null package. SourceUid: 10139, SourcePkg: null, TargetUid: 10139, TargetPkg: com.google.android.gms
08-02 17:20:48.662 5602 5627 D AlphabeticIndexCompat: computeSectionName: cs: XTrend Speed sectionName: X
08-02 17:20:48.671 5602 5627 D AlphabeticIndexCompat: computeSectionName: cs: ChatGPT sectionName: C
08-02 17:20:48.675 5602 5627 D AlphabeticIndexCompat: computeSectionName: cs: Outlook sectionName: O
08-02 17:20:48.675 5602 5627 D AlphabeticIndexCompat: computeSectionName: cs: Mimo sectionName: M
08-02 17:20:48.676 5602 5627 D AlphabeticIndexCompat: computeSectionName: cs: Temu sectionName: T
08-02 17:20:48.677 5602 5627 D AlphabeticIndexCompat: computeSectionName: cs: Keep notes sectionName: K
08-02 17:20:48.678 5602 5627 D AlphabeticIndexCompat: computeSectionName: cs: Google sectionName: G
08-02 17:20:48.678 5602 5627 D AlphabeticIndexCompat: computeSectionName: cs: Snapchat sectionName: S
08-02 17:20:48.679 5602 5627 D AlphabeticIndexCompat: computeSectionName: cs: Photos sectionName: P
08-02 17:20:48.684 5602 5627 D AlphabeticIndexCompat: computeSectionName: cs: Google TV sectionName: G
08-02 17:20:48.685 5602 5627 D AlphabeticIndexCompat: computeSectionName: cs: IFTTT sectionName: I
08-02 17:20:48.686 5602 5627 D AlphabeticIndexCompat: computeSectionName: cs: Blynk IoT sectionName: B
08-02 17:20:48.686 5602 5627 D AlphabeticIndexCompat: computeSectionName: cs: Gmail sectionName: G
08-02 17:20:48.687 5602 5627 D AlphabeticIndexCompat: computeSectionName: cs: TikTok Studio sectionName: T
08-02 17:20:48.687 5602 5627 D AlphabeticIndexCompat: computeSectionName: cs: Translate sectionName: T
08-02 17:20:48.688 5602 5627 D AlphabeticIndexCompat: computeSectionName: cs: Firefox sectionName: F
08-02 17:20:48.694 30171 30197 W ogle.android.as: Suspending all threads took: 39.350ms
08-02 17:20:48.697 5602 5627 D AlphabeticIndexCompat: computeSectionName: cs: Crypto.com sectionName: C
08-02 17:20:48.698 5602 5627 D AlphabeticIndexCompat: computeSectionName: cs: Raiz sectionName: R
08-02 17:20:48.698 5602 5627 D AlphabeticIndexCompat: computeSectionName: cs: Contacts sectionName: C
08-02 17:20:48.699 5602 5627 D AlphabeticIndexCompat: computeSectionName: cs: Calendar sectionName: C
08-02 17:20:48.700 5602 5627 D AlphabeticIndexCompat: computeSectionName: cs: AliExpress sectionName: A
08-02 17:20:48.700 3566 3610 V RecentTasksController: Notify recent tasks changed
08-02 17:20:48.700 5602 5627 D AlphabeticIndexCompat: computeSectionName: cs: Docs sectionName: D
08-02 17:20:48.700 5602 5602 D RecentTasksList: invalidateLoadedTasks - previous requestLoadId: -1
08-02 17:20:48.701 5602 5627 D AlphabeticIndexCompat: computeSectionName: cs: Samsung Health sectionName: S
08-02 17:20:48.704 5602 5627 D AlphabeticIndexCompat: computeSectionName: cs: Alison sectionName: A
08-02 17:20:48.704 3566 3610 V RecentTasksController: generateList(getRecentTasks)
08-02 17:20:48.704 3566 3610 V RecentTasksController: initializeDesksMap - allDeskIds: []
08-02 17:20:48.704 3566 3610 V RecentTasksController: Task 8726 is not an active desktop task
08-02 17:20:48.704 3566 3610 V RecentTasksController: Added fullscreen task: 8726
08-02 17:20:48.704 3566 3610 V RecentTasksController: Task 8724 is not an active desktop task
08-02 17:20:48.704 3566 3610 V RecentTasksController: Added fullscreen task: 8724
