--------- beginning of main
08-02 17:20:46.297 1128 1166 E statsd : regex_error: subexpressions are not allowed, pattern: (\.[0-9a-fA-F]{4,})+$
08-02 17:20:46.309 20027 20027 I EuiccGoogle: [2] NetworkCache.getFirstActiveEuiccSlotId: isRemovableEsimDefault: false
08-02 17:20:46.315 20027 20027 I EuiccGoogle: [2] EuiccServiceImpl.onCreate: onCreate DSDS mode: simCardState is 11
08-02 17:20:46.316 20027 19619 I EuiccGoogle: [331] Partner.getResourceEntry$ar$ds$ar$class_merging$ar$class_merging$ar$class_merging: Partner app=com.google.android.euiccoverlay, Resource name=esim_supported_countries, type=string, partnerResId = 0
08-02 17:20:46.316 20027 19619 I EuiccGoogle: [331] Partner.getResourceEntry$ar$ds$ar$class_merging$ar$class_merging$ar$class_merging: Partner app=com.google.android.euiccoverlay, Resource name=esim_unsupported_countries, type=string, partnerResId = 2131755062
08-02 17:20:46.317 3849 4175 D EuiccConnector: handleMessage: E msg.what=4
08-02 17:20:46.317 3849 4175 D EuiccConnector: processMsg: DisconnectedState
08-02 17:20:46.317 3849 4175 D EuiccConnector: transitionTo: destState=ConnectedState
08-02 17:20:46.317 3849 4175 D EuiccConnector: handleMessage: new destination call exit/enter
08-02 17:20:46.317 3849 4175 D EuiccConnector: setupTempStateStackWithStatesToEnter: X mTempStateStackCount=1,curStateInfo: state=DisconnectedState,active=true,parent=null
08-02 17:20:46.317 3849 4175 D EuiccConnector: moveTempStackToStateStack: i=0,j=1
08-02 17:20:46.317 3849 4175 D EuiccConnector: moveTempStackToStateStack: X mStateStackTop=1,startingIndex=1,Top=ConnectedState
08-02 17:20:46.318 3849 4175 D EuiccConnector: invokeEnterMethods: ConnectedState
08-02 17:20:46.318 3849 4175 D EuiccConnector: moveDeferredMessageAtFrontOfQueue; what=103
08-02 17:20:46.318 3849 4175 D EuiccConnector: handleMessage: X
08-02 17:20:46.318 3849 4175 D EuiccConnector: handleMessage: E msg.what=103
08-02 17:20:46.318 3849 4175 D EuiccConnector: processMsg: ConnectedState
08-02 17:20:46.318 3849 4175 D EuiccConnector: handleMessage: X
08-02 17:20:46.323 20027 19619 I EuiccGoogle: [331] WindowInsetsCompat$TypeImpl30.getOverrideCarrierInfoListForConversion: enableNewConversionApi: true, enableConversionXosCarrierIdFromTransferConfig: false
08-02 17:20:46.323 20027 19619 I EuiccGoogle: [331] WindowInsetsCompat$TypeImpl30.getCarrierInfos: All carrier info overrides: []
08-02 17:20:46.323 20027 19623 I EuiccGoogle: [334] EuiccServiceImpl.onGetEuiccProfileInfoList: onGetEuiccProfileInfoList: slotId = 0
08-02 17:20:46.325 20027 19623 I EuiccGoogle: [334] EuiccServiceImpl.onGetEuiccProfileInfoList: slotId = 0, isRemovable = false
08-02 17:20:46.325 20027 19623 I EuiccGoogle: [334] EuiccServiceImpl.onGetEuiccProfileInfoList: onGetEuiccProfileInfoList: isRemovable = false.
08-02 17:20:46.325 20027 19623 I EuiccGoogle: [334] EuiccServiceImpl.onGetEuiccProfileInfoList: getSimCardState for slotId: 0
08-02 17:20:46.326 3567 3567 I SafetyLabelChangedBroadcastReceiver: received broadcast packageName: com.shire.mobile, current user: UserHandle{0}, packageChangeEvent: UPDATE, intent user: UserHandle{0}
08-02 17:20:46.327 20027 19619 I EuiccGoogle: [331] PhenotypeUpdatedReceiver.setPsimConversionSupportedCarriers: setPsimConversionSupportedCarriers:[1, 2, 3, 16, 576, 1404, 1644, 1779, 1915, 2020, 2021, 2053, 2090, 2102, 2122, 2419, 2683, 850, 1413, 27, 32, 959, 1187, 1480, 1670, 2119, 2120, 2018, 1581, 2110, 2536, 1344, 1895, 14, 580, 1403, 1962, 2083, 1365, 4, 7, 792, 1903, 1915, 2092, 2557, 678, 530, 6, 11, 34, 958, 1453, 1454, 1695, 1958, 1974, 2360, 2361]
08-02 17:20:46.328 1761 2518 I RoleService: Granting default roles...
08-02 17:20:46.330 20027 19623 I EuiccGoogle: [334] EuiccServiceImpl.onGetEuiccProfileInfoList: GetEuiccProfileInfoListResult: simCardState :11and simCardStateAtTelephony:11 for slot:0
08-02 17:20:46.330 20027 19623 I EuiccGoogle: [334] EuiccServiceImpl.getProfileInfoList: getProfileInfoList: slotId = 0, includeTestProfiles = false
08-02 17:20:46.330 20027 19623 I EuiccGoogle: [334] EuiccServiceImpl.getProfileInfoList: getProfileInfoList: slotId = 0, includeTestProfiles = false.
08-02 17:20:46.330 20027 19623 I EuiccGoogle: [334] EuiccServiceImpl.getEidFromSlotId: getEidFromSlotId: slotId = 0.
08-02 17:20:46.330 20027 19623 I EuiccGoogle: [334] NetworkCache.getEidForSlot: getEidForSlot: 0
08-02 17:20:46.332 20027 19623 I EuiccGoogle: [334] BlockingEuiccCardManager.requestAllProfiles: requestAllProfiles: cardId = [eOzY9t33uHTLfYqjiGvAEuLWZR0]
08-02 17:20:46.335 3567 3586 W ssioncontroller: Suspending all threads took: 9.189ms
08-02 17:20:46.342 3790 3790 I RegisteredComponentCache: generateComponentsList: New Components =>
08-02 17:20:46.343 3790 3790 I RegisteredComponentCache: ComponentInfo: ResolveInfo{c44bf8a com.google.android.tag/com.android.apps.tag.TagViewer m=0x108000 userHandle=UserHandle{0}}, techs: android.nfc.tech.Ndef,
08-02 17:20:46.343 3790 3790 I RegisteredComponentCache: ComponentInfo: ResolveInfo{a5dc9fb com.paypal.android.p2pmobile/com.paypal.android.pdsdk.ui.receive.PayDropReceiveActivity$EntryPoint m=0x108000 userHandle=UserHandle{0}}, techs: android.nfc.tech.IsoDep,
08-02 17:20:46.343 3790 3790 I RegisteredComponentCache: ComponentInfo: ResolveInfo{9baa18 com.paypal.android.p2pmobile/com.paypal.android.pdsdk.ui.send.PayDropSendingStatusActivity$EntryPoint m=0x108000 userHandle=UserHandle{0}}, techs: android.nfc.tech.IsoDep,
08-02 17:20:46.343 3790 3790 I RegisteredComponentCache: ComponentInfo: ResolveInfo{6aaec71 com.paypal.android.p2pmobile/com.paypal.android.pdsdk.ui.send.enteramount.PayDropEnterAmountActivity$EntryPoint m=0x108000 userHandle=UserHandle{0}}, techs: android.nfc.tech.IsoDep,
08-02 17:20:46.343 3790 3790 I RegisteredComponentCache: generateComponentsList: Removed Components =>
08-02 17:20:46.343 3790 3790 I RegisteredComponentCache: ComponentInfo: ResolveInfo{7bdfced com.google.android.tag/com.android.apps.tag.TagViewer m=0x108000 userHandle=UserHandle{0}}, techs: android.nfc.tech.Ndef,
08-02 17:20:46.343 3790 3790 I RegisteredComponentCache: ComponentInfo: ResolveInfo{b431722 com.paypal.android.p2pmobile/com.paypal.android.pdsdk.ui.receive.PayDropReceiveActivity$EntryPoint m=0x108000 userHandle=UserHandle{0}}, techs: android.nfc.tech.IsoDep,
08-02 17:20:46.343 3790 3790 I RegisteredComponentCache: ComponentInfo: ResolveInfo{2e965b3 com.paypal.android.p2pmobile/com.paypal.android.pdsdk.ui.send.PayDropSendingStatusActivity$EntryPoint m=0x108000 userHandle=UserHandle{0}}, techs: android.nfc.tech.IsoDep,
08-02 17:20:46.343 3790 3790 I RegisteredComponentCache: ComponentInfo: ResolveInfo{5cf0770 com.paypal.android.p2pmobile/com.paypal.android.pdsdk.ui.send.enteramount.PayDropEnterAmountActivity$EntryPoint m=0x108000 userHandle=UserHandle{0}}, techs: android.nfc.tech.IsoDep,
08-02 17:20:46.346 1761 5008 W PackageInfo: Large parcel: size=47672 pkg=com.google.android.gms uid=10139 perm=18128(95) reqPerm=20076(384) prevAllowSquashing=false
08-02 17:20:46.346 1761 5008 W PackageInfo: Large parcel: size=17664 pkg=com.google.android.gsf uid=10139 perm=12268(65) reqPerm=2648(58) prevAllowSquashing=false
08-02 17:20:46.346 1761 5821 W PackageInfo: Large parcel: size=34564 pkg=com.android.shell uid=2000 perm=188(1) reqPerm=30436(624) prevAllowSquashing=false
08-02 17:20:46.346 1761 5821 W ParceledListSlice: Element #3 is 34564 bytes.
08-02 17:20:46.347 1761 3710 E RoleControllerServiceImpl: Default/fallback role holder package doesn't qualify for the role, package: com.google.android.retaildemo, role: android.app.role.RETAIL_DEMO, user: 0
08-02 17:20:46.347 1761 3710 E RoleControllerServiceImpl: Default/fallback role holder package doesn't qualify for the role, package: com.google.android.gms.supervision, role: android.app.role.SYSTEM_SUPERVISION, user: 0
08-02 17:20:46.348 1761 3710 I Role : com.google.android.gms not qualified for android.app.role.SYSTEM_CALL_STREAMING due to missing RequiredComponent{mFlags='0', mIntentFilterData=IntentFilterData{mAction='android.telecom.CallStreamingService', mCategories='[]', mDataScheme='null', mDataType='null'}, mMetaData=[], mPermission='android.permission.BIND_CALL_STREAMING_SERVICE', mQueryFlags=0} Requirement{mFeatureFlag=null, mMinTargetSdkVersion=1}
08-02 17:20:46.348 1761 3710 E RoleControllerServiceImpl: Default/fallback role holder package doesn't qualify for the role, package: com.google.android.gms, role: android.app.role.SYSTEM_CALL_STREAMING, user: 0
08-02 17:20:46.350 1761 5008 W PackageInfo: Large parcel: size=34564 pkg=com.android.shell uid=2000 perm=188(1) reqPerm=30436(624) prevAllowSquashing=false
08-02 17:20:46.352 14906 14906 I Finsky:background: [2] akmu - Received: android.intent.action.PACKAGE_ADDED, [HssJB-ifswuoPH4aldImrqCBAZJS4eHCSCA8OvCGbG4]
08-02 17:20:46.354 3790 3790 D NfcService: renewTagAppPrefList: TagAppPreference changed false
08-02 17:20:46.354 3790 3790 D RegisteredNfcFServicesCache: onReceive: Ignoring package intent due to package being replaced.
08-02 17:20:46.355 3790 3790 I RegisteredComponentCache: generateComponentsList: New Components =>
08-02 17:20:46.355 3790 3790 I RegisteredComponentCache: ComponentInfo: ResolveInfo{4bed3e1 com.google.android.tag/com.android.apps.tag.TagViewer m=0x108000 userHandle=UserHandle{0}}, techs: android.nfc.tech.Ndef,
08-02 17:20:46.355 3790 3790 I RegisteredComponentCache: ComponentInfo: ResolveInfo{ad4f506 com.paypal.android.p2pmobile/com.paypal.android.pdsdk.ui.receive.PayDropReceiveActivity$EntryPoint m=0x108000 userHandle=UserHandle{0}}, techs: android.nfc.tech.IsoDep,
08-02 17:20:46.355 3790 3790 I RegisteredComponentCache: ComponentInfo: ResolveInfo{7f857c7 com.paypal.android.p2pmobile/com.paypal.android.pdsdk.ui.send.PayDropSendingStatusActivity$EntryPoint m=0x108000 userHandle=UserHandle{0}}, techs: android.nfc.tech.IsoDep,
08-02 17:20:46.355 3790 3790 I RegisteredComponentCache: ComponentInfo: ResolveInfo{a6631f4 com.paypal.android.p2pmobile/com.paypal.android.pdsdk.ui.send.enteramount.PayDropEnterAmountActivity$EntryPoint m=0x108000 userHandle=UserHandle{0}}, techs: android.nfc.tech.IsoDep,
08-02 17:20:46.355 3790 3790 I RegisteredComponentCache: generateComponentsList: Removed Components =>
08-02 17:20:46.355 3790 3790 I RegisteredComponentCache: ComponentInfo: ResolveInfo{c44bf8a com.google.android.tag/com.android.apps.tag.TagViewer m=0x108000 userHandle=UserHandle{0}}, techs: android.nfc.tech.Ndef,
08-02 17:20:46.355 3790 3790 I RegisteredComponentCache: ComponentInfo: ResolveInfo{a5dc9fb com.paypal.android.p2pmobile/com.paypal.android.pdsdk.ui.receive.PayDropReceiveActivity$EntryPoint m=0x108000 userHandle=UserHandle{0}}, techs: android.nfc.tech.IsoDep,
08-02 17:20:46.355 3790 3790 I RegisteredComponentCache: ComponentInfo: ResolveInfo{9baa18 com.paypal.android.p2pmobile/com.paypal.android.pdsdk.ui.send.PayDropSendingStatusActivity$EntryPoint m=0x108000 userHandle=UserHandle{0}}, techs: android.nfc.tech.IsoDep,
08-02 17:20:46.355 3790 3790 I RegisteredComponentCache: ComponentInfo: ResolveInfo{6aaec71 com.paypal.android.p2pmobile/com.paypal.android.pdsdk.ui.send.enteramount.PayDropEnterAmountActivity$EntryPoint m=0x108000 userHandle=UserHandle{0}}, techs: android.nfc.tech.IsoDep,
08-02 17:20:46.356 3567 3586 I ssioncontroller: Background young concurrent mark compact GC freed 636KB AllocSpace bytes, 0(0B) LOS objects, 97% free, 5968KB/256MB, paused 9.898ms,2.943ms total 70.592ms
08-02 17:20:46.356 3567 3586 W ssioncontroller: Reducing the number of considered missed Gc histogram windows from 400 to 100
08-02 17:20:46.357 1761 2498 W PackageInfo: Large parcel: size=47672 pkg=com.google.android.gms uid=10139 perm=18128(95) reqPerm=20076(384) prevAllowSquashing=false
08-02 17:20:46.357 1761 2498 W PackageInfo: Large parcel: size=17664 pkg=com.google.android.gsf uid=10139 perm=12268(65) reqPerm=2648(58) prevAllowSquashing=false
08-02 17:20:46.357 14906 14983 I Finsky:background: [187] IQ:PSL: skipping onPackageRemoved(replacing=true) for untracked package=com.shire.mobile
08-02 17:20:46.358 1761 2498 W PackageInfo: Large parcel: size=34564 pkg=com.android.shell uid=2000 perm=188(1) reqPerm=30436(624) prevAllowSquashing=false
08-02 17:20:46.358 1761 2498 W ParceledListSlice: Element #3 is 34564 bytes.
08-02 17:20:46.360 1761 5008 W PackageInfo: Large parcel: size=34564 pkg=com.android.shell uid=2000 perm=188(1) reqPerm=30436(624) prevAllowSquashing=false
08-02 17:20:46.361 14906 14906 I Finsky:background: [2] akmu - Received: android.intent.action.PACKAGE_ADDED, [HssJB-ifswuoPH4aldImrqCBAZJS4eHCSCA8OvCGbG4]
08-02 17:20:46.361 3790 3790 D NfcService: renewTagAppPrefList: TagAppPreference changed false
08-02 17:20:46.362 14906 14906 I Finsky:background: [2] akmu - Deduping intent android.intent.action.PACKAGE_ADDED
08-02 17:20:46.363 3567 22914 I PermissionControllerServiceImpl: Updating user sensitive for uid 10615
08-02 17:20:46.365 1761 5821 W ApplicationInfo: Large ApplicationInfo parcel: size=20140 package=com.zhiliaoapp.musically splits=57 sharedLibs=8 resDirs=1 overlayPaths=1
08-02 17:20:46.365 1761 5821 W PackageInfo: Large parcel: size=22164 pkg=com.zhiliaoapp.musically uid=10310 prevAllowSquashing=false
08-02 17:20:46.366 14906 19625 I Finsky:background: [516] Wrote row to frosting DB: 114637
08-02 17:20:46.367 14906 14906 I Finsky:background: [2] akmu - Received: android.intent.action.PACKAGE_ADDED, [HssJB-ifswuoPH4aldImrqCBAZJS4eHCSCA8OvCGbG4]
08-02 17:20:46.369 14906 19625 I Finsky:background: [516] Wrote row to frosting DB: 114638
08-02 17:20:46.370 14906 14906 I Finsky:background: [2] akmu - Deduping intent android.intent.action.PACKAGE_ADDED
08-02 17:20:46.371 14906 14997 I Finsky:background: [189] RECEIVER_PACKAGE_MONITOR_BACKGROUND#logWorkEndAndFinishGoAsync: SUCCESS
08-02 17:20:46.372 14906 19625 I Finsky:background: [516] Wrote row to frosting DB: 114639
08-02 17:20:46.373 14906 19625 I Finsky:background: [516] Wrote row to frosting DB: 114640
08-02 17:20:46.374 1761 3710 I Role : com.google.android.gms not qualified for android.app.role.SYSTEM_DEPENDENCY_INSTALLER due to missing RequiredComponent{mFlags='0', mIntentFilterData=IntentFilterData{mAction='android.content.pm.action.INSTALL_DEPENDENCY', mCategories='[]', mDataScheme='null', mDataType='null'}, mMetaData=[], mPermission='android.permission.BIND_DEPENDENCY_INSTALLER', mQueryFlags=0} Requirement{mFeatureFlag=null, mMinTargetSdkVersion=1}
08-02 17:20:46.374 1761 3710 E RoleControllerServiceImpl: Default/fallback role holder package doesn't qualify for the role, package: com.google.android.gms, role: android.app.role.SYSTEM_DEPENDENCY_INSTALLER, user: 0
08-02 17:20:46.374 14906 19625 I Finsky:background: [516] Wrote row to frosting DB: 114641
08-02 17:20:46.375 14906 19625 I Finsky:background: [516] Wrote row to frosting DB: 114642 --------- beginning of system
08-02 17:20:46.376 1761 2516 W ActivityManager: pid 27695 has 96 free async space, killing
08-02 17:20:46.377 1761 2516 I ActivityManager: binder error: kill 27695 Async binder space running out while frozen
08-02 17:20:46.377 1761 1985 I ActivityManager: Killing 27695:com.swm.live/u0a554 (adj 945): Async binder space running out while frozen
08-02 17:20:46.389 1761 2516 W ActivityManager: pid 28081 has 32 free async space, killing
08-02 17:20:46.389 1761 2516 I ActivityManager: binder error: kill 28081 Async binder space running out while frozen
08-02 17:20:46.389 1761 1985 I ActivityManager: Killing 28081:com.microsoft.teams/u0a334 (adj 975): Async binder space running out while frozen
08-02 17:20:46.398 16346 16350 W ackageinstaller: Cleared Reference was only reachable from finalizer (only reported once)
08-02 17:20:46.406 1761 3710 E ApduServiceInfo: Not adding with empty or invalid AIDs
08-02 17:20:46.438 1450 1450 I adbd : adbd service requested 'shell,v2,TERM=xterm,raw:am force-stop com.shire.mobile'
08-02 17:20:46.448 1761 5390 I PackageManager: getInstalledPackages: callingUid=1000 flags=134217856 updatedFlags=135004288 userId=0
08-02 17:20:46.453 20027 19623 I EuiccGoogle: [334] EuiccServiceImpl.onGetEuiccProfileInfoList: onGetEuiccProfileInfoList: Profile nickname = Skylo.
08-02 17:20:46.453 20027 19623 I EuiccGoogle: [334] EuiccServiceImpl.onGetEuiccProfileInfoList: onGetEuiccProfileInfoList: Profile info = EuiccProfileInfo (nickname=Skylo, serviceProviderName=Skylo, profileName=Skylo, profileClass=2, state=0, CarrierIdentifier=null, policyRules=0, accessRules=null, iccid=899019803[****]).
08-02 17:20:46.453 20027 19623 I EuiccGoogle: [334] EuiccServiceImpl.onGetEuiccProfileInfoList: onGetEuiccProfileInfoList: Profile nickname = AT&T.
08-02 17:20:46.453 20027 19623 I EuiccGoogle: [334] EuiccServiceImpl.onGetEuiccProfileInfoList: onGetEuiccProfileInfoList: Profile info = EuiccProfileInfo (nickname=AT&T, serviceProviderName=AT&T, profileName=6146D, profileClass=1, state=0, CarrierIdentifier=CarrierIdentifier{mcc=310,mnc=380,spn=null,imsi=null,gid1=39FF,gid2=FFFF,carrierid=-1,specificCarrierId=-1}, policyRules=0, accessRules=null, iccid=890138032[****]).
08-02 17:20:46.454 3849 4175 D EuiccConnector: handleMessage: E msg.what=6
08-02 17:20:46.454 3849 4175 D EuiccConnector: processMsg: ConnectedState
08-02 17:20:46.455 3849 4175 D EuiccConnector: handleMessage: X
08-02 17:20:46.455 3849 4175 D EuiccConnector: handleMessage: E msg.what=103
08-02 17:20:46.455 3849 4175 D EuiccConnector: processMsg: ConnectedState
08-02 17:20:46.456 3849 4175 D EuiccConnector: handleMessage: X
08-02 17:20:46.461 20027 19632 I EuiccGoogle: [335] EuiccServiceImpl.onGetEuiccProfileInfoList: onGetEuiccProfileInfoList: slotId = 0
08-02 17:20:46.463 20027 19632 I EuiccGoogle: [335] EuiccServiceImpl.onGetEuiccProfileInfoList: slotId = 0, isRemovable = false
08-02 17:20:46.463 20027 19632 I EuiccGoogle: [335] EuiccServiceImpl.onGetEuiccProfileInfoList: onGetEuiccProfileInfoList: isRemovable = false.
08-02 17:20:46.464 20027 19632 I EuiccGoogle: [335] EuiccServiceImpl.onGetEuiccProfileInfoList: getSimCardState for slotId: 0
08-02 17:20:46.465 20027 19632 I EuiccGoogle: [335] EuiccServiceImpl.onGetEuiccProfileInfoList: GetEuiccProfileInfoListResult: simCardState :11and simCardStateAtTelephony:11 for slot:0
08-02 17:20:46.466 20027 19632 I EuiccGoogle: [335] EuiccServiceImpl.getProfileInfoList: getProfileInfoList: slotId = 0, includeTestProfiles = false
08-02 17:20:46.466 20027 19632 I EuiccGoogle: [335] EuiccServiceImpl.getProfileInfoList: getProfileInfoList: slotId = 0, includeTestProfiles = false.
08-02 17:20:46.466 20027 19632 I EuiccGoogle: [335] EuiccServiceImpl.getEidFromSlotId: getEidFromSlotId: slotId = 0.
08-02 17:20:46.466 20027 19632 I EuiccGoogle: [335] NetworkCache.getEidForSlot: getEidForSlot: 0
08-02 17:20:46.466 20027 19632 I EuiccGoogle: [335] BlockingEuiccCardManager.requestAllProfiles: requestAllProfiles: cardId = [eOzY9t33uHTLfYqjiGvAEuLWZR0]
08-02 17:20:46.492 1761 3710 W SignedPackage: Cannot get ApplicationInfo for package: com.google.android.devicelockcontroller
08-02 17:20:46.506 1761 2498 D ActivityManager: sync unfroze 27910 com.google.android.webview:sandboxed_process0:org.chromium.content.app.SandboxedProcessService0:0 for 5
08-02 17:20:46.511 1761 9948 I ActivityManager: Force stopping com.shire.mobile appid=10615 user=0: from pid 19633
08-02 17:20:46.518 1761 9948 I ActivityManager: Killing 27910:com.google.android.webview:sandboxed_process0:org.chromium.content.app.SandboxedProcessService0:0/u0a554i195 (adj 0): isolated not needed
08-02 17:20:46.519 1129 1129 I Zygote : Process 27695 exited due to signal 9 (Killed)
08-02 17:20:46.520 1761 9948 I AppsFilter: interaction: PackageSetting{23d68c com.google.android.microdroid.empty_payload/10286} -> PackageSetting{8858ef8 com.shire.mobile/10615} BLOCKED
08-02 17:20:46.521 1761 1987 I libprocessgroup: Removed cgroup /sys/fs/cgroup/apps/uid_10554/pid_27695
08-02 17:20:46.527 3849 4175 D EuiccConnector: handleMessage: E msg.what=1
08-02 17:20:46.527 3849 4175 D EuiccConnector: processMsg: ConnectedState
08-02 17:20:46.527 3849 4175 D EuiccConnector: processMsg: DisconnectedState
08-02 17:20:46.529 3849 4175 D EuiccConnector: handleMessage: X
08-02 17:20:46.530 3849 3849 D CarrierSvcBindHelper: onHandleForceStop: [com.shire.mobile]
08-02 17:20:46.530 3849 3849 D CarrierSvcBindHelper: No carrier app for: 0
08-02 17:20:46.531 3849 3849 D CarrierSvcBindHelper: No carrier app for: 1
08-02 17:20:46.535 1761 9948 D ActivityManager: sync unfroze 28402 com.google.android.webview:sandboxed_process0:org.chromium.content.app.SandboxedProcessService0:0 for 5
08-02 17:20:46.538 1450 1450 I adbd : adbd service requested 'shell,v2,TERM=xterm,raw:am start -W -n com.shire.mobile/.MainActivity'
08-02 17:20:46.542 20027 19632 I EuiccGoogle: [335] EuiccServiceImpl.onGetEuiccProfileInfoList: onGetEuiccProfileInfoList: Profile nickname = Skylo.
08-02 17:20:46.542 1129 1129 I Zygote : Process 28081 exited due to signal 9 (Killed)
08-02 17:20:46.543 20027 19632 I EuiccGoogle: [335] EuiccServiceImpl.onGetEuiccProfileInfoList: onGetEuiccProfileInfoList: Profile info = EuiccProfileInfo (nickname=Skylo, serviceProviderName=Skylo, profileName=Skylo, profileClass=2, state=0, CarrierIdentifier=null, policyRules=0, accessRules=null, iccid=899019803[****]).
08-02 17:20:46.543 20027 19632 I EuiccGoogle: [335] EuiccServiceImpl.onGetEuiccProfileInfoList: onGetEuiccProfileInfoList: Profile nickname = AT&T.
08-02 17:20:46.543 20027 19632 I EuiccGoogle: [335] EuiccServiceImpl.onGetEuiccProfileInfoList: onGetEuiccProfileInfoList: Profile info = EuiccProfileInfo (nickname=AT&T, serviceProviderName=AT&T, profileName=6146D, profileClass=1, state=0, CarrierIdentifier=CarrierIdentifier{mcc=310,mnc=380,spn=null,imsi=null,gid1=39FF,gid2=FFFF,carrierid=-1,specificCarrierId=-1}, policyRules=0, accessRules=null, iccid=890138032[****]).
08-02 17:20:46.543 1761 1987 I libprocessgroup: Removed cgroup /sys/fs/cgroup/apps/uid_10334/pid_28081
08-02 17:20:46.546 3849 4175 D EuiccConnector: handleMessage: E msg.what=6
08-02 17:20:46.546 3849 4175 D EuiccConnector: processMsg: ConnectedState
08-02 17:20:46.546 3849 4175 D EuiccConnector: handleMessage: X
08-02 17:20:46.552 3650 3650 I Zygote : Process 27910 exited due to signal 9 (Killed)
08-02 17:20:46.552 1761 1987 I libprocessgroup: Removed cgroup /sys/fs/cgroup/apps/uid_99195/pid_27910
08-02 17:20:46.552 1761 1987 I libprocessgroup: Removed cgroup /sys/fs/cgroup/apps/uid_99195
08-02 17:20:46.559 28402 28402 I cr_ChildProcessService: Destroying ChildProcessService pid=28402
08-02 17:20:46.576 28402 28402 I ocessService0:0: System.exit called, status: 0
08-02 17:20:46.576 28402 28402 I AndroidRuntime: VM exiting with result code 0, cleanup skipped.
08-02 17:20:46.577 32083 32083 I Finsky : [2] AIM: AppInfoCacheUpdater -> invalidating apps: [com.shire.mobile]
08-02 17:20:46.581 1761 9948 W ActivityTaskManager: callingPackage for (uid=2000, pid=19670) has no WPC
08-02 17:20:46.583 32083 32083 I Finsky : [2] AIM: AppInfoManager-Perf > getApps > called for 1 apps
08-02 17:20:46.583 1761 9948 V GrammaticalInflectionUtils: AttributionSource: android.content.AttributionSource@86d2097b does not have READ_SYSTEM_GRAMMATICAL_GENDER permission.
08-02 17:20:46.584 15158 15193 W ndroid.keychain: Suspending all threads took: 179.257ms
08-02 17:20:46.584 1761 9948 D ActivityTaskManager: Temporarily retain top process state for launching app
08-02 17:20:46.590 5602 5602 D RecentsView: onTaskDisplayChanged: 8726, new displayId = 0
08-02 17:20:46.591 1761 9948 I AppsFilter: interaction: PackageSetting{23d68c com.google.android.microdroid.empty_payload/10286} -> PackageSetting{d4fb0a0 com.shire.mobile/10615} BLOCKED
08-02 17:20:46.598 1761 9948 V ActivityTaskManager: TaskLaunchParamsModifier: phase=3 task=Task{a0b70d2 #8726 type=standard A=10615:com.shire.mobile} activity=ActivityRecord{122548061 u0 com.shire.mobile/.MainActivity t-1} display-from-task=0 display-id=0 task-display-area-windowing-mode=1 suggested-display-area=DefaultTaskDisplayArea@43236778 inherit-from-task=fullscreen non-freeform-task-display-area display-area=DefaultTaskDisplayArea@43236778 skip-bounds-fullscreen
08-02 17:20:46.598 1761 9948 I ActivityTaskManager: START u0 {flg=0x10000000 xflg=0x5 cmp=com.shire.mobile/.MainActivity} with LAUNCH_MULTIPLE from uid 2000 (com.android.shell) (BAL_ALLOW_PERMISSION) result code=0
08-02 17:20:46.598 1761 1975 V GrammaticalInflectionUtils: AttributionSource: android.content.AttributionSource@86d2097b does not have READ_SYSTEM_GRAMMATICAL_GENDER permission.
08-02 17:20:46.599 3566 3610 V WindowManagerShell: Transition requested (#6018): android.os.BinderProxy@1ab0741 TransitionRequestInfo { type = OPEN, triggerTask = TaskInfo{userId=0 taskId=8726 effectiveUid=10615 displayId=0 isRunning=true baseIntent=Intent { flg=0x10000000 cmp=com.shire.mobile/.MainActivity } baseActivity=ComponentInfo{com.shire.mobile/com.shire.mobile.MainActivity} topActivity=ComponentInfo{com.shire.mobile/com.shire.mobile.MainActivity} origActivity=null realActivity=ComponentInfo{com.shire.mobile/com.shire.mobile.MainActivity} realActivityIsAppLockEnabled=false numActivities=1 lastActiveTime=263463873 supportsMultiWindow=true supportsMultiWindowWithoutConstraints=true resizeMode=1 isResizeable=true minWidth=-1 minHeight=-1 defaultMinSize=220 token=WCT{android.os.BinderProxy@f4e14e6} topActivityType=1 pictureInPictureParams=null shouldDockBigOverlays=false launchIntoPipHostTaskId=-1 lastParentTaskIdBeforePip=-1 displayCutoutSafeInsets=Rect(0, 152 - 0, 0) topActivityInfo=ActivityInfo{e812a27 com.shire.mobile.MainActivity} launchCookies=[] positionInParent=Point(0, 0) parentTaskId=-1 isFocused=false isInteractive=false isVisible=false isVisibleRequested=false isTopActivityNoDisplay=false isSleeping=true locusId=null displayAreaFeatureId=1 isTopActivityTransparent=false isActivityStackTransparent=false lastNonFullscreenBounds=null leafTaskBoundsFromOptions= false capturedLink=null capturedLinkTimestamp=0 requestedVisibleTypes=503 topActivityRequestOpenInBrowserEducationTimestamp=0 appCompatTaskInfo=AppCompatTaskInfo { topActivityInSizeCompat=false isLeafTask= true eligibleForLetterboxEducation= false isLetterboxEducationEnabled= false isLetterboxDoubleTapEnabled= false eligibleForUserAspectRatioButton= false topActivityBoundsLetterboxed= false isFromLetterboxDoubleTap= false topActivityLetterboxVerticalPosition= -1 topActivityLetterboxHorizontalPosition= -1 topActivityLetterboxWidth=-1 topActivityLetterboxHeight=-1 topActivityAppBounds=Rect(0, 0 - 1080, 2424) isUserFullscreenOverrideEnabled=false isSystemFullscreenOverrideEnabled=false hasMinAspectRatioOverride=false topActivityLetterboxBounds=null topNonResizableActivityAspectRatio=-1.0} topActivityMainWindowFrame=null isAppBubble=false}, pipChange = null, remoteTransitionInfo = null, displayChanges = null, requestedLocation = null, userChange = null, windowingLayerChange = null, fullscreenRequestChange = null, flags = 0, debugId = 6018 }
08-02 17:20:46.599 3566 3610 W DisconnectHandler: No disconnect change found in the transition, not handling request.
08-02 17:20:46.599 3566 3610 V ShellDesktopMode: DesktopTasksController: skipping handleRequest reason=triggerTask's display doesn't support desktop mode
08-02 17:20:46.599 3566 3610 D ShellSplitScreen: logExit: no-op, mLoggerSessionId is null
08-02 17:20:46.600 3566 3610 V RecentTasksController: Notify recent tasks changed
08-02 17:20:46.600 1761 5804 V SafetySourceDataValidat: Package: com.android.vending has expected signature
08-02 17:20:46.600 1761 5804 V SafetySourceDataValidat: Package: com.android.vending has expected signature
08-02 17:20:46.600 32083 32143 I Finsky : [180] AIM: AppInfoManager-Perf > OnDeviceAppInfo > cacheHitCount=0, cacheMissCount=1. Missed in cache (limit 10) : [com.shire.mobile]
08-02 17:20:46.603 5602 5602 D RecentTasksList: invalidateLoadedTasks - previous requestLoadId: -1
08-02 17:20:46.604 1761 1975 I DisplayDeviceRepository: Display device changed render timings: "Inner Display", renderFrameRate=120.00001, presentationDeadlineNanos=11500000, appVsyncOffsetNanos=6233332, frameRateOverrides=[{uid=10235 frameRateHz=120.00001}]
08-02 17:20:46.610 1761 5804 D IntervalStats: Unable to parse usage stats packages: [28, 38, 169, 194, 320, 321, 323, 344, 350, 354, 364, 383, 389, 408, 420, 422, 424, 426, 427, 429, 453, 455, 461, 465, 477, 484, 492, 493, 496, 498, 499, 518, 534, 544, 548, 551, 552, 553, 558, 573, 575, 578, 587, 588, 590, 595, 597, 603, 605, 619, 632, 671, 684, 685, 686, 687, 688]
08-02 17:20:46.610 1129 1129 D Zygote : Forked child process 19676
08-02 17:20:46.610 1761 1986 I ActivityManager: Start proc 19676:com.shire.mobile/u0a615 for top-activity {com.shire.mobile/com.shire.mobile.MainActivity}
08-02 17:20:46.611 1761 2024 I ActivityManager: Killing 28402:com.google.android.webview:sandboxed_process0:org.chromium.content.app.SandboxedProcessService0:0/u0a334i185 (adj 0): isolated not needed
08-02 17:20:46.613 32083 32143 I Finsky : [180] AIM: AppInfoManager-Perf > OnDeviceAppInfo > cacheHitCount=1, cacheMissCount=0. Missed in cache (limit 10) : []
08-02 17:20:46.614 19676 19676 I libprocessgroup: Created cgroup /sys/fs/cgroup/apps/uid_10615/pid_19676
08-02 17:20:46.617 32083 32145 I Finsky : [182] AIM: Got app ownership map. App counts: . Unique apps: 0
08-02 17:20:46.617 32083 32143 I Finsky : [180] AIM: Got app ownership map. App counts: . Unique apps: 0
08-02 17:20:46.618 32083 32143 E Finsky : [180] [Counters] attempted to use a non-positive increment for: 4752
08-02 17:20:46.618 32083 32145 E Finsky : [182] [Counters] attempted to use a non-positive increment for: 4752
08-02 17:20:46.618 32083 32145 E Finsky : [182] [Counters] attempted to use a non-positive increment for: 4753
08-02 17:20:46.618 32083 32145 E Finsky : [182] [Counters] attempted to use a non-positive increment for: 4753
08-02 17:20:46.619 19676 19676 I Zygote : Process 19676 created for com.shire.mobile
08-02 17:20:46.619 19676 19676 I om.shire.mobile: Late-enabling -Xcheck:jni
08-02 17:20:46.631 3650 3650 I Zygote : Process 28402 exited cleanly (0)
08-02 17:20:46.632 19676 19676 I om.shire.mobile: Using generational CollectorTypeCMC GC.
08-02 17:20:46.636 1761 5812 D ActivityManager: sync unfroze 29393 com.google.android.apps.wellbeing for 7
08-02 17:20:46.636 5736 19545 I NearbySharing: Got package event: PackageRemoved(packageName=com.shire.mobile)
08-02 17:20:46.640 1761 1987 I libprocessgroup: Removed cgroup /sys/fs/cgroup/apps/uid_99185/pid_28402
08-02 17:20:46.641 1761 1987 I libprocessgroup: Removed cgroup /sys/fs/cgroup/apps/uid_99185
08-02 17:20:46.645 32083 32083 I Finsky : [2] akne - Received: android.intent.action.PACKAGE_ADDED, [HssJB-ifswuoPH4aldImrqCBAZJS4eHCSCA8OvCGbG4]
08-02 17:20:46.648 19676 19676 D nativeloader: Load libframework-connectivity-tiramisu-jni.so using APEX ns com_android_tethering for caller /apex/com.android.tethering/javalib/framework-connectivity-t.jar: ok
08-02 17:20:46.649 1450 1487 I adbd : jdwp connection from 19676
08-02 17:20:46.653 19172 19210 I alxt : (REDACTED) Invalidating %s caches for %s
08-02 17:20:46.656 19172 19210 I edbi : (REDACTED) Invalidation request: %s
08-02 17:20:46.657 5336 5336 W MediaProvider: WorkProfileOwnerApps cache is empty
08-02 17:20:46.659 5336 5336 D PickerSyncLockManager: Trying to acquire lock com.android.providers.media.photopicker.sync.CloseableReentrantLock@3febf95[Unlocked]. Lock Name = CLOUD_PROVIDER_LOCK. Threads that may be waiting to acquire this lock = []
08-02 17:20:46.659 5336 5336 D CloseableReentrantLock: Successfully acquired lock com.android.providers.media.photopicker.sync.CloseableReentrantLock@3febf95[Locked by thread main]. Lock Name = CLOUD_PROVIDER_LOCK. Threads that may be waiting to acquire this lock = []
08-02 17:20:46.659 5336 5336 D CloseableReentrantLock: Successfully released lock com.android.providers.media.photopicker.sync.CloseableReentrantLock@3febf95[Unlocked]. Lock Name = CLOUD_PROVIDER_LOCK. Threads that may be waiting to acquire this lock = []
08-02 17:20:46.662 32083 32083 I Finsky : [2] AIM: AppInfoCacheUpdater -> invalidating apps: [com.shire.mobile]
08-02 17:20:46.663 32083 32083 I Finsky : [2] AIM: AppInfoManager-Perf > getApps > called for 1 apps
08-02 17:20:46.663 32083 32143 I Finsky : [180] AIM: AppInfoManager-Perf > OnDeviceAppInfo > cacheHitCount=0, cacheMissCount=1. Missed in cache (limit 10) : [com.shire.mobile]
08-02 17:20:46.664 32083 32083 I Finsky : [2] DTU: Received onPackageAdded, replacing: true
08-02 17:20:46.665 1761 3917 D IntervalStats: Unable to parse usage stats packages: [28, 38, 169, 194, 320, 321, 323, 344, 350, 354, 364, 383, 389, 408, 420, 422, 424, 426, 427, 429, 453, 455, 461, 465, 477, 484, 492, 493, 496, 498, 499, 518, 534, 544, 548, 551, 552, 553, 558, 573, 575, 578, 587, 588, 590, 595, 597, 603, 605, 619, 632, 671, 684, 685, 686, 687, 688]
08-02 17:20:46.673 19172 19203 I alxt : (REDACTED) Invalidating %s caches for %s
08-02 17:20:46.673 19172 19203 I edbi : (REDACTED) Invalidation request: %s
08-02 17:20:46.677 32083 32144 I Finsky : [181] AIM: Got app ownership map. App counts: . Unique apps: 0
08-02 17:20:46.677 32083 32144 E Finsky : [181] [Counters] attempted to use a non-positive increment for: 4752
08-02 17:20:46.678 32083 32144 E Finsky : [181] [Counters] attempted to use a non-positive increment for: 4753
08-02 17:20:46.678 19676 19676 D ApplicationLoaders: Returning zygote-cached class loader: /system_ext/framework/androidx.window.extensions.jar
08-02 17:20:46.678 19676 19676 D ApplicationLoaders: Returning zygote-cached class loader: /system_ext/framework/androidx.window.sidecar.jar
08-02 17:20:46.681 5736 19545 I NearbySharing: Got package event: PackageAdded(packageName=com.shire.mobile)
08-02 17:20:46.690 32083 19680 I Finsky : [1360] SCH: Received scheduling request: Id: 12-1, Constraints: [{ L: 15000, D: 86400000, C: CHARGING_NONE, I: IDLE_NONE, N: NET_ANY, B: BATTERY_ANY }]
08-02 17:20:46.691 19172 19207 I efag : (REDACTED) maybeUpdateCacheDataForAddedPackage %s
08-02 17:20:46.695 19172 19210 I elhc : (REDACTED) Invalidated ContextKey: %s for %s.
08-02 17:20:46.695 19172 19210 I elhc : (REDACTED) Invalidated ContextKey: %s for %s.
08-02 17:20:46.697 32083 32144 I Finsky : [181] AIM: AppInfoManager-Perf > OnDeviceAppInfo > cacheHitCount=1, cacheMissCount=0. Missed in cache (limit 10) : []
08-02 17:20:46.698 32083 32144 I Finsky : [181] AIM: Got app ownership map. App counts: . Unique apps: 0
08-02 17:20:46.698 32083 32144 E Finsky : [181] [Counters] attempted to use a non-positive increment for: 4752
08-02 17:20:46.698 32083 32144 E Finsky : [181] [Counters] attempted to use a non-positive increment for: 4753
08-02 17:20:46.701 19172 19208 I elhl : (REDACTED) Fetching context keys %s. %s
08-02 17:20:46.701 19172 19209 I elhl : (REDACTED) Fetching context keys %s. %s
08-02 17:20:46.702 19172 19209 I elhl : (REDACTED) Fetching ContextResult for ContextKey: %s. %s
08-02 17:20:46.703 19172 19209 I elhl : (REDACTED) Fetching ContextResult for ContextKey: %s. %s
08-02 17:20:46.704 1761 2548 V AccessibilityUserState: updateShortcutTargets: type:accessibility_shortcut_target_service, current:{}, new:{}
08-02 17:20:46.704 1761 2548 V AccessibilityUserState: updateShortcutTargets: type:accessibility_qs_targets, current:{}, new:{}
08-02 17:20:46.704 1761 2548 V AccessibilityUserState: updateShortcutTargets: type:accessibility_button_targets, current:{}, new:{}
08-02 17:20:46.704 1761 2548 V AccessibilityUserState: updateShortcutTargets: type:accessibility_gesture_targets, current:{}, new:{}
08-02 17:20:46.704 1761 2548 V AccessibilityUserState: updateShortcutTargets: type:accessibility_key_gesture_targets, current:{}, new:{}
08-02 17:20:46.704 1761 2548 V AccessibilityUserState: updateShortcutTargets: type:accessibility_top_row_key_targets, current:{}, new:{}
08-02 17:20:46.704 1761 2548 V AccessibilityUserState: updateShortcutTargets: type:accessibility_quick_access_targets, current:{}, new:{}
08-02 17:20:46.705 1761 2548 V AccessibilityManagerService: onUserStateChangedLocked for userId: 0, forceUpdate: false
08-02 17:20:46.706 1761 2548 V AccessibilityUserState: updateShortcutTargets: type:accessibility_shortcut_target_service, current:{}, new:{}
08-02 17:20:46.706 1761 2548 V AccessibilityUserState: updateShortcutTargets: type:accessibility_button_targets, current:{}, new:{}
08-02 17:20:46.706 1761 2548 V AccessibilityUserState: updateShortcutTargets: type:accessibility_gesture_targets, current:{}, new:{}
08-02 17:20:46.706 1761 2548 V AccessibilityUserState: updateShortcutTargets: type:accessibility_qs_targets, current:{}, new:{}
08-02 17:20:46.706 1761 2548 V AccessibilityUserState: updateShortcutTargets: type:accessibility_key_gesture_targets, current:{}, new:{}
08-02 17:20:46.706 1761 2548 V AccessibilityUserState: updateShortcutTargets: type:accessibility_top_row_key_targets, current:{}, new:{}
08-02 17:20:46.706 1761 2548 V AccessibilityUserState: updateShortcutTargets: type:accessibility_quick_access_targets, current:{}, new:{}
08-02 17:20:46.706 1761 2548 W MagnificationConnectionManager: requestConnection duplicated request: connect=false, mConnectionState=DISCONNECTED
08-02 17:20:46.706 1761 2548 V AccessibilityUserState: updateShortcutTargets: type:accessibility_button_targets, current:{}, new:{}
08-02 17:20:46.706 1761 2548 V AccessibilityUserState: updateShortcutTargets: type:accessibility_qs_targets, current:{}, new:{}
08-02 17:20:46.706 1761 1761 V AccessibilityManagerService: onUserStateChangedLocked for userId: 0, forceUpdate: false
08-02 17:20:46.706 1761 1761 V AccessibilityUserState: updateShortcutTargets: type:accessibility_shortcut_target_service, current:{}, new:{}
08-02 17:20:46.706 1761 1761 V AccessibilityUserState: updateShortcutTargets: type:accessibility_button_targets, current:{}, new:{}
08-02 17:20:46.706 1761 1761 V AccessibilityUserState: updateShortcutTargets: type:accessibility_gesture_targets, current:{}, new:{}
08-02 17:20:46.706 1761 1761 V AccessibilityUserState: updateShortcutTargets: type:accessibility_qs_targets, current:{}, new:{}
08-02 17:20:46.706 1761 1761 V AccessibilityUserState: updateShortcutTargets: type:accessibility_key_gesture_targets, current:{}, new:{}
08-02 17:20:46.706 1761 1761 V AccessibilityUserState: updateShortcutTargets: type:accessibility_top_row_key_targets, current:{}, new:{}
08-02 17:20:46.706 1761 1761 V AccessibilityUserState: updateShortcutTargets: type:accessibility_quick_access_targets, current:{}, new:{}
08-02 17:20:46.706 1761 1761 W MagnificationConnectionManager: requestConnection duplicated request: connect=false, mConnectionState=DISCONNECTED
08-02 17:20:46.714 5736 19588 I NearbySharing: Got package event: PackageReplaced(packageName=com.shire.mobile)
08-02 17:20:46.714 32083 19680 I Finsky : [1360] SCH: Received scheduling request: Id: 12-1, Constraints: [{ L: 15000, D: 86400000, C: CHARGING_NONE, I: IDLE_NONE, N: NET_ANY, B: BATTERY_ANY }]
08-02 17:20:46.716 1761 1761 V AccessibilityManagerService: onUserStateChangedLocked for userId: 0, forceUpdate: false
08-02 17:20:46.716 1761 1761 V AccessibilityUserState: updateShortcutTargets: type:accessibility_shortcut_target_service, current:{}, new:{}
08-02 17:20:46.716 1761 1761 V AccessibilityUserState: updateShortcutTargets: type:accessibility_button_targets, current:{}, new:{}
08-02 17:20:46.716 1761 1761 V AccessibilityUserState: updateShortcutTargets: type:accessibility_gesture_targets, current:{}, new:{}
08-02 17:20:46.716 1761 1761 V AccessibilityUserState: updateShortcutTargets: type:accessibility_qs_targets, current:{}, new:{}
08-02 17:20:46.716 1761 1761 V AccessibilityUserState: updateShortcutTargets: type:accessibility_key_gesture_targets, current:{}, new:{}
08-02 17:20:46.716 1761 1761 V AccessibilityUserState: updateShortcutTargets: type:accessibility_top_row_key_targets, current:{}, new:{}
08-02 17:20:46.716 1761 1761 V AccessibilityUserState: updateShortcutTargets: type:accessibility_quick_access_targets, current:{}, new:{}
08-02 17:20:46.716 1761 1761 W MagnificationConnectionManager: requestConnection duplicated request: connect=false, mConnectionState=DISCONNECTED
08-02 17:20:46.719 658 19570 I keystore2: system/security/keystore2/watchdog/src/lib.rs:371 - Watchdog thread idle -> terminating. Have a great day.
08-02 17:20:46.721 1761 2548 V AccessibilityUserState: updateShortcutTargets: type:accessibility_shortcut_target_service, current:{}, new:{}
08-02 17:20:46.721 1761 2548 V AccessibilityUserState: updateShortcutTargets: type:accessibility_qs_targets, current:{}, new:{}
08-02 17:20:46.721 1761 2548 V AccessibilityUserState: updateShortcutTargets: type:accessibility_button_targets, current:{}, new:{}
08-02 17:20:46.721 1761 2548 V AccessibilityUserState: updateShortcutTargets: type:accessibility_gesture_targets, current:{}, new:{}
08-02 17:20:46.721 1761 2548 V AccessibilityUserState: updateShortcutTargets: type:accessibility_key_gesture_targets, current:{}, new:{}
08-02 17:20:46.721 32083 32083 I Finsky : [2] akne - Received: android.intent.action.PACKAGE_ADDED, [HssJB-ifswuoPH4aldImrqCBAZJS4eHCSCA8OvCGbG4]
08-02 17:20:46.723 1761 2548 V AccessibilityUserState: updateShortcutTargets: type:accessibility_top_row_key_targets, current:{}, new:{}
08-02 17:20:46.723 1761 2548 V AccessibilityUserState: updateShortcutTargets: type:accessibility_quick_access_targets, current:{}, new:{}
08-02 17:20:46.723 1761 2548 V AccessibilityManagerService: onUserStateChangedLocked for userId: 0, forceUpdate: false
08-02 17:20:46.727 1761 2548 V AccessibilityUserState: updateShortcutTargets: type:accessibility_shortcut_target_service, current:{}, new:{}
08-02 17:20:46.727 1761 2548 V AccessibilityUserState: updateShortcutTargets: type:accessibility_button_targets, current:{}, new:{}
08-02 17:20:46.727 1761 2548 V AccessibilityUserState: updateShortcutTargets: type:accessibility_gesture_targets, current:{}, new:{}
08-02 17:20:46.727 1761 2548 V AccessibilityUserState: updateShortcutTargets: type:accessibility_qs_targets, current:{}, new:{}
08-02 17:20:46.727 1761 2548 V AccessibilityUserState: updateShortcutTargets: type:accessibility_key_gesture_targets, current:{}, new:{}
08-02 17:20:46.727 1761 2548 V AccessibilityUserState: updateShortcutTargets: type:accessibility_top_row_key_targets, current:{}, new:{}
08-02 17:20:46.727 1761 2548 V AccessibilityUserState: updateShortcutTargets: type:accessibility_quick_access_targets, current:{}, new:{}
08-02 17:20:46.727 1761 2548 W MagnificationConnectionManager: requestConnection duplicated request: connect=false, mConnectionState=DISCONNECTED
08-02 17:20:46.732 5736 19545 I NearbySharing: Got package event: PackageReplaced(packageName=com.shire.mobile)
08-02 17:20:46.744 32083 32083 I Finsky : [2] akne - Deduping intent android.intent.action.PACKAGE_ADDED
08-02 17:20:46.746 32083 32083 I Finsky : [2] akne - Received: android.intent.action.PACKAGE_ADDED, [HssJB-ifswuoPH4aldImrqCBAZJS4eHCSCA8OvCGbG4]
08-02 17:20:46.749 1761 5390 E AppSearchAppIndxrImpl: Certificate not found for package: org.chromium.webapk.a3e290019259cbe34_v2
08-02 17:20:46.752 32083 32083 I Finsky : [2] akne - Deduping intent android.intent.action.PACKAGE_ADDED
08-02 17:20:46.752 32083 32121 I Finsky : [167] RECEIVER_PACKAGE_MONITOR#logWorkEndAndFinishGoAsync: SUCCESS
08-02 17:20:46.753 1177 1177 D usf_sensor_hal: hinge angle: Enter Batch. Period = 1000000, latency = 0.
08-02 17:20:46.761 622 622 I hwservicemanager: getTransport: Cannot find entry hardware.google.bluetooth.bt_channel_avoidance@1.0::IBTChannelAvoidance/default in either framework or device VINTF manifest.
08-02 17:20:46.762 1190 1214 W libbinder.BackendUnifiedServiceManager: Thread Pool max thread count is 0. Cannot cache binder as linkToDeath cannot be implemented. serviceName: vendor.google.bluetooth_ext.IBTChannelAvoidance/default
08-02 17:20:46.762 29040 19719 I AppBackupStateCleanupIO: Backup state cleanup on uninstall is disabled. [CONTEXT service_id=229 ]
08-02 17:20:46.762 1158 1158 I bluetooth_hal.extensions.channel_avoidance: SetBluetoothChannelStatus: Setting Channel Map <0xff 0x01 0x00 0xe0 0xff 0xff 0xff 0xff 0xff 0x7f>.
08-02 17:20:46.765 19172 19210 I elhl : (REDACTED) Fetching ContextResult for ContextKey: %s. %s
08-02 17:20:46.766 19172 19203 I elhl : (REDACTED) Fetching ContextResult for ContextKey: %s. %s
08-02 17:20:46.766 1158 1227 I bluetooth_hal.extensions.channel_avoidance: OnCommandCallback: Set Channel Avoidance VSE succeeded. Status: 0x0
08-02 17:20:46.769 19172 19209 W hbox:interactor: Monitor::Inflate: Install failed 0x21527c0
08-02 17:20:46.771 19172 19203 I edcl : (REDACTED) GetContext(%s, %s): %s from synchronized cache (status: %s)
08-02 17:20:46.772 19172 19204 I eczu : (REDACTED) GetContext(%s, %s): Fetching from provider
08-02 17:20:46.773 19172 19204 I elhl : (REDACTED) ContextResult succeeded for ContextKey: %s. %s
08-02 17:20:46.773 19172 19204 I elhf : (REDACTED) Primary Locale: %s and preferred locales: %s, returned from Context API. %s
08-02 17:20:46.774 19172 19208 I edcl : (REDACTED) GetContext(%s, %s): %s from synchronized cache (status: %s)
08-02 17:20:46.774 19172 19208 I elhl : (REDACTED) ContextResult succeeded for ContextKey: %s. %s
08-02 17:20:46.774 19172 19208 I elhf : (REDACTED) Primary Locale: %s and preferred locales: %s, returned from Context API. %s
08-02 17:20:46.775 19172 19209 I edcl : (REDACTED) GetContext(%s, %s): %s from synchronized cache (status: %s)
08-02 17:20:46.778 19172 19206 I elcu : (REDACTED) getting App Capabilities from InstalledAppsCache %s
08-02 17:20:46.780 19676 19676 D nativeloader: Configuring clns-9 for other apk /data/app/~~Ccn0w3QqNFA8hjrM4PA0tQ==/com.shire.mobile-I-W9RRMiz84k5OIrQjuKkA==/base.apk. target_sdk_version=36, uses_libraries=, library_path=/data/app/~~Ccn0w3QqNFA8hjrM4PA0tQ==/com.shire.mobile-I-W9RRMiz84k5OIrQjuKkA==/lib/arm64:/data/app/~~Ccn0w3QqNFA8hjrM4PA0tQ==/com.shire.mobile-I-W9RRMiz84k5OIrQjuKkA==/base.apk!/lib/arm64-v8a, permitted_path=/data:/mnt/expand:/data/user/0/com.shire.mobile
08-02 17:20:46.784 29040 19721 I FraudProtectUtils: Not in testing population, skipping local test bank apps. [CONTEXT service_id=469 ]
08-02 17:20:46.784 29040 19721 I FraudProtectUtils: (REDACTED) Latest bank app list size: %d, %s isBankApp: false
08-02 17:20:46.785 29040 19721 I PackageInstallIntentOp: (REDACTED) Package %s is not a bank app. Skipping updates.
08-02 17:20:46.787 19676 19676 V GraphicsEnvironment: Currently set values for:
08-02 17:20:46.787 19676 19676 V GraphicsEnvironment: angle_gl_driver_selection_pkgs=[com.android.angle]
08-02 17:20:46.787 19676 19676 V GraphicsEnvironment: angle_gl_driver_selection_values=[angle]
08-02 17:20:46.787 19676 19676 V GraphicsEnvironment: com.shire.mobile is not listed in per-application setting
08-02 17:20:46.788 19676 19676 V GraphicsEnvironment: No special selections for ANGLE, returning default driver choice
08-02 17:20:46.788 19676 19676 V GraphicsEnvironment: Neither updatable production driver nor prerelease driver is supported.
08-02 17:20:46.788 5736 19711 I ProximityAuth: [RecentAppsMediator] Package added: (user=UserHandle{0}) com.shire.mobile
08-02 17:20:46.793 5736 19727 I Fitness : (REDACTED) FitCleanupIntentOperation received Intent %s
08-02 17:20:46.794 5736 19728 I FontLog : (REDACTED) Package %s has no metadata
08-02 17:20:46.805 1761 5008 D CorePackageUpdate: Couldn't find a persistent state for task= 8726
08-02 17:20:46.810 24905 24905 I pixel-thermal: VIRTUAL-USB-UI:0 raw data: USB-MINUS-CHARGER:-2872 VIRTUAL-USB-UI:0 charger_therm:31572 usb_conn_therm:28700
08-02 17:20:46.810 24905 24905 I pixel-thermal: VIRTUAL-USB-THROTTLING:0 raw data: USB-MINUS-CHARGER:-2872 VIRTUAL-USB-THROTTLING:0 usb_conn_therm:28700
08-02 17:20:46.810 24905 24905 I pixel-thermal: VIRTUAL-SKIN-SPEAKER:34.291 raw data: IS_VSKIN_SPEAKER_MODEL_WITHIN_RANGE:1 IS_VSKIN_SPEAKER_MODEL_WITHIN_RANGE_CHECK:2 NO_VSKIN_SPEAKER_MODEL_WITHIN_RANGE:0 VIRTUAL-SKIN-SPEAKER:34291 VIRTUAL-SKIN-SPEAKER-LEGACY:34251 VIRTUAL-SKIN-SPEAKER-MODEL:34291 maxfg_base:28200 usb_conn_therm:28700
08-02 17:20:46.810 24905 24905 I pixel-thermal: VIRTUAL-SKIN:29.9197 raw data: VIRTUAL-SKIN:29919.7
08-02 17:20:46.810 24905 24905 I pixel-thermal: rffe_therm:30.526 raw data: rffe_therm:30526
08-02 17:20:46.810 24905 24905 I pixel-thermal: VIRTUAL-SKIN-CHARGE-WIRED:30.2343 raw data: CLOSE_WEIGHT:1 IS_WLC:0 NO_WLC:1 OPEN_WEIGHT:2.8026e-45 VIRTUAL-SKIN-CHARGE-WIRED:30234.3 VIRTUAL-SKIN-CHARGE-WIRED-CLOSE:30234.3 VIRTUAL-SKIN-CHARGE-WIRED-EQ:30234.3 VIRTUAL-SKIN-CHARGE-WIRED-OPEN:30397.8 WLC_CHECK:1 gnss_tcxo_therm:30704 modem_therm:30904 rffe_therm:30526 soc_therm:31505 thb_hda:53
08-02 17:20:46.810 24905 24905 I pixel-thermal: VIRTUAL-SKIN-OUTER-DISPLAY:28.1568 raw data: VIRTUAL-SKIN-OUTER-DISPLAY:28156.8 display_therm:28300
08-02 17:20:46.810 24905 24905 I pixel-thermal: cellular-emergency:29.9197 raw data: VIRTUAL-SKIN:29919.7 cellular-emergency:29919.7
08-02 17:20:46.810 24905 24905 I pixel-thermal: soc_therm:31.505 raw data: soc_therm:31505
08-02 17:20:46.810 24905 24905 I pixel-thermal: VIRTUAL-SKIN-CHARGE-PERSIST:30.2343 raw data: IS_WLC:0 NO_WLC:1 VIRTUAL-SKIN-CHARGE-PERSIST:30234.3 VIRTUAL-SKIN-CHARGE-WIRED-EQ:30234.3 VIRTUAL-SKIN-CHARGE-WLC-EQ:30215.5 charger_therm:31572 gnss_tcxo_therm:30704 rffe_therm:30526
08-02 17:20:46.810 24905 24905 I pixel-thermal: VIRTUAL-SKIN-MODEL: model_input: [31505.00 30526.00 31572.00 28700.00 30904.00 30036.00 28300.00 30704.00 28200.00 26500.00 0.00 ]
08-02 17:20:46.810 24905 24905 I pixel-thermal: Ignoring stale previous samples for VIRTUAL-SKIN-MODEL
08-02 17:20:46.810 24905 24905 I pixel-thermal: VT Estimator returned (ret: 6) for VIRTUAL-SKIN-MODEL. Reading backup sensor [VIRTUAL-SKIN-LEGACY] data to use
