--------- beginning of main
08-02 17:11:13.145 1450 1450 I adbd : adbd service requested 'shell,v2,TERM=xterm,raw:am force-stop com.shire.mobile' --------- beginning of system
08-02 17:11:13.285 1761 9948 I ActivityManager: Force stopping com.shire.mobile appid=10615 user=0: from pid 18262
08-02 17:11:13.295 1761 9948 W ProcessStats: Tracking association SourceState{bb9b4aa system/1000 ImpFg #1192920} whose proc state 5 is better than process ProcessState{a99d37 com.google.android.gms.ui/10139 pkg=com.google.android.gms} proc state 14 (1 skipped)
08-02 17:11:13.302 1761 9948 I AppsFilter: interaction: PackageSetting{23d68c com.google.android.microdroid.empty_payload/10286} -> PackageSetting{b0e66c6 com.shire.mobile/10615} BLOCKED
08-02 17:11:13.327 21634 22468 W libbinder.Binder: Binder transaction to android.accounts.IAccountAuthenticator, function: UNKNOWN_FUNCTION_NAME, code: 3, took 1508ms. Data bytes: 492 Reply bytes: 0 Flags: 17
08-02 17:11:13.337 3849 3849 D CarrierSvcBindHelper: onHandleForceStop: [com.shire.mobile]
08-02 17:11:13.365 3849 3849 D CarrierSvcBindHelper: No carrier app for: 0
08-02 17:11:13.366 3849 4175 D EuiccConnector: handleMessage: E msg.what=1
08-02 17:11:13.366 3849 3849 D CarrierSvcBindHelper: No carrier app for: 1
08-02 17:11:13.366 3849 4175 D EuiccConnector: processMsg: AvailableState
08-02 17:11:13.366 3849 4175 D EuiccConnector: processMsg: UnavailableState
08-02 17:11:13.367 1450 1450 I adbd : adbd service requested 'shell,v2,TERM=xterm,raw:monkey -p com.shire.mobile -c android.intent.category.LAUNCHER 1'
08-02 17:11:13.375 3849 4175 D EuiccConnector: transitionTo: destState=AvailableState
08-02 17:11:13.378 3849 4175 D EuiccConnector: handleMessage: new destination call exit/enter
08-02 17:11:13.378 3849 4175 D EuiccConnector: setupTempStateStackWithStatesToEnter: X mTempStateStackCount=1,curStateInfo: state=UnavailableState,active=true,parent=null
08-02 17:11:13.378 3849 4175 D EuiccConnector: invokeExitMethods: AvailableState
08-02 17:11:13.378 3849 4175 D EuiccConnector: moveTempStackToStateStack: i=0,j=1
08-02 17:11:13.378 3849 4175 D EuiccConnector: moveTempStackToStateStack: X mStateStackTop=1,startingIndex=1,Top=AvailableState
08-02 17:11:13.378 3849 4175 D EuiccConnector: invokeEnterMethods: AvailableState
08-02 17:11:13.378 3849 4175 D EuiccConnector: handleMessage: X
08-02 17:11:13.390 3849 4175 D EuiccConnector: handleMessage: E msg.what=103
08-02 17:11:13.390 3849 4175 D EuiccConnector: processMsg: AvailableState
08-02 17:11:13.390 3849 4175 D EuiccConnector: deferMessage: msg=103
08-02 17:11:13.390 3849 4175 D EuiccConnector: transitionTo: destState=BindingState
08-02 17:11:13.390 3849 4175 D EuiccConnector: handleMessage: new destination call exit/enter
08-02 17:11:13.390 3849 4175 D EuiccConnector: setupTempStateStackWithStatesToEnter: X mTempStateStackCount=1,curStateInfo: null
08-02 17:11:13.390 3849 4175 D EuiccConnector: invokeExitMethods: AvailableState
08-02 17:11:13.390 3849 4175 D EuiccConnector: invokeExitMethods: UnavailableState
08-02 17:11:13.390 3849 4175 D EuiccConnector: moveTempStackToStateStack: i=0,j=0
08-02 17:11:13.390 3849 4175 D EuiccConnector: moveTempStackToStateStack: X mStateStackTop=0,startingIndex=0,Top=BindingState
08-02 17:11:13.390 3849 4175 D EuiccConnector: invokeEnterMethods: BindingState
08-02 17:11:13.396 1761 4896 D ActivityManager: sync unfroze 20027 com.google.android.euicc for 6
08-02 17:11:13.399 3849 4175 D EuiccConnector: transitionTo: destState=DisconnectedState
08-02 17:11:13.399 3849 4175 D EuiccConnector: moveDeferredMessageAtFrontOfQueue; what=103
08-02 17:11:13.399 3849 4175 D EuiccConnector: handleMessage: new destination call exit/enter
08-02 17:11:13.399 3849 4175 D EuiccConnector: setupTempStateStackWithStatesToEnter: X mTempStateStackCount=1,curStateInfo: null
08-02 17:11:13.400 3849 4175 D EuiccConnector: invokeExitMethods: BindingState
08-02 17:11:13.400 3849 4175 D EuiccConnector: moveTempStackToStateStack: i=0,j=0
08-02 17:11:13.400 3849 4175 D EuiccConnector: moveTempStackToStateStack: X mStateStackTop=0,startingIndex=0,Top=DisconnectedState
08-02 17:11:13.400 3849 4175 D EuiccConnector: invokeEnterMethods: DisconnectedState
08-02 17:11:13.400 3849 4175 D EuiccConnector: handleMessage: X
08-02 17:11:13.400 3849 4175 D EuiccConnector: handleMessage: E msg.what=103
08-02 17:11:13.400 3849 4175 D EuiccConnector: processMsg: DisconnectedState
08-02 17:11:13.400 3849 4175 D EuiccConnector: deferMessage: msg=103
08-02 17:11:13.400 3849 4175 D EuiccConnector: handleMessage: X
08-02 17:11:13.446 21634 21638 E gcblocker: too long GC blocking: 5
08-02 17:11:13.446 21634 21638 E gcblocker: gc block end, 167609768,101
08-02 17:11:13.472 20027 20027 I EuiccGoogle: [2] NetworkCache.getFirstActiveEuiccSlotId: isRemovableEsimDefault: false
08-02 17:11:13.479 20027 20027 I EuiccGoogle: [2] EuiccServiceImpl.onCreate: onCreate DSDS mode: simCardState is 11
08-02 17:11:13.493 3849 4175 D EuiccConnector: handleMessage: E msg.what=4
08-02 17:11:13.493 3849 4175 D EuiccConnector: processMsg: DisconnectedState
08-02 17:11:13.493 3849 4175 D EuiccConnector: transitionTo: destState=ConnectedState
08-02 17:11:13.493 3849 4175 D EuiccConnector: handleMessage: new destination call exit/enter
08-02 17:11:13.493 3849 4175 D EuiccConnector: setupTempStateStackWithStatesToEnter: X mTempStateStackCount=1,curStateInfo: state=DisconnectedState,active=true,parent=null
08-02 17:11:13.493 3849 4175 D EuiccConnector: moveTempStackToStateStack: i=0,j=1
08-02 17:11:13.493 3849 4175 D EuiccConnector: moveTempStackToStateStack: X mStateStackTop=1,startingIndex=1,Top=ConnectedState
08-02 17:11:13.493 3849 4175 D EuiccConnector: invokeEnterMethods: ConnectedState
08-02 17:11:13.493 3849 4175 D EuiccConnector: moveDeferredMessageAtFrontOfQueue; what=103
08-02 17:11:13.493 3849 4175 D EuiccConnector: handleMessage: X
08-02 17:11:13.494 3849 4175 D EuiccConnector: handleMessage: E msg.what=103
08-02 17:11:13.494 3849 4175 D EuiccConnector: processMsg: ConnectedState
08-02 17:11:13.501 3849 4175 D EuiccConnector: handleMessage: X
08-02 17:11:13.505 20027 18270 I EuiccGoogle: [330] EuiccServiceImpl.onGetEuiccProfileInfoList: onGetEuiccProfileInfoList: slotId = 0
08-02 17:11:13.522 20027 18270 I EuiccGoogle: [330] EuiccServiceImpl.onGetEuiccProfileInfoList: slotId = 0, isRemovable = false
08-02 17:11:13.522 20027 18270 I EuiccGoogle: [330] EuiccServiceImpl.onGetEuiccProfileInfoList: onGetEuiccProfileInfoList: isRemovable = false.
08-02 17:11:13.522 20027 18270 I EuiccGoogle: [330] EuiccServiceImpl.onGetEuiccProfileInfoList: getSimCardState for slotId: 0
08-02 17:11:13.526 20027 18270 I EuiccGoogle: [330] EuiccServiceImpl.onGetEuiccProfileInfoList: GetEuiccProfileInfoListResult: simCardState :11and simCardStateAtTelephony:11 for slot:0
08-02 17:11:13.526 20027 18270 I EuiccGoogle: [330] EuiccServiceImpl.getProfileInfoList: getProfileInfoList: slotId = 0, includeTestProfiles = false
08-02 17:11:13.526 20027 18270 I EuiccGoogle: [330] EuiccServiceImpl.getProfileInfoList: getProfileInfoList: slotId = 0, includeTestProfiles = false.
08-02 17:11:13.527 20027 18270 I EuiccGoogle: [330] EuiccServiceImpl.getEidFromSlotId: getEidFromSlotId: slotId = 0.
08-02 17:11:13.527 20027 18270 I EuiccGoogle: [330] NetworkCache.getEidForSlot: getEidForSlot: 0
08-02 17:11:13.531 20027 18270 I EuiccGoogle: [330] BlockingEuiccCardManager.requestAllProfiles: requestAllProfiles: cardId = [eOzY9t33uHTLfYqjiGvAEuLWZR0]
08-02 17:11:13.594 20027 18267 I EuiccGoogle: [327] Partner.getResourceEntry$ar$ds$ar$class_merging$ar$class_merging$ar$class_merging: Partner app=com.google.android.euiccoverlay, Resource name=esim_supported_countries, type=string, partnerResId = 0
08-02 17:11:13.618 20027 18267 I EuiccGoogle: [327] Partner.getResourceEntry$ar$ds$ar$class_merging$ar$class_merging$ar$class_merging: Partner app=com.google.android.euiccoverlay, Resource name=esim_unsupported_countries, type=string, partnerResId = 2131755062
08-02 17:11:13.624 20027 18267 I EuiccGoogle: [327] WindowInsetsCompat$TypeImpl30.getOverrideCarrierInfoListForConversion: enableNewConversionApi: true, enableConversionXosCarrierIdFromTransferConfig: false
08-02 17:11:13.625 20027 18267 I EuiccGoogle: [327] WindowInsetsCompat$TypeImpl30.getCarrierInfos: All carrier info overrides: []
08-02 17:11:13.628 20027 18267 I EuiccGoogle: [327] PhenotypeUpdatedReceiver.setPsimConversionSupportedCarriers: setPsimConversionSupportedCarriers:[1, 2, 3, 16, 576, 1404, 1644, 1779, 1915, 2020, 2021, 2053, 2090, 2102, 2122, 2419, 2683, 850, 1413, 27, 32, 959, 1187, 1480, 1670, 2119, 2120, 2018, 1581, 2110, 2536, 1344, 1895, 14, 580, 1403, 1962, 2083, 1365, 4, 7, 792, 1903, 1915, 2092, 2557, 678, 530, 6, 11, 34, 958, 1453, 1454, 1695, 1958, 1974, 2360, 2361]
08-02 17:11:13.790 20027 18270 I EuiccGoogle: [330] EuiccServiceImpl.onGetEuiccProfileInfoList: onGetEuiccProfileInfoList: Profile nickname = Skylo.
08-02 17:11:13.790 20027 18270 I EuiccGoogle: [330] EuiccServiceImpl.onGetEuiccProfileInfoList: onGetEuiccProfileInfoList: Profile info = EuiccProfileInfo (nickname=Skylo, serviceProviderName=Skylo, profileName=Skylo, profileClass=2, state=0, CarrierIdentifier=null, policyRules=0, accessRules=null, iccid=899019803[****]).
08-02 17:11:13.790 20027 18270 I EuiccGoogle: [330] EuiccServiceImpl.onGetEuiccProfileInfoList: onGetEuiccProfileInfoList: Profile nickname = AT&T.
08-02 17:11:13.791 20027 18270 I EuiccGoogle: [330] EuiccServiceImpl.onGetEuiccProfileInfoList: onGetEuiccProfileInfoList: Profile info = EuiccProfileInfo (nickname=AT&T, serviceProviderName=AT&T, profileName=6146D, profileClass=1, state=0, CarrierIdentifier=CarrierIdentifier{mcc=310,mnc=380,spn=null,imsi=null,gid1=39FF,gid2=FFFF,carrierid=-1,specificCarrierId=-1}, policyRules=0, accessRules=null, iccid=890138032[****]).
08-02 17:11:13.800 3849 4175 D EuiccConnector: handleMessage: E msg.what=6
08-02 17:11:13.800 3849 4175 D EuiccConnector: processMsg: ConnectedState
08-02 17:11:13.801 3849 4175 D EuiccConnector: handleMessage: X
08-02 17:11:13.829 5736 18239 I NearbySharing: Got package event: PackageReplaced(packageName=com.shire.mobile)
08-02 17:11:13.928 1417 1417 D AOC : CHRE: DRAM vote count begins
08-02 17:11:13.928 1417 1417 D AOC : F1:MSG: controller.cc, 275: AudioInCtrl: cmd ID: 0x00f5, tag: 0x25 [cntr = 21623]
08-02 17:11:13.929 1417 1417 D AOC : F1:MSG: controller_audio_input.cc, 4407: Got chre audio stop cmd
08-02 17:11:13.929 1417 1417 D AOC : F1:TRC: hotword_input_processor.cc, 1008: Receive cmd: 0x84 (132)
08-02 17:11:13.929 1417 1417 D AOC : F1:TRC: hotword_input_processor.cc, 1504: Finished cmd: 0x84 (132)
08-02 17:11:13.929 1417 1417 D AOC : F1:MSG: audio_capture_pdm.cc, 448: Reconfig seamless
08-02 17:11:13.930 1417 1417 D AOC : F1:Stream 1: mask 0x5, rings {1, 0}, pipe 0x1, sr 16000, il {0,2,0,0}, en 1, mc 0, ni 1, fpo 0, ru 1, hq 0
08-02 17:11:13.930 1417 1417 D AOC : F1:MSG: controller.cc, 919: AudioInCtrl: ipc: C-Ch-AI, cmd ID: 0x00f5, tag: 0x25, rc: 0
08-02 17:11:13.930 1417 1417 D AOC : CHRE: DRAM vote count ends: 0 ms
08-02 17:11:13.931 1417 1417 D AOC : CHRE: DRAM vote count begins
08-02 17:11:13.931 1417 1417 D AOC : CHRE: DRAM vote count ends: 0 ms
08-02 17:11:13.932 1160 1205 I CHRE : @ 262902.177: [vice_ambient_volume] SendMessageToAmbientVolume, message_type: 33283 to instance_id: 0x3
08-02 17:11:13.932 1160 1205 I CHRE : @ 262902.177: nappId=25 tried to cancel expired/invalid timer 18760
08-02 17:11:13.932 1160 1205 I CHRE : @ 262902.177: [vice_ambient_volume] SendMessageToAmbientVolume, message_type: 33282 to instance_id: 0x3
08-02 17:11:13.932 1160 1205 E CHRE : @ 262902.177: [AV] Client 3 is not found.
08-02 17:11:13.932 1417 1417 D AOC : CHRE: DRAM vote count begins
08-02 17:11:13.932 1160 1205 I CHRE : @ 262902.177: [AV] disabling detection
08-02 17:11:13.932 1160 1205 D CHRE : @ 262902.179: request audio send: 0
08-02 17:11:13.932 1417 1417 D AOC : CHRE: DRAM vote count ends: 0 ms
08-02 17:11:13.932 1417 1417 D AOC : CHRE: DRAM vote count begins
08-02 17:11:13.932 1160 1205 I CHRE : @ 262902.181: [vice_ambient_volume] Received ACK from Ambient Volume for disable request
08-02 17:11:13.933 1417 1417 D AOC : CHRE: DRAM vote count ends: 0 ms
08-02 17:11:14.057 24905 24918 I pixel-thermal: gnss_tcxo_therm:33.085 raw data: gnss_tcxo_therm:33085
08-02 17:11:14.391 18265 18265 D AndroidRuntime: >>>>>> START com.android.internal.os.RuntimeInit uid 2000 <<<<<<
08-02 17:11:14.440 18265 18265 I AndroidRuntime: Using default boot image
08-02 17:11:14.440 18265 18265 I AndroidRuntime: Leaving lock profiling enabled
08-02 17:11:14.463 18265 18265 I app_process: Using generational CollectorTypeCMC GC.
08-02 17:11:14.694 29040 17291 I meshinteractiondriver: (REDACTED) Received registerTraitSubscriberResponse: %d trait updates, %d events
08-02 17:11:14.879 21634 22468 W libbinder.Binder: Binder transaction to android.accounts.IAccountAuthenticator, function: UNKNOWN_FUNCTION_NAME, code: 3, took 1501ms. Data bytes: 492 Reply bytes: 0 Flags: 17
08-02 17:11:14.892 18265 18265 D nativeloader: InitDefaultPublicLibraries for_preload=1: libandroid.so:libaaudio.so:libamidi.so:libbinder_ndk.so:libc.so:libcamera2ndk.so:libdl.so:libEGL.so:libGLESv1_CM.so:libGLESv2.so:libGLESv3.so:libicu.so:libicui18n.so:libicuuc.so:libjnigraphics.so:liblog.so:libmediandk.so:libm.so:libnativehelper.so:libnativewindow.so:libOpenMAXAL.so:libOpenSLES.so:libRS.so:libstdc++.so:libsync.so:libvulkan.so:libwebviewchromium_plat_support.so:libz.so
08-02 17:11:14.983 21634 21638 E gcblocker: too long GC blocking: 5
08-02 17:11:14.983 21634 21638 E gcblocker: gc block end, 167611306,100
08-02 17:11:14.990 18265 18265 D nativeloader: Load libicu_jni.so using APEX ns com_android_art for caller /apex/com.android.art/javalib/core-oj.jar: ok
08-02 17:11:14.991 18265 18265 D app_process: u_setTimeZoneFilesDirectory("/apex/com.android.tzdata/etc/tz/versioned/10/icu") succeeded.
08-02 17:11:14.991 18265 18265 D app_process: I18n APEX ICU file found: /apex/com.android.i18n/etc/icu/icudt78l.dat
08-02 17:11:14.996 3762 4765 D ImpulseConnection: timeout happen: com.google.android.apps.turbo
08-02 17:11:14.996 3762 4765 D ImpulseConnection: unbindService for releasing a CONNECTED connection com.google.android.apps.turbo
08-02 17:11:15.005 18265 18265 D nativeloader: Load libjavacore.so using APEX ns com_android_art for caller /apex/com.android.art/javalib/core-oj.jar: ok
08-02 17:11:15.013 3762 4079 D TemperatureStateSource: sequence=16708 actualDelay=10002
08-02 17:11:15.013 3762 4079 D TemperatureStateSource: Reading temperature: sequence=16709
08-02 17:11:15.020 24905 24905 I pixel-thermal: VIRTUAL-SKIN:32.37 raw data: CLOSE_WEIGHT:1 OPEN_WEIGHT:2.8026e-45 VIRTUAL-SKIN:32370 VIRTUAL-SKIN-CLOSE:32370 VIRTUAL-SKIN-CLOSE-SUB-1:32370 VIRTUAL-SKIN-CLOSE-SUB-2:32338.9 VIRTUAL-SKIN-CLOSE-SUB-3:31578.5 VIRTUAL-SKIN-CLOSE-SUB-4:30406.7 VIRTUAL-SKIN-LEGACY:32370 VIRTUAL-SKIN-OPEN:33862 VIRTUAL-SKIN-OPEN-SUB-1:31273.5 VIRTUAL-SKIN-OPEN-SUB-2:33862 charger_therm:34310 display_therm:30437 gnss_tcxo_therm:33085 inner_brightness:0 inner_display_therm:32529 maxfg_base:30200 maxfg_secondary:28800 modem_therm:33575 rffe_therm:33085 soc_therm:33954 usb_conn_therm:30592
08-02 17:11:15.022 3762 4079 D TemperatureStateSource: getDeviceTemperatures: sequence=16709 deviceTemperatureType=3 temperatureSource=0 temperatures=[32.370026]
08-02 17:11:15.022 3762 4079 D TemperatureStateSource: sequence=16709 waitTime=10000
08-02 17:11:15.022 18265 18265 D nativeloader: Load libopenjdk.so using APEX ns com_android_art for caller /apex/com.android.art/javalib/core-oj.jar: ok
08-02 17:11:15.022 3762 4038 D ImpulseStateSource: Notify clients: 17737
08-02 17:11:15.027 18265 18265 I app_process: Priority-to-niceness mapping: 19, 16, 13, 10, 0, -2, -4, -5, -6, -8
08-02 17:11:15.157 18265 18265 D nativeloader: Load libframework-connectivity-tiramisu-jni.so using APEX ns com_android_tethering for caller /apex/com.android.tethering/javalib/framework-connectivity-t.jar: ok
08-02 17:11:15.159 18265 18265 D AndroidRuntime: Calling main entry com.android.commands.monkey.Monkey
08-02 17:11:15.167 18265 18265 D nativeloader: Load /system/lib64/libmonkey_jni.so using ns default for caller /system/framework/monkey.jar in same partition (is_bridged=0): ok
08-02 17:11:15.169 18265 18265 W Monkey : args: [-p, com.shire.mobile, -c, android.intent.category.LAUNCHER, 1]
08-02 17:11:15.188 18265 18265 I AconfigPackage: com.android.bluetooth.beta.flags is mapped to com.android.bt
08-02 17:11:15.188 18265 18265 I AconfigPackage: com.android.bluetooth.flags is mapped to com.android.bt
08-02 17:11:15.189 18265 18265 I AconfigPackage: com.android.media.extractor.flags is mapped to com.android.media
08-02 17:11:15.189 18265 18265 I AconfigPackage: com.android.media.metrics.flags is mapped to com.android.media
08-02 17:11:15.189 18265 18265 I AconfigPackage: com.android.media.mainline.flags is mapped to com.android.media
08-02 17:11:15.190 18265 18265 I AconfigPackage: android.media.swcodec.flags is mapped to com.android.media.swcodec
08-02 17:11:15.192 18265 18265 I AconfigPackage: com.android.cellbroadcastreceiver.flags is mapped to com.android.cellbroadcast
08-02 17:11:15.193 18265 18265 I AconfigPackage: android.graphics.pdf.flags is mapped to com.android.mediaprovider
08-02 17:11:15.193 18265 18265 I AconfigPackage: com.android.providers.media.flags is mapped to com.android.mediaprovider
08-02 17:11:15.193 18265 18265 I AconfigPackage: android.graphics.pdf.flags.readonly is mapped to com.android.mediaprovider
08-02 17:11:15.194 18265 18265 I AconfigPackage: com.android.crashrecovery.flags is mapped to com.android.crashrecovery
08-02 17:11:15.195 18265 18265 I AconfigPackage: com.android.org.conscrypt.flags is mapped to com.android.conscrypt
08-02 17:11:15.195 18265 18265 I AconfigPackage: com.android.org.conscrypt.net.flags is mapped to com.android.conscrypt
08-02 17:11:15.196 18265 18265 I AconfigPackage: com.android.tethering.mainline.beta is mapped to com.android.tethering
08-02 17:11:15.196 18265 18265 I AconfigPackage: android.net.http is mapped to com.android.tethering
08-02 17:11:15.196 18265 18265 I AconfigPackage: com.android.tethering.readonly.flags is mapped to com.android.tethering
08-02 17:11:15.196 18265 18265 I AconfigPackage: android.net.vcn is mapped to com.android.tethering
08-02 17:11:15.196 18265 18265 I AconfigPackage: com.android.net.flags is mapped to com.android.tethering
08-02 17:11:15.196 18265 18265 I AconfigPackage: com.android.tethering.flags is mapped to com.android.tethering
08-02 17:11:15.196 18265 18265 I AconfigPackage: com.android.tethering.beta.test is mapped to com.android.tethering
08-02 17:11:15.196 18265 18265 I AconfigPackage: com.android.nearby.flags is mapped to com.android.tethering
08-02 17:11:15.196 18265 18265 I AconfigPackage: com.android.net.thread.flags is mapped to com.android.tethering
08-02 17:11:15.196 18265 18265 I AconfigPackage: com.android.net.ct.flags is mapped to com.android.tethering
08-02 17:11:15.198 18265 18265 I AconfigPackage: com.android.wifi.flags is mapped to com.android.wifi
08-02 17:11:15.199 18265 18265 I AconfigPackage: com.android.ipsec.flags is mapped to com.android.ipsec
08-02 17:11:15.200 18265 18265 I AconfigPackage: com.android.permission.flags is mapped to com.android.permission
08-02 17:11:15.200 18265 18265 I AconfigPackage: com.android.permissioncontroller.flags is mapped to com.android.permission
08-02 17:11:15.201 18265 18265 I AconfigPackage: com.android.uprobestats.flags is mapped to com.android.uprobestats
08-02 17:11:15.201 18265 18265 I AconfigPackage: android.uprobestats.mainline.flags is mapped to com.android.uprobestats
08-02 17:11:15.202 18265 18265 I AconfigPackage: com.android.art.flags is mapped to com.android.art
08-02 17:11:15.202 18265 18265 I AconfigPackage: com.android.art.rw.flags is mapped to com.android.art
08-02 17:11:15.202 18265 18265 I AconfigPackage: com.android.libcore is mapped to com.android.art
08-02 17:11:15.204 18265 18265 I AconfigPackage: com.android.devicelock.flags is mapped to com.android.devicelock
08-02 17:11:15.205 18265 18265 I AconfigPackage: android.os.profiling is mapped to com.android.profiling
08-02 17:11:15.205 18265 18265 I AconfigPackage: android.os.profiling.anomaly.flags is mapped to com.android.profiling
08-02 17:11:15.207 18265 18265 I AconfigPackage: com.android.healthfitness.flags is mapped to com.android.healthfitness
08-02 17:11:15.208 18265 18265 I AconfigPackage: android.provider.flags is mapped to com.android.configinfrastructure
08-02 17:11:15.208 18265 18265 I AconfigPackage: com.android.server.deviceconfig is mapped to com.android.configinfrastructure
08-02 17:11:15.209 18265 18265 I AconfigPackage: com.android.uwb.flags is mapped to com.android.uwb
08-02 17:11:15.209 18265 18265 I AconfigPackage: com.android.ranging.flags is mapped to com.android.uwb
08-02 17:11:15.210 18265 18265 I AconfigPackage: com.android.os.statsd.flags is mapped to com.android.os.statsd
08-02 17:11:15.211 18265 18265 I AconfigPackage: android.telecom.flags is mapped to com.android.telephonycore
08-02 17:11:15.211 18265 18265 I AconfigPackage: com.android.internal.telecom.flags is mapped to com.android.telephonycore
08-02 17:11:15.212 18265 18265 I AconfigPackage: com.android.telephony.flags is mapped to com.android.telephonycore
08-02 17:11:15.213 18265 18265 I AconfigPackage: com.android.adservices.ondevicepersonalization.flags is mapped to com.android.ondevicepersonalization
08-02 17:11:15.214 18265 18265 I AconfigPackage: com.android.adservices.flags is mapped to com.android.adservices
08-02 17:11:15.214 18265 18265 I AconfigPackage: com.android.sdksandbox.flags is mapped to com.android.adservices
08-02 17:11:15.214 18265 18265 I AconfigPackage: android.app.sdksandbox.flags is mapped to com.android.adservices
08-02 17:11:15.215 18265 18265 I AconfigPackage: com.android.system.virtualmachine.flags is mapped to com.android.virt
08-02 17:11:15.216 18265 18265 I AconfigPackage: com.android.rkpd.flags is mapped to com.android.rkpd
08-02 17:11:15.217 18265 18265 I AconfigPackage: com.android.icu is mapped to com.android.i18n
08-02 17:11:15.219 18265 18265 I AconfigPackage: com.android.adbd.flags is mapped to com.android.adbd
08-02 17:11:15.220 18265 18265 I AconfigPackage: com.android.webapp.flags is mapped to com.android.webapp
08-02 17:11:15.221 18265 18265 I AconfigPackage: com.android.compos.flags is mapped to com.android.compos
08-02 17:11:15.222 18265 18265 I AconfigPackage: com.android.nfc.module.flags is mapped to com.android.nfcservices
08-02 17:11:15.222 18265 18265 I AconfigPackage: com.android.nfc.module.nonexported.flags is mapped to com.android.nfcservices
08-02 17:11:15.224 18265 18265 I AconfigPackage: com.android.appsearch.flags is mapped to com.android.appsearch
08-02 17:11:15.225 18265 18265 I AconfigPackage: com.android.npumanager is mapped to com.android.npumanager
08-02 17:11:15.226 18265 18265 I AconfigPackage: com.google.android.widevine.flags is mapped to com.google.android.widevine
08-02 17:11:15.227 18265 18265 E FeatureFlagsImplExport: android.os.flagging.AconfigStorageReadException: ERROR_PACKAGE_NOT_FOUND: package android.xr cannot be found on the device
08-02 17:11:15.234 18265 18265 W libc : Access denied finding property "qemu.sf.lcd_density"
08-02 17:11:15.234 18265 18265 W libc : Access denied finding property "qemu.sf.lcd_density"
08-02 17:11:15.231 18265 18265 W commands.monkey: type=1400 audit(0.0:335931): avc: denied { read } for name="u:object_r:qemu_sf_lcd_density_prop:s0" dev="tmpfs" ino=422 scontext=u:r:shell:s0 tcontext=u:object_r:qemu_sf_lcd_density_prop:s0 tclass=file permissive=0
08-02 17:11:15.231 18265 18265 W commands.monkey: type=1400 audit(0.0:335932): avc: denied { read } for name="u:object_r:qemu_sf_lcd_density_prop:s0" dev="tmpfs" ino=422 scontext=u:r:shell:s0 tcontext=u:object_r:qemu_sf_lcd_density_prop:s0 tclass=file permissive=0
08-02 17:11:15.252 18265 18265 W Monkey : arg: "-p"
08-02 17:11:15.252 18265 18265 W Monkey : arg: "com.shire.mobile"
08-02 17:11:15.252 18265 18265 W Monkey : arg: "-c"
08-02 17:11:15.252 18265 18265 W Monkey : arg: "android.intent.category.LAUNCHER"
08-02 17:11:15.252 18265 18265 W Monkey : arg: "1"
08-02 17:11:15.253 18265 18265 W Monkey : data="com.shire.mobile"
08-02 17:11:15.253 18265 18265 W Monkey : data="android.intent.category.LAUNCHER"
08-02 17:11:15.260 1761 2529 D EventHub: No input device configuration file found for device 'Monkey touch'.
08-02 17:11:15.265 1761 2529 I EventHub: usingClockIoctl=true
08-02 17:11:15.265 1761 2529 I EventHub: New device: id=9, fd=1037, path='/dev/input/event4', name='Monkey touch', classes=TOUCH | TOUCH_MT, configuration='', keyLayout='', keyCharacterMap='', builtinKeyboard=false,
08-02 17:11:15.270 1761 2529 W InputReaderBase: Found 2 viewports with type INTERNAL, but expected 1 at most
08-02 17:11:15.270 1761 2529 I InputReader: Disabling Monkey touch (device 9) because the associated viewport is not active
08-02 17:11:15.270 1761 2529 I InputReader: Device reconfigured: id=9, name='Monkey touch', size 1080x2424, orientation Rotation0, mode DISABLED, display id 0
08-02 17:11:15.270 1761 2529 W InputReaderBase: Found 2 viewports with type INTERNAL, but expected 1 at most
08-02 17:11:15.270 1761 2529 I InputReader: Disabling Monkey touch (device 9) because the associated viewport is not active
08-02 17:11:15.270 1761 2529 I InputReader: Device added: id=9, eventHubId=9, name='Monkey touch', descriptor='e1fe28b90f915c7d1febbd52c1ef84b3c4cbed9f',sources=TOUCHSCREEN
08-02 17:11:15.287 1761 1975 D WindowManager: Direct invocation of sendNewConfiguration: Display{#0 state=OFF size=1080x2424 ROTATION_0}
08-02 17:11:15.290 3566 3610 V ShellDesktopMode: DesktopDisplayModeController: canDesktopFirstModeBeEnabledOnDefaultDisplay: isDefaultDisplayDesktopEligible=false
08-02 17:11:15.291 3566 3610 V WindowManagerShell: Directly starting a new transition type=CHANGE wct=WindowContainerTransaction { changes= {android.os.BinderProxy@a17d8da={isTaskMoveAllowed:false,}} hops= [] flags= 0 errorCallbackToken=null taskFragmentOrganizer=null } handler=null
08-02 17:11:15.292 1761 9949 V WindowManager: deferTransitionReady deferReadyDepth=1 stack=com.android.server.wm.WindowOrganizerController.applyTransaction:717 com.android.server.wm.WindowOrganizerController.applyTransaction:651 com.android.server.wm.WindowOrganizerController.lambda$startTransition$3:388 com.android.server.wm.WindowOrganizerController.$r8$lambda$PHnU0rj5Bcvaq0dL-Wi7kOJt8bo:0 com.android.server.wm.WindowOrganizerController$$ExternalSyntheticLambda5.onCollectStarted:0
08-02 17:11:15.294 1761 9949 V WindowManager: continueTransitionReady deferReadyDepth=0 stack=com.android.server.wm.WindowOrganizerController.applyTransaction:864 com.android.server.wm.WindowOrganizerController.applyTransaction:651 com.android.server.wm.WindowOrganizerController.lambda$startTransition$3:388 com.android.server.wm.WindowOrganizerController.$r8$lambda$PHnU0rj5Bcvaq0dL-Wi7kOJt8bo:0 com.android.server.wm.WindowOrganizerController$$ExternalSyntheticLambda5.onCollectStarted:0
08-02 17:11:15.298 12986 12986 I PkModeUpdater: PkModeUpdater.refreshDevices():206 refreshing devices
08-02 17:11:15.302 1761 1975 I DisplayDeviceRepository: Display device changed render timings: "Inner Display", renderFrameRate=120.00001, presentationDeadlineNanos=11500000, appVsyncOffsetNanos=6233332, frameRateOverrides=[{uid=10235 frameRateHz=120.00001}, {uid=10259 frameRateHz=120.00001}]
08-02 17:11:15.312 1761 1972 V WindowManager: Sent Transition (#6008) createdAt=08-02 17:11:15.292
08-02 17:11:15.312 1761 1972 V WindowManager: startWCT=WindowContainerTransaction { changes= {RemoteToken{17348b1 DefaultTaskDisplayArea@43236778}={isTaskMoveAllowed:false,}} hops= [] flags= 0 errorCallbackToken=null taskFragmentOrganizer=null }
08-02 17:11:15.312 3566 3760 V WindowManagerShell: onTransitionReady(transaction=7563437997358)
08-02 17:11:15.312 1761 1972 V WindowManager: info={id=6008 t=CHANGE f=0x40 trk=0 r=[] c=[]}
08-02 17:11:15.313 3566 3610 V WindowManagerShell: onTransitionReady (#6008) android.os.BinderProxy@8f6873a: {id=6008 t=CHANGE f=0x40 trk=0 r=[] c=[]}
08-02 17:11:15.313 3566 3610 V WindowManagerShell: FocusTransitionObserver: Updating focus state for transition #6008
08-02 17:11:15.313 3566 3610 V ShellDesktopMode: DesktopModeLogger: taskInfo map after processing changes 0
08-02 17:11:15.313 3566 3610 V WindowManagerShell: No transition roots in (#6008) android.os.BinderProxy@8f6873a@0 so abort
08-02 17:11:15.314 3566 3610 V WindowManagerShell: Transition animation finished (aborted=true), notifying core (#6008) android.os.BinderProxy@8f6873a@0
08-02 17:11:15.315 1761 3496 I MR2ServiceImpl: Updating composite discovery preference | preference: RouteDiscoveryRequest{ preferredFeatures={}, activeScan=false }, active routers: []
08-02 17:11:15.321 1761 1972 V WindowManager: Finish Transition (#6008): created at
08-02 17:11:15.292 collect-started=0.081ms started=0.13ms ready=2.162ms sent=4.961ms finished=27.657ms
08-02 17:11:15.321 3566 3610 V WindowManagerShell: Track 0 became idle
08-02 17:11:15.321 3566 3610 V WindowManagerShell: All active transition animations finished
08-02 17:11:15.331 1761 1975 I DisplayDeviceRepository: Display device changed render timings: "Inner Display", renderFrameRate=120.00001, presentationDeadlineNanos=11500000, appVsyncOffsetNanos=6233332, frameRateOverrides=[]
08-02 17:11:15.339 1761 3496 I MR2ServiceImpl: Updating composite discovery preference | preference: RouteDiscoveryRequest{ preferredFeatures={}, activeScan=false }, active routers: []
08-02 17:11:15.393 1761 4896 W ActivityManager: registerReceiverWithFeature: no app for null
08-02 17:11:15.452 1761 9949 W ApplicationInfo: Large ApplicationInfo parcel: size=20140 package=com.zhiliaoapp.musically splits=57 sharedLibs=8 resDirs=1 overlayPaths=1
08-02 17:11:15.452 1761 9949 W ParceledListSlice: Element #308 is 20504 bytes.
08-02 17:11:15.471 1761 9949 W ActivityTaskManager: callingPackage for (uid=2000, pid=18265) has no WPC
08-02 17:11:15.477 1761 9949 V GrammaticalInflectionUtils: AttributionSource: android.content.AttributionSource@86d2097b does not have READ_SYSTEM_GRAMMATICAL_GENDER permission.
08-02 17:11:15.483 1761 9949 D ActivityTaskManager: Temporarily retain top process state for launching app
08-02 17:11:15.487 5602 5602 D RecentsView: onTaskDisplayChanged: 8725, new displayId = 0
08-02 17:11:15.496 1761 9949 I AppsFilter: interaction: PackageSetting{23d68c com.google.android.microdroid.empty_payload/10286} -> PackageSetting{45a4499 com.shire.mobile/10615} BLOCKED
08-02 17:11:15.498 1761 9949 D CorePackageUpdate: onRecentTaskRemoved Removing task: 8723
08-02 17:11:15.498 1761 9949 D CorePackageUpdate: Couldn't find a persistent state for task= 8723
08-02 17:11:15.499 3566 3610 V WindowManagerShell: Transition requested (#6009): android.os.BinderProxy@f076feb TransitionRequestInfo { type = OPEN, triggerTask = TaskInfo{userId=0 taskId=8725 effectiveUid=10615 displayId=0 isRunning=true baseIntent=Intent { act=android.intent.action.MAIN cat=[android.intent.category.LAUNCHER] flg=0x10200000 cmp=com.shire.mobile/.MainActivity } baseActivity=ComponentInfo{com.shire.mobile/com.shire.mobile.MainActivity} topActivity=ComponentInfo{com.shire.mobile/com.shire.mobile.MainActivity} origActivity=null realActivity=ComponentInfo{com.shire.mobile/com.shire.mobile.MainActivity} realActivityIsAppLockEnabled=false numActivities=1 lastActiveTime=262892774 supportsMultiWindow=true supportsMultiWindowWithoutConstraints=true resizeMode=1 isResizeable=true minWidth=-1 minHeight=-1 defaultMinSize=220 token=WCT{android.os.BinderProxy@5067148} topActivityType=1 pictureInPictureParams=null shouldDockBigOverlays=false launchIntoPipHostTaskId=-1 lastParentTaskIdBeforePip=-1 displayCutoutSafeInsets=Rect(0, 152 - 0, 0) topActivityInfo=ActivityInfo{ff25be1 com.shire.mobile.MainActivity} launchCookies=[] positionInParent=Point(0, 0) parentTaskId=-1 isFocused=false isInteractive=false isVisible=false isVisibleRequested=false isTopActivityNoDisplay=false isSleeping=true locusId=null displayAreaFeatureId=1 isTopActivityTransparent=false isActivityStackTransparent=false lastNonFullscreenBounds=null leafTaskBoundsFromOptions= false capturedLink=null capturedLinkTimestamp=0 requestedVisibleTypes=503 topActivityRequestOpenInBrowserEducationTimestamp=0 appCompatTaskInfo=AppCompatTaskInfo { topActivityInSizeCompat=false isLeafTask= true eligibleForLetterboxEducation= false isLetterboxEducationEnabled= false isLetterboxDoubleTapEnabled= false eligibleForUserAspectRatioButton= false topActivityBoundsLetterboxed= false isFromLetterboxDoubleTap= false topActivityLetterboxVerticalPosition= -1 topActivityLetterboxHorizontalPosition= -1 topActivityLetterboxWidth=-1 topActivityLetterboxHeight=-1 topActivityAppBounds=Rect(0, 0 - 1080, 2424) isUserFullscreenOverrideEnabled=false isSystemFullscreenOverrideEnabled=false hasMinAspectRatioOverride=false topActivityLetterboxBounds=null topNonResizableActivityAspectRatio=-1.0} topActivityMainWindowFrame=null isAppBubble=false}, pipChange = null, remoteTransitionInfo = null, displayChanges = null, requestedLocation = null, userChange = null, windowingLayerChange = null, fullscreenRequestChange = null, flags = 0, debugId = 6009 }
08-02 17:11:15.499 3566 3610 W DisconnectHandler: No disconnect change found in the transition, not handling request.
08-02 17:11:15.499 3566 3610 V ShellDesktopMode: DesktopTasksController: skipping handleRequest reason=triggerTask's display doesn't support desktop mode
08-02 17:11:15.499 3566 3610 D ShellSplitScreen: logExit: no-op, mLoggerSessionId is null
08-02 17:11:15.499 1761 9949 V ActivityTaskManager: TaskLaunchParamsModifier: phase=3 task=Task{32ecbe3 #8725 type=standard A=10615:com.shire.mobile} activity=ActivityRecord{69367826 u0 com.shire.mobile/.MainActivity t-1} display-from-task=0 display-id=0 task-display-area-windowing-mode=1 suggested-display-area=DefaultTaskDisplayArea@43236778 inherit-from-task=fullscreen non-freeform-task-display-area display-area=DefaultTaskDisplayArea@43236778 skip-bounds-fullscreen
08-02 17:11:15.499 1761 9949 I ActivityTaskManager: START u0 {act=android.intent.action.MAIN cat=[android.intent.category.LAUNCHER] flg=0x10200000 cmp=com.shire.mobile/.MainActivity} with LAUNCH_MULTIPLE from uid 2000 (com.android.shell) (BAL_ALLOW_PERMISSION) result code=0
08-02 17:11:15.500 1761 1975 V GrammaticalInflectionUtils: AttributionSource: android.content.AttributionSource@86d2097b does not have READ_SYSTEM_GRAMMATICAL_GENDER permission.
08-02 17:11:15.500 18265 18265 I Monkey : Events injected: 1
08-02 17:11:15.500 3566 3610 V RecentTasksController: Notify recent tasks changed
08-02 17:11:15.501 5602 5602 D RecentTasksList: invalidateLoadedTasks - previous requestLoadId: -1
08-02 17:11:15.501 3566 3610 D ShellDesktopMode: DesktopRepository(0): Removes freeform task: taskId=8723
08-02 17:11:15.501 3566 3610 W ShellDesktopMode: DesktopRepository(0): No display id found for task: taskId=8723
08-02 17:11:15.501 3566 3610 V RecentTasksController: Notify recent tasks changed
08-02 17:11:15.501 5602 5602 D RecentTasksList: invalidateLoadedTasks - previous requestLoadId: -1
08-02 17:11:15.503 18265 18265 I Monkey : ## Network stats: elapsed time=35ms (0ms mobile, 0ms wifi, 35ms not connected)
08-02 17:11:15.504 18265 18265 I app_process: System.exit called, status: 0
08-02 17:11:15.504 18265 18265 I AndroidRuntime: VM exiting with result code 0.
08-02 17:11:15.505 1761 1975 I DisplayDeviceRepository: Display device changed render timings: "Inner Display", renderFrameRate=120.00001, presentationDeadlineNanos=11500000, appVsyncOffsetNanos=6233332, frameRateOverrides=[{uid=10235 frameRateHz=120.00001}, {uid=10259 frameRateHz=120.00001}]
08-02 17:11:15.506 30171 30626 I AiAiEcho: (REDACTED) Settings changed for uri: %s
08-02 17:11:15.507 30171 30261 I AiAiEcho: (REDACTED) Predicting[%d]: %s
08-02 17:11:15.508 30171 30261 I AiAiEcho: (REDACTED) EchoTargets: %s
08-02 17:11:15.508 30171 30261 I AiAiEcho: Filtered by AiAi flag check: %s
08-02 17:11:15.508 30171 30261 I AiAiEcho: #remoteViewsTwiddler: feature disabled.
08-02 17:11:15.509 30171 30626 I AiAiEcho: (REDACTED) Settings changed for uri: %s
08-02 17:11:15.509 30171 30261 I AiAiEcho: (REDACTED) Predicting[%d]: %s
08-02 17:11:15.510 30171 30261 I AiAiEcho: (REDACTED) EchoTargets: %s
08-02 17:11:15.510 30171 30261 I AiAiEcho: Filtered by AiAi flag check: %s
08-02 17:11:15.510 30171 30261 I AiAiEcho: (REDACTED) #weatherSubItemsTwiddler: Weather removes SubtitleSupplementalItem in surface: %s
08-02 17:11:15.510 30171 30261 I AiAiEcho: #remoteViewsTwiddler: feature disabled.
08-02 17:11:15.511 30171 30261 I AiAiEcho: (REDACTED) Predicting[%d]: %s
08-02 17:11:15.511 30171 30261 I AiAiEcho: (REDACTED) EchoTargets: %s
08-02 17:11:15.511 30171 30261 I AiAiEcho: Filtered by AiAi flag check: %s
08-02 17:11:15.511 30171 30261 I AiAiEcho: (REDACTED) #weatherSubItemsTwiddler: Weather removes SubtitleSupplementalItem in surface: %s
08-02 17:11:15.512 30171 30261 I AiAiEcho: #remoteViewsTwiddler: feature disabled.
08-02 17:11:15.512 30171 30261 I AiAiEcho: (REDACTED) #postPredictionTargets: Sending updates to UISurface %s with targets# %s (types=[%s])
08-02 17:11:15.512 30171 30261 I AiAiEcho: (REDACTED) Predicting[%d]: %s
08-02 17:11:15.513 30171 30261 I AiAiEcho: (REDACTED) EchoTargets: %s
08-02 17:11:15.513 30171 30261 I AiAiEcho: Filtered by AiAi flag check: %s
08-02 17:11:15.513 30171 30261 I AiAiEcho: #remoteViewsTwiddler: feature disabled.
08-02 17:11:15.513 3566 3667 I AmbientCueRepository: Receiving SmartSpace targets # 0
08-02 17:11:15.514 30171 30261 I AiAiEcho: (REDACTED) Predicting[%d]: %s
08-02 17:11:15.514 30171 30261 I AiAiEcho: (REDACTED) EchoTargets: %s
08-02 17:11:15.514 30171 30261 I AiAiEcho: Filtered by AiAi flag check: %s
08-02 17:11:15.515 30171 30261 I AiAiEcho: (REDACTED) #weatherSubItemsTwiddler: Weather removes SubtitleSupplementalItem in surface: %s
08-02 17:11:15.514 1129 1129 D Zygote : Forked child process 18301
08-02 17:11:15.515 30171 30261 I AiAiEcho: #remoteViewsTwiddler: feature disabled.
08-02 17:11:15.515 1761 1986 I ActivityManager: Start proc 18301:com.shire.mobile/u0a615 for top-activity {com.shire.mobile/com.shire.mobile.MainActivity}
08-02 17:11:15.515 30171 30261 I AiAiEcho: (REDACTED) Predicting[%d]: %s
08-02 17:11:15.515 30171 30261 I AiAiEcho: (REDACTED) EchoTargets: %s
08-02 17:11:15.515 30171 30261 I AiAiEcho: Filtered by AiAi flag check: %s
08-02 17:11:15.516 30171 30261 I AiAiEcho: (REDACTED) #weatherSubItemsTwiddler: Weather removes SubtitleSupplementalItem in surface: %s
08-02 17:11:15.516 30171 30261 I AiAiEcho: #remoteViewsTwiddler: feature disabled.
08-02 17:11:15.518 1761 2529 I EventHub: Removing device Monkey touch due to epoll hang-up event.
08-02 17:11:15.518 1761 2529 I EventHub: Removed device: path=/dev/input/event4 name=Monkey touch id=9 fd=1037 classes=TOUCH | TOUCH_MT
08-02 17:11:15.519 30171 30261 I AiAiEcho: (REDACTED) #postPredictionTargets: Sending updates to UISurface %s with targets# %s (types=[%s])
08-02 17:11:15.520 18301 18301 I libprocessgroup: Created cgroup /sys/fs/cgroup/apps/uid_10615/pid_18301
08-02 17:11:15.520 3566 3566 I WeatherSmartspaceView: setFormattedContentDescription: text=16°C, iconDescription=Clear day, contentDescription=Clear day 16°C
08-02 17:11:15.520 1761 2529 I InputReader: Device removed: id=9, eventHubId=9, name='Monkey touch', descriptor='e1fe28b90f915c7d1febbd52c1ef84b3c4cbed9f', sources=TOUCHSCREEN
08-02 17:11:15.520 3566 3566 I WeatherSmartspaceView: setFormattedContentDescription: text=16°C, iconDescription=Clear day, contentDescription=Clear day 16°C
08-02 17:11:15.520 3566 3566 I WeatherData: Weather data parsed SUNNY ("Clear day") 16°C from Bundle[{description=Clear day, feedback_intent=null, explanation_intent=Supplier{VAL_PARCELABLE@144+1920}, is_gaia_linked_data=true, use_celsius=true, state=1, temperature=16}]
08-02 17:11:15.522 30171 30261 I AiAiEcho: (REDACTED) #postPredictionTargets: Sending updates to UISurface %s with targets# %s (types=[%s])
08-02 17:11:15.522 30171 30261 I AiAiEcho: (REDACTED) #postPredictionTargets: Sending updates to UISurface %s with targets# %s (types=[%s])
08-02 17:11:15.523 3566 3667 I AmbientCueRepository: Receiving SmartSpace targets # 0
08-02 17:11:15.525 18301 18301 I Zygote : Process 18301 created for com.shire.mobile
08-02 17:11:15.525 18301 18301 I om.shire.mobile: Late-enabling -Xcheck:jni
08-02 17:11:15.525 30171 30261 I AiAiEcho: (REDACTED) #postPredictionTargets: Sending updates to UISurface %s with targets# %s (types=[%s])
08-02 17:11:15.526 1761 2529 I EventHub: Removing device '/dev/input/event4' due to inotify event
08-02 17:11:15.526 3566 3610 V ShellDesktopMode: DesktopDisplayModeController: canDesktopFirstModeBeEnabledOnDefaultDisplay: isDefaultDisplayDesktopEligible=false
08-02 17:11:15.527 3566 3610 V WindowManagerShell: Directly starting a new transition type=CHANGE wct=WindowContainerTransaction { changes= {android.os.BinderProxy@a17d8da={isTaskMoveAllowed:false,}} hops= [] flags= 0 errorCallbackToken=null taskFragmentOrganizer=null } handler=null
08-02 17:11:15.527 12986 12986 I PkModeUpdater: PkModeUpdater.refreshDevices():206 refreshing devices
08-02 17:11:15.527 1761 4896 V WindowManager: Queueing transition: TransitionRecord{edded41 id=-1 type=CHANGE flags=0x0 parallelCollectType=NONE recentsDisplayId=-1}
08-02 17:11:15.529 30171 30261 I AiAiEcho: (REDACTED) #postPredictionTargets: Sending updates to UISurface %s with targets# %s (types=[%s])
08-02 17:11:15.538 3566 3566 I WeatherSmartspaceView: setFormattedContentDescription: text=16°C, iconDescription=Clear day, contentDescription=Clear day 16°C
08-02 17:11:15.538 3566 3566 I WeatherSmartspaceView: setFormattedContentDescription: text=16°C, iconDescription=Clear day, contentDescription=Clear day 16°C
08-02 17:11:15.538 3566 3566 I WeatherData: Weather data parsed SUNNY ("Clear day") 16°C from Bundle[{description=Clear day, feedback_intent=null, explanation_intent=Supplier{VAL_PARCELABLE@144+1920}, is_gaia_linked_data=true, use_celsius=true, state=1, temperature=16}]
08-02 17:11:15.539 3566 3566 D NavigationModeController: getCurrentUserContext: contextUser=0 currentUser=0
08-02 17:11:15.548 18301 18301 I om.shire.mobile: Using generational CollectorTypeCMC GC.
08-02 17:11:15.554 3566 3566 I BcSmartspaceCard: setFormattedContentDescription: text=null, iconDescription=null, contentDescription=null
08-02 17:11:15.555 1450 1487 I adbd : jdwp connection from 18301
08-02 17:11:15.555 3566 3566 I BcSmartspaceCard: setFormattedContentDescription: text=Sensory Flow, iconDescription=null, contentDescription=Sensory Flow
08-02 17:11:15.555 18301 18301 D nativeloader: Load libframework-connectivity-tiramisu-jni.so using APEX ns com_android_tethering for caller /apex/com.android.tethering/javalib/framework-connectivity-t.jar: ok
08-02 17:11:15.570 3566 3566 I BcSmartspaceCard: setFormattedContentDescription: text=null, iconDescription=null, contentDescription=null
08-02 17:11:15.570 3566 3566 I BcSmartspaceCard: setFormattedContentDescription: text=Sensory Flow, iconDescription=null, contentDescription=Sensory Flow
08-02 17:11:15.583 18301 18301 D ApplicationLoaders: Returning zygote-cached class loader: /system_ext/framework/androidx.window.extensions.jar
08-02 17:11:15.583 18301 18301 D ApplicationLoaders: Returning zygote-cached class loader: /system_ext/framework/androidx.window.sidecar.jar
08-02 17:11:15.706 18301 18301 D nativeloader: Configuring clns-9 for other apk /data/app/~~MwNo7oQQOQrPGfU36adCMw==/com.shire.mobile-XeihW0mZL_rl5LmtVoBGpw==/base.apk. target_sdk_version=36, uses_libraries=, library_path=/data/app/~~MwNo7oQQOQrPGfU36adCMw==/com.shire.mobile-XeihW0mZL_rl5LmtVoBGpw==/lib/arm64:/data/app/~~MwNo7oQQOQrPGfU36adCMw==/com.shire.mobile-XeihW0mZL_rl5LmtVoBGpw==/base.apk!/lib/arm64-v8a, permitted_path=/data:/mnt/expand:/data/user/0/com.shire.mobile
08-02 17:11:15.714 18301 18301 V GraphicsEnvironment: Currently set values for:
08-02 17:11:15.714 18301 18301 V GraphicsEnvironment: angle_gl_driver_selection_pkgs=[com.android.angle]
08-02 17:11:15.714 18301 18301 V GraphicsEnvironment: angle_gl_driver_selection_values=[angle]
08-02 17:11:15.714 18301 18301 V GraphicsEnvironment: com.shire.mobile is not listed in per-application setting
08-02 17:11:15.714 18301 18301 V GraphicsEnvironment: No special selections for ANGLE, returning default driver choice
08-02 17:11:15.715 18301 18301 V GraphicsEnvironment: Neither updatable production driver nor prerelease driver is supported.
08-02 17:11:15.728 1761 4896 D CorePackageUpdate: Couldn't find a persistent state for task= 8725
08-02 17:11:15.731 24905 24905 I pixel-thermal: VIRTUAL-USB-UI:0 raw data: USB-MINUS-CHARGER:-3718 VIRTUAL-USB-UI:0 charger_therm:34310 usb_conn_therm:30592
08-02 17:11:15.731 24905 24905 I pixel-thermal: VIRTUAL-USB-THROTTLING:0 raw data: USB-MINUS-CHARGER:-3718 VIRTUAL-USB-THROTTLING:0 usb_conn_therm:30592
08-02 17:11:15.731 24905 24905 I pixel-thermal: VIRTUAL-SKIN-SPEAKER:29.5958 raw data: IS_VSKIN_SPEAKER_MODEL_WITHIN_RANGE:1 IS_VSKIN_SPEAKER_MODEL_WITHIN_RANGE_CHECK:2 NO_VSKIN_SPEAKER_MODEL_WITHIN_RANGE:0 VIRTUAL-SKIN-SPEAKER:29595.8 VIRTUAL-SKIN-SPEAKER-LEGACY:35954.9 VIRTUAL-SKIN-SPEAKER-MODEL:29595.8 maxfg_base:30200 usb_conn_therm:30592
08-02 17:11:15.731 24905 24905 I pixel-thermal: VIRTUAL-SKIN:32.37 raw data: VIRTUAL-SKIN:32370
08-02 17:11:15.731 24905 24905 I pixel-thermal: rffe_therm:33.085 raw data: rffe_therm:33085
08-02 17:11:15.731 24905 24905 I pixel-thermal: VIRTUAL-SKIN-CHARGE-WIRED:32.5451 raw data: CLOSE_WEIGHT:1 IS_WLC:0 NO_WLC:1 OPEN_WEIGHT:2.8026e-45 VIRTUAL-SKIN-CHARGE-WIRED:32545.1 VIRTUAL-SKIN-CHARGE-WIRED-CLOSE:32545.1 VIRTUAL-SKIN-CHARGE-WIRED-EQ:32545.1 VIRTUAL-SKIN-CHARGE-WIRED-OPEN:32923.3 WLC_CHECK:1 gnss_tcxo_therm:33085 modem_therm:33575 rffe_therm:33085 soc_therm:33954 thb_hda:53
08-02 17:11:15.731 24905 24905 I pixel-thermal: VIRTUAL-SKIN-OUTER-DISPLAY:30.1998 raw data: VIRTUAL-SKIN-OUTER-DISPLAY:30199.8 display_therm:30437
08-02 17:11:15.731 24905 24905 I pixel-thermal: cellular-emergency:32.37 raw data: VIRTUAL-SKIN:32370 cellular-emergency:32370
08-02 17:11:15.731 24905 24905 I pixel-thermal: soc_therm:33.954 raw data: soc_therm:33954
08-02 17:11:15.732 24905 24905 I pixel-thermal: VIRTUAL-SKIN-CHARGE-PERSIST:32.5451 raw data: IS_WLC:0 NO_WLC:1 VIRTUAL-SKIN-CHARGE-PERSIST:32545.1 VIRTUAL-SKIN-CHARGE-WIRED-EQ:32545.1 VIRTUAL-SKIN-CHARGE-WLC-EQ:32629.5 charger_therm:34310 gnss_tcxo_therm:33085 rffe_therm:33085
08-02 17:11:15.732 24905 24905 I pixel-thermal: VIRTUAL-SKIN-INNER-DISPLAY:33.862 raw data: VIRTUAL-SKIN-INNER-DISPLAY:33862 VIRTUAL-SKIN-OPEN:33862
08-02 17:11:15.732 24905 24905 I pixel-thermal: battery:30.2 raw data: battery:30200
08-02 17:11:15.733 24905 24905 I pixel-thermal: gnss_tcxo_therm:33.085 raw data: gnss_tcxo_therm:33085
08-02 17:11:15.733 24905 24905 I pixel-thermal: charger_therm:34.31 raw data: charger_therm:34310
08-02 17:11:15.733 24905 24905 I pixel-thermal: usb_conn_therm:30.592 raw data: usb_conn_therm:30592
08-02 17:11:15.733 24905 24905 I pixel-thermal: modem_therm:33.575 raw data: modem_therm:33575
08-02 17:11:15.733 18301 18329 I DisplayManager: Choreographer implicitly registered for the refresh rate.
08-02 17:11:15.734 18301 18329 D vulkan : searching for layers in '/data/app/~~MwNo7oQQOQrPGfU36adCMw==/com.shire.mobile-XeihW0mZL_rl5LmtVoBGpw==/lib/arm64'
08-02 17:11:15.734 18301 18329 D vulkan : searching for layers in '/data/app/~~MwNo7oQQOQrPGfU36adCMw==/com.shire.mobile-XeihW0mZL_rl5LmtVoBGpw==/base.apk!/lib/arm64-v8a'
08-02 17:11:15.748 18301 18301 E TransactionExecutor: Failed to execute the transaction: tId:-552116181 ClientTransaction{
08-02 17:11:15.748 18301 18301 E TransactionExecutor: tId:-552116181 transactionItems=[
08-02 17:11:15.748 18301 18301 E TransactionExecutor: tId:-552116181 LaunchActivityItem{activityToken=android.os.BinderProxy@284034c,intent=Intent { act=android.intent.action.MAIN cat=[android.intent.category.LAUNCHER] flg=0x10200000 cmp=com.shire.mobile/.MainActivity },ident=69367826,info=ActivityInfo{8becc67 com.shire.mobile.MainActivity},curConfig={1.1 505mcc1mnc [en_AU_#u-fw-mon-mu-celsius] ldltr sw443dp w443dp h994dp 390dpi nrml long compactNeeded hdr widecg port night finger -keyb/v/h -nav/h winConfig={ mBounds=Rect(0, 0 - 1080, 2424) mAppBounds=Rect(0, 0 - 1080, 2424) mMaxBounds=Rect(0, 0 - 1080, 2424) mDisplayRotation=ROTATION_0 mWindowingMode=fullscreen mActivityType=undefined mAlwaysOnTop=undefined mRotation=ROTATION_0} as.2 s.23591 fontWeightAdjustment=0},overrideConfig={1.1 505mcc1mnc [en_AU_#u-fw-mon-mu-celsius] ldltr sw443dp w443dp h994dp 390dpi nrml long compactNeeded hdr widecg port night finger -keyb/v/h -nav/h winConfig={ mBounds=Rect(0, 0 - 1080, 2424) mAppBounds=Rect(0, 0 - 1080, 2424) mMaxBounds=Rect(0, 0 - 1080, 2424) mDisplayRotation=ROTATION_0 mWindowingMode=fullscreen mActivityType=standard mAlwaysOnTop=undefined mRotation=ROTATION_0} as.2 s.2 fontWeightAdjustment=0},deviceId=0,referrer=com.android.shell,procState=19,state=null,persistentState=null,pendingResults=null,pendingNewIntents=null,sceneTransitionInfo=null,profilerInfo=null,assistToken=android.os.BinderProxy@235ef68,shareableActivityToken=android.os.BinderProxy@258cf81,activityWindowInfo=ActivityWindowInfo{isEmbedded=false, taskBounds=Rect(0, 0 - 1080, 2424), taskFragmentBounds=Rect(0, 0 - 1080, 2424)},displayId=0}
08-02 17:11:15.748 18301 18301 E TransactionExecutor: tId:-552116181 ResumeActivityItem{mActivityToken=android.os.BinderProxy@284034c,procState=-1,isForward=true,shouldSendCompatFakeFocus=false}
