08-02 17:11:15.748 18301 18301 E TransactionExecutor: tId:-552116181 Target activity: com.shire.mobile.MainActivity
08-02 17:11:15.748 18301 18301 E TransactionExecutor: tId:-552116181 ]
08-02 17:11:15.748 18301 18301 E TransactionExecutor: tId:-552116181 }
08-02 17:11:15.748 18301 18301 D AndroidRuntime: Shutting down VM --------- beginning of crash
08-02 17:11:15.749 18301 18301 E AndroidRuntime: FATAL EXCEPTION: main
08-02 17:11:15.749 18301 18301 E AndroidRuntime: Process: com.shire.mobile, PID: 18301
08-02 17:11:15.749 18301 18301 E AndroidRuntime: java.lang.RuntimeException: Unable to start activity ComponentInfo{com.shire.mobile/com.shire.mobile.MainActivity}
08-02 17:11:15.749 18301 18301 E AndroidRuntime: at android.app.ActivityThread.performLaunchActivity(ActivityThread.java:4575)
08-02 17:11:15.749 18301 18301 E AndroidRuntime: at android.app.ActivityThread.handleLaunchActivity(ActivityThread.java:4781)
08-02 17:11:15.749 18301 18301 E AndroidRuntime: at android.app.servertransaction.LaunchActivityItem.execute(LaunchActivityItem.java:224)
08-02 17:11:15.749 18301 18301 E AndroidRuntime: at android.app.servertransaction.TransactionExecutor.executeNonLifecycleItem(TransactionExecutor.java:133)
08-02 17:11:15.749 18301 18301 E AndroidRuntime: at android.app.servertransaction.TransactionExecutor.executeTransactionItems(TransactionExecutor.java:103)
08-02 17:11:15.749 18301 18301 E AndroidRuntime: at android.app.servertransaction.TransactionExecutor.execute(TransactionExecutor.java:80)
08-02 17:11:15.749 18301 18301 E AndroidRuntime: at android.app.ActivityThread$H.handleMessage(ActivityThread.java:3032)
08-02 17:11:15.749 18301 18301 E AndroidRuntime: at android.os.Handler.dispatchMessageImpl(Handler.java:142)
08-02 17:11:15.749 18301 18301 E AndroidRuntime: at android.os.Handler.dispatchMessage(Handler.java:125)
08-02 17:11:15.749 18301 18301 E AndroidRuntime: at android.os.Looper.loopOnce(Looper.java:296)
08-02 17:11:15.749 18301 18301 E AndroidRuntime: at android.os.Looper.loop(Looper.java:397)
08-02 17:11:15.749 18301 18301 E AndroidRuntime: at android.app.ActivityThread.main(ActivityThread.java:9523)
08-02 17:11:15.749 18301 18301 E AndroidRuntime: at java.lang.reflect.Method.invoke(Native Method)
08-02 17:11:15.749 18301 18301 E AndroidRuntime: at com.android.internal.os.RuntimeInit$MethodAndArgsCaller.run(RuntimeInit.java:575)
08-02 17:11:15.749 18301 18301 E AndroidRuntime: at com.android.internal.os.ZygoteInit.main(ZygoteInit.java:939)
08-02 17:11:15.749 18301 18301 E AndroidRuntime: Caused by: java.lang.SecurityException: android.permission.ACCESS_NETWORK_STATE required for jobs with a connectivity constraint
08-02 17:11:15.749 18301 18301 E AndroidRuntime: at android.os.Parcel.createExceptionOrNull(Parcel.java:3392)
08-02 17:11:15.749 18301 18301 E AndroidRuntime: at android.os.Parcel.createException(Parcel.java:3376)
08-02 17:11:15.749 18301 18301 E AndroidRuntime: at android.os.Parcel.readException(Parcel.java:3359)
08-02 17:11:15.749 18301 18301 E AndroidRuntime: at android.os.Parcel.readException(Parcel.java:3301)
08-02 17:11:15.749 18301 18301 E AndroidRuntime: at android.app.job.IJobScheduler$Stub$Proxy.schedule(IJobScheduler.java:504)
08-02 17:11:15.749 18301 18301 E AndroidRuntime: at android.app.JobSchedulerImpl.schedule(JobSchedulerImpl.java:91)
08-02 17:11:15.749 18301 18301 E AndroidRuntime: at com.shire.mobile.ApprovalPollJobService$Companion.schedule(ApprovalInboxActivity.kt:459)
08-02 17:11:15.749 18301 18301 E AndroidRuntime: at com.shire.mobile.MainActivity.onCreate(MainActivity.kt:140)
08-02 17:11:15.749 18301 18301 E AndroidRuntime: at android.app.Activity.performCreate(Activity.java:9340)
08-02 17:11:15.749 18301 18301 E AndroidRuntime: at android.app.Activity.performCreate(Activity.java:9318)
08-02 17:11:15.749 18301 18301 E AndroidRuntime: at android.app.Instrumentation.callActivityOnCreate(Instrumentation.java:1543)
08-02 17:11:15.749 18301 18301 E AndroidRuntime: at android.app.ActivityThread.performLaunchActivity(ActivityThread.java:4559)
08-02 17:11:15.749 18301 18301 E AndroidRuntime: ... 14 more
08-02 17:11:15.749 18301 18301 E AndroidRuntime: Caused by: android.os.RemoteException: Remote stack trace:
08-02 17:11:15.749 18301 18301 E AndroidRuntime: at com.android.server.wm.Session$$ExternalSyntheticBUOutline1.m(R8$$SyntheticClass:0)
08-02 17:11:15.749 18301 18301 E AndroidRuntime: at com.android.server.job.JobSchedulerService$JobSchedulerStub.enforceValidJobRequest(JobSchedulerService.java:5176)
08-02 17:11:15.749 18301 18301 E AndroidRuntime: at com.android.server.job.JobSchedulerService$JobSchedulerStub.schedule(JobSchedulerService.java:5376)
08-02 17:11:15.749 18301 18301 E AndroidRuntime: at android.app.job.IJobScheduler$Stub.onTransact(IJobScheduler.java:249)
08-02 17:11:15.749 18301 18301 E AndroidRuntime: at android.os.Binder.execTransactInternal(Binder.java:1364)
08-02 17:11:15.749 18301 18301 E AndroidRuntime:
08-02 17:11:15.752 1761 18337 I DropBoxManagerService: add tag=data_app_crash isTagEnabled=true flags=0x2
08-02 17:11:15.753 1761 9949 W ActivityTaskManager: Force finishing activity com.shire.mobile/.MainActivity
08-02 17:11:15.753 1761 9949 W TransitionChain: Combining finishTopCrash into #6009(OPEN|R|0x0) from startAct
08-02 17:11:15.755 18301 18301 I Process : Sending signal. PID: 18301 SIG: 9
08-02 17:11:15.756 24905 24918 I pixel-thermal: modem_therm:33.575 raw data: modem_therm:33575
08-02 17:11:15.756 24905 24918 I pixel-thermal: VIRTUAL-SKIN-CPU-HIGH:32.37 raw data: VIRTUAL-SKIN:32370 VIRTUAL-SKIN-CPU-HIGH:32370
08-02 17:11:15.756 24905 24918 I pixel-thermal: VIRTUAL-SKIN-INNER-DISPLAY:33.862 raw data: VIRTUAL-SKIN-INNER-DISPLAY:33862
08-02 17:11:15.756 24905 24918 I pixel-thermal: VIRTUAL-SKIN-HINT:32.37 raw data: VIRTUAL-SKIN:32370 VIRTUAL-SKIN-HINT:32370
08-02 17:11:15.756 24905 24918 I pixel-thermal: VIRTUAL-SKIN-CHARGE-PERSIST:32.5451 raw data: VIRTUAL-SKIN-CHARGE-PERSIST:32545.1
08-02 17:11:15.756 24905 24918 I pixel-thermal: VIRTUAL-SKIN-CPU-LIGHT-ODPM:32.37 raw data: VIRTUAL-SKIN:32370 VIRTUAL-SKIN-CPU-LIGHT-ODPM:32370
08-02 17:11:15.756 24905 24918 I pixel-thermal: VIRTUAL-SKIN-CPU-MID:32.37 raw data: VIRTUAL-SKIN:32370 VIRTUAL-SKIN-CPU-MID:32370
08-02 17:11:15.756 24905 24918 I pixel-thermal: VIRTUAL-SKIN-CPU-ODPM:32.37 raw data: VIRTUAL-SKIN:32370 VIRTUAL-SKIN-CPU-ODPM:32370
08-02 17:11:15.756 24905 24918 I pixel-thermal: VIRTUAL-SKIN-GPU:32.37 raw data: VIRTUAL-SKIN:32370 VIRTUAL-SKIN-GPU:32370
08-02 17:11:15.756 24905 24918 I pixel-thermal: cellular-emergency:32.37 raw data: cellular-emergency:32370
08-02 17:11:15.756 24905 24918 I pixel-thermal: STATS-UPDATOR:0 raw data: STATS-UPDATOR:0 VIRTUAL-SKIN-LEGACY:32370 VIRTUAL-SKIN-MODEL:32132.9 VIRTUAL-SKIN-MODEL-LEGACY-DIFF:-237.117 VIRTUAL-SKIN-SPEAKER-LEGACY:35954.9 VIRTUAL-SKIN-SPEAKER-MODEL:29595.8 VIRTUAL-SKIN-SPEAKER-MODEL-LEGACY-DIFF:-6359.1
08-02 17:11:15.756 24905 24918 I pixel-thermal: CHARGING-STATS-UPDATOR:0 raw data: CHARGING-STATS-UPDATOR:0 IS_WIRED_15W:0 IS_WIRED_15W_CHECK:1 IS_WIRED_18W:0 IS_WIRED_18W_CHECK:1 IS_WIRED_5W:0 IS_WIRED_5W_CHECK:1 IS_WIRED_7_5W:1 IS_WIRED_7_5W_CHECK:2 IS_WIRED_GT18W:0 IS_WIRED_GT18W_CHECK:1 IS_WIRED_SUB5W:0 IS_WIRED_SUB5W_CHECK:1 IS_WLC_WITHOUT_STEP_RATIO:0 NO_WIRED_15W:1 NO_WIRED_18W:1 NO_WIRED_5W:1 NO_WIRED_7_5W:0 NO_WIRED_GT18W:1 NO_WIRED_SUB5W:1 NO_WLC_WITHOUT_STEP_RATIO:1 VIRTUAL-SKIN-CHARGE-DURING-WIRED-15W-STATS:-1e+06 VIRTUAL-SKIN-CHARGE-DURING-WIRED-18W-STATS:-1e+06 VIRTUAL-SKIN-CHARGE-DURING-WIRED-5W-STATS:-1e+06 VIRTUAL-SKIN-CHARGE-DURING-WIRED-7-5W-STATS:32545.1 VIRTUAL-SKIN-CHARGE-DURING-WIRED-GT18W-STATS:-1e+06 VIRTUAL-SKIN-CHARGE-DURING-WIRED-SUB5W-STATS:-1e+06 VIRTUAL-SKIN-CHARGE-DURING-WLC-STATS:-1e+06 VIRTUAL-SKIN-CHARGE-WIRED-EQ:32545.1 VIRTUAL-SKIN-CHARGE-WLC-EQ:32629.5 WLC_CHECK:1 thb_hda:53
08-02 17:11:15.757 24905 24918 I pixel-thermal: VIRTUAL-SKIN:32.37 raw data: VIRTUAL-SKIN:32370
08-02 17:11:15.757 24905 24918 I pixel-thermal: VIRTUAL-SKIN-SOC:32.37 raw data: VIRTUAL-SKIN:32370 VIRTUAL-SKIN-SOC:32370
08-02 17:11:15.757 24905 24918 I pixel-thermal: VIRTUAL-SKIN-OUTER-DISPLAY:30.1998 raw data: VIRTUAL-SKIN-OUTER-DISPLAY:30199.8
08-02 17:11:15.769 1761 9949 I ActivityManager: Process com.shire.mobile (pid 18301) has died: fg TOP
08-02 17:11:15.769 1450 1450 I adbd : Remote process closed the socket (on MSG_PEEK)
08-02 17:11:15.769 1761 1987 I libprocessgroup: Removed cgroup /sys/fs/cgroup/apps/uid_10615/pid_18301
08-02 17:11:15.769 1761 9949 W TransitionChain: Combining appDied into #6009(OPEN|R|0x0) from startAct
08-02 17:11:15.770 1761 9949 D CorePackageUpdate: onRecentTaskRemoved Removing task: 8725
08-02 17:11:15.770 1761 9949 D CorePackageUpdate: Couldn't find a persistent state for task= 8725
08-02 17:11:15.771 1129 1129 I Zygote : Process 18301 exited due to signal 9 (Killed)
08-02 17:11:15.772 1761 3451 D InetDiagMessage: Destroyed 0 sockets, proto=IPPROTO_TCP, family=AF_INET, states=14
08-02 17:11:15.772 1761 1972 V WindowManager: Sent Transition (#6009) createdAt=08-02 17:11:15.479 via request=TransitionRequestInfo { type = OPEN, triggerTask = TaskInfo{userId=0 taskId=8725 effectiveUid=10615 displayId=0 isRunning=true baseIntent=Intent { act=android.intent.action.MAIN cat=[android.intent.category.LAUNCHER] flg=0x10200000 cmp=com.shire.mobile/.MainActivity } baseActivity=ComponentInfo{com.shire.mobile/com.shire.mobile.MainActivity} topActivity=ComponentInfo{com.shire.mobile/com.shire.mobile.MainActivity} origActivity=null realActivity=ComponentInfo{com.shire.mobile/com.shire.mobile.MainActivity} realActivityIsAppLockEnabled=false numActivities=1 lastActiveTime=262892774 supportsMultiWindow=true supportsMultiWindowWithoutConstraints=true resizeMode=1 isResizeable=true minWidth=-1 minHeight=-1 defaultMinSize=220 token=WCT{RemoteToken{5511eed Task{32ecbe3 #8725 type=standard A=10615:com.shire.mobile}}} topActivityType=1 pictureInPictureParams=null shouldDockBigOverlays=false launchIntoPipHostTaskId=-1 lastParentTaskIdBeforePip=-1 displayCutoutSafeInsets=Rect(0, 152 - 0, 0) topActivityInfo=ActivityInfo{3449122 com.shire.mobile.MainActivity} launchCookies=[] positionInParent=Point(0, 0) parentTaskId=-1 isFocused=false isInteractive=false isVisible=false isVisibleRequested=false isTopActivityNoDisplay=false isSleeping=true locusId=null displayAreaFeatureId=1 isTopActivityTransparent=false isActivityStackTransparent=false lastNonFullscreenBounds=null leafTaskBoundsFromOptions= false capturedLink=null capturedLinkTimestamp=0 requestedVisibleTypes=503 topActivityRequestOpenInBrowserEducationTimestamp=0 appCompatTaskInfo=AppCompatTaskInfo { topActivityInSizeCompat=false isLeafTask= true eligibleForLetterboxEducation= false isLetterboxEducationEnabled= false isLetterboxDoubleTapEnabled= false eligibleForUserAspectRatioButton= false topActivityBoundsLetterboxed= false isFromLetterboxDoubleTap= false topActivityLetterboxVerticalPosition= -1 topActivityLetterboxHorizontalPosition= -1 topActivityLetterboxWidth=-1 topActivityLetterboxHeight=-1 topActivityAppBounds=Rect(0, 0 - 1080, 2424) isUserFullscreenOverrideEnabled=false isSystemFullscreenOverrideEnabled=false hasMinAspectRatioOverride=false topActivityLetterboxBounds=null topNonResizableActivityAspectRatio=-1.0} topActivityMainWindowFrame=null isAppBubble=false}, pipChange = null, remoteTransitionInfo = null, displayChanges = null, requestedLocation = null, userChange = null, windowingLayerChange = null, fullscreenRequestChange = null, flags = 0, debugId = 6009 }
08-02 17:11:15.772 1761 1972 V WindowManager: startWCT=WindowContainerTransaction { changes= {} hops= [] flags= 0 errorCallbackToken=null taskFragmentOrganizer=null }
08-02 17:11:15.772 1761 1972 V WindowManager: info={id=6009 t=OPEN f=0x40 trk=0 r=[] c=[]}
08-02 17:11:15.773 3566 3610 V RecentTasksController: Notify recent tasks changed
08-02 17:11:15.773 5602 5602 D RecentTasksList: invalidateLoadedTasks - previous requestLoadId: -1
08-02 17:11:15.773 1761 3451 D InetDiagMessage: Destroyed 0 sockets, proto=IPPROTO_TCP, family=AF_INET6, states=14
08-02 17:11:15.773 1761 3451 D InetDiagMessage: Destroyed live tcp sockets for uids={10615} in 3ms
08-02 17:11:15.774 5602 5602 D RecentsView: onTaskRemoved: 8725, not handling task stack changes
08-02 17:11:15.774 3566 3581 V WindowManagerShell: onTransitionReady(transaction=7563437997476)
08-02 17:11:15.774 3566 3610 V WindowManagerShell: onTransitionReady (#6009) android.os.BinderProxy@f076feb: {id=6009 t=OPEN f=0x40 trk=0 r=[] c=[]}
08-02 17:11:15.775 3566 3610 V WindowManagerShell: FocusTransitionObserver: Updating focus state for transition #6009
08-02 17:11:15.775 3566 3610 V ShellDesktopMode: DesktopModeLogger: taskInfo map after processing changes 0
08-02 17:11:15.775 5602 5602 D RecentsView: onTaskRemoved: 8725, not handling task stack changes
08-02 17:11:15.775 3566 3610 V WindowManagerShell: No transition roots in (#6009) android.os.BinderProxy@f076feb@0 so abort
08-02 17:11:15.775 1761 1975 V WindowManager: deferTransitionReady deferReadyDepth=1 stack=com.android.server.wm.WindowOrganizerController.applyTransaction:717 com.android.server.wm.WindowOrganizerController.applyTransaction:641 com.android.server.wm.WindowOrganizerController.lambda$startTransition$3:388 com.android.server.wm.WindowOrganizerController.$r8$lambda$PHnU0rj5Bcvaq0dL-Wi7kOJt8bo:0 com.android.server.wm.WindowOrganizerController$$ExternalSyntheticLambda5.onCollectStarted:0
08-02 17:11:15.775 1761 1975 V WindowManager: continueTransitionReady deferReadyDepth=0 stack=com.android.server.wm.WindowOrganizerController.applyTransaction:864 com.android.server.wm.WindowOrganizerController.applyTransaction:641 com.android.server.wm.WindowOrganizerController.lambda$startTransition$3:388 com.android.server.wm.WindowOrganizerController.$r8$lambda$PHnU0rj5Bcvaq0dL-Wi7kOJt8bo:0 com.android.server.wm.WindowOrganizerController$$ExternalSyntheticLambda5.onCollectStarted:0
08-02 17:11:15.775 1761 3451 D InetDiagMessage: Destroyed 0 sockets, proto=IPPROTO_TCP, family=AF_INET, states=14
08-02 17:11:15.776 3566 3610 V WindowManagerShell: Transition animation finished (aborted=true), notifying core (#6009) android.os.BinderProxy@f076feb@0
08-02 17:11:15.778 1761 1972 V WindowManager: Sent Transition (#6010) createdAt=08-02 17:11:15.527
08-02 17:11:15.778 1761 1972 V WindowManager: startWCT=WindowContainerTransaction { changes= {RemoteToken{17348b1 DefaultTaskDisplayArea@43236778}={isTaskMoveAllowed:false,}} hops= [] flags= 0 errorCallbackToken=null taskFragmentOrganizer=null }
08-02 17:11:15.778 1761 1972 V WindowManager: info={id=6010 t=CHANGE f=0x40 trk=0 r=[] c=[]}
08-02 17:11:15.779 1761 3451 D InetDiagMessage: Destroyed 0 sockets, proto=IPPROTO_TCP, family=AF_INET6, states=14
08-02 17:11:15.779 1761 3451 D InetDiagMessage: Destroyed live tcp sockets for uids={20615} in 6ms
08-02 17:11:15.779 3566 4919 V WindowManagerShell: onTransitionReady(transaction=7563437997481)
08-02 17:11:15.780 1761 1972 V WindowManager: Finish Transition (#6009): created at
08-02 17:11:15.479 collect-started=0.232ms request-sent=18.835ms started=20.23ms ready=291.004ms sent=292.073ms commit=8.178ms finished=300.459ms
08-02 17:11:15.780 3566 3610 V WindowManagerShell: Track 0 became idle
08-02 17:11:15.780 3566 3610 V WindowManagerShell: onTransitionReady (#6010) android.os.BinderProxy@ac586de: {id=6010 t=CHANGE f=0x40 trk=0 r=[] c=[]}
08-02 17:11:15.780 3566 3610 V WindowManagerShell: FocusTransitionObserver: Updating focus state for transition #6010
08-02 17:11:15.780 3566 3610 V ShellDesktopMode: DesktopModeLogger: taskInfo map after processing changes 0
08-02 17:11:15.780 3566 3610 V WindowManagerShell: No transition roots in (#6010) android.os.BinderProxy@ac586de@0 so abort
08-02 17:11:15.781 3566 3610 V WindowManagerShell: Transition animation finished (aborted=true), notifying core (#6010) android.os.BinderProxy@ac586de@0
08-02 17:11:15.782 1761 1972 V WindowManager: Finish Transition (#6010): created at
08-02 17:11:15.527 collect-started=245.013ms started=247.57ms ready=248.337ms sent=248.84ms finished=255.148ms
08-02 17:11:15.783 3566 3610 V WindowManagerShell: Track 0 became idle
08-02 17:11:15.783 3566 3610 V WindowManagerShell: All active transition animations finished
08-02 17:11:15.786 1761 3496 I MR2ServiceImpl: Updating composite discovery preference | preference: RouteDiscoveryRequest{ preferredFeatures={}, activeScan=false }, active routers: []
08-02 17:11:15.787 1761 3496 I MR2ServiceImpl: Updating composite discovery preference | preference: RouteDiscoveryRequest{ preferredFeatures={}, activeScan=false }, active routers: []
08-02 17:11:15.789 1761 1975 I DisplayDeviceRepository: Display device changed render timings: "Inner Display", renderFrameRate=120.00001, presentationDeadlineNanos=11500000, appVsyncOffsetNanos=6233332, frameRateOverrides=[]
08-02 17:11:16.232 1761 1975 W ActivityTaskManager: Activity top resumed state loss timeout for ActivityRecord{69367826 u0 com.shire.mobile/.MainActivity t-1 f}}
08-02 17:11:16.334 5736 18343 I DropBoxUtil: (REDACTED) Reading dropbox entry with tag %s and timestamp %d
08-02 17:11:16.347 5736 18343 I DropBoxUtil: (REDACTED) Reading dropbox entry with tag %s and timestamp %d
08-02 17:11:16.415 21634 22468 W libbinder.Binder: Binder transaction to android.accounts.IAccountAuthenticator, function: UNKNOWN_FUNCTION_NAME, code: 3, took 1501ms. Data bytes: 492 Reply bytes: 0 Flags: 17
08-02 17:11:16.516 24905 24918 I pixel-thermal: VIRTUAL-SKIN-CHARGE-WIRED:32.5451 raw data: VIRTUAL-SKIN-CHARGE-WIRED:32545.1
08-02 17:11:16.517 24905 24918 I pixel-thermal: VIRTUAL-SKIN-CHARGE-WIRED power_budget=4361.04 err=5.45491 s_power=2527 time_elapsed_ms=7008 p=649.134 i=1274.51 d=0 dt_per_min=nan compensation=0 budget transient=0 control target=2 excluded power budget=89.6025 (PARTIAL_SYSTEM_POWER: 746.69 mW, cdev_weight: 0.120000)
08-02 17:11:16.519 21634 21638 E gcblocker: too long GC blocking: 5
08-02 17:11:16.519 21634 21638 E gcblocker: gc block end, 167612841,101
08-02 17:11:17.939 21634 21644 W libbinder.Binder: Binder transaction to android.accounts.IAccountAuthenticator, function: UNKNOWN_FUNCTION_NAME, code: 3, took 1501ms. Data bytes: 492 Reply bytes: 0 Flags: 17
08-02 17:11:18.046 21634 21638 E gcblocker: too long GC blocking: 5
08-02 17:11:18.047 21634 21638 E gcblocker: gc block end, 167614369,100
08-02 17:11:19.049 1761 2516 D ActivityManager: freezing 4247 com.google.android.cellbroadcastreceiver
08-02 17:11:19.055 1761 2516 D ActivityManager: freezing 1120 com.android.settings
08-02 17:11:19.064 1761 3451 D InetDiagMessage: Destroyed 0 sockets, proto=IPPROTO_TCP, family=AF_INET, states=14
08-02 17:11:19.067 1761 3451 D InetDiagMessage: Destroyed 0 sockets, proto=IPPROTO_TCP, family=AF_INET6, states=14
08-02 17:11:19.068 1761 3451 D InetDiagMessage: Destroyed live tcp sockets for uids={10282} in 8ms
08-02 17:11:19.489 21634 21644 W libbinder.Binder: Binder transaction to android.accounts.IAccountAuthenticator, function: UNKNOWN_FUNCTION_NAME, code: 3, took 1501ms. Data bytes: 492 Reply bytes: 0 Flags: 17
08-02 17:11:19.598 21634 21638 E gcblocker: too long GC blocking: 5
08-02 17:11:19.598 21634 21638 E gcblocker: gc block end, 167615921,100
08-02 17:11:20.657 5736 5736 D BoundBrokerSvc: onUnbind: Intent { act=com.google.android.gms.libs.gmscorelogger.service.START dat=chimera-action:/... xflg=0x4 cmp=com.google.android.gms/.chimera.PersistentDirectBootAwareApiService }
08-02 17:11:21.019 21634 21642 W libbinder.Binder: Binder transaction to android.accounts.IAccountAuthenticator, function: UNKNOWN_FUNCTION_NAME, code: 3, took 1501ms. Data bytes: 492 Reply bytes: 0 Flags: 17
08-02 17:11:21.070 24905 24918 I pixel-thermal: gnss_tcxo_therm:33.085 raw data: gnss_tcxo_therm:33085
08-02 17:11:21.127 21634 21638 E gcblocker: too long GC blocking: 5
08-02 17:11:21.128 21634 21638 E gcblocker: gc block end, 167617450,100
08-02 17:11:22.558 21634 21642 W libbinder.Binder: Binder transaction to android.accounts.IAccountAuthenticator, function: UNKNOWN_FUNCTION_NAME, code: 3, took 1501ms. Data bytes: 492 Reply bytes: 0 Flags: 17
08-02 17:11:22.681 21634 21638 E gcblocker: too long GC blocking: 5
08-02 17:11:22.681 21634 21638 E gcblocker: gc block end, 167619003,101
08-02 17:11:22.769 24905 24918 I pixel-thermal: modem_therm:33.442 raw data: modem_therm:33442
08-02 17:11:22.773 24905 24918 I pixel-thermal: VIRTUAL-SKIN-CPU-HIGH:32.342 raw data: CLOSE_WEIGHT:1 OPEN_WEIGHT:2.8026e-45 VIRTUAL-SKIN:32342 VIRTUAL-SKIN-CLOSE:32342 VIRTUAL-SKIN-CLOSE-SUB-1:32300 VIRTUAL-SKIN-CLOSE-SUB-2:32342 VIRTUAL-SKIN-CLOSE-SUB-3:31492 VIRTUAL-SKIN-CLOSE-SUB-4:30329.1 VIRTUAL-SKIN-CPU-HIGH:32342 VIRTUAL-SKIN-LEGACY:32342 VIRTUAL-SKIN-OPEN:33782.1 VIRTUAL-SKIN-OPEN-SUB-1:31206 VIRTUAL-SKIN-OPEN-SUB-2:33782.1 charger_therm:34221 display_therm:30348 gnss_tcxo_therm:33085 inner_brightness:0 inner_display_therm:32462 maxfg_base:30200 maxfg_secondary:28800 modem_therm:33442 rffe_therm:32952 soc_therm:34265 usb_conn_therm:30570
08-02 17:11:22.774 24905 24918 I pixel-thermal: VIRTUAL-SKIN-INNER-DISPLAY:33.7821 raw data: VIRTUAL-SKIN-INNER-DISPLAY:33782.1 VIRTUAL-SKIN-OPEN:33782.1
08-02 17:11:22.774 24905 24918 I pixel-thermal: VIRTUAL-SKIN-HINT:32.342 raw data: VIRTUAL-SKIN:32342 VIRTUAL-SKIN-HINT:32342
08-02 17:11:22.774 24905 24918 I pixel-thermal: VIRTUAL-SKIN-CHARGE-PERSIST:32.5256 raw data: CLOSE_WEIGHT:1 IS_WLC:0 NO_WLC:1 OPEN_WEIGHT:2.8026e-45 VIRTUAL-SKIN-CHARGE-PERSIST:32525.6 VIRTUAL-SKIN-CHARGE-WIRED-CLOSE:32525.6 VIRTUAL-SKIN-CHARGE-WIRED-EQ:32525.6 VIRTUAL-SKIN-CHARGE-WIRED-OPEN:32882.7 VIRTUAL-SKIN-CHARGE-WLC-EQ:32545.4 WLC_CHECK:1 charger_therm:34221 gnss_tcxo_therm:33085 modem_therm:33442 rffe_therm:32952 soc_therm:34265 thb_hda:53
08-02 17:11:22.774 24905 24918 I pixel-thermal: VIRTUAL-SKIN-CPU-LIGHT-ODPM:32.342 raw data: VIRTUAL-SKIN:32342 VIRTUAL-SKIN-CPU-LIGHT-ODPM:32342
08-02 17:11:22.775 24905 24918 I pixel-thermal: VIRTUAL-SKIN-CPU-MID:32.342 raw data: VIRTUAL-SKIN:32342 VIRTUAL-SKIN-CPU-MID:32342
08-02 17:11:22.775 24905 24918 I pixel-thermal: VIRTUAL-SKIN-CPU-ODPM:32.342 raw data: VIRTUAL-SKIN:32342 VIRTUAL-SKIN-CPU-ODPM:32342
08-02 17:11:22.775 24905 24918 I pixel-thermal: VIRTUAL-SKIN-GPU:32.342 raw data: VIRTUAL-SKIN:32342 VIRTUAL-SKIN-GPU:32342
08-02 17:11:22.775 24905 24918 I pixel-thermal: cellular-emergency:32.342 raw data: VIRTUAL-SKIN:32342 cellular-emergency:32342
08-02 17:11:22.775 24905 24918 I pixel-thermal: VIRTUAL-SKIN-MODEL: model_input: [34265.00 32952.00 34221.00 30570.00 33442.00 32462.00 30348.00 33085.00 30200.00 28800.00 0.00 ]
08-02 17:11:22.775 24905 24918 I pixel-thermal: Ignoring stale previous samples for VIRTUAL-SKIN-MODEL
08-02 17:11:22.775 24905 24918 I pixel-thermal: VT Estimator returned (ret: 6) for VIRTUAL-SKIN-MODEL. Reading backup sensor [VIRTUAL-SKIN-LEGACY] data to use
08-02 17:11:22.776 24905 24918 I pixel-thermal: VIRTUAL-SKIN-SPEAKER-MODEL: model_input: [34265.00 32952.00 34221.00 30570.00 33442.00 32462.00 30348.00 33085.00 30200.00 28800.00 0.00 ]
08-02 17:11:22.776 24905 24918 I pixel-thermal: Ignoring stale previous samples for VIRTUAL-SKIN-SPEAKER-MODEL
08-02 17:11:22.776 24905 24918 I pixel-thermal: VT Estimator returned (ret: 6) for VIRTUAL-SKIN-SPEAKER-MODEL. Reading backup sensor [VIRTUAL-SKIN-SPEAKER-LEGACY] data to use
08-02 17:11:22.776 24905 24918 I pixel-thermal: STATS-UPDATOR:0 raw data: STATS-UPDATOR:0 VIRTUAL-SKIN-LEGACY:32342 VIRTUAL-SKIN-MODEL:32342 VIRTUAL-SKIN-MODEL-LEGACY-DIFF:0 VIRTUAL-SKIN-SPEAKER-LEGACY:35935.3 VIRTUAL-SKIN-SPEAKER-MODEL:35935.3 VIRTUAL-SKIN-SPEAKER-MODEL-LEGACY-DIFF:0 charger_therm:34221 display_therm:30348 gnss_tcxo_therm:33085 inner_brightness:0 inner_display_therm:32462 maxfg_base:30200 maxfg_secondary:28800 modem_therm:33442 rffe_therm:32952 soc_therm:34265 usb_conn_therm:30570
08-02 17:11:22.777 24905 24918 I pixel-thermal: CHARGING-STATS-UPDATOR:0 raw data: CHARGING-STATS-UPDATOR:0 IS_WIRED_15W:0 IS_WIRED_15W_CHECK:1 IS_WIRED_18W:0 IS_WIRED_18W_CHECK:1 IS_WIRED_5W:0 IS_WIRED_5W_CHECK:1 IS_WIRED_7_5W:1 IS_WIRED_7_5W_CHECK:2 IS_WIRED_GT18W:0 IS_WIRED_GT18W_CHECK:1 IS_WIRED_SUB5W:0 IS_WIRED_SUB5W_CHECK:1 IS_WLC_WITHOUT_STEP_RATIO:0 NO_WIRED_15W:1 NO_WIRED_18W:1 NO_WIRED_5W:1 NO_WIRED_7_5W:0 NO_WIRED_GT18W:1 NO_WIRED_SUB5W:1 NO_WLC_WITHOUT_STEP_RATIO:1 VIRTUAL-SKIN-CHARGE-DURING-WIRED-15W-STATS:-1e+06 VIRTUAL-SKIN-CHARGE-DURING-WIRED-18W-STATS:-1e+06 VIRTUAL-SKIN-CHARGE-DURING-WIRED-5W-STATS:-1e+06 VIRTUAL-SKIN-CHARGE-DURING-WIRED-7-5W-STATS:32525.6 VIRTUAL-SKIN-CHARGE-DURING-WIRED-GT18W-STATS:-1e+06 VIRTUAL-SKIN-CHARGE-DURING-WIRED-SUB5W-STATS:-1e+06 VIRTUAL-SKIN-CHARGE-DURING-WLC-STATS:-1e+06 VIRTUAL-SKIN-CHARGE-WIRED-EQ:32525.6 VIRTUAL-SKIN-CHARGE-WLC-EQ:32545.4 WLC_CHECK:1 thb_hda:53
08-02 17:11:22.777 24905 24918 I pixel-thermal: VIRTUAL-SKIN:32.342 raw data: VIRTUAL-SKIN:32342
08-02 17:11:22.777 24905 24918 I pixel-thermal: VIRTUAL-SKIN-SOC:32.342 raw data: VIRTUAL-SKIN:32342 VIRTUAL-SKIN-SOC:32342
08-02 17:11:22.777 24905 24918 I pixel-thermal: VIRTUAL-SKIN-OUTER-DISPLAY:30.1147 raw data: VIRTUAL-SKIN-OUTER-DISPLAY:30114.7 display_therm:30348
08-02 17:11:23.326 1338 1359 I WPKTRT : process_address_event: 2405:6e00:2651:c23f:f064:3ff:fede:2b4f added to wlan0
08-02 17:11:23.326 1338 1359 I WPKTRT : process_address_event: 2405:6e00:2651:c23f:8b52:fb1b:b75a:e637 added to wlan0
08-02 17:11:23.330 3708 14304 D IpClient/wlan0: addressUpdated: 2405:6e00:2651:c23f:f064:3ff:fede:2b4f/64 on ifindex 47 flags 0x00000100 scope 0
08-02 17:11:23.330 3708 14304 D IpClient/wlan0: addressUpdated: 2405:6e00:2651:c23f:8b52:fb1b:b75a:e637/64 on ifindex 47 flags 0x00000001 scope 0
08-02 17:11:23.334 3708 14304 W AlarmManager: Unrecognized alarm listener com.android.networkstack.android.net.ip.IpClientLinkObserver$Dhcp6PdPreferredPrefixAlarmListener@b155d94
08-02 17:11:23.334 3708 14304 D ApfFilter: (wlan0): Adding RA fe80::8e90:2dff:fe4e:36d2 -> ff02::1 30s 2405:6e00:2651:c23f::/64 300s/120s RIO 30s 2405:6e00:2651:c23f::/64
08-02 17:11:23.346 1202 3533 E WifiHAL : Setting APF program, halHandle = 0xb4000077e618d4d0
08-02 17:11:23.346 1202 3533 E WifiHAL : Set apf filter for iface = wlan0
08-02 17:11:23.346 1202 3533 I WifiHAL : createRequest: APF set program request
08-02 17:11:23.346 1202 3533 I WifiHAL : mProgramLen : 2035
08-02 17:11:23.533 24905 24918 I pixel-thermal: VIRTUAL-SKIN-CHARGE-WIRED:32.5256 raw data: NO_WLC:1 VIRTUAL-SKIN-CHARGE-WIRED:32525.6 VIRTUAL-SKIN-CHARGE-WIRED-EQ:32525.6
08-02 17:11:23.534 24905 24918 I pixel-thermal: VIRTUAL-SKIN-CHARGE-WIRED power_budget=4370.32 err=5.4744 s_power=2527 time_elapsed_ms=7016 p=651.453 i=1274.51 d=0 dt_per_min=nan compensation=0 budget transient=0 control target=2 excluded power budget=82.6424 (PARTIAL_SYSTEM_POWER: 688.69 mW, cdev_weight: 0.120000)
08-02 17:11:23.561 1450 1450 I adbd : adbd service requested 'shell,v2,TERM=xterm:export ANDROID_LOG_TAGS=''; exec logcat '-d' '-v' 'threadtime''