08-06 10:09:36.237 30836 31000 E msys : E[N WA]_WAJMNSStreamImplCreateConnectionReport(200)=>[LogLevel:I] WAJMNSStream/impl/report port=443, connectedIPVersion=4, resolvedIPAddressCount=1, dnsResolutionStartTimeMS=412968106, dnsResolutionEndTimeMS=412968107, dnsCacheHit=Yes, connectStartTimeMS=412968107, connectEndTimeMS=412968185, proxyConnectStartTimeMS=0, proxyConnectEndTimeMS=0
08-06 10:09:36.237 30836 31000 E msys : E[N WA]_WAJMNSStreamImplUpdateStreamState(236)=>[LogLevel:I] WAJMNSStream/impl/state-changed/p=0xb400006f656d2d30 (connecting=>connected)
08-06 10:09:36.238 30836 31000 E msys : E[N mns]_OnResolverSuccess(359)=>Cache refresh succeeded with system DNS resolver. IP count: 1
08-06 10:09:36.239 3807 3807 W SHANNON_IMS: 3808 [SIM#] Invalid sub id : -1 with slot id : 1 (SubscriptionWrapper%getSubId:55)
08-06 10:09:36.239 3807 3807 W SHANNON_IMS: 3812 [SIM#] Invalid sub id : -1 with slot id : 1 (SubscriptionWrapper%getSubId:55)
08-06 10:09:36.239 3807 3807 W SHANNON_IMS: 3813 [SIM#] Invalid sub id : -1 with slot id : 1 (SubscriptionWrapper%getSubId:55)
08-06 10:09:36.249 15953 23157 E fb4a.msys: E[N WCCConnectionMEM]_WCCConnectionMEMEmitStateChange(3230)=>[INFO] connection/new_state/connecting [connection_id=14571977, wcc_source=0, wcc_reason=0]
08-06 10:09:36.249 15953 23157 E fb4a.msys: E[C MEMConnectionManager]_MEMConnectionManagerStateChangeHandler(638)=>[Critical] MEMConnectionState updated to ID: 1 with connectionId: 14571977
08-06 10:09:36.257 1761 1761 W Looper : Slow dispatch took 154ms main app=system_server main=true group=FOREGROUND h=android.app.job.JobServiceEngine$JobHandler c=null m=0
08-06 10:09:36.257 1761 1761 D BackupManagerService: [UserID:0] Scheduling immediate backup pass
08-06 10:09:36.263 30836 30840 W com.whatsapp: Suspending all threads took: 9.722ms
08-06 10:09:36.270 1761 1761 W JobScheduler: Job didn't exist in JobStore: ff888a2 #1000/52417896 android/com.android.server.backup.KeyValueBackupJob
08-06 10:09:36.294 24293 24626 W WM-Processor: Didn't find WorkSpec for id WorkGenerationalId(workSpecId=9a511120-69ef-4dfb-9214-ebecdd9c8593, generation=0)
08-06 10:09:36.295 471 471 D WM-BatteryChrgTracker: Received android.os.action.CHARGING
08-06 10:09:36.295 24293 24626 W WM-Processor: Didn't find WorkSpec for id WorkGenerationalId(workSpecId=4576b272-b03b-4d16-a03e-0fa22ebba1c7, generation=0)
08-06 10:09:36.295 24293 24626 W WM-Processor: Didn't find WorkSpec for id WorkGenerationalId(workSpecId=6157352d-80bc-4978-9179-dd1d8705ba7b, generation=0)
08-06 10:09:36.296 24293 24626 W WM-Processor: Didn't find WorkSpec for id WorkGenerationalId(workSpecId=cd484632-d804-446c-bc84-2780cbd4e719, generation=0)
08-06 10:09:36.297 30836 30840 W com.whatsapp: Reducing the number of considered missed Gc histogram windows from 560 to 100
08-06 10:09:36.297 471 499 D WM-GreedyScheduler: Constraints met: Scheduling work ID WorkGenerationalId(workSpecId=35d0bc93-4f0d-423e-ad90-d61f4ef4781d, generation=18571)
08-06 10:09:36.297 471 499 D WM-GreedyScheduler: Constraints met: Scheduling work ID WorkGenerationalId(workSpecId=35d0bc93-4f0d-423e-ad90-d61f4ef4781d, generation=18573)
08-06 10:09:36.300 1761 5814 W JobInfo : Job 'com.whatsapp/.alarmservice.AlarmService#3' has a deadline with no functional constraints. The deadline won't improve job execution latency. Consider removing the deadline.
08-06 10:09:36.300 471 499 D WM-GreedyScheduler: Constraints met: Scheduling work ID WorkGenerationalId(workSpecId=dd7251ec-117e-4356-b6a9-7992687c0230, generation=10788)
08-06 10:09:36.300 471 499 D WM-GreedyScheduler: Constraints met: Scheduling work ID WorkGenerationalId(workSpecId=e53b12f5-4438-4eda-aa8f-2a595a498179, generation=5043)
08-06 10:09:36.301 471 499 D WM-GreedyScheduler: Constraints met: Scheduling work ID WorkGenerationalId(workSpecId=e53b12f5-4438-4eda-aa8f-2a595a498179, generation=5044)
08-06 10:09:36.301 471 499 D WM-GreedyScheduler: Constraints met: Scheduling work ID WorkGenerationalId(workSpecId=5b416994-cc3e-4c8e-a01e-01e3b6f22a9b, generation=63)
08-06 10:09:36.301 471 499 D WM-GreedyScheduler: Constraints met: Scheduling work ID WorkGenerationalId(workSpecId=30a8e41e-261a-48a1-ac90-6311425cf24b, generation=63)
08-06 10:09:36.301 471 499 D WM-GreedyScheduler: Constraints met: Scheduling work ID WorkGenerationalId(workSpecId=c697ccb4-1805-45a2-b9d3-526c83483ce9, generation=54)
08-06 10:09:36.301 471 499 D WM-GreedyScheduler: Constraints met: Scheduling work ID WorkGenerationalId(workSpecId=868ced06-a392-4580-bfcb-e4f9bc217496, generation=82)
08-06 10:09:36.301 471 499 D WM-GreedyScheduler: Constraints met: Scheduling work ID WorkGenerationalId(workSpecId=aad42fbf-a107-4e8b-a739-92120214feac, generation=82)
08-06 10:09:36.301 471 499 D WM-GreedyScheduler: Constraints met: Scheduling work ID WorkGenerationalId(workSpecId=603114ff-5510-4f83-a829-5aac21aef50b, generation=82)
08-06 10:09:36.301 471 499 D WM-GreedyScheduler: Constraints met: Scheduling work ID WorkGenerationalId(workSpecId=860c7a16-6663-4b85-b65c-9c7903fd11bc, generation=9391)
08-06 10:09:36.301 1128 1166 E statsd : regex_error: subexpressions are not allowed, pattern: (\.[0-9a-fA-F]{4,})+$
08-06 10:09:36.302 2778 2887 D WM-WorkConstraintsTrack: NetworkRequestConstraintController onBlockedStatusChanged callback false
08-06 10:09:36.304 2778 2902 D WM-GreedyScheduler: Constraints met: Scheduling work ID WorkGenerationalId(workSpecId=9fab31b0-a8cb-44df-a506-03311e20a282, generation=113)
08-06 10:09:36.304 2778 2902 D WM-GreedyScheduler: Constraints met: Scheduling work ID WorkGenerationalId(workSpecId=b630969e-f1a1-485a-a6c5-60144bb6889d, generation=0)
08-06 10:09:36.307 24293 24626 W WM-Processor: Didn't find WorkSpec for id WorkGenerationalId(workSpecId=3ae74c7b-635b-4f8e-aefa-752f676c6e82, generation=0)
08-06 10:09:36.307 1128 1166 E statsd : regex_error: subexpressions are not allowed, pattern: (\.[0-9a-fA-F]{4,})+$
08-06 10:09:36.310 24293 24626 W WM-Processor: Didn't find WorkSpec for id WorkGenerationalId(workSpecId=4ced822e-4543-4e50-b0ab-a13c1f2679a5, generation=0)
08-06 10:09:36.310 15953 23157 E fb4a.msys: E[N WCCConnectionMEM]_WCCConnectionMEMDoDisconnect(1933)=>[INFO] connection/disconnect/[internalState=1]
08-06 10:09:36.310 15953 23157 E fb4a.msys: E[N WCCConnectionMEM]_WCCConnectionMEMEmitStateChange(3230)=>[INFO] connection/new_state/not-connected [connection_id=-1, wcc_source=0, wcc_reason=0]
08-06 10:09:36.311 24293 24624 W WM-Processor: Didn't find WorkSpec for id WorkGenerationalId(workSpecId=b9deda4a-0a7c-4c84-bd21-6ec9c39fb38c, generation=0)
08-06 10:09:36.314 24293 24624 W WM-Processor: Didn't find WorkSpec for id WorkGenerationalId(workSpecId=6a27331b-a891-4c28-9c00-a6f572e96c0c, generation=0)
08-06 10:09:36.314 1761 5814 W ActivityManager: Skipping manifest association check for null package. SourceUid: -1, SourcePkg: null, TargetUid: 10139, TargetPkg: com.google.android.gms
08-06 10:09:36.314 24293 24624 W WM-Processor: Didn't find WorkSpec for id WorkGenerationalId(workSpecId=3ab0aa47-a1b4-4640-a9b1-053da377116c, generation=0)
08-06 10:09:36.315 24293 24624 W WM-Processor: Didn't find WorkSpec for id WorkGenerationalId(workSpecId=8466dcd4-b704-485d-99ba-a7691f3062ee, generation=0)
08-06 10:09:36.315 24293 24624 W WM-Processor: Didn't find WorkSpec for id WorkGenerationalId(workSpecId=e2e6d3eb-0984-46b1-a6af-d756a007cff0, generation=0)
08-06 10:09:36.316 24293 24624 W WM-Processor: Didn't find WorkSpec for id WorkGenerationalId(workSpecId=fa84b8f0-05c7-44be-bda1-23ba8a3c465d, generation=0)
08-06 10:09:36.316 24293 24624 W WM-Processor: Didn't find WorkSpec for id WorkGenerationalId(workSpecId=6c5cc3f8-a58e-4e69-a45d-f6b51dde4d86, generation=0)
08-06 10:09:36.316 24293 24624 W WM-Processor: Didn't find WorkSpec for id WorkGenerationalId(workSpecId=2e4a0a28-6a9e-40d5-94c9-b142449fc318, generation=0)
08-06 10:09:36.317 24293 24624 W WM-Processor: Didn't find WorkSpec for id WorkGenerationalId(workSpecId=89bdd21c-436f-414c-86a2-7ce4ce72051f, generation=0)
08-06 10:09:36.317 24293 24624 W WM-Processor: Didn't find WorkSpec for id WorkGenerationalId(workSpecId=44e6952c-e132-43bc-97f3-d0e9c096289f, generation=0)
08-06 10:09:36.317 24293 24624 W WM-Processor: Didn't find WorkSpec for id WorkGenerationalId(workSpecId=0c7669dd-bec4-4243-886b-59f7f9c36cdf, generation=0)
08-06 10:09:36.319 28077 28077 I SyncManagerImpl: #sync(). Running Synclets and scheduling next sync.
08-06 10:09:36.322 15953 23157 E fb4a.msys: E[C MEMConnectionManager]_MEMConnectionManagerStateChangeHandler(638)=>[Critical] MEMConnectionState updated to ID: 0 with connectionId: -1
08-06 10:09:36.333 28077 28102 I SyncManagerImpl: Running synclets: [MultiModelAutoUpdateSynclet]
08-06 10:09:36.336 28077 28191 I SyncManagerImpl: Starting synclet: MultiModelAutoUpdateSynclet
08-06 10:09:36.336 28077 28191 I MMAutoUpdateSynclet: #sync
08-06 10:09:36.338 3807 3807 I SHANNON_IMS: 3828 [CALL] isEmcAvailable for true (ImsCallManager%isEmcAvailable:1620)
08-06 10:09:36.339 28077 28190 I LPDownloadSettingsState: Defaulting LP download condition to 2 as user has not edited settings.
08-06 10:09:36.339 28077 28190 I DefaultLPManager: #getAvailablePackages
08-06 10:09:36.339 28077 28190 I iza : #getDownloadableLanguagePacks
08-06 10:09:36.341 28077 28190 I LanguagePackConfigImpl: Loaded languagepack (LP) flag value from latest config autogen_BatchV9071V9072V9075: [en-US3006, de-DE3002, es-ES3000, fr-FR3002, it-IT3000, ja-JP3003, en-AU3003, en-GB3002, en-IE3002, en-SG3001, de-DE3003, fr-FR3003, ja-JP3004, en-US3008, cmn-Hant-TW9053, de-AT9053, de-BE9053, de-CH9053, de-DE9053, en-AU9053, en-CA9053, en-GB9053, en-IE9053, en-IN9053, en-SG9053, en-US9053, es-ES9053, es-US9053, fr-BE9053, fr-CA9053, fr-CH9053, fr-FR9053, hi-IN9053, it-CH9053, it-IT9053, ja-JP9053, zh-Hant-TW9053, zh-TW9053, pt-BR3054, cmn-Hans-CN3056, cmn-Hant-TW3056, de-AT3056, de-BE3056, de-CH3056, de-DE3056, en-CA3056, en-IN3056, en-US3056, es-ES3056, es-US3056, fr-BE3056, fr-CA3056, fr-CH3056, fr-FR3056, hi-IN3056, id-ID3056, it-CH3056, it-IT3056, ja-JP3056, ko-KR3056, pl-PL3056, pt-BR3056, ru-RU3056, th-TH3056, tr-TR3056, vi-VN3056, cmn-Hans-CN3056, id-ID3056, pl-PL3056, pt-BR3056, ru-RU3056, th-TH3056, tr-TR3056, vi-VN3056, cmn-Hant-TW9054, de-AT9054, de-BE9054, de-CH9054, de-DE9054, en-AU9054, en-CA9054, en-GB9054, en-IE9054, en-IN9054, en-SG9054, en-US9054, es-ES9054, es-US9054, fr-BE9054, fr-CA9054, fr-CH9054, fr-FR9054, hi-IN9054, it-CH9054, it-IT9054, ja-JP9054, pt-BR3054, zh-Hant-TW9054, zh-TW9054, ja-JP3059, id-ID3059, ko-KR3061, pl-PL3059, ru-RU3059, th-TH3059, tr-TR3059, vi-VN3059, ag-AG9009, en-AU3071, en-CA3071, en-GB3071, en-IE3071, en-SG3071, en-US3072, hi-IN3072, cmn-Hant-TW9071, da-DK9071, de-AT9071, de-BE9071, de-CH9071, de-DE9072, en-AU9075, en-CA9075, en-GB9075, en-IE9075, en-IN9072, en-SG9075, en-US9075, es-ES9071, es-US9072, fr-BE9071, fr-CA9071, fr-CH9071, fr-FR9072, hi-IN9072, it-CH9071, it-IT9071, ja-JP9072, ko-KR9072, nb-NO9071, nl-NL9071, sv-SE9071, zh-Hant-TW9071, zh-TW9071]
08-06 10:09:36.341 28077 28190 W SystemLPSourceImpl: #getAvailablePackages: Note there is not reason to call this method, as getInstalledPackages() returns the same LanguagePacks for this impl.
08-06 10:09:36.341 28077 28103 I SystemLPSourceImpl: Parsed system partition LanguagePack metadata file: /product/usr/srec/en-US/metadata
08-06 10:09:36.342 28077 28190 I DefaultLPManager: #getInstalledPackages
08-06 10:09:36.342 28077 28190 I iza : #getInstalledPackages from MDD
08-06 10:09:36.342 28077 28190 I iza : #GetLanguagePackList
08-06 10:09:36.342 28077 28190 I iza : MDD.getFileGroupsByFilter(langpack-domain_xx-XX_ver_zipfile)
08-06 10:09:36.343 28077 28103 I SyncManagerImpl: #sync() complete
08-06 10:09:36.343 28077 28103 I SyncManagerImpl: Completed sync. Scheduling next wakeup
08-06 10:09:36.344 31503 31503 W pps.pixel.agent: Method void ovn.c(android.app.Activity) failed lock verification and will run slower.
08-06 10:09:36.344 31503 31503 W pps.pixel.agent: Common causes for lock verification issues are non-optimized dex code
08-06 10:09:36.344 31503 31503 W pps.pixel.agent: and incorrect proguard optimizations.
08-06 10:09:36.344 28077 28190 I DefaultLPManager: #getInstalledPackages
08-06 10:09:36.344 28077 28190 I iza : #getInstalledPackages from MDD
08-06 10:09:36.344 28077 28190 I iza : #GetLanguagePackList
08-06 10:09:36.344 28077 28190 I iza : MDD.getFileGroupsByFilter(langpack-domain_xx-XX_ver_zipfile)
08-06 10:09:36.344 28077 28103 I SyncWorkManagerOneTimeS: Scheduling next onetime WorkManager workers
08-06 10:09:36.344 28077 28190 I DefaultLPManager: #getRequestedPackages
08-06 10:09:36.344 28077 28190 I ZipLPPopulator: #addNewFileGroups
08-06 10:09:36.344 28077 28190 I iza : #getDownloadableLanguagePacks
08-06 10:09:36.344 28077 28107 I SystemLPSourceImpl: Parsed system partition LanguagePack metadata file: /product/usr/srec/en-US/metadata
08-06 10:09:36.348 28077 28189 E VoiceSearchConfigUtils: Unrecognized recognizer for [ja-JP, 3056]: 23. Ignoring it and its associated features.
08-06 10:09:36.348 28077 28189 E VoiceSearchConfigUtils: Unrecognized recognizer for [ja-JP, 3056]: 22. Ignoring it and its associated features.
08-06 10:09:36.348 28077 28189 E VoiceSearchConfigUtils: Unrecognized recognizer for [ja-JP, 3056]: 23. Ignoring it and its associated features.
08-06 10:09:36.348 28077 28189 E VoiceSearchConfigUtils: Unrecognized recognizer for [ja-JP, 3056]: 22. Ignoring it and its associated features.
08-06 10:09:36.348 28077 28189 E VoiceSearchConfigUtils: Unrecognized recognizer for [ja-JP, 3056]: 23. Ignoring it and its associated features.
08-06 10:09:36.348 28077 28189 E VoiceSearchConfigUtils: Unrecognized recognizer for [ja-JP, 3056]: 22. Ignoring it and its associated features.
08-06 10:09:36.348 28077 28189 E VoiceSearchConfigUtils: Unrecognized recognizer for [ja-JP, 3056]: 22. Ignoring it and its associated features.
08-06 10:09:36.348 28077 28189 E VoiceSearchConfigUtils: Unrecognized recognizer for [ja-JP, 3056]: 22. Ignoring it and its associated features.
08-06 10:09:36.348 28077 28103 I WM-WorkerWrapper: Worker result SUCCESS for Work [ id=c967071c-0bf0-4e3a-94f4-9c79c5da1212, class=com.google.apps.tiktok.contrib.work.TikTokListenableWorker, tags={ com.google.apps.tiktok.contrib.work.TikTokListenableWorker,com.google.apps.tiktok.sync.impl.workmanager.SyncWorker,sync_constraint:charger,TikTokWorker#com.google.apps.tiktok.sync.impl.workmanager.SyncWorker } ]
08-06 10:09:36.349 28077 28189 E VoiceSearchConfigUtils: Unrecognized recognizer for [en-AU, 9054]: 41. Ignoring it and its associated features.
08-06 10:09:36.349 28077 28189 E VoiceSearchConfigUtils: Unrecognized recognizer for [en-GB, 9054]: 41. Ignoring it and its associated features.
08-06 10:09:36.349 28077 28189 E VoiceSearchConfigUtils: Unrecognized recognizer for [en-IE, 9054]: 41. Ignoring it and its associated features.
08-06 10:09:36.349 28077 28189 E VoiceSearchConfigUtils: Unrecognized recognizer for [en-SG, 9054]: 41. Ignoring it and its associated features.
08-06 10:09:36.350 28077 28189 E VoiceSearchConfigUtils: Unrecognized recognizer for [en-AU, 9075]: 41. Ignoring it and its associated features.
08-06 10:09:36.350 28077 28189 E VoiceSearchConfigUtils: Unrecognized recognizer for [en-GB, 9075]: 41. Ignoring it and its associated features.
08-06 10:09:36.350 28077 28189 E VoiceSearchConfigUtils: Unrecognized recognizer for [en-IE, 9075]: 41. Ignoring it and its associated features.
08-06 10:09:36.350 28077 28189 E VoiceSearchConfigUtils: Unrecognized recognizer for [en-SG, 9075]: 41. Ignoring it and its associated features.
08-06 10:09:36.351 28077 28190 I LanguagePackConfigImpl: Loaded languagepack (LP) flag value from latest config autogen_BatchV9071V9072V9075: [en-US3006, de-DE3002, es-ES3000, fr-FR3002, it-IT3000, ja-JP3003, en-AU3003, en-GB3002, en-IE3002, en-SG3001, de-DE3003, fr-FR3003, ja-JP3004, en-US3008, cmn-Hant-TW9053, de-AT9053, de-BE9053, de-CH9053, de-DE9053, en-AU9053, en-CA9053, en-GB9053, en-IE9053, en-IN9053, en-SG9053, en-US9053, es-ES9053, es-US9053, fr-BE9053, fr-CA9053, fr-CH9053, fr-FR9053, hi-IN9053, it-CH9053, it-IT9053, ja-JP9053, zh-Hant-TW9053, zh-TW9053, pt-BR3054, cmn-Hans-CN3056, cmn-Hant-TW3056, de-AT3056, de-BE3056, de-CH3056, de-DE3056, en-CA3056, en-IN3056, en-US3056, es-ES3056, es-US3056, fr-BE3056, fr-CA3056, fr-CH3056, fr-FR3056, hi-IN3056, id-ID3056, it-CH3056, it-IT3056, ja-JP3056, ko-KR3056, pl-PL3056, pt-BR3056, ru-RU3056, th-TH3056, tr-TR3056, vi-VN3056, cmn-Hans-CN3056, id-ID3056, pl-PL3056, pt-BR3056, ru-RU3056, th-TH3056, tr-TR3056, vi-VN3056, cmn-Hant-TW9054, de-AT9054, de-BE9054, de-CH9054, de-DE9054, en-AU9054, en-CA9054, en-GB9054, en-IE9054, en-IN9054, en-SG9054, en-US9054, es-ES9054, es-US9054, fr-BE9054, fr-CA9054, fr-CH9054, fr-FR9054, hi-IN9054, it-CH9054, it-IT9054, ja-JP9054, pt-BR3054, zh-Hant-TW9054, zh-TW9054, ja-JP3059, id-ID3059, ko-KR3061, pl-PL3059, ru-RU3059, th-TH3059, tr-TR3059, vi-VN3059, ag-AG9009, en-AU3071, en-CA3071, en-GB3071, en-IE3071, en-SG3071, en-US3072, hi-IN3072, cmn-Hant-TW9071, da-DK9071, de-AT9071, de-BE9071, de-CH9071, de-DE9072, en-AU9075, en-CA9075, en-GB9075, en-IE9075, en-IN9072, en-SG9075, en-US9075, es-ES9071, es-US9072, fr-BE9071, fr-CA9071, fr-CH9071, fr-FR9072, hi-IN9072, it-CH9071, it-IT9071, ja-JP9072, ko-KR9072, nb-NO9071, nl-NL9071, sv-SE9071, zh-Hant-TW9071, zh-TW9071]
08-06 10:09:36.351 28077 28190 W SystemLPSourceImpl: #getRequestedPackages: There is not reason to call this method, as the result is always empty.
08-06 10:09:36.351 28077 28190 I DefaultLPManager: #getAvailablePackages
08-06 10:09:36.351 28077 28190 I iza : #getDownloadableLanguagePacks
08-06 10:09:36.352 28077 28190 I LanguagePackConfigImpl: Loaded languagepack (LP) flag value from latest config autogen_BatchV9071V9072V9075: [en-US3006, de-DE3002, es-ES3000, fr-FR3002, it-IT3000, ja-JP3003, en-AU3003, en-GB3002, en-IE3002, en-SG3001, de-DE3003, fr-FR3003, ja-JP3004, en-US3008, cmn-Hant-TW9053, de-AT9053, de-BE9053, de-CH9053, de-DE9053, en-AU9053, en-CA9053, en-GB9053, en-IE9053, en-IN9053, en-SG9053, en-US9053, es-ES9053, es-US9053, fr-BE9053, fr-CA9053, fr-CH9053, fr-FR9053, hi-IN9053, it-CH9053, it-IT9053, ja-JP9053, zh-Hant-TW9053, zh-TW9053, pt-BR3054, cmn-Hans-CN3056, cmn-Hant-TW3056, de-AT3056, de-BE3056, de-CH3056, de-DE3056, en-CA3056, en-IN3056, en-US3056, es-ES3056, es-US3056, fr-BE3056, fr-CA3056, fr-CH3056, fr-FR3056, hi-IN3056, id-ID3056, it-CH3056, it-IT3056, ja-JP3056, ko-KR3056, pl-PL3056, pt-BR3056, ru-RU3056, th-TH3056, tr-TR3056, vi-VN3056, cmn-Hans-CN3056, id-ID3056, pl-PL3056, pt-BR3056, ru-RU3056, th-TH3056, tr-TR3056, vi-VN3056, cmn-Hant-TW9054, de-AT9054, de-BE9054, de-CH9054, de-DE9054, en-AU9054, en-CA9054, en-GB9054, en-IE9054, en-IN9054, en-SG9054, en-US9054, es-ES9054, es-US9054, fr-BE9054, fr-CA9054, fr-CH9054, fr-FR9054, hi-IN9054, it-CH9054, it-IT9054, ja-JP9054, pt-BR3054, zh-Hant-TW9054, zh-TW9054, ja-JP3059, id-ID3059, ko-KR3061, pl-PL3059, ru-RU3059, th-TH3059, tr-TR3059, vi-VN3059, ag-AG9009, en-AU3071, en-CA3071, en-GB3071, en-IE3071, en-SG3071, en-US3072, hi-IN3072, cmn-Hant-TW9071, da-DK9071, de-AT9071, de-BE9071, de-CH9071, de-DE9072, en-AU9075, en-CA9075, en-GB9075, en-IE9075, en-IN9072, en-SG9075, en-US9075, es-ES9071, es-US9072, fr-BE9071, fr-CA9071, fr-CH9071, fr-FR9072, hi-IN9072, it-CH9071, it-IT9071, ja-JP9072, ko-KR9072, nb-NO9071, nl-NL9071, sv-SE9071, zh-Hant-TW9071, zh-TW9071]
08-06 10:09:36.352 28077 28190 W SystemLPSourceImpl: #getAvailablePackages: Note there is not reason to call this method, as getInstalledPackages() returns the same LanguagePacks for this impl.
08-06 10:09:36.354 28077 28190 E VoiceSearchConfigUtils: Unrecognized recognizer for [ja-JP, 3056]: 23. Ignoring it and its associated features.
08-06 10:09:36.354 28077 28190 E VoiceSearchConfigUtils: Unrecognized recognizer for [ja-JP, 3056]: 22. Ignoring it and its associated features.
08-06 10:09:36.354 28077 6645 E VoiceSearchConfigUtils: Unrecognized recognizer for [ja-JP, 3056]: 23. Ignoring it and its associated features.
08-06 10:09:36.354 28077 28190 E VoiceSearchConfigUtils: Unrecognized recognizer for [ja-JP, 3056]: 23. Ignoring it and its associated features.
08-06 10:09:36.354 28077 28190 E VoiceSearchConfigUtils: Unrecognized recognizer for [ja-JP, 3056]: 22. Ignoring it and its associated features.
08-06 10:09:36.354 28077 6645 E VoiceSearchConfigUtils: Unrecognized recognizer for [ja-JP, 3056]: 22. Ignoring it and its associated features.
08-06 10:09:36.354 28077 28190 E VoiceSearchConfigUtils: Unrecognized recognizer for [ja-JP, 3056]: 23. Ignoring it and its associated features.
08-06 10:09:36.354 28077 28190 E VoiceSearchConfigUtils: Unrecognized recognizer for [ja-JP, 3056]: 22. Ignoring it and its associated features.
08-06 10:09:36.354 28077 28190 E VoiceSearchConfigUtils: Unrecognized recognizer for [ja-JP, 3056]: 22. Ignoring it and its associated features.
08-06 10:09:36.354 28077 6645 E VoiceSearchConfigUtils: Unrecognized recognizer for [ja-JP, 3056]: 23. Ignoring it and its associated features.
08-06 10:09:36.354 28077 6645 E VoiceSearchConfigUtils: Unrecognized recognizer for [ja-JP, 3056]: 22. Ignoring it and its associated features.
08-06 10:09:36.354 28077 28190 E VoiceSearchConfigUtils: Unrecognized recognizer for [ja-JP, 3056]: 22. Ignoring it and its associated features.
08-06 10:09:36.354 28077 6645 E VoiceSearchConfigUtils: Unrecognized recognizer for [ja-JP, 3056]: 23. Ignoring it and its associated features.
08-06 10:09:36.354 28077 6645 E VoiceSearchConfigUtils: Unrecognized recognizer for [ja-JP, 3056]: 22. Ignoring it and its associated features.
08-06 10:09:36.354 28077 6645 E VoiceSearchConfigUtils: Unrecognized recognizer for [ja-JP, 3056]: 22. Ignoring it and its associated features.
08-06 10:09:36.354 28077 6645 E VoiceSearchConfigUtils: Unrecognized recognizer for [ja-JP, 3056]: 22. Ignoring it and its associated features.
08-06 10:09:36.354 28077 28190 E VoiceSearchConfigUtils: Unrecognized recognizer for [en-AU, 9054]: 41. Ignoring it and its associated features.
08-06 10:09:36.354 28077 28190 E VoiceSearchConfigUtils: Unrecognized recognizer for [en-GB, 9054]: 41. Ignoring it and its associated features.
08-06 10:09:36.354 28077 28190 E VoiceSearchConfigUtils: Unrecognized recognizer for [en-IE, 9054]: 41. Ignoring it and its associated features.
08-06 10:09:36.354 28077 28190 E VoiceSearchConfigUtils: Unrecognized recognizer for [en-SG, 9054]: 41. Ignoring it and its associated features.
08-06 10:09:36.355 28077 6645 E VoiceSearchConfigUtils: Unrecognized recognizer for [en-AU, 9054]: 41. Ignoring it and its associated features.
08-06 10:09:36.355 28077 6645 E VoiceSearchConfigUtils: Unrecognized recognizer for [en-GB, 9054]: 41. Ignoring it and its associated features.
08-06 10:09:36.355 28077 6645 E VoiceSearchConfigUtils: Unrecognized recognizer for [en-IE, 9054]: 41. Ignoring it and its associated features.
08-06 10:09:36.355 28077 6645 E VoiceSearchConfigUtils: Unrecognized recognizer for [en-SG, 9054]: 41. Ignoring it and its associated features.
08-06 10:09:36.355 28077 28190 E VoiceSearchConfigUtils: Unrecognized recognizer for [en-AU, 9075]: 41. Ignoring it and its associated features.
08-06 10:09:36.355 28077 28190 E VoiceSearchConfigUtils: Unrecognized recognizer for [en-GB, 9075]: 41. Ignoring it and its associated features.
08-06 10:09:36.355 28077 28190 E VoiceSearchConfigUtils: Unrecognized recognizer for [en-IE, 9075]: 41. Ignoring it and its associated features.
08-06 10:09:36.355 28077 28190 E VoiceSearchConfigUtils: Unrecognized recognizer for [en-SG, 9075]: 41. Ignoring it and its associated features.
08-06 10:09:36.355 28077 6645 E VoiceSearchConfigUtils: Unrecognized recognizer for [en-AU, 9075]: 41. Ignoring it and its associated features.
08-06 10:09:36.356 28077 28108 I SystemLPSourceImpl: Parsed system partition LanguagePack metadata file: /product/usr/srec/en-US/metadata
08-06 10:09:36.356 28077 6645 E VoiceSearchConfigUtils: Unrecognized recognizer for [en-GB, 9075]: 41. Ignoring it and its associated features.
08-06 10:09:36.356 28077 6645 E VoiceSearchConfigUtils: Unrecognized recognizer for [en-IE, 9075]: 41. Ignoring it and its associated features.
08-06 10:09:36.356 28077 6645 E VoiceSearchConfigUtils: Unrecognized recognizer for [en-SG, 9075]: 41. Ignoring it and its associated features.
08-06 10:09:36.356 28077 28108 I SystemLPSourceImpl: Parsed system partition LanguagePack metadata file: /product/usr/srec/en-US/metadata
08-06 10:09:36.364 28077 28189 I LPRequestState: [ManagerRequests] #resolveDesiredLanguagePacks
08-06 10:09:36.365 28077 6645 I LPRequestState: [ZipfileRequests] #resolveDesiredLanguagePacks
08-06 10:09:36.366 28077 28189 I LPRequestState: Assigning language pack Optional.of(LanguagePackDescriptor{locale=en_US, version=9075, installType=ZIPFILE_DOWNLOAD, applicationDomains=[1, 2, 3, 4, 5, 6, 7, 9, 10, 11], featuresForDomains={1=[1, 2, 3, 4, 5, 6, 9, 10, 11, 12, 13, 14, 15], 2=[1, 2, 3, 4, 5, 6, 7, 9, 10, 11, 12, 13, 14, 15], 3=[1, 2, 3, 4, 5, 6, 9, 10, 11, 12, 13, 14, 15], 4=[1, 2, 3, 4, 5, 6, 7, 9, 10, 11, 12, 13, 14, 15], 5=[1, 2, 3, 4, 5, 6, 9, 10, 11, 12, 13, 14, 15], 6=[1, 2, 3, 4, 5, 6, 7, 9, 10, 11, 12, 13, 14, 15], 7=[1, 2, 3, 4, 5, 6, 7, 9, 10, 11, 12, 13, 14, 15], 9=[1, 2, 3, 4, 5, 6, 9, 10, 11, 12, 13, 14, 15], 10=[1, 2, 3, 4, 5, 6, 7, 9, 10, 11, 12, 13, 14, 15], 11=[1, 2, 3, 4, 5, 6, 7, 9, 10, 11, 12, 13, 14, 15]}, sizeBytes=146344000, zipfileParams=Optional.of(ZipfileParams{downloadUrl=https://dl.google.com/android/voice/soda/en-US/v9075/soda-en-US-v9075.zip, hashValueSha1=A5283F30BE9BD141BB8833F20BA8D2C173C17B10}), readOnlyParams=Optional.absent()}) for request # iyn@b2ceef46
08-06 10:09:36.366 28077 28189 I LPRequestState: Assigning language pack Optional.of(LanguagePackDescriptor{locale=en_AU, version=9075, installType=ZIPFILE_DOWNLOAD, applicationDomains=[1, 2, 3, 4, 5, 6, 7, 9, 10, 11], featuresForDomains={1=[2, 3, 4, 5, 6, 9, 10, 13, 14, 15], 2=[2, 3, 4, 5, 6, 9, 10, 13, 14, 15], 3=[2, 3, 4, 5, 6, 9, 10, 13, 14, 15], 4=[2, 3, 4, 5, 6, 9, 10, 13, 14, 15], 5=[2, 3, 4, 5, 6, 9, 10, 13, 14, 15], 6=[2, 3, 4, 5, 6, 9, 10, 13, 14, 15], 7=[2, 3, 4, 5, 6, 9, 10, 13, 14, 15], 10=[2, 3, 4, 5, 6, 9, 10, 13, 14, 15], 11=[2, 3, 4, 5, 6, 9, 10, 13, 14, 15]}, sizeBytes=124434000, zipfileParams=Optional.of(ZipfileParams{downloadUrl=https://dl.google.com/android/voice/soda/en-AU/v9075/soda-en-AU-v9075.zip, hashValueSha1=422C516DA2C1AC5D81C8F321BF125A963DDE3CD1}), readOnlyParams=Optional.absent()}) for request # iyn@90283cfc
08-06 10:09:36.366 28077 28189 I LPRequestState: Assigning language pack Optional.absent() for request # iyn@1b4506fd
08-06 10:09:36.366 28077 6645 I LPRequestState: Assigning language pack Optional.of(LanguagePackDescriptor{locale=en_US, version=9075, installType=ZIPFILE_DOWNLOAD, applicationDomains=[1, 2, 3, 4, 5, 6, 7, 9, 10, 11], featuresForDomains={1=[1, 2, 3, 4, 5, 6, 9, 10, 11, 12, 13, 14, 15], 2=[1, 2, 3, 4, 5, 6, 7, 9, 10, 11, 12, 13, 14, 15], 3=[1, 2, 3, 4, 5, 6, 9, 10, 11, 12, 13, 14, 15], 4=[1, 2, 3, 4, 5, 6, 7, 9, 10, 11, 12, 13, 14, 15], 5=[1, 2, 3, 4, 5, 6, 9, 10, 11, 12, 13, 14, 15], 6=[1, 2, 3, 4, 5, 6, 7, 9, 10, 11, 12, 13, 14, 15], 7=[1, 2, 3, 4, 5, 6, 7, 9, 10, 11, 12, 13, 14, 15], 9=[1, 2, 3, 4, 5, 6, 9, 10, 11, 12, 13, 14, 15], 10=[1, 2, 3, 4, 5, 6, 7, 9, 10, 11, 12, 13, 14, 15], 11=[1, 2, 3, 4, 5, 6, 7, 9, 10, 11, 12, 13, 14, 15]}, sizeBytes=146344000, zipfileParams=Optional.of(ZipfileParams{downloadUrl=https://dl.google.com/android/voice/soda/en-US/v9075/soda-en-US-v9075.zip, hashValueSha1=A5283F30BE9BD141BB8833F20BA8D2C173C17B10}), readOnlyParams=Optional.absent()}) for request # iyn@356749d
08-06 10:09:36.366 28077 6645 I LPRequestState: Assigning language pack Optional.of(LanguagePackDescriptor{locale=en_AU, version=9075, installType=ZIPFILE_DOWNLOAD, applicationDomains=[1, 2, 3, 4, 5, 6, 7, 9, 10, 11], featuresForDomains={1=[2, 3, 4, 5, 6, 9, 10, 13, 14, 15], 2=[2, 3, 4, 5, 6, 9, 10, 13, 14, 15], 3=[2, 3, 4, 5, 6, 9, 10, 13, 14, 15], 4=[2, 3, 4, 5, 6, 9, 10, 13, 14, 15], 5=[2, 3, 4, 5, 6, 9, 10, 13, 14, 15], 6=[2, 3, 4, 5, 6, 9, 10, 13, 14, 15], 7=[2, 3, 4, 5, 6, 9, 10, 13, 14, 15], 10=[2, 3, 4, 5, 6, 9, 10, 13, 14, 15], 11=[2, 3, 4, 5, 6, 9, 10, 13, 14, 15]}, sizeBytes=124434000, zipfileParams=Optional.of(ZipfileParams{downloadUrl=https://dl.google.com/android/voice/soda/en-AU/v9075/soda-en-AU-v9075.zip, hashValueSha1=422C516DA2C1AC5D81C8F321BF125A963DDE3CD1}), readOnlyParams=Optional.absent()}) for request # iyn@e0afc253
08-06 10:09:36.367 28077 6645 I LPDownloadSettingsState: Defaulting LP download condition to 2 as user has not edited settings.
08-06 10:09:36.367 28077 6645 I ZipLPPopulator: MDD.addFileGroup: LanguagePackDescriptor{locale=en_AU, version=9075, installType=ZIPFILE_DOWNLOAD, applicationDomains=[1, 2, 3, 4, 5, 6, 7, 9, 10, 11], featuresForDomains={1=[2, 3, 4, 5, 6, 9, 10, 13, 14, 15], 2=[2, 3, 4, 5, 6, 9, 10, 13, 14, 15], 3=[2, 3, 4, 5, 6, 9, 10, 13, 14, 15], 4=[2, 3, 4, 5, 6, 9, 10, 13, 14, 15], 5=[2, 3, 4, 5, 6, 9, 10, 13, 14, 15], 6=[2, 3, 4, 5, 6, 9, 10, 13, 14, 15], 7=[2, 3, 4, 5, 6, 9, 10, 13, 14, 15], 10=[2, 3, 4, 5, 6, 9, 10, 13, 14, 15], 11=[2, 3, 4, 5, 6, 9, 10, 13, 14, 15]}, sizeBytes=124434000, zipfileParams=Optional.of(ZipfileParams{downloadUrl=https://dl.google.com/android/voice/soda/en-AU/v9075/soda-en-AU-v9075.zip, hashValueSha1=422C516DA2C1AC5D81C8F321BF125A963DDE3CD1}), readOnlyParams=Optional.absent()}
08-06 10:09:36.367 28077 29039 I LPDownloadSettingsState: Defaulting LP download condition to 2 as user has not edited settings.
08-06 10:09:36.367 28077 29039 I ZipLPPopulator: MDD.addFileGroup: LanguagePackDescriptor{locale=en_US, version=9075, installType=ZIPFILE_DOWNLOAD, applicationDomains=[1, 2, 3, 4, 5, 6, 7, 9, 10, 11], featuresForDomains={1=[1, 2, 3, 4, 5, 6, 9, 10, 11, 12, 13, 14, 15], 2=[1, 2, 3, 4, 5, 6, 7, 9, 10, 11, 12, 13, 14, 15], 3=[1, 2, 3, 4, 5, 6, 9, 10, 11, 12, 13, 14, 15], 4=[1, 2, 3, 4, 5, 6, 7, 9, 10, 11, 12, 13, 14, 15], 5=[1, 2, 3, 4, 5, 6, 9, 10, 11, 12, 13, 14, 15], 6=[1, 2, 3, 4, 5, 6, 7, 9, 10, 11, 12, 13, 14, 15], 7=[1, 2, 3, 4, 5, 6, 7, 9, 10, 11, 12, 13, 14, 15], 9=[1, 2, 3, 4, 5, 6, 9, 10, 11, 12, 13, 14, 15], 10=[1, 2, 3, 4, 5, 6, 7, 9, 10, 11, 12, 13, 14, 15], 11=[1, 2, 3, 4, 5, 6, 7, 9, 10, 11, 12, 13, 14, 15]}, sizeBytes=146344000, zipfileParams=Optional.of(ZipfileParams{downloadUrl=https://dl.google.com/android/voice/soda/en-US/v9075/soda-en-US-v9075.zip, hashValueSha1=A5283F30BE9BD141BB8833F20BA8D2C173C17B10}), readOnlyParams=Optional.absent()}
08-06 10:09:36.383 1761 2505 W JobServiceContext: Sending onNetworkChanged for a job that isn't started. JobStatus{2deb3bd androidx.work.systemjobscheduler:u0a163/4378 #MDD.CELLULAR.CHARGING.PERIODIC.TASK#@androidx.work.systemjobscheduler@com.google.android.apps.pixel.agent/androidx.work.impl.background.systemjob.SystemJobService u=0 s=10163 TIME=-1m41s590ms:none NET CHARGING READY}
08-06 10:09:36.398 28077 28103 I SyncWorkManagerOneTimeS: Successfully scheduled next onetime workers
08-06 10:09:36.399 28077 28108 E VoiceSearchConfigUtils: Unrecognized recognizer for [en-AU, 9075]: 41. Ignoring it and its associated features.
08-06 10:09:36.400 28077 28191 I ZipLPPopulator: Updated file group for group 'langpack-domain_en-US_9075_zipfile' from location: https://dl.google.com/android/voice/soda/en-US/v9075/soda-en-US-v9075.zip
08-06 10:09:36.400 28077 28107 E VoiceSearchConfigUtils: Unrecognized recognizer for [en-AU, 9075]: 41. Ignoring it and its associated features.
08-06 10:09:36.400 28077 28191 I ZipLPPopulator: #addNewFileGroups complete
08-06 10:09:36.401 28077 28191 I iza : #getPendingPackages from MDD
08-06 10:09:36.401 28077 28191 I iza : #GetLanguagePackList
08-06 10:09:36.401 28077 28191 I iza : MDD.getFileGroupsByFilter(langpack-domain_xx-XX_ver_zipfile)
08-06 10:09:36.401 28077 28189 I ZipLPPopulator: Updated file group for group 'langpack-domain_en-AU_9075_zipfile' from location: https://dl.google.com/android/voice/soda/en-AU/v9075/soda-en-AU-v9075.zip
08-06 10:09:36.402 28077 28189 I LanguagePackMaintenance: Background downloading 0 packs, for an ideal set of 2 total packs
08-06 10:09:36.402 28077 28191 I LPRequestState: [ManagerRequests] #resolveUnusedLanguagePacks
08-06 10:09:36.402 28077 28191 I LPRequestState: [ManagerRequests] #resolveDesiredLanguagePacks
08-06 10:09:36.402 28077 28191 I LPRequestState: Assigning language pack Optional.of(LanguagePackDescriptor{locale=en_US, version=9075, installType=ZIPFILE_DOWNLOAD, applicationDomains=[10, 6, 1, 2, 3, 11, 4, 5, 7, 9], featuresForDomains={10=[1, 2, 3, 4, 5, 6, 7, 9, 10, 11, 12, 13, 14, 15], 6=[1, 2, 3, 4, 5, 6, 7, 9, 10, 11, 12, 13, 14, 15], 1=[1, 2, 3, 4, 5, 6, 9, 10, 11, 12, 13, 14, 15], 2=[1, 2, 3, 4, 5, 6, 7, 9, 10, 11, 12, 13, 14, 15], 3=[1, 2, 3, 4, 5, 6, 9, 10, 11, 12, 13, 14, 15], 11=[1, 2, 3, 4, 5, 6, 7, 9, 10, 11, 12, 13, 14, 15], 4=[1, 2, 3, 4, 5, 6, 7, 9, 10, 11, 12, 13, 14, 15], 5=[1, 2, 3, 4, 5, 6, 9, 10, 11, 12, 13, 14, 15], 7=[1, 2, 3, 4, 5, 6, 7, 9, 10, 11, 12, 13, 14, 15], 9=[1, 2, 3, 4, 5, 6, 9, 10, 11, 12, 13, 14, 15]}, sizeBytes=239941000, zipfileParams=Optional.absent(), readOnlyParams=Optional.absent()}) for request # iyn@b2ceef46
08-06 10:09:36.403 28077 28191 I LPRequestState: Assigning language pack Optional.of(LanguagePackDescriptor{locale=en_AU, version=9075, installType=ZIPFILE_DOWNLOAD, applicationDomains=[5, 7, 2, 10, 4, 6, 3, 9, 1, 11], featuresForDomains={5=[2, 3, 4, 5, 6, 9, 10, 13, 14, 15], 7=[2, 3, 4, 5, 6, 9, 10, 13, 14, 15], 2=[2, 3, 4, 5, 6, 9, 10, 13, 14, 15], 10=[2, 3, 4, 5, 6, 9, 10, 13, 14, 15], 4=[2, 3, 4, 5, 6, 9, 10, 13, 14, 15], 6=[2, 3, 4, 5, 6, 9, 10, 13, 14, 15], 3=[2, 3, 4, 5, 6, 9, 10, 13, 14, 15], 1=[2, 3, 4, 5, 6, 9, 10, 13, 14, 15], 11=[2, 3, 4, 5, 6, 9, 10, 13, 14, 15]}, sizeBytes=209814000, zipfileParams=Optional.absent(), readOnlyParams=Optional.absent()}) for request # iyn@90283cfc
08-06 10:09:36.403 28077 28191 I LPRequestState: Assigning language pack Optional.absent() for request # iyn@1b4506fd
08-06 10:09:36.403 28077 28189 I LanguagePackMaintenance: Background downloading packs []
08-06 10:09:36.403 28077 28189 I LanguagePackMaintenance: Ideal set: [en-AU_v9075, en-US_v9075]
08-06 10:09:36.404 28077 29039 I LPRequestState: [ManagerRequests] #resolveUnusedLanguagePacks
08-06 10:09:36.404 28077 29039 I LPRequestState: [ManagerRequests] #resolveDesiredLanguagePacks
08-06 10:09:36.404 28077 28150 I LPRequestState: Assigning language pack Optional.of(LanguagePackDescriptor{locale=en_US, version=9075, installType=ZIPFILE_DOWNLOAD, applicationDomains=[10, 6, 1, 2, 3, 11, 4, 5, 7, 9], featuresForDomains={10=[1, 2, 3, 4, 5, 6, 7, 9, 10, 11, 12, 13, 14, 15], 6=[1, 2, 3, 4, 5, 6, 7, 9, 10, 11, 12, 13, 14, 15], 1=[1, 2, 3, 4, 5, 6, 9, 10, 11, 12, 13, 14, 15], 2=[1, 2, 3, 4, 5, 6, 7, 9, 10, 11, 12, 13, 14, 15], 3=[1, 2, 3, 4, 5, 6, 9, 10, 11, 12, 13, 14, 15], 11=[1, 2, 3, 4, 5, 6, 7, 9, 10, 11, 12, 13, 14, 15], 4=[1, 2, 3, 4, 5, 6, 7, 9, 10, 11, 12, 13, 14, 15], 5=[1, 2, 3, 4, 5, 6, 9, 10, 11, 12, 13, 14, 15], 7=[1, 2, 3, 4, 5, 6, 7, 9, 10, 11, 12, 13, 14, 15], 9=[1, 2, 3, 4, 5, 6, 9, 10, 11, 12, 13, 14, 15]}, sizeBytes=239941000, zipfileParams=Optional.absent(), readOnlyParams=Optional.absent()}) for request # iyn@b2ceef46
08-06 10:09:36.404 28077 28150 I LPRequestState: Assigning language pack Optional.of(LanguagePackDescriptor{locale=en_AU, version=9075, installType=ZIPFILE_DOWNLOAD, applicationDomains=[5, 7, 2, 10, 4, 6, 3, 9, 1, 11], featuresForDomains={5=[2, 3, 4, 5, 6, 9, 10, 13, 14, 15], 7=[2, 3, 4, 5, 6, 9, 10, 13, 14, 15], 2=[2, 3, 4, 5, 6, 9, 10, 13, 14, 15], 10=[2, 3, 4, 5, 6, 9, 10, 13, 14, 15], 4=[2, 3, 4, 5, 6, 9, 10, 13, 14, 15], 6=[2, 3, 4, 5, 6, 9, 10, 13, 14, 15], 3=[2, 3, 4, 5, 6, 9, 10, 13, 14, 15], 1=[2, 3, 4, 5, 6, 9, 10, 13, 14, 15], 11=[2, 3, 4, 5, 6, 9, 10, 13, 14, 15]}, sizeBytes=209814000, zipfileParams=Optional.absent(), readOnlyParams=Optional.absent()}) for request # iyn@90283cfc
08-06 10:09:36.404 28077 28150 I LPRequestState: Assigning language pack Optional.absent() for request # iyn@1b4506fd
08-06 10:09:36.405 28077 28189 I DefaultLPManager: #calculateRolledBackPacks
08-06 10:09:36.405 28077 28189 I LanguagePackMaintenance: Background deleting 0 stale packs:
08-06 10:09:36.405 28077 28189 I LanguagePackMaintenance: Background LanguagePack updates finished successfully
08-06 10:09:36.407 2778 13814 E twitter.android: hiddenapi: Accessing hidden method Lcom/android/org/conscrypt/ConscryptEngineSocket;->setUseSessionTickets(Z)V (runtime_flags=CorePlatformApi, domain=core-platform, api=max-target-q,core-platform-api) from Lcom/x/android/io/impl/c$a; (domain=app, TargetSdkVersion=35) using reflection: denied
08-06 10:09:36.407 2778 13814 E twitter.android: hiddenapi: Accessing hidden method Lcom/android/org/conscrypt/OpenSSLSocketImpl;->setUseSessionTickets(Z)V (runtime_flags=CorePlatformApi, domain=core-platform, api=max-target-q,core-platform-api) from Lcom/x/android/io/impl/c$a; (domain=app, TargetSdkVersion=35) using reflection: denied
08-06 10:09:36.407 2778 13814 E twitter.android: hiddenapi: Accessing hidden method Lcom/android/org/conscrypt/AbstractConscryptSocket;->setUseSessionTickets(Z)V (runtime_flags=0, domain=core-platform, api=max-target-q) from Lcom/x/android/io/impl/c$a; (domain=app, TargetSdkVersion=35) using reflection: denied
08-06 10:09:36.418 15953 23157 E fb4a.msys: E[N WCCConnectionMEM]_WCCConnectionMEMDoConnectWithAuthKeys(1466)=>connection/conn_params_completion/pending conn ids don't match -1 - 14571977
08-06 10:09:36.422 29674 29788 E msys : E[N mns:TigonMNS]_OnResolverSuccess(359)=>Cache refresh succeeded with system DNS resolver. IP count: 1
08-06 10:09:36.430 1761 1761 I TransportConnection: BackupTransportService#14078: Notifying [BH/MSG_RUN_BACKUP] transport = BackupTransportClient
08-06 10:09:36.431 1761 5381 D BackupManagerService: Running a backup pass
08-06 10:09:36.431 1761 5381 D BackupManagerConstants: wakelock timeout: 1800000
08-06 10:09:36.431 1761 5381 D BackupManagerService: [UserID:0] Acquired wakelock:*backup*-0-5381
08-06 10:09:36.431 1761 5381 D BackupManagerService: clearing pending backups
08-06 10:09:36.434 1761 5381 D KeyValueBackupTask: Spinning thread key-value-backup-32
08-06 10:09:36.435 1761 31571 D PFTBT : backupmanager pftbt token=409ad2d4
08-06 10:09:36.435 1761 31571 D KeyValueBackupTask: Beginning backup of 14 targets
08-06 10:09:36.436 29674 29788 E msys : E[N mns:TigonMNS]_OnResolverSuccess(359)=>Cache refresh succeeded with system DNS resolver. IP count: 1
08-06 10:09:36.437 29674 29788 E msys : E[N mns:TigonMNS]_OnResolverSuccess(359)=>Cache refresh succeeded with system DNS resolver. IP count: 1
08-06 10:09:36.437 29674 29788 E msys : E[N mns:TigonMNS]_OnResolverSuccess(359)=>Cache refresh succeeded with system DNS resolver. IP count: 1
08-06 10:09:36.437 29674 29788 E msys : E[N mns:TigonMNS]_OnResolverSuccess(359)=>Cache refresh succeeded with system DNS resolver. IP count: 1
08-06 10:09:36.437 29674 29788 E msys : E[N mns:TigonMNS]_OnResolverSuccess(359)=>Cache refresh succeeded with system DNS resolver. IP count: 1
08-06 10:09:36.437 29674 29788 E msys : E[N mns:TigonMNS]_OnResolverSuccess(359)=>Cache refresh succeeded with system DNS resolver. IP count: 1
08-06 10:09:36.446 29674 29788 E msys : E[N mns:TigonMNS]_OnResolverSuccess(359)=>Cache refresh succeeded with system DNS resolver. IP count: 1
08-06 10:09:36.446 29674 29788 E msys : E[N mns:TigonMNS]_OnResolverSuccess(359)=>Cache refresh succeeded with system DNS resolver. IP count: 1
08-06 10:09:36.446 29674 29788 E msys : E[N mns:TigonMNS]_OnResolverSuccess(359)=>Cache refresh succeeded with system DNS resolver. IP count: 1
08-06 10:09:36.446 29674 29788 E msys : E[N mns:TigonMNS]_OnResolverSuccess(359)=>Cache refresh succeeded with system DNS resolver. IP count: 1
08-06 10:09:36.447 29674 29788 E msys : E[N mns:TigonMNS]_OnResolverSuccess(359)=>Cache refresh succeeded with system DNS resolver. IP count: 1
08-06 10:09:36.450 1761 31571 D KeyValueBackupTask: Starting key-value backup of @pm@
08-06 10:09:36.450 1761 31571 I PackageManager: getInstalledPackages: callingUid=1000 flags=134217728 updatedFlags=135004160 userId=0
08-06 10:09:36.452 30836 30836 D WM-BatteryChrgTracker: Received android.os.action.CHARGING
08-06 10:09:36.460 1761 5814 D ConnectivityService: requestNetwork for uid/pid:10339/29674 activeRequest: null callbackRequest: 50031 [NetworkRequest [ REQUEST id=50032, [ Capabilities: INTERNET&NOT_RESTRICTED&TRUSTED&NOT_VCN_MANAGED&NOT_BANDWIDTH_CONSTRAINED Uid: 10339 RequestorUid: 10339 RequestorPkg: com.instagram.android UnderlyingNetworks: Null] ]] callback flags: 0 order: 2147483647 isUidTracked: false declaredMethods: AVAIL|LOST|NC|BLK
08-06 10:09:36.462 1761 31571 D KeyValueBackupTask: Invoking agent on @pm@
08-06 10:09:36.463 1761 3444 D UntrustedWifiNetworkFactory: got request NetworkRequest [ REQUEST id=50032, [ Capabilities: INTERNET&NOT_RESTRICTED&TRUSTED&NOT_VCN_MANAGED&NOT_BANDWIDTH_CONSTRAINED Uid: 10339 RequestorUid: 10339 RequestorPkg: com.instagram.android UnderlyingNetworks: Null] ]
08-06 10:09:36.463 1761 3444 D OemPaidWifiNetworkFactory: got request NetworkRequest [ REQUEST id=50032, [ Capabilities: INTERNET&NOT_RESTRICTED&TRUSTED&NOT_VCN_MANAGED&NOT_BANDWIDTH_CONSTRAINED Uid: 10339 RequestorUid: 10339 RequestorPkg: com.instagram.android UnderlyingNetworks: Null] ]
08-06 10:09:36.463 1761 3451 D ConnectivityService: NetReassign [50032 : null → 161] [c 0] [a 1] [i 2]
08-06 10:09:36.464 1761 3444 D MultiInternetWifiNetworkFactory: got request NetworkRequest [ REQUEST id=50032, [ Capabilities: INTERNET&NOT_RESTRICTED&TRUSTED&NOT_VCN_MANAGED&NOT_BANDWIDTH_CONSTRAINED Uid: 10339 RequestorUid: 10339 RequestorPkg: com.instagram.android UnderlyingNetworks: Null] ]
08-06 10:09:36.473 1761 5814 W ActivityManager: Background start not allowed: service Intent { act=Orca.START xflg=0x4 cmp=com.instagram.android/com.facebook.rti.pushv2.inapp.InappFbnsService (has extras) } to com.instagram.android/com.facebook.rti.pushv2.inapp.InappFbnsService from pid=29674 uid=10339 pkg=com.instagram.android startFg?=false
08-06 10:09:36.478 30836 31005 D WM-GreedyScheduler: Constraints met: Scheduling work ID WorkGenerationalId(workSpecId=4094c466-f276-4802-838f-3ad30955aa24, generation=0)
08-06 10:09:36.485 29674 29674 W RtiGracefulSystemMethodHelper: [AI] Failed to start service due to IllegalStateException on Android O
08-06 10:09:36.485 29674 29674 W RtiGracefulSystemMethodHelper: android.app.BackgroundServiceStartNotAllowedException: Not allowed to start service Intent { act=Orca.START xflg=0x4 cmp=com.instagram.android/com.facebook.rti.pushv2.inapp.InappFbnsService (has extras) }: app is in background uid UidRecord{fa40821 u0a339 TRNB bg:+50m12s726ms idle change:uncachedprocstateprocadj procs:0 seq(11420712,11420587)} caps=-------TI
08-06 10:09:36.485 29674 29674 W RtiGracefulSystemMethodHelper: at android.app.ContextImpl.startServiceCommon(ContextImpl.java:2125)
08-06 10:09:36.485 29674 29674 W RtiGracefulSystemMethodHelper: at android.app.ContextImpl.startService(ContextImpl.java:2080)
08-06 10:09:36.485 29674 29674 W RtiGracefulSystemMethodHelper: at android.content.ContextWrapper.startService(ContextWrapper.java:870)
08-06 10:09:36.485 29674 29674 W RtiGracefulSystemMethodHelper: at X.01oR.HFR(:29)
08-06 10:09:36.485 29674 29674 W RtiGracefulSystemMethodHelper: at X.07Lw.A00(:11)
08-06 10:09:36.485 29674 29674 W RtiGracefulSystemMethodHelper: at X.01oC.A00(:113)
08-06 10:09:36.485 29674 29674 W RtiGracefulSystemMethodHelper: at X.01nC.E1t(:305)
08-06 10:09:36.485 29674 29674 W RtiGracefulSystemMethodHelper: at com.instagram.push.FbnsInitBroadcastReceiver.onReceive(:313)
08-06 10:09:36.485 29674 29674 W RtiGracefulSystemMethodHelper: at android.app.LoadedApk$ReceiverDispatcher$Args.lambda$getRunnable$0(LoadedApk.java:2050)
08-06 10:09:36.485 29674 29674 W RtiGracefulSystemMethodHelper: at android.app.LoadedApk$ReceiverDispatcher$Args.$r8$lambda$mcNAAl1SQ4MyJPyDg8TJ2x2h0Rk(LoadedApk.java:0)
08-06 10:09:36.485 29674 29674 W RtiGracefulSystemMethodHelper: at android.app.LoadedApk$ReceiverDispatcher$Args$$ExternalSyntheticLambda0.run(D8$$SyntheticClass:0)
08-06 10:09:36.485 29674 29674 W RtiGracefulSystemMethodHelper: at android.os.Handler.handleCallback(Handler.java:1095)
08-06 10:09:36.485 29674 29674 W RtiGracefulSystemMethodHelper: at android.os.Handler.dispatchMessageImpl(Handler.java:135)
08-06 10:09:36.485 29674 29674 W RtiGracefulSystemMethodHelper: at android.os.Handler.dispatchMessage(Handler.java:125)
08-06 10:09:36.485 29674 29674 W RtiGracefulSystemMethodHelper: at android.os.Looper.loopOnce(Looper.java:296)
08-06 10:09:36.485 29674 29674 W RtiGracefulSystemMethodHelper: at android.os.Looper.loop(Looper.java:397)
08-06 10:09:36.485 29674 29674 W RtiGracefulSystemMethodHelper: at android.app.ActivityThread.main(ActivityThread.java:9523)
08-06 10:09:36.485 29674 29674 W RtiGracefulSystemMethodHelper: at java.lang.reflect.Method.invoke(Native Method)
08-06 10:09:36.485 29674 29674 W RtiGracefulSystemMethodHelper: at com.android.internal.os.RuntimeInit$MethodAndArgsCaller.run(RuntimeInit.java:575)
08-06 10:09:36.485 29674 29674 W RtiGracefulSystemMethodHelper: at com.android.internal.os.ZygoteInit.main(ZygoteInit.java:939)
08-06 10:09:36.499 1761 5814 W ActivityManager: Background start not allowed: service Intent { act=Orca.START xflg=0x4 cmp=com.instagram.android/com.facebook.rti.pushv2.inapp.InappFbnsService (has extras) } to com.instagram.android/com.facebook.rti.pushv2.inapp.InappFbnsService from pid=29674 uid=10339 pkg=com.instagram.android startFg?=false
08-06 10:09:36.500 29674 29674 W RtiGracefulSystemMethodHelper: [AI] Failed to start service due to IllegalStateException on Android O
08-06 10:09:36.500 29674 29674 W RtiGracefulSystemMethodHelper: android.app.BackgroundServiceStartNotAllowedException: Not allowed to start service Intent { act=Orca.START xflg=0x4 cmp=com.instagram.android/com.facebook.rti.pushv2.inapp.InappFbnsService (has extras) }: app is in background uid UidRecord{fa40821 u0a339 TRNB bg:+50m12s752ms idle change:uncachedprocstateprocadj procs:0 seq(11420712,11420587)} caps=-------TI
08-06 10:09:36.500 29674 29674 W RtiGracefulSystemMethodHelper: at android.app.ContextImpl.startServiceCommon(ContextImpl.java:2125)
08-06 10:09:36.500 29674 29674 W RtiGracefulSystemMethodHelper: at android.app.ContextImpl.startService(ContextImpl.java:2080)
08-06 10:09:36.500 29674 29674 W RtiGracefulSystemMethodHelper: at android.content.ContextWrapper.startService(ContextWrapper.java:870)
08-06 10:09:36.500 29674 29674 W RtiGracefulSystemMethodHelper: at X.01oR.HFR(:29)
08-06 10:09:36.500 29674 29674 W RtiGracefulSystemMethodHelper: at X.07Lw.A00(:11)
08-06 10:09:36.500 29674 29674 W RtiGracefulSystemMethodHelper: at X.01oC.A00(:113)
08-06 10:09:36.500 29674 29674 W RtiGracefulSystemMethodHelper: at X.01nC.E1t(:305)
08-06 10:09:36.500 29674 29674 W RtiGracefulSystemMethodHelper: at com.instagram.push.FbnsInitBroadcastReceiver.onReceive(:313)
08-06 10:09:36.500 29674 29674 W RtiGracefulSystemMethodHelper: at android.app.LoadedApk$ReceiverDispatcher$Args.lambda$getRunnable$0(LoadedApk.java:2050)
08-06 10:09:36.500 29674 29674 W RtiGracefulSystemMethodHelper: at android.app.LoadedApk$ReceiverDispatcher$Args.$r8$lambda$mcNAAl1SQ4MyJPyDg8TJ2x2h0Rk(LoadedApk.java:0)
08-06 10:09:36.500 29674 29674 W RtiGracefulSystemMethodHelper: at android.app.LoadedApk$ReceiverDispatcher$Args$$ExternalSyntheticLambda0.run(D8$$SyntheticClass:0)
08-06 10:09:36.500 29674 29674 W RtiGracefulSystemMethodHelper: at android.os.Handler.handleCallback(Handler.java:1095)
08-06 10:09:36.500 29674 29674 W RtiGracefulSystemMethodHelper: at android.os.Handler.dispatchMessageImpl(Handler.java:135)
08-06 10:09:36.500 29674 29674 W RtiGracefulSystemMethodHelper: at android.os.Handler.dispatchMessage(Handler.java:125)
08-06 10:09:36.500 29674 29674 W RtiGracefulSystemMethodHelper: at android.os.Looper.loopOnce(Looper.java:296)
08-06 10:09:36.500 29674 29674 W RtiGracefulSystemMethodHelper: at android.os.Looper.loop(Looper.java:397)
08-06 10:09:36.500 29674 29674 W RtiGracefulSystemMethodHelper: at android.app.ActivityThread.main(ActivityThread.java:9523)
08-06 10:09:36.500 29674 29674 W RtiGracefulSystemMethodHelper: at java.lang.reflect.Method.invoke(Native Method)
08-06 10:09:36.500 29674 29674 W RtiGracefulSystemMethodHelper: at com.android.internal.os.RuntimeInit$MethodAndArgsCaller.run(RuntimeInit.java:575)
08-06 10:09:36.500 29674 29674 W RtiGracefulSystemMethodHelper: at com.android.internal.os.ZygoteInit.main(ZygoteInit.java:939)
08-06 10:09:36.505 1761 5814 D BackupTransportManager: [UserID:0] Transport com.google.android.gms/.backup.BackupTransportService updated its attributes
08-06 10:09:36.514 30836 31005 D WM-Processor: 1kL: processing WorkGenerationalId(workSpecId=4094c466-f276-4802-838f-3ad30955aa24, generation=0)
08-06 10:09:36.516 1761 5046 W ActivityManager: Background start not allowed: service Intent { act=Orca.START xflg=0x4 cmp=com.instagram.android/com.facebook.rti.pushv2.inapp.InappFbnsService (has extras) } to com.instagram.android/com.facebook.rti.pushv2.inapp.InappFbnsService from pid=29674 uid=10339 pkg=com.instagram.android startFg?=false
08-06 10:09:36.518 29674 29674 W RtiGracefulSystemMethodHelper: [AI] Failed to start service due to IllegalStateException on Android O
