08-06 10:09:37.843 1761 5046 W PackageInfo: Large parcel: size=24004 pkg=com.google.android.googlequicksearchbox uid=10187 prevAllowSquashing=false
08-06 10:09:37.851 471 521 I LPRequestState: (REDACTED) Assigning language pack %s for request %s
08-06 10:09:37.851 471 521 I LPRequestState: (REDACTED) Assigning language pack %s for request %s
08-06 10:09:37.872 31878 32529 I ezea : (REDACTED) HDM. appOpsListener %s %s
08-06 10:09:37.872 31878 32529 I ezea : (REDACTED) HDM. Ignoring irrelevant audio permission changes for package %s
08-06 10:09:37.885 29674 29678 W stagram.android: Reducing the number of considered missed Gc histogram windows from 270 to 100
08-06 10:09:37.888 15953 23157 W fb4a.MqttDozeAwareClientWrapper: Doze mode disabled. Starting client
08-06 10:09:37.890 11130 11790 I ConsentManagerApiServic: (REDACTED) ConsentManagerApiService onGetService success %s
08-06 10:09:37.919 13242 13249 W .adservices.api: Suspending all threads took: 41.339ms
08-06 10:09:37.923 15953 15953 E fb4a.Execution: Redirecting MSYS Execution scheduling from the UI thread to a custom executor
08-06 10:09:37.926 15953 23157 E fb4a.msys: E[N WCCConnectionMEM]_WCCConnectionMEMDoConnectWithAuthKeys(1576)=>[INFO] connection/connect/start/[host=chat-e2ee-mini.facebook.com port=5222]/[57.145.8.8:5222]/socketAddressCount=1
08-06 10:09:37.937 471 31679 I cwpv : (REDACTED) Using GoogleAuthUtil for getToken for 1p app: %s
08-06 10:09:37.938 15953 23157 E fb4a.msys: E[N WCCConnectionMEM]_WCCConnectionMEMLifecycleEventHandler(2206)=>[INFO] connection/xmpp/lifecycle_event/will-connect
08-06 10:09:37.938 15953 23157 E fb4a.msys: E[A WA]WCCHandshakeCreate(191)=>handshake/create, pq mode:0
08-06 10:09:37.968 471 491 I avui : (REDACTED) User is in cohort: %s
08-06 10:09:37.974 1761 3451 D ConnectivityService: NetReassign [no changes] [c 0] [a 33] [i 35]
08-06 10:09:37.980 15953 16206 E fb4a.msys: E[N mns:DGWClient]_OnResolverSuccess(359)=>Cache refresh succeeded with system DNS resolver. IP count: 1
08-06 10:09:38.012 15953 31697 W DefaultTrackSelector: Audio channel count constraints cannot be applied without reference to Context. Build the track selector instance with one of the non-deprecated constructors that take a Context argument.
08-06 10:09:38.013 11130 23680 I Backup : [GmsBackupTransport] Performing encrypted kv backup: @pm@
08-06 10:09:38.045 15953 28612 D omnistore_android_logger: DebouncingRateLimiter attempting event SyncProtocol::onConnectionEstablished
08-06 10:09:38.045 15953 28612 D omnistore_android_logger: AlarmManager::startAlarmTimer for key=SyncProtocol::onConnectionEstablished, it will wake up main thread to reschedule
08-06 10:09:38.046 15953 28612 W omnistore_android_logger: Event SyncProtocol::onConnectionEstablished rate limited for 29519 ms
08-06 10:09:38.046 15953 23182 D omnistore_android_logger: AlarmManager::mainLoop calling alarm callbacks. There are total 1 scheduled tasks, and about to trigger 0 tasks (first task is N/A), then sleep for 29518 ms
08-06 10:09:38.047 1761 5821 I RecoverableAppKeyStore: Get 0/10139/com.google.android.gms.backup/folsom/3F217C12E4B85331DBB868E704505BE8
08-06 10:09:38.061 15953 31698 W fb4a.MediaCodecSelectorHelper: Unexpected mime type audio/mp4a-latm
08-06 10:09:38.062 15953 31698 W fb4a.MediaCodecSelectorHelper: Unexpected mime type audio/mp4a-latm
08-06 10:09:38.062 15953 31698 W fb4a.MediaCodecSelectorHelper: Unexpected mime type audio/mp4a-latm
08-06 10:09:38.062 15953 31698 W fb4a.MediaCodecSelectorHelper: Unexpected mime type audio/mp4a-latm
08-06 10:09:38.062 15953 31698 W fb4a.MediaCodecSelectorHelper: Unexpected mime type audio/mp4a-latm
08-06 10:09:38.062 15953 31698 W fb4a.MediaCodecSelectorHelper: Unexpected mime type audio/mp4a-latm
08-06 10:09:38.062 15953 31698 W fb4a.MediaCodecSelectorHelper: Unexpected mime type audio/mp4a-latm
08-06 10:09:38.063 15953 31698 W fb4a.MediaCodecSelectorHelper: Unexpected mime type audio/mp4a-latm
08-06 10:09:38.065 15953 15953 E fb4a.Execution: Redirecting MSYS Execution scheduling from the UI thread to a custom executor
08-06 10:09:38.073 15953 23261 E fb4a.msys: E[C mem.context]_LogNetworkStateUpdate(7845)=>[Critical] network_state/prev/1/new/1/source/0
08-06 10:09:38.074 15953 23261 E fb4a.msys: E[C MEMConnectionManager]_NetworkConnectedConnectionEventHandler(1577)=>[Debug] Start _NetworkConnectedConnectionEventHandler.
08-06 10:09:38.075 15953 23261 E fb4a.msys: E[C MEMConnectionManager]_NetworkConnectedConnectionEventHandler(1587)=>[Debug] End _NetworkConnectedConnectionEventHandler.
08-06 10:09:38.088 1450 1450 I adbd : adbd service requested 'shell,v2,TERM=xterm:export ANDROID_LOG_TAGS=''; exec logcat '-d' '-v' 'brief''
08-06 10:09:38.100 15953 23157 E fb4a.msys: E[N WCCConnectionMEM]_WCCConnectionMEMLifecycleEventHandler(2214)=>[INFO] connection/xmpp/lifecycle_event/did-connect, [0.1619s]
08-06 10:09:38.106 15953 23157 E fb4a.msys: E[N WCCConnectionMEM]_WCCConnectionMEMLifecycleEventHandler(2214)=>[INFO] connection/xmpp/lifecycle_event/did-send-initial-payload, [0.0056s]
08-06 10:09:38.123 26145 18675 W libbinder.Binder: Binder transaction to android.accounts.IAccountAuthenticator, function: UNKNOWN_FUNCTION_NAME, code: 3, took 1500ms. Data bytes: 492 Reply bytes: 0 Flags: 17
08-06 10:09:38.131 15953 31698 W fb4a.MediaCodecSelectorHelper: Unexpected mime type audio/mp4a-latm
08-06 10:09:38.133 15953 31698 I MediaCodec: Retry enabled for HDCP failure
08-06 10:09:38.135 471 512 I eqkh : (REDACTED) Attempting to cache the data for enabled corpora %s.
08-06 10:09:38.135 471 521 I eqkh : (REDACTED) Attempting to cache the data for enabled corpora %s.
08-06 10:09:38.136 471 519 I eqkh : (REDACTED) Attempting to cache the data for enabled corpora %s.
08-06 10:09:38.145 15953 31698 W facebook.katana: Failed to query component store for system resources: 6
08-06 10:09:38.147 30836 30992 E msys : E[N WCIHTTPImplNetworkSession]WCIHTTPTaskImplCreateRegular(556)=>[I] http/task/regular/create/start
08-06 10:09:38.147 30836 30992 E msys : E[N WCIHTTPImplNetworkSession]WCIHTTPTaskImplCreateRegular(591)=>[I] http/task/regular/create/execute
08-06 10:09:38.148 30836 30992 E msys : E[N WCIHTTPImplNetworkSession]WCIHTTPTaskImplCreateRegular(614)=>[I] http/task/regular/create/success
08-06 10:09:38.156 15953 31709 D CCodec : allocate(c2.android.aac.decoder)
08-06 10:09:38.161 15953 31709 I CCodec : setting up 'default' as default (vendor) store
08-06 10:09:38.167 471 512 W dmlc : (REDACTED) Corpus: %s is disabled
08-06 10:09:38.168 471 512 W dmlc : (REDACTED) Corpus: %s is disabled
08-06 10:09:38.168 471 512 W dmlc : (REDACTED) Corpus: %s is disabled
08-06 10:09:38.168 471 512 W dmlc : (REDACTED) Corpus: %s is disabled
08-06 10:09:38.168 471 512 W dmlc : (REDACTED) Corpus: %s is disabled
08-06 10:09:38.168 471 512 W dmlc : (REDACTED) Corpus: %s is disabled
08-06 10:09:38.168 471 512 W dmlc : (REDACTED) Corpus: %s is disabled
08-06 10:09:38.168 471 512 W dmlc : (REDACTED) Corpus: %s is disabled
08-06 10:09:38.168 471 512 W dmlc : (REDACTED) Corpus: %s is disabled
08-06 10:09:38.168 471 512 W dmlc : (REDACTED) Corpus: %s is disabled
08-06 10:09:38.168 471 512 W dmlc : (REDACTED) Corpus: %s is disabled
08-06 10:09:38.168 471 512 W dmlc : (REDACTED) Corpus: %s is disabled
08-06 10:09:38.169 1408 1492 D AidlBufferPool: bufferpool2 0xb400007b0c480da8 : 0(0 size) total buffers - 0(0 size) used buffers - 0/0 (recycle/alloc) - 0/0 (fetch/transfer)
08-06 10:09:38.169 1408 1492 D AidlBufferPool: bufferpool2 0xb400007b0c4754a8 : 10(40960 size) total buffers - 10(40960 size) used buffers - 5/15 (recycle/alloc) - 10/15 (fetch/transfer)
08-06 10:09:38.169 1408 1492 I libbinder.BpBinder: onLastStrongRef automatically unlinking death recipients for binder (0xb400007aec475c90) with descriptor: 'android.hardware.media.bufferpool2.IAccessor'
08-06 10:09:38.169 1408 1492 I libbinder.BpBinder: onLastStrongRef automatically unlinking death recipients for binder (0xb400007aec46e390) with descriptor: 'android.hardware.media.bufferpool2.IAccessor'
08-06 10:09:38.171 15953 18620 D AidlBufferPool: bufferpool2 0xb4000070e606aff8 : 0(0 size) total buffers - 0(0 size) used buffers - 11/16 (recycle/alloc) - 5/16 (fetch/transfer)
08-06 10:09:38.171 15953 18620 D AidlBufferPool: Destruction - bufferpool2 0xb4000070e606aff8 cached: 0/0M, 0/0% in use; allocs: 16, 69% recycled; transfers: 16, 69% unfetched
08-06 10:09:38.175 15953 18620 D AidlBufferPool: bufferpool2 0xb4000070e5cbd608 : 0(0 size) total buffers - 0(0 size) used buffers - 13/18 (recycle/alloc) - 5/18 (fetch/transfer)
08-06 10:09:38.175 15953 18620 D AidlBufferPool: Destruction - bufferpool2 0xb4000070e5cbd608 cached: 0/0M, 0/0% in use; allocs: 18, 72% recycled; transfers: 18, 72% unfetched
08-06 10:09:38.179 15953 31709 W facebook.katana: AIBinder_linkToDeath is being called with a non-null cookie and no onUnlink callback set. Use AIBinder_DeathRecipient_setOnUnlinked to manage the lifetime of the cookie. This will become an abort.
08-06 10:09:38.180 15953 31709 I CCodec : Created component [c2.android.aac.decoder] for [c2.android.aac.decoder]
08-06 10:09:38.183 15953 31709 D CCodecConfig: read media type: audio/mp4a-latm
08-06 10:09:38.202 471 521 I eqkh : (REDACTED) Attempting to cache the data for enabled corpora %s.
08-06 10:09:38.203 471 512 I eqkh : (REDACTED) Attempting to cache the data for enabled corpora %s.
08-06 10:09:38.203 471 512 W dmlc : (REDACTED) Corpus: %s is disabled
08-06 10:09:38.203 471 512 W dmlc : (REDACTED) Corpus: %s is disabled
08-06 10:09:38.203 471 512 W dmlc : (REDACTED) Corpus: %s is disabled
08-06 10:09:38.203 471 512 W dmlc : (REDACTED) Corpus: %s is disabled
08-06 10:09:38.203 471 512 W dmlc : (REDACTED) Corpus: %s is disabled
08-06 10:09:38.203 471 512 W dmlc : (REDACTED) Corpus: %s is disabled
08-06 10:09:38.203 471 512 W dmlc : (REDACTED) Corpus: %s is disabled
08-06 10:09:38.203 471 512 W dmlc : (REDACTED) Corpus: %s is disabled
08-06 10:09:38.203 471 512 W dmlc : (REDACTED) Corpus: %s is disabled
08-06 10:09:38.203 471 512 W dmlc : (REDACTED) Corpus: %s is disabled
08-06 10:09:38.204 471 512 W dmlc : (REDACTED) Corpus: %s is disabled
08-06 10:09:38.204 471 519 I eqkh : (REDACTED) Attempting to cache the data for enabled corpora %s.
08-06 10:09:38.207 471 512 W dmlc : (REDACTED) Corpus: %s is disabled
08-06 10:09:38.215 15953 31709 D ReflectedParamUpdater: extent() != 1 for single value type: algo.buffers.max-count.values
08-06 10:09:38.219 15953 31709 D ReflectedParamUpdater: extent() != 1 for single value type: output.subscribed-indices.values
08-06 10:09:38.220 15953 31709 D ReflectedParamUpdater: extent() != 1 for single value type: input.buffers.allocator-ids.values
08-06 10:09:38.220 471 31677 I dmon : readDataAsElementId
08-06 10:09:38.220 15953 31709 D ReflectedParamUpdater: extent() != 1 for single value type: output.buffers.allocator-ids.values
08-06 10:09:38.221 15953 31709 D ReflectedParamUpdater: extent() != 1 for single value type: algo.buffers.allocator-ids.values
08-06 10:09:38.222 15953 31709 D ReflectedParamUpdater: extent() != 1 for single value type: output.buffers.pool-ids.values
08-06 10:09:38.222 15953 31709 D ReflectedParamUpdater: extent() != 1 for single value type: algo.buffers.pool-ids.values
08-06 10:09:38.229 26145 26153 E gcblocker: too long GC blocking: 5
08-06 10:09:38.229 26145 26153 E gcblocker: gc block end, 412970076,103
08-06 10:09:38.233 471 498 D WM-SystemJobScheduler: Scheduling work ID 6576f0d6-9f8a-4b74-a21e-946ec6cb5b16 (androidx.work.multiprocess.RemoteListenableDelegatingWorker), Job ID 164137
08-06 10:09:38.246 471 498 D WM-GreedyScheduler: Ignoring {WorkSpec: 519b6a05-8660-4fb9-8564-bf3e6c8964da}. Requires ContentUri triggers.
08-06 10:09:38.246 471 498 D WM-GreedyScheduler: Starting tracking for 17164270-7b7a-4eba-99bc-bac5deab8644,3450f1d7-a44b-4b54-a834-6100404da92f,fe9dd1f4-b277-4641-8279-3169e2e3ecc4
08-06 10:09:38.249 471 31677 I native : I0000 00:00:1785982178.244376 31677 geller_cache.cc:2007] Data size config for ASSISTANT_HISTORY is 2097152 bytes
08-06 10:09:38.249 471 31677 I native : I0000 00:00:1785982178.249434 31677 geller_cache.cc:2009] Actual data size for ASSISTANT_HISTORY is 779 bytes
08-06 10:09:38.249 471 512 I dmkg : (REDACTED) Starting batch sync for corpora: %s
08-06 10:09:38.251 15953 31709 I CCodecConfig: query failed after returning 21 values (BAD_INDEX)
08-06 10:09:38.252 15953 31709 D CCodecConfig: c2 config diff is Dict {
08-06 10:09:38.252 15953 31709 D CCodecConfig: c2::u32 coded.aac-packaging.value = 0
08-06 10:09:38.252 15953 31709 D CCodecConfig: c2::u32 coded.bitrate.value = 64000
08-06 10:09:38.252 15953 31709 D CCodecConfig: c2::u32 coded.pl.level = 0
08-06 10:09:38.252 15953 31709 D CCodecConfig: c2::u32 coded.pl.profile = 8192
08-06 10:09:38.252 15953 31709 D CCodecConfig: c2::i32 coding.drc.album-mode.value = 0
08-06 10:09:38.252 15953 31709 D CCodecConfig: c2::float coding.drc.attenuation-factor.value = 1
08-06 10:09:38.252 15953 31709 D CCodecConfig: c2::float coding.drc.boost-factor.value = 1
08-06 10:09:38.252 15953 31709 D CCodecConfig: c2::i32 coding.drc.compression-mode.value = 3
08-06 10:09:38.252 15953 31709 D CCodecConfig: c2::i32 coding.drc.effect-type.value = 3
08-06 10:09:38.252 15953 31709 D CCodecConfig: c2::float coding.drc.encoded-level.value = 0.25
08-06 10:09:38.252 15953 31709 D CCodecConfig: c2::float coding.drc.reference-level.value = -16
08-06 10:09:38.252 15953 31709 D CCodecConfig: c2::u32 input.buffers.max-size.value = 8192
08-06 10:09:38.252 15953 31709 D CCodecConfig: c2::u32 input.delay.value = 0
08-06 10:09:38.252 15953 31709 D CCodecConfig: string input.media-type.value = "audio/mp4a-latm"
08-06 10:09:38.252 15953 31709 D CCodecConfig: c2::u32 output.delay.value = 2
08-06 10:09:38.252 15953 31709 D CCodecConfig: c2::float output.drc.output-loudness.value = 0.25
08-06 10:09:38.252 15953 31709 D CCodecConfig: c2::u32 output.large-frame.max-size = 0
08-06 10:09:38.252 15953 31709 D CCodecConfig: c2::u32 output.large-frame.threshold-size = 0
08-06 10:09:38.252 15953 31709 D CCodecConfig: string output.media-type.value = "audio/raw"
08-06 10:09:38.252 15953 31709 D CCodecConfig: c2::u32 raw.channel-count.value = 1
08-06 10:09:38.252 15953 31709 D CCodecConfig: c2::u32 raw.channel-mask.value = 0
08-06 10:09:38.252 15953 31709 D CCodecConfig: c2::u32 raw.max-channel-count.value = 8
08-06 10:09:38.252 15953 31709 D CCodecConfig: c2::u32 raw.sample-rate.value = 44100
08-06 10:09:38.252 15953 31709 D CCodecConfig: }
08-06 10:09:38.254 471 31677 W native : W0000 00:00:1785982178.254208 31677 geller_cache.cc:1887] Sync timestamp is empty for AIP_TOP_ENTITIES, so cleanup for data_retention_days config cannot run
08-06 10:09:38.259 471 31670 E PhFileGroupPop: Failed to add file group
08-06 10:09:38.259 471 31670 E PhFileGroupPop: Failed to add file group
08-06 10:09:38.259 471 31673 E PhFileGroupPop: Failed to add file group
08-06 10:09:38.259 471 31673 E PhFileGroupPop: Failed to add file group
08-06 10:09:38.259 471 31673 E PhFileGroupPop: Failed to add file group
08-06 10:09:38.259 471 31673 E PhFileGroupPop: Failed to add file group
08-06 10:09:38.259 471 31673 E PhFileGroupPop: Failed to add file group
08-06 10:09:38.259 471 31673 E PhFileGroupPop: Failed to add file group
08-06 10:09:38.260 471 31673 E PhFileGroupPop: Failed to add file group
08-06 10:09:38.260 471 31673 E PhFileGroupPop: Failed to add file group
08-06 10:09:38.260 471 31677 I dmon : readDataAsElementId
08-06 10:09:38.262 471 521 I dmkg : (REDACTED) Starting batch sync for corpora: %s
08-06 10:09:38.263 471 520 I dmkg : (REDACTED) Starting batch sync for corpora: %s
08-06 10:09:38.264 471 509 I dmkg : (REDACTED) Starting batch sync for corpora: %s
08-06 10:09:38.265 471 509 I dmkg : (REDACTED) Starting batch sync for corpora: %s
08-06 10:09:38.268 471 31670 E PhFileGroupPop: Failed to add file group
08-06 10:09:38.268 471 31670 E PhFileGroupPop: Failed to add file group
08-06 10:09:38.268 471 31670 E PhFileGroupPop: Failed to add file group
08-06 10:09:38.268 471 31670 E PhFileGroupPop: Failed to add file group
08-06 10:09:38.268 471 31670 E PhFileGroupPop: Failed to add file group
08-06 10:09:38.268 471 31670 E PhFileGroupPop: Failed to add file group
08-06 10:09:38.270 15953 31698 I MediaCodec: media_quality service unavailable, skipping updatePictureProfile
08-06 10:09:38.271 15953 31709 D CCodec : [c2.android.aac.decoder] buffers are bound to CCodec for this session
08-06 10:09:38.271 15953 31709 D CCodecConfig: no c2 equivalents for flags
08-06 10:09:38.264 471 513 I dmkg : (REDACTED) Starting batch sync for corpora: %s
08-06 10:09:38.276 1761 3907 I PackageManager: getInstalledPackages: callingUid=10187 flags=0 updatedFlags=786432 userId=0
08-06 10:09:38.277 15953 31709 D CCodecConfig: c2 config diff is c2::float coding.drc.reference-level.value = -14
08-06 10:09:38.277 15953 31709 D CCodecConfig: c2::u32 raw.channel-count.value = 2
08-06 10:09:38.278 1761 5821 I PackageManager: getInstalledPackages: callingUid=10187 flags=0 updatedFlags=786432 userId=0
08-06 10:09:38.283 15953 31709 D CCodec : encoding statistics level = 0
08-06 10:09:38.283 15953 31709 D CCodec : setup formats input: AMessage(what = 0x00000000) = {
08-06 10:09:38.283 15953 31709 D CCodec : int32_t aac-drc-album-mode = 0
08-06 10:09:38.283 15953 31709 D CCodec : int32_t aac-drc-boost-level = 127
08-06 10:09:38.283 15953 31709 D CCodec : int32_t aac-drc-cut-level = 127
08-06 10:09:38.283 15953 31709 D CCodec : int32_t aac-drc-effect-type = 3
08-06 10:09:38.283 15953 31709 D CCodec : int32_t aac-encoded-target-level = -1
08-06 10:09:38.283 15953 31709 D CCodec : int32_t aac-max-output-channel_count = 8
08-06 10:09:38.283 15953 31709 D CCodec : int32_t aac-target-ref-level = 56
08-06 10:09:38.283 15953 31709 D CCodec : int32_t bitrate = 64000
08-06 10:09:38.283 15953 31709 D CCodec : int32_t channel-count = 2
08-06 10:09:38.283 15953 31709 D CCodec : int32_t channel-mask = 0
08-06 10:09:38.283 15953 31709 D CCodec : int32_t level = 0
08-06 10:09:38.283 15953 31709 D CCodec : int32_t max-input-size = 8192
08-06 10:09:38.283 15953 31709 D CCodec : int32_t max-output-channel-count = 8
08-06 10:09:38.283 15953 31709 D CCodec : string mime = "audio/mp4a-latm"
08-06 10:09:38.283 15953 31709 D CCodec : int32_t profile = 2
08-06 10:09:38.283 15953 31709 D CCodec : int32_t sample-rate = 44100
08-06 10:09:38.283 15953 31709 D CCodec : }
08-06 10:09:38.283 15953 31709 D CCodec : setup formats output: AMessage(what = 0x00000000) = {
08-06 10:09:38.283 15953 31709 D CCodec : int32_t aac-drc-album-mode = 0
08-06 10:09:38.283 15953 31709 D CCodec : int32_t aac-drc-boost-level = 127
08-06 10:09:38.283 15953 31709 D CCodec : int32_t aac-drc-cut-level = 127
08-06 10:09:38.283 15953 31709 D CCodec : int32_t aac-drc-effect-type = 3
08-06 10:09:38.283 15953 31709 D CCodec : int32_t aac-drc-output-loudness = -1
08-06 10:09:38.283 15953 31709 D CCodec : int32_t aac-encoded-target-level = -1
08-06 10:09:38.283 15953 31709 D CCodec : int32_t aac-max-output-channel_count = 8
08-06 10:09:38.283 15953 31709 D CCodec : int32_t aac-target-ref-level = 56
08-06 10:09:38.283 15953 31709 D CCodec : int32_t buffer-batch-max-output-size = 0
08-06 10:09:38.283 15953 31709 D CCodec : int32_t buffer-batch-threshold-output-size = 0
08-06 10:09:38.283 15953 31709 D CCodec : int32_t channel-count = 2
08-06 10:09:38.283 15953 31709 D CCodec : int32_t channel-mask = 0
08-06 10:09:38.283 15953 31709 D CCodec : int32_t max-output-channel-count = 8
08-06 10:09:38.283 15953 31709 D CCodec : string mime = "audio/raw"
08-06 10:09:38.283 15953 31709 D CCodec : int32_t sample-rate = 44100
08-06 10:09:38.283 15953 31709 D CCodec : int32_t android._config-pcm-encoding = 2
08-06 10:09:38.283 15953 31709 D CCodec : }
08-06 10:09:38.284 15953 31709 I CCodecConfig: query failed after returning 21 values (BAD_INDEX)
08-06 10:09:38.284 15953 31709 E facebook.katana: Failed to query component interface for required system resources: 6
08-06 10:09:38.293 471 31670 I esce : Scheduling next refresh
08-06 10:09:38.293 471 31670 I esce : Scheduling next refresh
08-06 10:09:38.293 471 31670 I esce : Scheduling next refresh
08-06 10:09:38.293 471 31670 I esce : Scheduling next refresh
08-06 10:09:38.293 471 31670 I esce : Scheduling next refresh
08-06 10:09:38.294 471 31670 I esce : Scheduling next refresh
08-06 10:09:38.294 471 31670 I esce : Scheduling next refresh
08-06 10:09:38.294 471 31670 I esce : Scheduling next refresh
08-06 10:09:38.294 471 31670 I esce : Scheduling next refresh
08-06 10:09:38.294 471 31670 I esce : Scheduling next refresh
08-06 10:09:38.294 471 31670 I esce : Scheduling next refresh
08-06 10:09:38.294 471 31670 I esce : Scheduling next refresh
08-06 10:09:38.294 471 31670 I esce : Scheduling next refresh
08-06 10:09:38.294 471 31670 I esce : Scheduling next refresh
08-06 10:09:38.302 1408 1492 D AidlBufferPool: bufferpool2 0xb400007b0c481498 : 0(0 size) total buffers - 0(0 size) used buffers - 5/13 (recycle/alloc) - 8/13 (fetch/transfer)
08-06 10:09:38.303 15953 31709 I libbinder.BpBinder: onLastStrongRef automatically unlinking death recipients for binder (0xb400007115953980) with descriptor: 'android.hardware.media.bufferpool2.IAccessor'
08-06 10:09:38.303 471 31670 I esce : Scheduling next refresh
08-06 10:09:38.303 471 31670 I fcsl : MDD.MigrationProxyPopulator.refreshFileGroups
08-06 10:09:38.304 1408 1492 D AidlBufferPool: Destruction - bufferpool2 0xb400007b0c481498 cached: 0/0M, 0/0% in use; allocs: 13, 38% recycled; transfers: 13, 38% unfetched
08-06 10:09:38.305 15953 31709 I libbinder.BpBinder: onLastStrongRef automatically unlinking death recipients for binder (0xb4000071155b08c0) with descriptor: 'android.hardware.media.bufferpool2.IAccessor'
08-06 10:09:38.305 1408 1492 D AidlBufferPool: bufferpool2 0xb400007b0c46e358 : 0(0 size) total buffers - 0(0 size) used buffers - 5/15 (recycle/alloc) - 10/15 (fetch/transfer)
08-06 10:09:38.306 471 31670 E SingleDataFileGroupPop: Failed to add file group
08-06 10:09:38.306 1408 1492 D AidlBufferPool: Destruction - bufferpool2 0xb400007b0c46e358 cached: 0/0M, 0/0% in use; allocs: 15, 33% recycled; transfers: 15, 33% unfetched
08-06 10:09:38.308 15953 31709 D AidlBufferPool: bufferpool2 0xb4000070e6236078 : 0(0 size) total buffers - 0(0 size) used buffers - 13/18 (recycle/alloc) - 5/18 (fetch/transfer)
08-06 10:09:38.308 15953 31709 D CCodecBufferChannel: [c2.android.aac.decoder#8] Created input block pool with allocatorID 16 => poolID 287 - OK (0)
08-06 10:09:38.314 15953 31709 I CCodecBufferChannel: [c2.android.aac.decoder#8] Created output block pool with allocatorID 16 => poolID 4684 - OK
08-06 10:09:38.315 15953 31709 D CCodecBufferChannel: [c2.android.aac.decoder#8] Configured output block pool ids 4684 => OK
08-06 10:09:38.315 1408 26838 E Codec2-ComponentInterface: We have a failed config
08-06 10:09:38.318 1408 31711 D SimpleC2Component: Using output block pool with poolID 4684 => got 4684 - 0
08-06 10:09:38.325 1408 26838 W mediaswcodec: AIBinder_linkToDeath is being called with a non-null cookie and no onUnlink callback set. Use AIBinder_DeathRecipient_setOnUnlinked to manage the lifetime of the cookie. This will become an abort.
08-06 10:09:38.326 15953 31709 W facebook.katana: AIBinder_linkToDeath is being called with a non-null cookie and no onUnlink callback set. Use AIBinder_DeathRecipient_setOnUnlinked to manage the lifetime of the cookie. This will become an abort.
08-06 10:09:38.326 2778 2785 W twitter.android: Reducing the number of considered missed Gc histogram windows from 277 to 100
08-06 10:09:38.326 471 31671 E PhFileGroupPop: Failed to add file group
08-06 10:09:38.327 471 31671 E PhFileGroupPop: Failed to add file group
08-06 10:09:38.327 471 31671 E PhFileGroupPop: Failed to add file group
08-06 10:09:38.327 471 31671 E PhFileGroupPop: Failed to add file group
08-06 10:09:38.327 471 31671 E PhFileGroupPop: Failed to add file group
08-06 10:09:38.327 471 31671 E PhFileGroupPop: Failed to add file group
08-06 10:09:38.327 471 31671 E PhFileGroupPop: Failed to add file group
08-06 10:09:38.327 471 31671 E PhFileGroupPop: Failed to add file group
08-06 10:09:38.327 471 31673 I esce : Throttled; returning pending refresh
08-06 10:09:38.327 471 31673 I esce : Throttled; returning pending refresh
08-06 10:09:38.328 471 31673 I esce : Throttled; returning pending refresh
08-06 10:09:38.328 471 31673 I esce : Throttled; returning pending refresh
08-06 10:09:38.328 471 31673 I esce : Throttled; returning pending refresh
08-06 10:09:38.328 471 31673 I esce : Throttled; returning pending refresh
08-06 10:09:38.328 471 31673 I esce : Throttled; returning pending refresh
08-06 10:09:38.328 471 31673 I esce : Throttled; returning pending refresh
08-06 10:09:38.328 471 31673 I esce : Throttled; returning pending refresh
08-06 10:09:38.328 471 31673 I esce : Throttled; returning pending refresh
08-06 10:09:38.328 471 31673 I esce : Throttled; returning pending refresh
08-06 10:09:38.328 471 31673 I esce : Throttled; returning pending refresh
08-06 10:09:38.328 471 31673 I esce : Throttled; returning pending refresh
08-06 10:09:38.328 471 31673 I esce : Throttled; returning pending refresh
08-06 10:09:38.328 471 31673 I esce : Throttled; returning pending refresh
08-06 10:09:38.328 471 31673 I fcsl : MDD.MigrationProxyPopulator.refreshFileGroups
08-06 10:09:38.328 471 31673 E SingleDataFileGroupPop: Failed to add file group
08-06 10:09:38.336 471 31677 I native : I0000 00:00:1785982178.336819 31677 geller_cache.cc:2007] Data size config for AIP_TOP_ENTITIES is 2097152 bytes
08-06 10:09:38.336 471 31677 I native : I0000 00:00:1785982178.336964 31677 geller_cache.cc:2009] Actual data size for AIP_TOP_ENTITIES is 0 bytes
08-06 10:09:38.346 1408 31711 I C2SoftAacDec: Reconfiguring decoder: 0->44100 Hz, 0->2 channels
08-06 10:09:38.350 471 31673 I ZipLPPopulator: #scheduleLanguagePackDeletion
08-06 10:09:38.350 471 31673 I ZipLPPopulator: fzbc: MEDIUM
08-06 10:09:38.350 471 31673 I ZipLPPopulator: at fcxe.a(PG:22)
08-06 10:09:38.350 471 31673 I ZipLPPopulator: at dvcx.y(PG:24)
08-06 10:09:38.350 471 31673 I ZipLPPopulator: at dvcx.A(PG:1)
08-06 10:09:38.350 471 31673 I ZipLPPopulator: at dvcx.h(PG:19)
08-06 10:09:38.350 471 31673 I ZipLPPopulator: at dvcx.p(PG:1)
08-06 10:09:38.350 471 31673 I ZipLPPopulator: at esdk.p(PG:16)
08-06 10:09:38.350 471 31673 I ZipLPPopulator: at dvtg.a(PG:13)
08-06 10:09:38.350 471 31673 I ZipLPPopulator: at fpza.a(PG:17)
08-06 10:09:38.350 471 31673 I ZipLPPopulator: at gazd.a(PG:3)
08-06 10:09:38.350 471 31673 I ZipLPPopulator: at gayi.run(PG:19)
08-06 10:09:38.350 471 31673 I ZipLPPopulator: at gazf.run(PG:5)
08-06 10:09:38.350 471 31673 I ZipLPPopulator: at djxf.run(PG:5)
08-06 10:09:38.350 471 31673 I ZipLPPopulator: at java.util.concurrent.ThreadPoolExecutor.runWorker(ThreadPoolExecutor.java:1100)
08-06 10:09:38.350 471 31673 I ZipLPPopulator: at java.util.concurrent.ThreadPoolExecutor$Worker.run(ThreadPoolExecutor.java:624)
08-06 10:09:38.350 471 31673 I ZipLPPopulator: at djwl.run(PG:33)
08-06 10:09:38.350 471 31673 I ZipLPPopulator: at java.lang.Thread.run(Thread.java:1572)
08-06 10:09:38.350 471 31673 I ZipLPPopulator: at djyh.run(PG:62)
08-06 10:09:38.350 471 31673 I ZipLPPopulator: #addNewFileGroups
08-06 10:09:38.350 471 31673 I fcwu : #getDownloadableLanguagePacks
08-06 10:09:38.352 471 31670 I ZipLPPopulator: #scheduleLanguagePackDeletion
08-06 10:09:38.352 471 31670 I ZipLPPopulator: fzbc: MEDIUM
08-06 10:09:38.352 471 31670 I ZipLPPopulator: at fcxe.a(PG:22)
08-06 10:09:38.352 471 31670 I ZipLPPopulator: at dvcx.y(PG:24)
08-06 10:09:38.352 471 31670 I ZipLPPopulator: at dvcx.A(PG:1)
08-06 10:09:38.352 471 31670 I ZipLPPopulator: at dvcx.h(PG:64)
08-06 10:09:38.352 471 31670 I ZipLPPopulator: at dvcx.p(PG:1)
08-06 10:09:38.352 471 31670 I ZipLPPopulator: at esdk.p(PG:16)
08-06 10:09:38.352 471 31670 I ZipLPPopulator: at dvtg.a(PG:13)
08-06 10:09:38.352 471 31670 I ZipLPPopulator: at fpza.a(PG:17)
08-06 10:09:38.352 471 31670 I ZipLPPopulator: at gazd.a(PG:3)
08-06 10:09:38.352 471 31670 I ZipLPPopulator: at gayi.run(PG:19)
08-06 10:09:38.352 471 31670 I ZipLPPopulator: at gazf.run(PG:5)
08-06 10:09:38.352 471 31670 I ZipLPPopulator: at djxf.run(PG:5)
08-06 10:09:38.352 471 31670 I ZipLPPopulator: at java.util.concurrent.ThreadPoolExecutor.runWorker(ThreadPoolExecutor.java:1100)
08-06 10:09:38.352 471 31670 I ZipLPPopulator: at java.util.concurrent.ThreadPoolExecutor$Worker.run(ThreadPoolExecutor.java:624)
08-06 10:09:38.352 471 31670 I ZipLPPopulator: at djwl.run(PG:33)
08-06 10:09:38.352 471 31670 I ZipLPPopulator: at java.lang.Thread.run(Thread.java:1572)
08-06 10:09:38.352 471 31670 I ZipLPPopulator: at djyh.run(PG:62)
08-06 10:09:38.352 471 31670 I ZipLPPopulator: #addNewFileGroups
08-06 10:09:38.352 471 31670 I fcwu : #getDownloadableLanguagePacks
08-06 10:09:38.357 471 31677 W native : W0000 00:00:1785982178.356948 31677 geller_cache.cc:1887] Sync timestamp is empty for ASSISTANT_SETTINGS_METADATA, so cleanup for data_retention_days config cannot run
08-06 10:09:38.360 15953 18620 W facebook.katana: AIBinder_linkToDeath is being called with a non-null cookie and no onUnlink callback set. Use AIBinder_DeathRecipient_setOnUnlinked to manage the lifetime of the cookie. This will become an abort.
08-06 10:09:38.361 1408 31711 W mediaswcodec: AIBinder_linkToDeath is being called with a non-null cookie and no onUnlink callback set. Use AIBinder_DeathRecipient_setOnUnlinked to manage the lifetime of the cookie. This will become an abort.
08-06 10:09:38.363 26223 26310 W JobInfo : Requested important-while-foreground flag for job5104 is ignored and takes no effect
08-06 10:09:38.366 15953 31709 D CCodecConfig: c2 config diff is c2::float output.drc.output-loudness.value = -14
08-06 10:09:38.366 15953 31709 D CCodecConfig: c2::u32 raw.channel-mask.value = 12
08-06 10:09:38.369 15953 31709 D CCodecBuffers: [c2.android.aac.decoder#8:1D-Output] popFromStashAndRegister: at 1000000000000us, output format changed to AMessage(what = 0x00000000) = {
08-06 10:09:38.369 15953 31709 D CCodecBuffers: int32_t aac-drc-album-mode = 0
08-06 10:09:38.369 15953 31709 D CCodecBuffers: int32_t aac-drc-boost-level = 127
08-06 10:09:38.369 15953 31709 D CCodecBuffers: int32_t aac-drc-cut-level = 127
08-06 10:09:38.369 15953 31709 D CCodecBuffers: int32_t aac-drc-effect-type = 3
08-06 10:09:38.369 15953 31709 D CCodecBuffers: int32_t aac-drc-output-loudness = 56
08-06 10:09:38.369 15953 31709 D CCodecBuffers: int32_t aac-encoded-target-level = -1
08-06 10:09:38.369 15953 31709 D CCodecBuffers: int32_t aac-max-output-channel_count = 8
08-06 10:09:38.369 15953 31709 D CCodecBuffers: int32_t aac-target-ref-level = 56
08-06 10:09:38.369 15953 31709 D CCodecBuffers: int32_t buffer-batch-max-output-size = 0
08-06 10:09:38.369 15953 31709 D CCodecBuffers: int32_t buffer-batch-threshold-output-size = 0
08-06 10:09:38.369 15953 31709 D CCodecBuffers: int32_t channel-count = 2
08-06 10:09:38.369 15953 31709 D CCodecBuffers: int32_t channel-mask = 12
08-06 10:09:38.369 15953 31709 D CCodecBuffers: int32_t max-output-channel-count = 8
08-06 10:09:38.369 15953 31709 D CCodecBuffers: string mime = "audio/raw"
08-06 10:09:38.369 15953 31709 D CCodecBuffers: int32_t sample-rate = 44100
08-06 10:09:38.369 15953 31709 D CCodecBuffers: int32_t android._config-pcm-encoding = 2
08-06 10:09:38.369 15953 31709 D CCodecBuffers: }
08-06 10:09:38.372 15953 23157 E fb4a.msys: E[N WCCConnectionMEM]_WCCConnectionMEMLifecycleEventHandler(2214)=>[INFO] connection/xmpp/lifecycle_event/will-handshake, [0.2659s]
08-06 10:09:38.374 15953 23157 E fb4a.msys: E[N WCCConnectionMEM]_WCCConnectionMEMLifecycleEventHandler(2214)=>[INFO] connection/xmpp/lifecycle_event/did-handshake, [0.0016s]
08-06 10:09:38.374 15953 23157 E fb4a.msys: E[N WCCConnectionMEM]_WCCConnectionMEMReceiveHandler(2386)=>[INFO] connection/receive/login-success
08-06 10:09:38.378 15953 23157 E fb4a.msys: E[N WCCConnectionMEM]_WCCConnectionMEMEmitStateChange(3230)=>[INFO] connection/new_state/connected [connection_id=14571978, wcc_source=0, wcc_reason=0]
08-06 10:09:38.379 15953 23157 E fb4a.msys: E[C MEMConnectionManager]_MEMConnectionManagerStateChangeHandler(638)=>[Critical] MEMConnectionState updated to ID: 2 with connectionId: 14571978
08-06 10:09:38.388 15953 23261 E fb4a.msys: E[C mem.context]_NetworkStateChangedCallbackOnExecutionContext(7952)=>[INFO]skip the network state change source=4
08-06 10:09:38.398 471 31671 I esce : Throttled; returning pending refresh
08-06 10:09:38.398 471 31671 I esce : Throttled; returning pending refresh
08-06 10:09:38.398 471 31671 I esce : Throttled; returning pending refresh
08-06 10:09:38.398 471 31671 I esce : Throttled; returning pending refresh
08-06 10:09:38.398 471 31671 I esce : Throttled; returning pending refresh
08-06 10:09:38.398 471 31671 I esce : Throttled; returning pending refresh
08-06 10:09:38.398 471 31671 I esce : Throttled; returning pending refresh
08-06 10:09:38.398 471 31671 I esce : Throttled; returning pending refresh
08-06 10:09:38.398 471 31671 I esce : Throttled; returning pending refresh
08-06 10:09:38.398 471 31671 I esce : Throttled; returning pending refresh
08-06 10:09:38.398 471 31671 I esce : Throttled; returning pending refresh
08-06 10:09:38.398 471 31671 I esce : Throttled; returning pending refresh
08-06 10:09:38.398 471 31671 I esce : Throttled; returning pending refresh
08-06 10:09:38.398 471 31671 I esce : Throttled; returning pending refresh
08-06 10:09:38.398 471 31671 I esce : Throttled; returning pending refresh
08-06 10:09:38.398 471 31671 I fcsl : MDD.MigrationProxyPopulator.refreshFileGroups
08-06 10:09:38.398 471 31671 E SingleDataFileGroupPop: Failed to add file group
08-06 10:09:38.401 471 31671 I ZipLPPopulator: #scheduleLanguagePackDeletion
08-06 10:09:38.401 471 31671 I ZipLPPopulator: fzbc: MEDIUM
08-06 10:09:38.401 471 31671 I ZipLPPopulator: at fcxe.a(PG:22)
08-06 10:09:38.401 471 31671 I ZipLPPopulator: at dvcx.y(PG:24)
08-06 10:09:38.401 471 31671 I ZipLPPopulator: at dvcx.h(PG:32)
08-06 10:09:38.401 471 31671 I ZipLPPopulator: at dvcx.p(PG:1)
08-06 10:09:38.401 471 31671 I ZipLPPopulator: at esdk.p(PG:16)
08-06 10:09:38.401 471 31671 I ZipLPPopulator: at dvtg.a(PG:13)
08-06 10:09:38.401 471 31671 I ZipLPPopulator: at fpza.a(PG:17)
08-06 10:09:38.401 471 31671 I ZipLPPopulator: at gazd.a(PG:3)
08-06 10:09:38.401 471 31671 I ZipLPPopulator: at gayi.run(PG:19)
08-06 10:09:38.401 471 31671 I ZipLPPopulator: at gazf.run(PG:5)
08-06 10:09:38.401 471 31671 I ZipLPPopulator: at djxf.run(PG:5)
08-06 10:09:38.401 471 31671 I ZipLPPopulator: at java.util.concurrent.ThreadPoolExecutor.runWorker(ThreadPoolExecutor.java:1100)
08-06 10:09:38.401 471 31671 I ZipLPPopulator: at java.util.concurrent.ThreadPoolExecutor$Worker.run(ThreadPoolExecutor.java:624)
08-06 10:09:38.401 471 31671 I ZipLPPopulator: at djwl.run(PG:33)
08-06 10:09:38.401 471 31671 I ZipLPPopulator: at java.lang.Thread.run(Thread.java:1572)
08-06 10:09:38.401 471 31671 I ZipLPPopulator: at djyh.run(PG:62)
08-06 10:09:38.401 471 31671 I ZipLPPopulator: #addNewFileGroups
08-06 10:09:38.401 471 31671 I fcwu : #getDownloadableLanguagePacks
08-06 10:09:38.403 471 31673 I fcxl : (REDACTED) Loaded languagepack (LP) flag value from latest config %s: %s
08-06 10:09:38.405 471 513 E fcvd : (REDACTED) Unrecognized recognizer for [%s, %d]: %d. Ignoring it and its associated features.
08-06 10:09:38.408 471 513 E fcvd : (REDACTED) Unrecognized recognizer for [%s, %d]: %d. Ignoring it and its associated features.
08-06 10:09:38.408 471 513 E fcvd : (REDACTED) Unrecognized recognizer for [%s, %d]: %d. Ignoring it and its associated features.
08-06 10:09:38.408 471 513 E fcvd : (REDACTED) Unrecognized recognizer for [%s, %d]: %d. Ignoring it and its associated features.
08-06 10:09:38.408 471 513 E fcvd : (REDACTED) Unrecognized recognizer for [%s, %d]: %d. Ignoring it and its associated features.
08-06 10:09:38.411 471 31670 I fcxl : (REDACTED) Loaded languagepack (LP) flag value from latest config %s: %s
08-06 10:09:38.413 471 512 E fcvd : (REDACTED) Unrecognized recognizer for [%s, %d]: %d. Ignoring it and its associated features.
08-06 10:09:38.414 471 31671 I fcxl : (REDACTED) Loaded languagepack (LP) flag value from latest config %s: %s
08-06 10:09:38.414 471 31677 I dmon : readDataAsElementId
08-06 10:09:38.415 471 520 E fcvd : (REDACTED) Unrecognized recognizer for [%s, %d]: %d. Ignoring it and its associated features.
08-06 10:09:38.416 471 512 E fcvd : (REDACTED) Unrecognized recognizer for [%s, %d]: %d. Ignoring it and its associated features.
08-06 10:09:38.416 471 512 E fcvd : (REDACTED) Unrecognized recognizer for [%s, %d]: %d. Ignoring it and its associated features.
08-06 10:09:38.416 471 512 E fcvd : (REDACTED) Unrecognized recognizer for [%s, %d]: %d. Ignoring it and its associated features.
08-06 10:09:38.416 471 512 E fcvd : (REDACTED) Unrecognized recognizer for [%s, %d]: %d. Ignoring it and its associated features.
08-06 10:09:38.418 471 520 E fcvd : (REDACTED) Unrecognized recognizer for [%s, %d]: %d. Ignoring it and its associated features.
08-06 10:09:38.418 471 520 E fcvd : (REDACTED) Unrecognized recognizer for [%s, %d]: %d. Ignoring it and its associated features.
08-06 10:09:38.418 471 520 E fcvd : (REDACTED) Unrecognized recognizer for [%s, %d]: %d. Ignoring it and its associated features.
08-06 10:09:38.418 471 520 E fcvd : (REDACTED) Unrecognized recognizer for [%s, %d]: %d. Ignoring it and its associated features.
08-06 10:09:38.419 471 512 I LPRequestState: (REDACTED) [%s] #resolveDesiredLanguagePacks
08-06 10:09:38.420 471 512 I LPRequestState: (REDACTED) Assigning language pack %s for request %s
08-06 10:09:38.420 471 512 I LPDownloadSettingsState: (REDACTED) Defaulting LP download condition to %s as user has not edited settings.
08-06 10:09:38.420 471 512 I ZipLPPopulator: (REDACTED) MDD.addFileGroup: %s
08-06 10:09:38.420 471 520 I LPRequestState: (REDACTED) [%s] #resolveDesiredLanguagePacks
08-06 10:09:38.420 471 520 I LPRequestState: (REDACTED) Assigning language pack %s for request %s
08-06 10:09:38.420 471 520 I LPDownloadSettingsState: (REDACTED) Defaulting LP download condition to %s as user has not edited settings.
08-06 10:09:38.421 471 520 I ZipLPPopulator: (REDACTED) MDD.addFileGroup: %s
08-06 10:09:38.422 471 513 I LPRequestState: (REDACTED) [%s] #resolveDesiredLanguagePacks
08-06 10:09:38.422 471 513 I LPRequestState: (REDACTED) Assigning language pack %s for request %s
08-06 10:09:38.423 471 513 I LPDownloadSettingsState: (REDACTED) Defaulting LP download condition to %s as user has not edited settings.
08-06 10:09:38.423 471 513 I ZipLPPopulator: (REDACTED) MDD.addFileGroup: %s
08-06 10:09:38.428 471 31677 I native : I0000 00:00:1785982178.428726 31677 geller_cache.cc:2007] Data size config for ASSISTANT_SETTINGS_METADATA is 1048576 bytes
08-06 10:09:38.428 471 31677 I native : I0000 00:00:1785982178.428855 31677 geller_cache.cc:2009] Actual data size for ASSISTANT_SETTINGS_METADATA is 0 bytes
08-06 10:09:38.443 471 31677 I dmon : readDataAsElementId
08-06 10:09:38.449 471 31677 I native : I0000 00:00:1785982178.449607 31677 geller_cache.cc:2007] Data size config for ASSISTANT_REMINDER_USER_PROFILE is 1048576 bytes
08-06 10:09:38.449 471 31677 I native : I0000 00:00:1785982178.449745 31677 geller_cache.cc:2009] Actual data size for ASSISTANT_REMINDER_USER_PROFILE is 314 bytes
08-06 10:09:38.452 13242 23752 E adservices: Report to ignore '' skipped, contains too few parts
08-06 10:09:38.453 13242 23752 I cobalt.periodic: Start log creation and sending
08-06 10:09:38.465 471 475 W earchbox:search: Suspending all threads took: 13.127ms
08-06 10:09:38.467 11130 11135 W gle.android.gms: Missing inline cache for axrg bbgc.i(bbcp, bbfv, byte[])
08-06 10:09:38.478 17719 31477 E PhFileGroupPop: Failed to add file group
08-06 10:09:38.478 17719 31477 E PhFileGroupPop: Failed to add file group
08-06 10:09:38.479 17719 31478 E PhFileGroupPop: Failed to add file group
08-06 10:09:38.479 17719 31478 E PhFileGroupPop: Failed to add file group
08-06 10:09:38.479 17719 31476 E PhFileGroupPop: Failed to add file group
08-06 10:09:38.479 17719 31476 E PhFileGroupPop: Failed to add file group
08-06 10:09:38.484 17719 31477 E PhFileGroupPop: Failed to add file group
08-06 10:09:38.484 17719 31477 E PhFileGroupPop: Failed to add file group
08-06 10:09:38.484 17719 31477 E PhFileGroupPop: Failed to add file group
08-06 10:09:38.493 17719 31478 E PhFileGroupPop: Failed to add file group
08-06 10:09:38.493 17719 31478 E PhFileGroupPop: Failed to add file group
08-06 10:09:38.493 17719 31478 E PhFileGroupPop: Failed to add file group
08-06 10:09:38.494 17719 31476 E PhFileGroupPop: Failed to add file group
08-06 10:09:38.494 17719 31476 E PhFileGroupPop: Failed to add file group
08-06 10:09:38.494 17719 31476 E PhFileGroupPop: Failed to add file group
08-06 10:09:38.497 26005 26005 D BoundBrokerSvc: onRebind: Intent { act=com.google.android.gms.libs.gmscorelogger.service.START dat=chimera-action:/... xflg=0x4 cmp=com.google.android.gms/.chimera.PersistentDirectBootAwareApiService }
08-06 10:09:38.504 17719 31476 E PhFileGroupPop: Failed to add file group
08-06 10:09:38.504 17719 31476 E PhFileGroupPop: Failed to add file group
08-06 10:09:38.504 17719 31476 E PhFileGroupPop: Failed to add file group
08-06 10:09:38.533 17719 31477 E PhFileGroupPop: Failed to add file group
08-06 10:09:38.533 17719 31477 E PhFileGroupPop: Failed to add file group
08-06 10:09:38.533 17719 31477 E PhFileGroupPop: Failed to add file group
08-06 10:09:38.537 17719 31478 E PhFileGroupPop: Failed to add file group
08-06 10:09:38.537 17719 31478 E PhFileGroupPop: Failed to add file group
08-06 10:09:38.537 17719 31478 E PhFileGroupPop: Failed to add file group
08-06 10:09:38.577 471 31677 I dmon : readDataAsElementId
08-06 10:09:38.594 17719 31476 I esce : Scheduling next refresh
08-06 10:09:38.595 17719 31477 I esce : Throttled; returning pending refresh
08-06 10:09:38.598 17719 31478 I esce : Throttled; returning pending refresh
08-06 10:09:38.616 471 31677 W native : W0000 00:00:1785982178.616334 31677 geller_cache.cc:1887] Sync timestamp is empty for ACTION_HISTORY_EPHEMERAL, so cleanup for data_retention_days config cannot run
08-06 10:09:38.657 471 31677 I dmon : readDataAsElementId
08-06 10:09:38.666 471 498 I emgu : (REDACTED) getting App Capabilities %s
08-06 10:09:38.666 471 497 I emgu : (REDACTED) getting App Capabilities %s
08-06 10:09:38.675 471 498 I emdy : Building Device Properties.
08-06 10:09:38.675 471 499 I emdy : Building Device Properties.
08-06 10:09:38.693 471 491 I TextToSpeech: Sucessfully bound to com.google.android.tts
08-06 10:09:38.693 1761 5046 D TextToSpeechManagerPerUserService: Trying to start connection to TTS engine: com.google.android.tts
08-06 10:09:38.695 1761 1761 D TextToSpeechManagerPerUserService: Connected successfully to TTS engine: com.google.android.tts
08-06 10:09:38.695 471 727 I TextToSpeech: Connected to TTS engine
08-06 10:09:38.701 471 31677 I native : I0000 00:00:1785982178.682376 31677 geller_cache.cc:2007] Data size config for ACTION_HISTORY_EPHEMERAL is 1048576 bytes
08-06 10:09:38.701 471 31677 I native : I0000 00:00:1785982178.701090 31677 geller_cache.cc:2009] Actual data size for ACTION_HISTORY_EPHEMERAL is 0 bytes
08-06 10:09:38.703 471 512 I esif : (REDACTED) deleted %d events
08-06 10:09:38.705 17719 31718 D PhFileGroupPop: Added file groups assistant_appintegration_appactions_config
08-06 10:09:38.708 28077 17230 I VoiceDataManager: checkExternalData: Refreshing list of available externally downloaded voices...
08-06 10:09:38.712 28077 28157 I VoiceDataDownloader: No VoiceLM voicepack found.
08-06 10:09:38.712 28077 28157 I VoiceDataDownloader: No VoiceLM voicepack found.
08-06 10:09:38.712 28077 28157 I VoiceDataDownloader: No VoiceLM voicepack found.
08-06 10:09:38.712 28077 28157 I VoiceDataDownloader: No VoiceLM voicepack found.
08-06 10:09:38.712 28077 28157 I VoiceDataDownloader: No VoiceLM voicepack found.
08-06 10:09:38.712 28077 28157 I VoiceDataDownloader: No VoiceLM voicepack found.
08-06 10:09:38.712 28077 28157 I VoiceDataDownloader: No VoiceLM voicepack found.
08-06 10:09:38.712 28077 28157 I VoiceDataDownloader: No VoiceLM voicepack found.
08-06 10:09:38.712 28077 28157 I VoiceDataDownloader: No VoiceLM voicepack found.
08-06 10:09:38.712 28077 28157 I VoiceDataDownloader: No VoiceLM voicepack found.
08-06 10:09:38.712 28077 28157 I VoiceDataDownloader: No VoiceLM voicepack found.
08-06 10:09:38.712 28077 28157 I VoiceDataDownloader: No VoiceLM voicepack found.
08-06 10:09:38.712 28077 28157 I VoiceDataDownloader: No VoiceLM voicepack found.
08-06 10:09:38.712 28077 28157 I VoiceDataDownloader: No VoiceLM voicepack found.
08-06 10:09:38.712 28077 28157 I VoiceDataDownloader: No VoiceLM voicepack found.
08-06 10:09:38.712 28077 28157 I VoiceDataDownloader: No VoiceLM voicepack found.
08-06 10:09:38.713 28077 28157 I VoiceDataDownloader: No VoiceLM voicepack found.
08-06 10:09:38.713 28077 28157 I VoiceDataDownloader: No VoiceLM voicepack found.
08-06 10:09:38.713 28077 28157 I VoiceDataDownloader: No VoiceLM voicepack found.
08-06 10:09:38.713 471 509 I esif : (REDACTED) deleted %d events
08-06 10:09:38.718 26223 26310 W JobInfo : Requested important-while-foreground flag for job5174 is ignored and takes no effect
08-06 10:09:38.723 471 513 I ayie : #getOobeStatus: OptedIn [CONTEXT ratelimit_period="10 SECONDS" skipped=3 ]
08-06 10:09:38.729 471 31677 I dmon : readDataAsElementId
08-06 10:09:38.738 471 519 W dmkg : (REDACTED) Upload permissions denied for Corpus %s
08-06 10:09:38.740 17719 31718 D PhFileGroupPop: Added file groups assistant_appintegration_appactions_config
08-06 10:09:38.741 17719 31718 D PhFileGroupPop: Added file groups assistant_appintegration_appactions_config
08-06 10:09:38.741 17719 31718 D PhFileGroupPop: Added file groups fedass_policy_config_group
08-06 10:09:38.741 17719 31718 D PhFileGroupPop: Added file groups smart_dictation_policy_config_group
08-06 10:09:38.742 17719 31718 D PhFileGroupPop: Added file groups fedass_policy_config_group
08-06 10:09:38.746 471 521 W dmkg : (REDACTED) Upload permissions denied for Corpus %s
08-06 10:09:38.746 1761 5814 W ProcessStats: Tracking association SourceState{3756c5f com.google.android.gms.persistent/10139 BFgs #2786703} whose proc state 4 is better than process ProcessState{9c7e53a com.google.android.gms.unstable/10139 pkg=com.google.android.gms} proc state 14 (77 skipped)
08-06 10:09:38.746 17719 31718 D PhFileGroupPop: Added file groups smart_dictation_policy_config_group
08-06 10:09:38.749 1761 5814 W JobScheduler: Job didn't exist in JobStore: 130970e {androidx.work.systemjobscheduler} #u0a185/5174 #TikTokWorker#com.google.android.apps.nbu.files.mediastore.MediaStoreContentChangeListenerWorker#@androidx.work.systemjobscheduler@com.google.android.apps.nbu.files/androidx.work.impl.background.systemjob.SystemJobService
08-06 10:09:38.751 471 471 D WM-SystemJobService: onStartJob for WorkGenerationalId(workSpecId=c697ccb4-1805-45a2-b9d3-526c83483ce9, generation=54)
08-06 10:09:38.758 1207 3934 W APM::HwModule: getDeviceDescriptor: could not find HW module for device (AUDIO_DEVICE_OUT_WIRED_HEADSET, 00000004) address
08-06 10:09:38.764 1207 3934 W APM::HwModule: getDeviceDescriptor: could not find HW module for device (AUDIO_DEVICE_OUT_WIRED_HEADPHONE, 00000008) address
08-06 10:09:38.771 17719 31718 D PhFileGroupPop: Added file groups fedass_policy_config_group
08-06 10:09:38.771 17719 31718 D PhFileGroupPop: Added file groups smart_dictation_policy_config_group
08-06 10:09:38.777 17719 31477 I cwpv : (REDACTED) Using GoogleAuthUtil for getToken for 1p app: %s
08-06 10:09:38.780 471 31677 I dmoo : (REDACTED) Deleting with GellerDeleteParams:
08-06 10:09:38.780 471 31677 I dmoo : %s
08-06 10:09:38.784 17719 31718 D PhFileGroupPop: Added file groups tapas_cortex
08-06 10:09:38.784 17719 31718 D PhFileGroupPop: Added file groups tapas_cortex
08-06 10:09:38.792 13242 24232 I cobalt.periodic: Start observation generation
08-06 10:09:38.793 13242 24232 I cobalt.periodic: Generating observations for day 20670 for report ReportKey{customerId=200004, projectId=2, metricId=2, reportId=1}
08-06 10:09:38.794 17719 31718 D PhFileGroupPop: Added file groups tapas_cortex
08-06 10:09:38.798 31878 32529 I ezea : (REDACTED) HDM. appOpsListener %s %s
08-06 10:09:38.798 31878 32529 I ezea : (REDACTED) HDM. Ignoring irrelevant audio permission changes for package %s
08-06 10:09:38.798 13242 24232 I cobalt.periodic: Generating observations for day 20670 for report ReportKey{customerId=200004, projectId=2, metricId=3, reportId=1}
08-06 10:09:38.799 13242 24232 I cobalt.periodic: Generating observations for day 20670 for report ReportKey{customerId=200004, projectId=2, metricId=4, reportId=1}
08-06 10:09:38.799 13242 24232 I cobalt.periodic: Generating observations for day 20670 for report ReportKey{customerId=200004, projectId=2, metricId=5, reportId=1}
08-06 10:09:38.799 13242 24232 I cobalt.periodic: Generating observations for day 20670 for report ReportKey{customerId=200004, projectId=2, metricId=6, reportId=1}
08-06 10:09:38.803 13242 23752 I cobalt.data: Generating observations for day index 20670 for report ReportKey{customerId=200004, projectId=2, metricId=2, reportId=1}
08-06 10:09:38.807 13242 23752 I cobalt.data: Generated 0 observations in 0 observation batches for day index 20670 for report ReportKey{customerId=200004, projectId=2, metricId=2, reportId=1}
08-06 10:09:38.825 13242 24232 I cobalt.data: Generating observations for day index 20670 for report ReportKey{customerId=200004, projectId=2, metricId=3, reportId=1}
