08-06 10:09:40.855 471 31677 I native : I0000 00:00:1785982180.855587 31677 geller_cache.cc:2009] Actual data size for SONG_SEARCH_HISTORY is 0 bytes
08-06 10:09:40.856 471 497 I eger : (REDACTED) Recache due to %s
08-06 10:09:40.857 471 31677 I dmon : readDataAsElementId
08-06 10:09:40.859 1761 5814 W ActivityManager: Unable to start service Intent { act=grpc.io.action.BIND xflg=0x4 cmp=com.google.android.inputmethod.latin/com.google.android.apps.inputmethod.libs.nga.impl.KeyboardDictationService } U=0: not found
08-06 10:09:40.860 471 31677 I dmoo : (REDACTED) The Geller SyncConfig is not present, defaulting isUploadEnabled for corpus %s to true.
08-06 10:09:40.860 471 31677 I dmon : readDataAsElementId
08-06 10:09:40.861 1761 5814 W ActivityManager: Unbind failed: could not find connection for android.os.BinderProxy@1962127
08-06 10:09:40.862 471 31677 I native : I0000 00:00:1785982180.862202 31677 geller_cache.cc:2007] Data size config for SMARTSPACE_HEADPHONE_APP_USAGE_MODEL is 1048576 bytes
08-06 10:09:40.862 471 31677 I native : I0000 00:00:1785982180.862275 31677 geller_cache.cc:2009] Actual data size for SMARTSPACE_HEADPHONE_APP_USAGE_MODEL is 0 bytes
08-06 10:09:40.862 471 31677 W native : W0000 00:00:1785982180.862632 31677 geller_cache.cc:1887] Sync timestamp is empty for ASSISTANT_DRIVING_SETTINGS, so cleanup for data_retention_days config cannot run
08-06 10:09:40.864 471 31677 I dmon : readDataAsElementId
08-06 10:09:40.865 471 31677 I native : I0000 00:00:1785982180.865057 31677 geller_cache.cc:2007] Data size config for ASSISTANT_DRIVING_SETTINGS is 1048576 bytes
08-06 10:09:40.865 471 31677 I native : I0000 00:00:1785982180.865115 31677 geller_cache.cc:2009] Actual data size for ASSISTANT_DRIVING_SETTINGS is 0 bytes
08-06 10:09:40.867 471 31677 I dmon : readDataAsElementId
08-06 10:09:40.870 471 31677 I dmon : readDataAsElementId
08-06 10:09:40.886 658 31622 W keystore2: system/security/keystore2/watchdog/src/lib.rs:142 - ### Keystore Watchdog report - BEGIN ###
08-06 10:09:40.886 658 31622 W keystore2: system/security/keystore2/watchdog/src/lib.rs:151 - When extracting from a bug report, please include this header
08-06 10:09:40.886 658 31622 W keystore2: system/security/keystore2/watchdog/src/lib.rs:152 - and all 5 records below.
08-06 10:09:40.886 658 31622 W keystore2: system/security/keystore2/watchdog/src/lib.rs:193 - ThreadId(6943) KeystoreDB::handle_next_superseded_blob Started:
08-06 02:09:39.363 UTC Pending: 1.522781698s Overdue 1.022782309s
08-06 10:09:40.886 658 31622 W keystore2: system/security/keystore2/watchdog/src/lib.rs:193 - ThreadId(6943) TX_handle_next_superseded_blob Started:
08-06 02:09:39.364 UTC Pending: 1.522623821s Overdue 1.02262435s
08-06 10:09:40.886 658 31622 W keystore2: system/security/keystore2/watchdog/src/lib.rs:193 - ThreadId(6943) KeystoreDB::handle_next_superseded_blob find_next v2 Started:
08-06 02:09:39.364 UTC Pending: 1.521832235s Overdue 1.021832764s
08-06 10:09:40.886 658 31622 W keystore2: system/security/keystore2/watchdog/src/lib.rs:193 - ThreadId(6943) KeystoreDB::handle_next_superseded_blob load_metadata Started:
08-06 02:09:39.384 UTC Pending: 1.502343099s Overdue 1.002343466s
08-06 10:09:40.886 658 31622 W keystore2: system/security/keystore2/watchdog/src/lib.rs:193 - ThreadId(6943) KeystoreDB::handle_next_superseded_blob delete v2 Started:
08-06 02:09:39.384 UTC Pending: 1.502306113s Overdue 1.002306601s
08-06 10:09:40.886 658 31622 W keystore2: system/security/keystore2/watchdog/src/lib.rs:205 - ### Keystore Watchdog report - END ###
08-06 10:09:40.890 658 31622 W keystore2: system/security/keystore2/watchdog/src/lib.rs:142 - ### Keystore Watchdog report - BEGIN ###
08-06 10:09:40.890 658 31622 W keystore2: system/security/keystore2/watchdog/src/lib.rs:151 - When extracting from a bug report, please include this header
08-06 10:09:40.890 658 31622 W keystore2: system/security/keystore2/watchdog/src/lib.rs:152 - and all 5 records below.
08-06 10:09:40.890 658 31622 W keystore2: system/security/keystore2/watchdog/src/lib.rs:193 - ThreadId(6943) KeystoreDB::handle_next_superseded_blob Started:
08-06 02:09:39.363 UTC Pending: 1.52680835s Overdue 1.02680892s
08-06 10:09:40.890 658 31622 W keystore2: system/security/keystore2/watchdog/src/lib.rs:193 - ThreadId(6943) TX_handle_next_superseded_blob Started:
08-06 02:09:39.364 UTC Pending: 1.526639364s Overdue 1.026639852s
08-06 10:09:40.890 658 31622 W keystore2: system/security/keystore2/watchdog/src/lib.rs:193 - ThreadId(6943) KeystoreDB::handle_next_superseded_blob find_next v2 Started:
08-06 02:09:39.364 UTC Pending: 1.525844524s Overdue 1.025845012s
08-06 10:09:40.890 658 31622 W keystore2: system/security/keystore2/watchdog/src/lib.rs:193 - ThreadId(6943) KeystoreDB::handle_next_superseded_blob load_metadata Started:
08-06 02:09:39.384 UTC Pending: 1.506351766s Overdue 1.006352092s
08-06 10:09:40.890 658 31622 W keystore2: system/security/keystore2/watchdog/src/lib.rs:193 - ThreadId(6943) KeystoreDB::handle_next_superseded_blob delete v2 Started:
08-06 02:09:39.384 UTC Pending: 1.506311647s Overdue 1.006312094s
08-06 10:09:40.890 658 31622 W keystore2: system/security/keystore2/watchdog/src/lib.rs:205 - ### Keystore Watchdog report - END ###
08-06 10:09:40.897 471 499 I eger : (REDACTED) Recache due to %s
08-06 10:09:40.898 2778 2902 W JobInfo : Requested important-while-foreground flag for job23088 is ignored and takes no effect
08-06 10:09:40.898 2778 2902 D WM-SystemJobScheduler: Scheduling work ID ec761131-86f8-43ca-97a4-33148cb17490Job ID 23088
08-06 10:09:40.898 31640 31820 D nativeloader: Load /data/app/~~uMeFB_qDqtP-U_WiHeLqug==/com.google.android.as.oss--WxyLdiHEhba-X3S1qrH-A==/split_config.arm64_v8a.apk!/lib/arm64-v8a/libpcs_tensorflow_jni.so using class loader ns clns-9 (caller=/data/app/~~uMeFB_qDqtP-U_WiHeLqug==/com.google.android.as.oss--WxyLdiHEhba-X3S1qrH-A==/base.apk!classes2.dex): ok
08-06 10:09:40.906 658 31622 W keystore2: system/security/keystore2/watchdog/src/lib.rs:142 - ### Keystore Watchdog report - BEGIN ###
08-06 10:09:40.906 658 31622 W keystore2: system/security/keystore2/watchdog/src/lib.rs:151 - When extracting from a bug report, please include this header
08-06 10:09:40.906 658 31622 W keystore2: system/security/keystore2/watchdog/src/lib.rs:152 - and all 5 records below.
08-06 10:09:40.907 658 31622 W keystore2: system/security/keystore2/watchdog/src/lib.rs:193 - ThreadId(6943) KeystoreDB::handle_next_superseded_blob Started:
08-06 02:09:39.363 UTC Pending: 1.5432028s Overdue 1.04320337s
08-06 10:09:40.907 658 31622 W keystore2: system/security/keystore2/watchdog/src/lib.rs:193 - ThreadId(6943) TX_handle_next_superseded_blob Started:
08-06 02:09:39.364 UTC Pending: 1.543038005s Overdue 1.043038493s
08-06 10:09:40.907 658 31622 W keystore2: system/security/keystore2/watchdog/src/lib.rs:193 - ThreadId(6943) KeystoreDB::handle_next_superseded_blob find_next v2 Started:
08-06 02:09:39.364 UTC Pending: 1.542242921s Overdue 1.042243409s
08-06 10:09:40.907 658 31622 W keystore2: system/security/keystore2/watchdog/src/lib.rs:193 - ThreadId(6943) KeystoreDB::handle_next_superseded_blob load_metadata Started:
08-06 02:09:39.384 UTC Pending: 1.522749716s Overdue 1.022750082s
08-06 10:09:40.907 658 31622 W keystore2: system/security/keystore2/watchdog/src/lib.rs:193 - ThreadId(6943) KeystoreDB::handle_next_superseded_blob delete v2 Started:
08-06 02:09:39.384 UTC Pending: 1.522709026s Overdue 1.022709473s
08-06 10:09:40.907 658 31622 W keystore2: system/security/keystore2/watchdog/src/lib.rs:205 - ### Keystore Watchdog report - END ###
08-06 10:09:40.911 471 497 I eger : (REDACTED) Recache due to %s
08-06 10:09:40.913 471 499 I eger : (REDACTED) Recache due to %s
08-06 10:09:40.915 2778 2902 D WM-GreedyScheduler: Starting tracking for ec761131-86f8-43ca-97a4-33148cb17490
08-06 10:09:40.920 2778 2902 D WM-WorkConstraintsTrack: NetworkRequestConstraintController register shared callback
08-06 10:09:40.921 1761 5814 D ConnectivityService: requestNetwork for uid/pid:10427/2778 activeRequest: null callbackRequest: 50036 [NetworkRequest [ TRACK_DEFAULT id=50037, [ Capabilities: INTERNET&NOT_RESTRICTED&TRUSTED&NOT_VCN_MANAGED&NOT_BANDWIDTH_CONSTRAINED Uid: 10427 RequestorUid: 10427 RequestorPkg: com.twitter.android UnderlyingNetworks: Null] ], NetworkRequest [ REQUEST id=50038, [ Transports: SATELLITE Capabilities: INTERNET&NOT_RESTRICTED&TRUSTED&NOT_VCN_MANAGED Uid: 10427 RequestorUid: 10427 RequestorPkg: com.twitter.android UnderlyingNetworks: Null] ]] callback flags: 0 order: 2147483647 isUidTracked: false declaredMethods: AVAIL|LOST|NC|BLK
08-06 10:09:40.924 2778 2887 D WM-WorkConstraintsTrack: NetworkRequestConstraintController onCapabilitiesChanged callback
08-06 10:09:40.924 2778 2887 D WM-WorkConstraintsTrack: Not dispatching constraint state yet: isBlocked=null, capabilitiesInitialized=true
08-06 10:09:40.924 2778 2887 D WM-WorkConstraintsTrack: NetworkRequestConstraintController onBlockedStatusChanged callback false
08-06 10:09:40.924 2778 2900 D WM-GreedyScheduler: Constraints met: Scheduling work ID WorkGenerationalId(workSpecId=ec761131-86f8-43ca-97a4-33148cb17490, generation=0)
08-06 10:09:40.926 2778 2900 D WM-Processor: s: processing WorkGenerationalId(workSpecId=ec761131-86f8-43ca-97a4-33148cb17490, generation=0)
08-06 10:09:40.932 2778 2778 D WM-WorkerWrapper: Starting work for com.x.scribing.workmanager.ScribesWorker
08-06 10:09:40.940 1379 1379 I AIDL : Gnss::injectTime: Called
08-06 10:09:40.941 1379 1396 D GNSS : lal_check_memory_size: tid=1396 tName=lal_state_threa memSize=2676(KB) limit=524288(KB) tx=0 rx=0
08-06 10:09:40.943 1378 2175 D GNSS : lal_check_memory_size: tid=2175 tName=lal_state_threa memSize=4448(KB) limit=524288(KB) tx=17 rx=17
08-06 10:09:40.944 1761 3451 D ConnectivityService: NetReassign [50037 : null → 161] [c 0] [a 4] [i 18]
08-06 10:09:40.948 471 497 I eger : (REDACTED) Recache due to %s
08-06 10:09:40.954 658 31622 W keystore2: system/security/keystore2/watchdog/src/lib.rs:142 - ### Keystore Watchdog report - BEGIN ###
08-06 10:09:40.954 658 31622 W keystore2: system/security/keystore2/watchdog/src/lib.rs:151 - When extracting from a bug report, please include this header
08-06 10:09:40.954 658 31622 W keystore2: system/security/keystore2/watchdog/src/lib.rs:152 - and all 5 records below.
08-06 10:09:40.955 658 31622 W keystore2: system/security/keystore2/watchdog/src/lib.rs:193 - ThreadId(6943) KeystoreDB::handle_next_superseded_blob Started:
08-06 02:09:39.363 UTC Pending: 1.591221762s Overdue 1.091222372s
08-06 10:09:40.955 658 31622 W keystore2: system/security/keystore2/watchdog/src/lib.rs:193 - ThreadId(6943) TX_handle_next_superseded_blob Started:
08-06 02:09:39.364 UTC Pending: 1.591057984s Overdue 1.091058513s
08-06 10:09:40.955 658 31622 W keystore2: system/security/keystore2/watchdog/src/lib.rs:193 - ThreadId(6943) KeystoreDB::handle_next_superseded_blob find_next v2 Started:
08-06 02:09:39.364 UTC Pending: 1.590264649s Overdue 1.090265137s
08-06 10:09:40.955 658 31622 W keystore2: system/security/keystore2/watchdog/src/lib.rs:193 - ThreadId(6943) KeystoreDB::handle_next_superseded_blob load_metadata Started:
08-06 02:09:39.384 UTC Pending: 1.570773682s Overdue 1.070774049s
08-06 10:09:40.955 658 31622 W keystore2: system/security/keystore2/watchdog/src/lib.rs:193 - ThreadId(6943) KeystoreDB::handle_next_superseded_blob delete v2 Started:
08-06 02:09:39.384 UTC Pending: 1.570735841s Overdue 1.070736288s
08-06 10:09:40.955 658 31622 W keystore2: system/security/keystore2/watchdog/src/lib.rs:205 - ### Keystore Watchdog report - END ###
08-06 10:09:40.963 658 31622 W keystore2: system/security/keystore2/watchdog/src/lib.rs:142 - ### Keystore Watchdog report - BEGIN ###
08-06 10:09:40.963 658 31622 W keystore2: system/security/keystore2/watchdog/src/lib.rs:151 - When extracting from a bug report, please include this header
08-06 10:09:40.963 658 31622 W keystore2: system/security/keystore2/watchdog/src/lib.rs:152 - and all 5 records below.
08-06 10:09:40.964 658 31622 W keystore2: system/security/keystore2/watchdog/src/lib.rs:193 - ThreadId(6943) KeystoreDB::handle_next_superseded_blob Started:
08-06 02:09:39.363 UTC Pending: 1.600202067s Overdue 1.100202638s
08-06 10:09:40.964 658 31622 W keystore2: system/security/keystore2/watchdog/src/lib.rs:193 - ThreadId(6943) TX_handle_next_superseded_blob Started:
08-06 02:09:39.364 UTC Pending: 1.600032309s Overdue 1.100032797s
08-06 10:09:40.964 658 31622 W keystore2: system/security/keystore2/watchdog/src/lib.rs:193 - ThreadId(6943) KeystoreDB::handle_next_superseded_blob find_next v2 Started:
08-06 02:09:39.364 UTC Pending: 1.599235963s Overdue 1.099236451s
08-06 10:09:40.964 658 31622 W keystore2: system/security/keystore2/watchdog/src/lib.rs:193 - ThreadId(6943) KeystoreDB::handle_next_superseded_blob load_metadata Started:
08-06 02:09:39.384 UTC Pending: 1.579742432s Overdue 1.079742758s
08-06 10:09:40.964 658 31622 W keystore2: system/security/keystore2/watchdog/src/lib.rs:193 - ThreadId(6943) KeystoreDB::handle_next_superseded_blob delete v2 Started:
08-06 02:09:39.384 UTC Pending: 1.579701214s Overdue 1.079701661s
08-06 10:09:40.964 658 31622 W keystore2: system/security/keystore2/watchdog/src/lib.rs:205 - ### Keystore Watchdog report - END ###
08-06 10:09:40.972 658 31622 W keystore2: system/security/keystore2/watchdog/src/lib.rs:142 - ### Keystore Watchdog report - BEGIN ###
08-06 10:09:40.972 658 31622 W keystore2: system/security/keystore2/watchdog/src/lib.rs:151 - When extracting from a bug report, please include this header
08-06 10:09:40.972 658 31622 W keystore2: system/security/keystore2/watchdog/src/lib.rs:152 - and all 5 records below.
08-06 10:09:40.972 658 31622 W keystore2: system/security/keystore2/watchdog/src/lib.rs:193 - ThreadId(6943) KeystoreDB::handle_next_superseded_blob Started:
08-06 02:09:39.363 UTC Pending: 1.608342123s Overdue 1.108342693s
08-06 10:09:40.972 658 31622 W keystore2: system/security/keystore2/watchdog/src/lib.rs:193 - ThreadId(6943) TX_handle_next_superseded_blob Started:
08-06 02:09:39.364 UTC Pending: 1.608174439s Overdue 1.108174927s
08-06 10:09:40.972 658 31622 W keystore2: system/security/keystore2/watchdog/src/lib.rs:193 - ThreadId(6943) KeystoreDB::handle_next_superseded_blob find_next v2 Started:
08-06 02:09:39.364 UTC Pending: 1.607380982s Overdue 1.10738147s
08-06 10:09:40.972 658 31622 W keystore2: system/security/keystore2/watchdog/src/lib.rs:193 - ThreadId(6943) KeystoreDB::handle_next_superseded_blob load_metadata Started:
08-06 02:09:39.384 UTC Pending: 1.587888632s Overdue 1.087888998s
08-06 10:09:40.972 658 31622 W keystore2: system/security/keystore2/watchdog/src/lib.rs:193 - ThreadId(6943) KeystoreDB::handle_next_superseded_blob delete v2 Started:
08-06 02:09:39.384 UTC Pending: 1.587848878s Overdue 1.087849366s
08-06 10:09:40.972 658 31622 W keystore2: system/security/keystore2/watchdog/src/lib.rs:205 - ### Keystore Watchdog report - END ###
08-06 10:09:40.978 471 499 I eger : (REDACTED) Recache due to %s
08-06 10:09:41.009 17719 31741 I dmoo : (REDACTED) Writing metadata key: %s, corpus: %s
08-06 10:09:41.025 24905 24918 I pixel-thermal: battery:27.4 raw data: battery:27400
08-06 10:09:41.026 24905 24918 I pixel-thermal: Power rails total power: 595.96 mW for 60018 ms
08-06 10:09:41.026 24905 24918 I pixel-thermal: Power rails [S6M_LLDO1: 57.23 mW] [S4M_VDD_CPUCL0: 117.45 mW] [S3M_VDD_CPUCL2: 18.99 mW] [S1M_VDD_MIF: 30.01 mW] [VSYS_PWR_MMWAVE: 0.42 mW] [S5M_VDD_INT: 16.28 mW]
08-06 10:09:41.026 24905 24918 I pixel-thermal: Power rails [S9M_VDD_CPUCL1_M: 11.74 mW] [S2M_VDD_CPUCL1: 35.28 mW] [VSYS_PWR_CAMERA: 2.86 mW] [VSYS_PWR_DISPLAY: 1.57 mW] [L21S_VDD2L_MEM: 4.67 mW] [S8M_LLDO2: 49.84 mW]
08-06 10:09:41.026 24905 24918 I pixel-thermal: Power rails [S3S_LLDO1: 43.41 mW] [VSYS_PWR_RFFE: 4.72 mW] [VSYS_PWR_WLAN_BT: 77.81 mW] [VSYS_PWR_MODEM: 52.07 mW] [L2S_PLL_MIPI_UFS: 24.66 mW] [S4S_VDD2H_MEM: 26.22 mW]
08-06 10:09:41.026 24905 24918 I pixel-thermal: Power rails [S9S_VDD_AOC: 13.99 mW] [S2S_VDD_G3D: 1.46 mW] [S1S_VDD_CAM: 3.06 mW] [S7M_VDD_TPU: 0.00 mW] [L22S_UDFPS: 0.26 mW] [S5S_VDDQ_MEM: 1.97 mW]
08-06 10:09:41.026 24905 24918 I pixel-thermal: CDEV log thermal-cpufreq-2 state:0 thermal-cpufreq-0 state:0 gxp-cooling state:0 tpu_cooling state:0 usbc-port state:0 chg_mdis state:0 thermal-cpufreq-1 state:0 thermal-gpufreq-0 state:0 thermal-uclamp-7 state:0 thermal-uclamp-4 state:0 thermal-uclamp-0 state:0
08-06 10:09:41.035 471 497 I eger : (REDACTED) Recache due to %s
08-06 10:09:41.036 17719 31741 I dmoo : (REDACTED) Writing metadata key: %s, corpus: %s
08-06 10:09:41.051 17719 31799 I cwpv : (REDACTED) Using GoogleAuthUtil for getToken for 1p app: %s
08-06 10:09:41.067 17719 31741 I dmoo : (REDACTED) Writing metadata key: %s, corpus: %s
08-06 10:09:41.069 17719 31741 I dmoo : (REDACTED) Writing metadata key: %s, corpus: %s
08-06 10:09:41.071 17719 31741 I dmoo : (REDACTED) Writing metadata key: %s, corpus: %s
08-06 10:09:41.074 17719 31741 I dmoo : (REDACTED) Writing metadata key: %s, corpus: %s
08-06 10:09:41.078 17719 31741 I dmoo : (REDACTED) Writing metadata key: %s, corpus: %s
08-06 10:09:41.083 17719 31741 I dmoo : (REDACTED) Writing metadata key: %s, corpus: %s
08-06 10:09:41.085 471 499 I eger : (REDACTED) Recache due to %s
08-06 10:09:41.090 17719 17912 I dmkg : (REDACTED) Starting batch sync for corpora: %s
08-06 10:09:41.116 17719 17912 I dmkg : (REDACTED) Starting batch sync for corpora: %s
08-06 10:09:41.116 17719 17892 I dmkg : (REDACTED) Starting batch sync for corpora: %s
08-06 10:09:41.116 17719 17944 I dmkg : (REDACTED) Starting batch sync for corpora: %s
08-06 10:09:41.118 471 499 I eger : (REDACTED) Recache due to %s
08-06 10:09:41.137 17719 17823 I dmoo : (REDACTED) Setting isLegacySQLite mode to %s.
08-06 10:09:41.139 471 497 I eger : (REDACTED) Recache due to %s
08-06 10:09:41.140 31640 31820 I FcClientStatsdLogManager: Sending FL Training log. [CONTEXT ratelimit_period="60 MINUTES" ]
08-06 10:09:41.140 471 499 I eger : (REDACTED) Recache due to %s
08-06 10:09:41.159 26145 18675 W libbinder.Binder: Binder transaction to android.accounts.IAccountAuthenticator, function: UNKNOWN_FUNCTION_NAME, code: 3, took 1500ms. Data bytes: 492 Reply bytes: 0 Flags: 17
08-06 10:09:41.173 17719 31741 I dmoo : (REDACTED) Writing metadata key: %s, corpus: %s
08-06 10:09:41.186 471 497 I eger : (REDACTED) Recache due to %s
08-06 10:09:41.188 17719 31741 I dmoo : (REDACTED) Writing metadata key: %s, corpus: %s
08-06 10:09:41.197 17719 17894 I dmkg : (REDACTED) Starting batch sync for corpora: %s
08-06 10:09:41.209 658 31622 W keystore2: system/security/keystore2/watchdog/src/lib.rs:142 - ### Keystore Watchdog report - BEGIN ###
08-06 10:09:41.209 658 31622 W keystore2: system/security/keystore2/watchdog/src/lib.rs:151 - When extracting from a bug report, please include this header
08-06 10:09:41.209 658 31622 W keystore2: system/security/keystore2/watchdog/src/lib.rs:152 - and all 5 records below.
08-06 10:09:41.209 658 31622 W keystore2: system/security/keystore2/watchdog/src/lib.rs:193 - ThreadId(6943) KeystoreDB::handle_next_superseded_blob Started:
08-06 02:09:39.363 UTC Pending: 1.845522909s Overdue 1.345523479s
08-06 10:09:41.209 658 31622 W keystore2: system/security/keystore2/watchdog/src/lib.rs:193 - ThreadId(6943) TX_handle_next_superseded_blob Started:
08-06 02:09:39.364 UTC Pending: 1.845367514s Overdue 1.345368002s
08-06 10:09:41.209 658 31622 W keystore2: system/security/keystore2/watchdog/src/lib.rs:193 - ThreadId(6943) KeystoreDB::handle_next_superseded_blob find_next v2 Started:
08-06 02:09:39.364 UTC Pending: 1.844576091s Overdue 1.34457662s
08-06 10:09:41.209 658 31622 W keystore2: system/security/keystore2/watchdog/src/lib.rs:193 - ThreadId(6943) KeystoreDB::handle_next_superseded_blob load_metadata Started:
08-06 02:09:39.384 UTC Pending: 1.82508663s Overdue 1.325086997s
08-06 10:09:41.209 658 31622 W keystore2: system/security/keystore2/watchdog/src/lib.rs:193 - ThreadId(6943) KeystoreDB::handle_next_superseded_blob delete v2 Started:
08-06 02:09:39.384 UTC Pending: 1.825049725s Overdue 1.325050212s
08-06 10:09:41.209 658 31622 W keystore2: system/security/keystore2/watchdog/src/lib.rs:205 - ### Keystore Watchdog report - END ###
08-06 10:09:41.214 658 31622 W keystore2: system/security/keystore2/watchdog/src/lib.rs:142 - ### Keystore Watchdog report - BEGIN ###
08-06 10:09:41.214 658 31622 W keystore2: system/security/keystore2/watchdog/src/lib.rs:151 - When extracting from a bug report, please include this header
08-06 10:09:41.214 658 31622 W keystore2: system/security/keystore2/watchdog/src/lib.rs:152 - and all 5 records below.
08-06 10:09:41.214 658 31622 W keystore2: system/security/keystore2/watchdog/src/lib.rs:193 - ThreadId(6943) KeystoreDB::handle_next_superseded_blob Started:
08-06 02:09:39.363 UTC Pending: 1.850501262s Overdue 1.350501832s
08-06 10:09:41.214 658 31622 W keystore2: system/security/keystore2/watchdog/src/lib.rs:193 - ThreadId(6943) TX_handle_next_superseded_blob Started:
08-06 02:09:39.364 UTC Pending: 1.850332358s Overdue 1.350332886s
08-06 10:09:41.214 658 31622 W keystore2: system/security/keystore2/watchdog/src/lib.rs:193 - ThreadId(6943) KeystoreDB::handle_next_superseded_blob find_next v2 Started:
08-06 02:09:39.364 UTC Pending: 1.849537802s Overdue 1.349538331s
08-06 10:09:41.214 658 31622 W keystore2: system/security/keystore2/watchdog/src/lib.rs:193 - ThreadId(6943) KeystoreDB::handle_next_superseded_blob load_metadata Started:
08-06 02:09:39.384 UTC Pending: 1.8300448s Overdue 1.330045126s
08-06 10:09:41.214 658 31622 W keystore2: system/security/keystore2/watchdog/src/lib.rs:193 - ThreadId(6943) KeystoreDB::handle_next_superseded_blob delete v2 Started:
08-06 02:09:39.384 UTC Pending: 1.83000525s Overdue 1.330005697s
08-06 10:09:41.214 658 31622 W keystore2: system/security/keystore2/watchdog/src/lib.rs:205 - ### Keystore Watchdog report - END ###
08-06 10:09:41.218 1761 5814 W PackageInfo: Large parcel: size=48776 pkg=com.google.android.gms uid=10139 perm=18128(95) reqPerm=20076(384) sig=1108(1) prevAllowSquashing=false
08-06 10:09:41.221 658 31622 W keystore2: system/security/keystore2/watchdog/src/lib.rs:142 - ### Keystore Watchdog report - BEGIN ###
08-06 10:09:41.221 658 31622 W keystore2: system/security/keystore2/watchdog/src/lib.rs:151 - When extracting from a bug report, please include this header
08-06 10:09:41.221 658 31622 W keystore2: system/security/keystore2/watchdog/src/lib.rs:152 - and all 5 records below.
08-06 10:09:41.221 658 31622 W keystore2: system/security/keystore2/watchdog/src/lib.rs:193 - ThreadId(6943) KeystoreDB::handle_next_superseded_blob Started:
08-06 02:09:39.363 UTC Pending: 1.857415487s Overdue 1.357416098s
08-06 10:09:41.221 658 31622 W keystore2: system/security/keystore2/watchdog/src/lib.rs:193 - ThreadId(6943) TX_handle_next_superseded_blob Started:
08-06 02:09:39.364 UTC Pending: 1.857246461s Overdue 1.35724699s
08-06 10:09:41.221 658 31622 W keystore2: system/security/keystore2/watchdog/src/lib.rs:193 - ThreadId(6943) KeystoreDB::handle_next_superseded_blob find_next v2 Started:
08-06 02:09:39.364 UTC Pending: 1.85645162s Overdue 1.356452108s
08-06 10:09:41.221 658 31622 W keystore2: system/security/keystore2/watchdog/src/lib.rs:193 - ThreadId(6943) KeystoreDB::handle_next_superseded_blob load_metadata Started:
08-06 02:09:39.384 UTC Pending: 1.836958456s Overdue 1.336958782s
08-06 10:09:41.221 658 31622 W keystore2: system/security/keystore2/watchdog/src/lib.rs:193 - ThreadId(6943) KeystoreDB::handle_next_superseded_blob delete v2 Started:
08-06 02:09:39.384 UTC Pending: 1.83691858s Overdue 1.336919028s
08-06 10:09:41.221 658 31622 W keystore2: system/security/keystore2/watchdog/src/lib.rs:205 - ### Keystore Watchdog report - END ###
08-06 10:09:41.228 658 31622 W keystore2: system/security/keystore2/watchdog/src/lib.rs:142 - ### Keystore Watchdog report - BEGIN ###
08-06 10:09:41.228 658 31622 W keystore2: system/security/keystore2/watchdog/src/lib.rs:151 - When extracting from a bug report, please include this header
08-06 10:09:41.228 658 31622 W keystore2: system/security/keystore2/watchdog/src/lib.rs:152 - and all 5 records below.
08-06 10:09:41.228 658 31622 W keystore2: system/security/keystore2/watchdog/src/lib.rs:193 - ThreadId(6943) KeystoreDB::handle_next_superseded_blob Started:
08-06 02:09:39.363 UTC Pending: 1.864336467s Overdue 1.364337078s
08-06 10:09:41.228 658 31622 W keystore2: system/security/keystore2/watchdog/src/lib.rs:193 - ThreadId(6943) TX_handle_next_superseded_blob Started:
08-06 02:09:39.364 UTC Pending: 1.864169841s Overdue 1.36417037s
08-06 10:09:41.228 658 31622 W keystore2: system/security/keystore2/watchdog/src/lib.rs:193 - ThreadId(6943) KeystoreDB::handle_next_superseded_blob find_next v2 Started:
08-06 02:09:39.364 UTC Pending: 1.86337557s Overdue 1.363376059s
08-06 10:09:41.228 658 31622 W keystore2: system/security/keystore2/watchdog/src/lib.rs:193 - ThreadId(6943) KeystoreDB::handle_next_superseded_blob load_metadata Started:
08-06 02:09:39.384 UTC Pending: 1.843961589s Overdue 1.343961915s
08-06 10:09:41.228 658 31622 W keystore2: system/security/keystore2/watchdog/src/lib.rs:193 - ThreadId(6943) KeystoreDB::handle_next_superseded_blob delete v2 Started:
08-06 02:09:39.384 UTC Pending: 1.843925376s Overdue 1.343925823s
08-06 10:09:41.228 658 31622 W keystore2: system/security/keystore2/watchdog/src/lib.rs:205 - ### Keystore Watchdog report - END ###
08-06 10:09:41.236 658 31622 W keystore2: system/security/keystore2/watchdog/src/lib.rs:142 - ### Keystore Watchdog report - BEGIN ###
08-06 10:09:41.236 658 31622 W keystore2: system/security/keystore2/watchdog/src/lib.rs:151 - When extracting from a bug report, please include this header
08-06 10:09:41.236 658 31622 W keystore2: system/security/keystore2/watchdog/src/lib.rs:152 - and all 5 records below.
08-06 10:09:41.237 658 31622 W keystore2: system/security/keystore2/watchdog/src/lib.rs:193 - ThreadId(6943) KeystoreDB::handle_next_superseded_blob Started:
08-06 02:09:39.363 UTC Pending: 1.873200115s Overdue 1.373200725s
08-06 10:09:41.237 658 31622 W keystore2: system/security/keystore2/watchdog/src/lib.rs:193 - ThreadId(6943) TX_handle_next_superseded_blob Started:
08-06 02:09:39.364 UTC Pending: 1.873029501s Overdue 1.373029989s
08-06 10:09:41.237 658 31622 W keystore2: system/security/keystore2/watchdog/src/lib.rs:193 - ThreadId(6943) KeystoreDB::handle_next_superseded_blob find_next v2 Started:
08-06 02:09:39.364 UTC Pending: 1.872232463s Overdue 1.372232951s
08-06 10:09:41.237 658 31622 W keystore2: system/security/keystore2/watchdog/src/lib.rs:193 - ThreadId(6943) KeystoreDB::handle_next_superseded_blob load_metadata Started:
08-06 02:09:39.384 UTC Pending: 1.852736003s Overdue 1.352736329s
08-06 10:09:41.237 658 31622 W keystore2: system/security/keystore2/watchdog/src/lib.rs:193 - ThreadId(6943) KeystoreDB::handle_next_superseded_blob delete v2 Started:
08-06 02:09:39.384 UTC Pending: 1.85269511s Overdue 1.352695557s
08-06 10:09:41.237 658 31622 W keystore2: system/security/keystore2/watchdog/src/lib.rs:205 - ### Keystore Watchdog report - END ###
08-06 10:09:41.239 471 497 I eger : (REDACTED) Recache due to %s
08-06 10:09:41.242 471 499 I eger : (REDACTED) Recache due to %s
08-06 10:09:41.264 26145 26153 E gcblocker: too long GC blocking: 5
08-06 10:09:41.264 26145 26153 E gcblocker: gc block end, 412973113,100
08-06 10:09:41.291 17719 31741 I dmoo : (REDACTED) Setting isLegacySQLite mode to %s.
08-06 10:09:41.302 17719 31741 I dmoo : The GellerConfig is not present, returning null.
08-06 10:09:41.307 471 499 I eger : (REDACTED) Recache due to %s
08-06 10:09:41.307 17719 31741 I dmoo : (REDACTED) The GellerConfig is not present, defaulting isUploadEnabled for corpus %s to true.
08-06 10:09:41.311 471 497 I eger : (REDACTED) Recache due to %s
08-06 10:09:41.315 658 31622 W keystore2: system/security/keystore2/watchdog/src/lib.rs:142 - ### Keystore Watchdog report - BEGIN ###
08-06 10:09:41.315 658 31622 W keystore2: system/security/keystore2/watchdog/src/lib.rs:151 - When extracting from a bug report, please include this header
08-06 10:09:41.315 658 31622 W keystore2: system/security/keystore2/watchdog/src/lib.rs:152 - and all 5 records below.
08-06 10:09:41.315 658 31622 W keystore2: system/security/keystore2/watchdog/src/lib.rs:193 - ThreadId(6943) KeystoreDB::handle_next_superseded_blob Started:
08-06 02:09:39.363 UTC Pending: 1.951627523s Overdue 1.451628093s
08-06 10:09:41.315 658 31622 W keystore2: system/security/keystore2/watchdog/src/lib.rs:193 - ThreadId(6943) TX_handle_next_superseded_blob Started:
08-06 02:09:39.364 UTC Pending: 1.951463665s Overdue 1.451464153s
08-06 10:09:41.315 658 31622 W keystore2: system/security/keystore2/watchdog/src/lib.rs:193 - ThreadId(6943) KeystoreDB::handle_next_superseded_blob find_next v2 Started:
08-06 02:09:39.364 UTC Pending: 1.950668661s Overdue 1.450669149s
08-06 10:09:41.315 658 31622 W keystore2: system/security/keystore2/watchdog/src/lib.rs:193 - ThreadId(6943) KeystoreDB::handle_next_superseded_blob load_metadata Started:
08-06 02:09:39.384 UTC Pending: 1.931175334s Overdue 1.43117566s
08-06 10:09:41.315 658 31622 W keystore2: system/security/keystore2/watchdog/src/lib.rs:193 - ThreadId(6943) KeystoreDB::handle_next_superseded_blob delete v2 Started:
08-06 02:09:39.384 UTC Pending: 1.93113493s Overdue 1.431135377s
08-06 10:09:41.315 658 31622 W keystore2: system/security/keystore2/watchdog/src/lib.rs:205 - ### Keystore Watchdog report - END ###
08-06 10:09:41.317 17719 31741 I dmoo : (REDACTED) Writing metadata key: %s, corpus: %s
08-06 10:09:41.318 1761 3451 D InetDiagMessage: Destroyed 1 sockets, proto=IPPROTO_TCP, family=AF_INET, states=14
08-06 10:09:41.318 17719 31741 I dmoo : (REDACTED) Writing metadata key: %s, corpus: %s
08-06 10:09:41.318 30836 31000 E msys : E[N WA]_WAJMNSStreamImplOnMNSFailure(293)=>[LogLevel:I] WAJMNSStream/impl/callback/onMNSFailure/p=0xb400006f656d2d30 (error=MNSTCPSocketReceive(): Software caused connection abort)
08-06 10:09:41.318 30836 31000 E msys : E[N WA]_WAJMNSStreamImplCreateConnectionReport(200)=>[LogLevel:I] WAJMNSStream/impl/report port=443, connectedIPVersion=4, resolvedIPAddressCount=1, dnsResolutionStartTimeMS=412968106, dnsResolutionEndTimeMS=412968107, dnsCacheHit=Yes, connectStartTimeMS=412968107, connectEndTimeMS=412968185, proxyConnectStartTimeMS=0, proxyConnectEndTimeMS=0
08-06 10:09:41.318 30836 31000 E msys : E[N WA]_WAJMNSStreamImplUpdateStreamState(236)=>[LogLevel:I] WAJMNSStream/impl/state-changed/p=0xb400006f656d2d30 (connected=>disconnected)
08-06 10:09:41.321 1761 3451 D InetDiagMessage: Destroyed 1 sockets, proto=IPPROTO_TCP, family=AF_INET6, states=14
08-06 10:09:41.322 1761 3451 D InetDiagMessage: Destroyed live tcp sockets for uids={10521} in 7ms
08-06 10:09:41.322 17719 17895 I dmkg : (REDACTED) Starting batch sync for corpora: %s
08-06 10:09:41.324 1761 3451 D InetDiagMessage: Destroyed 0 sockets, proto=IPPROTO_TCP, family=AF_INET, states=14
08-06 10:09:41.326 1761 3451 D InetDiagMessage: Destroyed 0 sockets, proto=IPPROTO_TCP, family=AF_INET6, states=14
08-06 10:09:41.326 1761 3451 D InetDiagMessage: Destroyed live tcp sockets for uids={20521} in 4ms
08-06 10:09:41.328 1761 4412 D ConnectivityService: Returning BLOCKED NetworkInfo to uid=10521
08-06 10:09:41.329 658 31622 W keystore2: system/security/keystore2/watchdog/src/lib.rs:142 - ### Keystore Watchdog report - BEGIN ###
08-06 10:09:41.329 658 31622 W keystore2: system/security/keystore2/watchdog/src/lib.rs:151 - When extracting from a bug report, please include this header
08-06 10:09:41.329 658 31622 W keystore2: system/security/keystore2/watchdog/src/lib.rs:152 - and all 5 records below.
08-06 10:09:41.330 658 31622 W keystore2: system/security/keystore2/watchdog/src/lib.rs:193 - ThreadId(6943) KeystoreDB::handle_next_superseded_blob Started:
08-06 02:09:39.363 UTC Pending: 1.966153443s Overdue 1.466154013s
08-06 10:09:41.330 658 31622 W keystore2: system/security/keystore2/watchdog/src/lib.rs:193 - ThreadId(6943) TX_handle_next_superseded_blob Started:
08-06 02:09:39.364 UTC Pending: 1.965998943s Overdue 1.465999431s
08-06 10:09:41.330 658 31622 W keystore2: system/security/keystore2/watchdog/src/lib.rs:193 - ThreadId(6943) KeystoreDB::handle_next_superseded_blob find_next v2 Started:
08-06 02:09:39.364 UTC Pending: 1.965204835s Overdue 1.465205364s
08-06 10:09:41.330 658 31622 W keystore2: system/security/keystore2/watchdog/src/lib.rs:193 - ThreadId(6943) KeystoreDB::handle_next_superseded_blob load_metadata Started:
08-06 02:09:39.384 UTC Pending: 1.945712362s Overdue 1.445712688s
08-06 10:09:41.330 658 31622 W keystore2: system/security/keystore2/watchdog/src/lib.rs:193 - ThreadId(6943) KeystoreDB::handle_next_superseded_blob delete v2 Started:
08-06 02:09:39.384 UTC Pending: 1.945671307s Overdue 1.445671754s
08-06 10:09:41.330 658 31622 W keystore2: system/security/keystore2/watchdog/src/lib.rs:205 - ### Keystore Watchdog report - END ###
08-06 10:09:41.339 658 31622 W keystore2: system/security/keystore2/watchdog/src/lib.rs:142 - ### Keystore Watchdog report - BEGIN ###
08-06 10:09:41.339 658 31622 W keystore2: system/security/keystore2/watchdog/src/lib.rs:151 - When extracting from a bug report, please include this header
08-06 10:09:41.339 658 31622 W keystore2: system/security/keystore2/watchdog/src/lib.rs:152 - and all 5 records below.
08-06 10:09:41.339 658 31622 W keystore2: system/security/keystore2/watchdog/src/lib.rs:193 - ThreadId(6943) KeystoreDB::handle_next_superseded_blob Started:
08-06 02:09:39.363 UTC Pending: 1.975660523s Overdue 1.475661215s
08-06 10:09:41.339 658 31622 W keystore2: system/security/keystore2/watchdog/src/lib.rs:193 - ThreadId(6943) TX_handle_next_superseded_blob Started:
08-06 02:09:39.364 UTC Pending: 1.975500408s Overdue 1.475501018s
08-06 10:09:41.339 658 31622 W keystore2: system/security/keystore2/watchdog/src/lib.rs:193 - ThreadId(6943) KeystoreDB::handle_next_superseded_blob find_next v2 Started:
08-06 02:09:39.364 UTC Pending: 1.97470809s Overdue 1.4747087s
08-06 10:09:41.339 658 31622 W keystore2: system/security/keystore2/watchdog/src/lib.rs:193 - ThreadId(6943) KeystoreDB::handle_next_superseded_blob load_metadata Started:
08-06 02:09:39.384 UTC Pending: 1.955215251s Overdue 1.455215699s
08-06 10:09:41.339 658 31622 W keystore2: system/security/keystore2/watchdog/src/lib.rs:193 - ThreadId(6943) KeystoreDB::handle_next_superseded_blob delete v2 Started:
08-06 02:09:39.384 UTC Pending: 1.955174603s Overdue 1.455175172s
08-06 10:09:41.339 658 31622 W keystore2: system/security/keystore2/watchdog/src/lib.rs:205 - ### Keystore Watchdog report - END ###
08-06 10:09:41.342 17719 31478 I dmkg : (REDACTED) The syncToken for corpus %s is %s and the syncRequestReason is %s
08-06 10:09:41.343 471 497 I eger : (REDACTED) Recache due to %s
08-06 10:09:41.348 17719 31476 I dmkg : (REDACTED) No previous syncToken for corpus %s found.
08-06 10:09:41.348 17719 31834 I dmkg : (REDACTED) The syncToken for corpus %s is %s and the syncRequestReason is %s
08-06 10:09:41.348 30836 30945 E msys : E[N WA]WAJMNSStreamImplForceDisconnectSync(574)=>[LogLevel:W] WAJMNSStream/impl/disconnect/force/p=0xb400006f656d2d30 (bytesSent=715)(bytesRecv=2016)
08-06 10:09:41.355 17719 31802 I dmkg : (REDACTED) The syncToken for corpus %s is %s and the syncRequestReason is %s
08-06 10:09:41.356 17719 31478 I dmkg : (REDACTED) The syncToken for corpus %s is %s and the syncRequestReason is %s
08-06 10:09:41.359 471 499 I eger : (REDACTED) Recache due to %s
08-06 10:09:41.360 17719 31741 I dmkg : (REDACTED) The syncToken for corpus %s is %s and the syncRequestReason is %s
08-06 10:09:41.373 1417 1417 D AOC : CHRE: DRAM vote count begins
08-06 10:09:41.373 1417 1417 D AOC : F1:MSG: controller.cc, 275: AudioInCtrl: cmd ID: 0x00f5, tag: 0x9b [cntr = 46434]
08-06 10:09:41.373 1417 1417 D AOC : F1:MSG: controller_audio_input.cc, 4407: Got chre audio stop cmd
08-06 10:09:41.373 1417 1417 D AOC : F1:TRC: hotword_input_processor.cc, 1008: Receive cmd: 0x84 (132)
08-06 10:09:41.376 1417 1417 D AOC : F1:TRC: hotword_input_processor.cc, 1504: Finished cmd: 0x84 (132)
08-06 10:09:41.376 1160 1205 I CHRE : @ 583212.176: [vice_ambient_volume] SendMessageToAmbientVolume, message_type: 33283 to instance_id: 0x3
08-06 10:09:41.376 1160 1205 I CHRE : @ 583212.177: nappId=25 tried to cancel expired/invalid timer 46962
08-06 10:09:41.376 1160 1205 I CHRE : @ 583212.177: [vice_ambient_volume] SendMessageToAmbientVolume, message_type: 33282 to instance_id: 0x3
08-06 10:09:41.376 1160 1205 E CHRE : @ 583212.177: [AV] Client 3 is not found.
08-06 10:09:41.376 1417 1417 D AOC : F1:MSG: audio_capture_pdm.cc, 448: Reconfig seamless
08-06 10:09:41.376 1160 1205 I CHRE : @ 583212.177: [AV] disabling detection
08-06 10:09:41.376 1160 1205 D CHRE : @ 583212.178: request audio send: 0
08-06 10:09:41.376 1417 1417 D AOC : F1:Stream 1: mask 0x5, rings {1, 0}, pipe 0x1, sr 16000, il {0,2,0,0}, en 1, mc 0, ni 1, fpo 0, ru 1, hq 0
08-06 10:09:41.376 1417 1417 D AOC : F1:MSG: controller.cc, 919: AudioInCtrl: ipc: C-Ch-AI, cmd ID: 0x00f5, tag: 0x9b, rc: 0
08-06 10:09:41.376 1417 1417 D AOC : CHRE: DRAM vote count ends: 0 ms
08-06 10:09:41.376 1417 1417 D AOC : CHRE: DRAM vote count begins
08-06 10:09:41.376 1417 1417 D AOC : CHRE: DRAM vote count ends: 0 ms
08-06 10:09:41.377 1160 1205 I CHRE : @ 583212.179: [vice_ambient_volume] Received ACK from Ambient Volume for disable request
08-06 10:09:41.384 471 497 I eger : (REDACTED) Recache due to %s
08-06 10:09:41.384 471 499 I eger : (REDACTED) Recache due to %s
08-06 10:09:41.405 471 499 I eger : (REDACTED) Recache due to %s
08-06 10:09:41.405 471 497 I eger : (REDACTED) Recache due to %s
08-06 10:09:41.466 471 497 I eger : (REDACTED) Recache due to %s
08-06 10:09:41.466 471 499 I eger : (REDACTED) Recache due to %s
08-06 10:09:41.477 471 499 I eger : (REDACTED) Recache due to %s
08-06 10:09:41.480 471 497 I eger : (REDACTED) Recache due to %s
08-06 10:09:41.491 471 497 I eger : (REDACTED) Recache due to %s
08-06 10:09:41.495 471 499 I eger : (REDACTED) Recache due to %s
08-06 10:09:41.502 471 497 I eger : (REDACTED) Recache due to %s
08-06 10:09:41.503 471 499 I eger : (REDACTED) Recache due to %s
08-06 10:09:41.524 28776 28925 W libbinder.Binder: Binder transaction to com.google.android.gms.droidguard.internal.IDroidGuardHandle, function: UNKNOWN_FUNCTION_NAME, code: 5, took 2468ms. Data bytes: 360 Reply bytes: 16 Flags: 18
08-06 10:09:41.538 471 499 I eger : (REDACTED) Recache due to %s
08-06 10:09:41.541 471 497 I eger : (REDACTED) Recache due to %s
08-06 10:09:41.588 1177 1907 D usf_sensor_hal: linear acceleration: Enter Flush
08-06 10:09:41.593 1177 1907 D usf_sensor_hal: rotation vector: Enter Flush
08-06 10:09:41.599 658 31622 W keystore2: system/security/keystore2/watchdog/src/lib.rs:142 - ### Keystore Watchdog report - BEGIN ###
08-06 10:09:41.599 658 31622 W keystore2: system/security/keystore2/watchdog/src/lib.rs:151 - When extracting from a bug report, please include this header
08-06 10:09:41.599 658 31622 W keystore2: system/security/keystore2/watchdog/src/lib.rs:152 - and all 5 records below.
08-06 10:09:41.599 658 31622 W keystore2: system/security/keystore2/watchdog/src/lib.rs:193 - ThreadId(6943) KeystoreDB::handle_next_superseded_blob Started:
08-06 02:09:39.363 UTC Pending: 2.236122966s Overdue 1.736123618s
08-06 10:09:41.600 658 31622 W keystore2: system/security/keystore2/watchdog/src/lib.rs:193 - ThreadId(6943) TX_handle_next_superseded_blob Started:
08-06 02:09:39.364 UTC Pending: 2.235976035s Overdue 1.735976563s
08-06 10:09:41.600 658 31622 W keystore2: system/security/keystore2/watchdog/src/lib.rs:193 - ThreadId(6943) KeystoreDB::handle_next_superseded_blob find_next v2 Started:
08-06 02:09:39.364 UTC Pending: 2.23518864s Overdue 1.735189169s
08-06 10:09:41.600 658 31622 W keystore2: system/security/keystore2/watchdog/src/lib.rs:193 - ThreadId(6943) KeystoreDB::handle_next_superseded_blob load_metadata Started:
08-06 02:09:39.384 UTC Pending: 2.215704062s Overdue 1.715704428s
08-06 10:09:41.600 658 31622 W keystore2: system/security/keystore2/watchdog/src/lib.rs:193 - ThreadId(6943) KeystoreDB::handle_next_superseded_blob delete v2 Started:
08-06 02:09:39.384 UTC Pending: 2.215670656s Overdue 1.715671144s
08-06 10:09:41.600 658 31622 W keystore2: system/security/keystore2/watchdog/src/lib.rs:205 - ### Keystore Watchdog report - END ###
08-06 10:09:41.604 658 31622 W keystore2: system/security/keystore2/watchdog/src/lib.rs:142 - ### Keystore Watchdog report - BEGIN ###
08-06 10:09:41.604 658 31622 W keystore2: system/security/keystore2/watchdog/src/lib.rs:151 - When extracting from a bug report, please include this header
08-06 10:09:41.604 658 31622 W keystore2: system/security/keystore2/watchdog/src/lib.rs:152 - and all 5 records below.
08-06 10:09:41.604 658 31622 W keystore2: system/security/keystore2/watchdog/src/lib.rs:193 - ThreadId(6943) KeystoreDB::handle_next_superseded_blob Started:
08-06 02:09:39.363 UTC Pending: 2.240993124s Overdue 1.740993735s
08-06 10:09:41.604 658 31622 W keystore2: system/security/keystore2/watchdog/src/lib.rs:193 - ThreadId(6943) TX_handle_next_superseded_blob Started:
08-06 02:09:39.364 UTC Pending: 2.240831463s Overdue 1.740831991s
08-06 10:09:41.604 658 31622 W keystore2: system/security/keystore2/watchdog/src/lib.rs:193 - ThreadId(6943) KeystoreDB::handle_next_superseded_blob find_next v2 Started:
08-06 02:09:39.364 UTC Pending: 2.240043987s Overdue 1.740044516s
08-06 10:09:41.604 658 31622 W keystore2: system/security/keystore2/watchdog/src/lib.rs:193 - ThreadId(6943) KeystoreDB::handle_next_superseded_blob load_metadata Started:
08-06 02:09:39.384 UTC Pending: 2.220557414s Overdue 1.720557781s
08-06 10:09:41.604 658 31622 W keystore2: system/security/keystore2/watchdog/src/lib.rs:193 - ThreadId(6943) KeystoreDB::handle_next_superseded_blob delete v2 Started:
08-06 02:09:39.384 UTC Pending: 2.22052352s Overdue 1.720524008s
08-06 10:09:41.604 658 31622 W keystore2: system/security/keystore2/watchdog/src/lib.rs:205 - ### Keystore Watchdog report - END ###
08-06 10:09:41.615 658 31622 W keystore2: system/security/keystore2/watchdog/src/lib.rs:142 - ### Keystore Watchdog report - BEGIN ###
08-06 10:09:41.615 658 31622 W keystore2: system/security/keystore2/watchdog/src/lib.rs:151 - When extracting from a bug report, please include this header
08-06 10:09:41.615 658 31622 W keystore2: system/security/keystore2/watchdog/src/lib.rs:152 - and all 5 records below.
08-06 10:09:41.615 658 31622 W keystore2: system/security/keystore2/watchdog/src/lib.rs:193 - ThreadId(6943) KeystoreDB::handle_next_superseded_blob Started:
08-06 02:09:39.363 UTC Pending: 2.251380209s Overdue 1.75138082s
08-06 10:09:41.615 658 31622 W keystore2: system/security/keystore2/watchdog/src/lib.rs:193 - ThreadId(6943) TX_handle_next_superseded_blob Started:
08-06 02:09:39.364 UTC Pending: 2.251216106s Overdue 1.751216635s
08-06 10:09:41.615 658 31622 W keystore2: system/security/keystore2/watchdog/src/lib.rs:193 - ThreadId(6943) KeystoreDB::handle_next_superseded_blob find_next v2 Started:
08-06 02:09:39.364 UTC Pending: 2.250439698s Overdue 1.750440227s
08-06 10:09:41.615 658 31622 W keystore2: system/security/keystore2/watchdog/src/lib.rs:193 - ThreadId(6943) KeystoreDB::handle_next_superseded_blob load_metadata Started:
08-06 02:09:39.384 UTC Pending: 2.230951335s Overdue 1.730951661s
08-06 10:09:41.615 658 31622 W keystore2: system/security/keystore2/watchdog/src/lib.rs:193 - ThreadId(6943) KeystoreDB::handle_next_superseded_blob delete v2 Started:
08-06 02:09:39.384 UTC Pending: 2.230914919s Overdue 1.730915366s
08-06 10:09:41.615 658 31622 W keystore2: system/security/keystore2/watchdog/src/lib.rs:205 - ### Keystore Watchdog report - END ###
08-06 10:09:41.621 658 31622 W keystore2: system/security/keystore2/watchdog/src/lib.rs:142 - ### Keystore Watchdog report - BEGIN ###
08-06 10:09:41.621 658 31622 W keystore2: system/security/keystore2/watchdog/src/lib.rs:151 - When extracting from a bug report, please include this header
08-06 10:09:41.621 658 31622 W keystore2: system/security/keystore2/watchdog/src/lib.rs:152 - and all 5 records below.
08-06 10:09:41.621 658 31622 W keystore2: system/security/keystore2/watchdog/src/lib.rs:193 - ThreadId(6943) KeystoreDB::handle_next_superseded_blob Started:
08-06 02:09:39.363 UTC Pending: 2.257811768s Overdue 1.75781242s
08-06 10:09:41.621 658 31622 W keystore2: system/security/keystore2/watchdog/src/lib.rs:193 - ThreadId(6943) TX_handle_next_superseded_blob Started:
08-06 02:09:39.364 UTC Pending: 2.257648439s Overdue 1.757648967s
08-06 10:09:41.621 658 31622 W keystore2: system/security/keystore2/watchdog/src/lib.rs:193 - ThreadId(6943) KeystoreDB::handle_next_superseded_blob find_next v2 Started:
08-06 02:09:39.364 UTC Pending: 2.256857993s Overdue 1.756858562s
08-06 10:09:41.621 658 31622 W keystore2: system/security/keystore2/watchdog/src/lib.rs:193 - ThreadId(6943) KeystoreDB::handle_next_superseded_blob load_metadata Started:
08-06 02:09:39.384 UTC Pending: 2.23736906s Overdue 1.737369427s
08-06 10:09:41.621 658 31622 W keystore2: system/security/keystore2/watchdog/src/lib.rs:193 - ThreadId(6943) KeystoreDB::handle_next_superseded_blob delete v2 Started:
08-06 02:09:39.384 UTC Pending: 2.237331463s Overdue 1.737331951s
08-06 10:09:41.621 658 31622 W keystore2: system/security/keystore2/watchdog/src/lib.rs:205 - ### Keystore Watchdog report - END ###
08-06 10:09:41.625 471 497 I eger : (REDACTED) Recache due to %s
08-06 10:09:41.628 471 499 I eger : (REDACTED) Recache due to %s
08-06 10:09:41.634 471 499 I eger : (REDACTED) Recache due to %s
08-06 10:09:41.638 1761 3905 I RemoteProvisionSysSvc: getRegistration(android.hardware.security.keymint.IRemotelyProvisionedComponent/default)
08-06 10:09:41.641 658 31622 W keystore2: system/security/keystore2/watchdog/src/lib.rs:142 - ### Keystore Watchdog report - BEGIN ###
08-06 10:09:41.641 658 31622 W keystore2: system/security/keystore2/watchdog/src/lib.rs:151 - When extracting from a bug report, please include this header
08-06 10:09:41.641 658 31622 W keystore2: system/security/keystore2/watchdog/src/lib.rs:152 - and all 5 records below.
08-06 10:09:41.641 658 31622 W keystore2: system/security/keystore2/watchdog/src/lib.rs:193 - ThreadId(6943) KeystoreDB::handle_next_superseded_blob Started:
08-06 02:09:39.363 UTC Pending: 2.277681804s Overdue 1.777682415s
08-06 10:09:41.641 658 31622 W keystore2: system/security/keystore2/watchdog/src/lib.rs:193 - ThreadId(6943) TX_handle_next_superseded_blob Started:
08-06 02:09:39.364 UTC Pending: 2.277525351s Overdue 1.77752588s
08-06 10:09:41.641 658 31622 W keystore2: system/security/keystore2/watchdog/src/lib.rs:193 - ThreadId(6943) KeystoreDB::handle_next_superseded_blob find_next v2 Started:
08-06 02:09:39.364 UTC Pending: 2.276732952s Overdue 1.776733481s
08-06 10:09:41.641 658 31622 W keystore2: system/security/keystore2/watchdog/src/lib.rs:193 - ThreadId(6943) KeystoreDB::handle_next_superseded_blob load_metadata Started:
08-06 02:09:39.384 UTC Pending: 2.257242392s Overdue 1.757242718s
08-06 10:09:41.641 658 31622 W keystore2: system/security/keystore2/watchdog/src/lib.rs:193 - ThreadId(6943) KeystoreDB::handle_next_superseded_blob delete v2 Started:
08-06 02:09:39.384 UTC Pending: 2.2572039s Overdue 1.757204387s
08-06 10:09:41.641 658 31622 W keystore2: system/security/keystore2/watchdog/src/lib.rs:205 - ### Keystore Watchdog report - END ###
08-06 10:09:41.646 471 497 I eger : (REDACTED) Recache due to %s
08-06 10:09:41.649 1761 1761 I RegistrationProxy: onServiceConnected: com.android.rkpdapp.service.RemoteProvisioningService
08-06 10:09:41.658 2778 2885 I WM-WorkerWrapper: Worker result SUCCESS for Work [ id=ec761131-86f8-43ca-97a4-33148cb17490, tags={ com.x.scribing.workmanager.ScribesWorker,xlite-user-1693172505601859584 } ]
08-06 10:09:41.661 1761 5814 I RegistrationProxy: IGetRegistrationCallback.onSuccess
08-06 10:09:41.674 1761 3905 I RemoteProvisionSysSvc: Fetching key 10139 for client 88492211
08-06 10:09:41.674 1761 3905 I RegistrationProxy: getKeyAsync operation started with callback 109424240
08-06 10:09:41.675 2778 2778 D WM-Processor: s ec761131-86f8-43ca-97a4-33148cb17490 executed; reschedule = false
08-06 10:09:41.675 2778 2778 D WM-GreedyScheduler: Stopping tracking for WorkGenerationalId(workSpecId=ec761131-86f8-43ca-97a4-33148cb17490, generation=0)
08-06 10:09:41.687 2778 2900 D WM-GreedyScheduler: Cancelling work ID ec761131-86f8-43ca-97a4-33148cb17490
08-06 10:09:41.693 2778 2900 D WM-WorkConstraintsTrack: NetworkRequestConstraintController unregister shared callback
08-06 10:09:41.691 6655 31858 I RkpdRegistrationBinder: Key requested for : android.hardware.security.keymint.IRemotelyProvisionedComponent/default, clientUid: 1017, keyId: 10139, callback: 157084314
08-06 10:09:41.696 471 497 I eger : (REDACTED) Updated cache size from %d to %d
08-06 10:09:41.696 6655 31858 I RkpdRegistrationBinder: Key successfully assigned to client
08-06 10:09:41.697 1761 1761 I RemoteProvisionSysSvc: Successfully fetched key for client 88492211
08-06 10:09:41.702 658 31622 W keystore2: system/security/keystore2/watchdog/src/lib.rs:142 - ### Keystore Watchdog report - BEGIN ###
08-06 10:09:41.702 658 31622 W keystore2: system/security/keystore2/watchdog/src/lib.rs:151 - When extracting from a bug report, please include this header
08-06 10:09:41.702 658 31622 W keystore2: system/security/keystore2/watchdog/src/lib.rs:152 - and all 5 records below.
08-06 10:09:41.702 658 31622 W keystore2: system/security/keystore2/watchdog/src/lib.rs:193 - ThreadId(6943) KeystoreDB::handle_next_superseded_blob Started:
