08-06 10:09:44.753 1761 31571 W PackageConfigPersister: App-specific configuration not found for packageName: intl.costco.com.mobile.australia and userId: 0
08-06 10:09:44.753 1761 31571 W PackageConfigPersister: App-specific configuration not found for packageName: com.google.android.modulemetadata and userId: 0
08-06 10:09:44.753 1761 31571 W PackageConfigPersister: App-specific configuration not found for packageName: com.oculus.twilight and userId: 0
08-06 10:09:44.753 1761 31571 W PackageConfigPersister: App-specific configuration not found for packageName: com.ubercab.eats and userId: 0
08-06 10:09:44.753 1761 31571 W PackageConfigPersister: App-specific configuration not found for packageName: com.google.android.avatarpicker and userId: 0
08-06 10:09:44.753 1761 31571 W PackageConfigPersister: App-specific configuration not found for packageName: com.clearscore.mobile and userId: 0
08-06 10:09:44.753 1761 31571 W PackageConfigPersister: App-specific configuration not found for packageName: com.google.android.overlay.sfpsoverlay and userId: 0
08-06 10:09:44.753 1761 31571 W PackageConfigPersister: App-specific configuration not found for packageName: com.google.android.microdroid.empty_payload and userId: 0
08-06 10:09:44.753 1761 31571 W PackageConfigPersister: App-specific configuration not found for packageName: com.google.android.crossdeviceaccessservice.auto_generated_rro_vendor__ and userId: 0
08-06 10:09:44.753 1761 31571 W PackageConfigPersister: App-specific configuration not found for packageName: com.google.android.markup and userId: 0
08-06 10:09:44.753 1761 31571 W PackageConfigPersister: App-specific configuration not found for packageName: com.android.providers.settings.auto_generated_rro_vendor__ and userId: 0
08-06 10:09:44.753 17138 3426 I SatelliteTileStateReceiver: Handling subscription or config change.
08-06 10:09:44.753 1761 31571 W PackageConfigPersister: App-specific configuration not found for packageName: com.android.cellbroadcastreceiver and userId: 0
08-06 10:09:44.754 1761 31571 W PackageConfigPersister: App-specific configuration not found for packageName: com.google.android.webview and userId: 0
08-06 10:09:44.754 1761 31571 W PackageConfigPersister: App-specific configuration not found for packageName: com.google.android.apps.carrier.log and userId: 0
08-06 10:09:44.754 1761 31571 W PackageConfigPersister: App-specific configuration not found for packageName: com.google.android.networkstack and userId: 0
08-06 10:09:44.754 1761 31571 W PackageConfigPersister: App-specific configuration not found for packageName: host.exp.exponent and userId: 0
08-06 10:09:44.754 1761 31571 W PackageConfigPersister: App-specific configuration not found for packageName: com.google.android.rkpdapp and userId: 0
08-06 10:09:44.754 1761 31571 W PackageConfigPersister: App-specific configuration not found for packageName: com.google.android.contactkeys and userId: 0
08-06 10:09:44.754 3807 4802 I SHANNON_IMS: 3866 [PROX] onReceive: intent= [Intent { act=android.intent.action.SERVICE_STATE flg=0x1000010 xflg=0x4 (has extras) }] (ConnectivityBroadcastReceiver%onReceive:91)
08-06 10:09:44.754 1761 31571 W PackageConfigPersister: App-specific configuration not found for packageName: com.google.android.contacts and userId: 0
08-06 10:09:44.754 1761 31571 W PackageConfigPersister: App-specific configuration not found for packageName: bbl.intl.bambulab.com and userId: 0
08-06 10:09:44.754 1761 31571 W PackageConfigPersister: App-specific configuration not found for packageName: com.google.android.apps.nexuslauncher.auto_generated_rro_vendor__ and userId: 0
08-06 10:09:44.754 1761 31571 W PackageConfigPersister: App-specific configuration not found for packageName: com.google.android.apps.fitness and userId: 0
08-06 10:09:44.754 1761 31571 W PackageConfigPersister: App-specific configuration not found for packageName: com.android.server.telecom and userId: 0
08-06 10:09:44.754 1761 31571 W PackageConfigPersister: App-specific configuration not found for packageName: com.server.auditor.ssh.client and userId: 0
08-06 10:09:44.754 1761 31571 W PackageConfigPersister: App-specific configuration not found for packageName: com.android.keychain and userId: 0
08-06 10:09:44.754 1761 31571 W PackageConfigPersister: App-specific configuration not found for packageName: com.android.phone.auto_generated_characteristics_rro and userId: 0
08-06 10:09:44.754 1761 31571 W PackageConfigPersister: App-specific configuration not found for packageName: com.google.android.overlay.googleconfig and userId: 0
08-06 10:09:44.754 1761 31571 W PackageConfigPersister: App-specific configuration not found for packageName: com.android.systemui.clocks.inflate and userId: 0
08-06 10:09:44.755 1761 31571 W PackageConfigPersister: App-specific configuration not found for packageName: com.landr.mobile.app and userId: 0
08-06 10:09:44.755 1761 31571 W PackageConfigPersister: App-specific configuration not found for packageName: com.google.android.calculator and userId: 0
08-06 10:09:44.755 1761 31571 W PackageConfigPersister: App-specific configuration not found for packageName: com.android.chrome and userId: 0
08-06 10:09:44.755 1761 31571 W PackageConfigPersister: App-specific configuration not found for packageName: com.aftership.AfterShip and userId: 0
08-06 10:09:44.755 1761 31571 W PackageConfigPersister: App-specific configuration not found for packageName: com.android.bips.auto_generated_rro_product__ and userId: 0
08-06 10:09:44.755 1761 31571 W PackageConfigPersister: App-specific configuration not found for packageName: com.google.android.packageinstaller and userId: 0
08-06 10:09:44.755 1761 31571 W PackageConfigPersister: App-specific configuration not found for packageName: com.google.android.apps.customization.pixel and userId: 0
08-06 10:09:44.755 1761 31571 W PackageConfigPersister: App-specific configuration not found for packageName: com.bandlab.audiostretch and userId: 0
08-06 10:09:44.755 1761 31571 W PackageConfigPersister: App-specific configuration not found for packageName: com.google.android.gms and userId: 0
08-06 10:09:44.756 1761 31571 W PackageConfigPersister: App-specific configuration not found for packageName: com.google.android.gsf and userId: 0
08-06 10:09:44.756 1761 31571 W PackageConfigPersister: App-specific configuration not found for packageName: com.google.android.nfc and userId: 0
08-06 10:09:44.756 1761 31571 W PackageConfigPersister: App-specific configuration not found for packageName: com.google.android.pcs and userId: 0
08-06 10:09:44.756 1761 31571 W PackageConfigPersister: App-specific configuration not found for packageName: com.google.android.tag and userId: 0
08-06 10:09:44.756 1761 31571 W PackageConfigPersister: App-specific configuration not found for packageName: com.google.android.tts and userId: 0
08-06 10:09:44.756 1761 31571 W PackageConfigPersister: App-specific configuration not found for packageName: tv.twitch.android.app and userId: 0
08-06 10:09:44.756 1761 31571 W PackageConfigPersister: App-specific configuration not found for packageName: com.google.android.overlay.permissioncontroller and userId: 0
08-06 10:09:44.756 1761 31571 W PackageConfigPersister: App-specific configuration not found for packageName: com.google.android.apps.walletnfcrel and userId: 0
08-06 10:09:44.756 1761 31571 W PackageConfigPersister: App-specific configuration not found for packageName: com.android.calllogbackup and userId: 0
08-06 10:09:44.756 1761 31571 W PackageConfigPersister: App-specific configuration not found for packageName: com.google.android.partnersetup and userId: 0
08-06 10:09:44.756 1761 31571 W PackageConfigPersister: App-specific configuration not found for packageName: com.android.safetyregulatoryinfo and userId: 0
08-06 10:09:44.756 1761 31571 W PackageConfigPersister: App-specific configuration not found for packageName: com.android.cameraextensions and userId: 0
08-06 10:09:44.757 1761 31571 W PackageConfigPersister: App-specific configuration not found for packageName: com.nordvpn.android and userId: 0
08-06 10:09:44.757 1761 31571 W PackageConfigPersister: App-specific configuration not found for packageName: au.gov.wa.digital.service.mobile.servicewa.citizen and userId: 0
08-06 10:09:44.757 1761 31571 W PackageConfigPersister: App-specific configuration not found for packageName: com.google.android.apps.wallpaper.pixel and userId: 0
08-06 10:09:44.757 1761 31571 W PackageConfigPersister: App-specific configuration not found for packageName: com.epicgames.portal and userId: 0
08-06 10:09:44.757 1761 31571 W PackageConfigPersister: App-specific configuration not found for packageName: com.android.localtransport and userId: 0
08-06 10:09:44.757 1761 31571 W PackageConfigPersister: App-specific configuration not found for packageName: io.invideo.ai and userId: 0
08-06 10:09:44.757 1761 31571 W PackageConfigPersister: App-specific configuration not found for packageName: com.google.android.videos and userId: 0
08-06 10:09:44.757 1761 31571 W PackageConfigPersister: App-specific configuration not found for packageName: com.GybeGames.ColorBlockJam and userId: 0
08-06 10:09:44.757 1761 31571 W PackageConfigPersister: App-specific configuration not found for packageName: com.google.android.nfc.overlay and userId: 0
08-06 10:09:44.757 1761 31571 W PackageConfigPersister: App-specific configuration not found for packageName: com.loomgames.pixelflow and userId: 0
08-06 10:09:44.757 1761 31571 W PackageConfigPersister: App-specific configuration not found for packageName: com.google.android.satellite and userId: 0
08-06 10:09:44.757 1761 31571 W PackageConfigPersister: App-specific configuration not found for packageName: com.google.android.wallpaper.effects and userId: 0
08-06 10:09:44.757 1761 31571 W PackageConfigPersister: App-specific configuration not found for packageName: com.google.android.apps.nexuslauncher and userId: 0
08-06 10:09:44.757 1761 31571 W PackageConfigPersister: App-specific configuration not found for packageName: com.telstra.mobile.android.mytelstra and userId: 0
08-06 10:09:44.757 1761 31571 W PackageConfigPersister: App-specific configuration not found for packageName: com.android.carrierdefaultapp and userId: 0
08-06 10:09:44.758 1761 31571 W PackageConfigPersister: App-specific configuration not found for packageName: com.google.android.virtualmachine.res and userId: 0
08-06 10:09:44.758 1761 31571 W PackageConfigPersister: App-specific configuration not found for packageName: com.google.android.grilservice.overlay.comet and userId: 0
08-06 10:09:44.758 1761 31571 W PackageConfigPersister: App-specific configuration not found for packageName: com.android.credentialmanager and userId: 0
08-06 10:09:44.758 1761 31571 W PackageConfigPersister: App-specific configuration not found for packageName: com.android.theme.font.notoserifsource and userId: 0
08-06 10:09:44.758 1761 31571 W PackageConfigPersister: App-specific configuration not found for packageName: com.android.DeviceAsWebcam and userId: 0
08-06 10:09:44.758 1761 31571 W PackageConfigPersister: App-specific configuration not found for packageName: com.shophumm and userId: 0
08-06 10:09:44.758 17138 3426 I SatelliteUtils: Checking LTE-based NTN support for SubId: 3
08-06 10:09:44.758 1761 31571 W PackageConfigPersister: App-specific configuration not found for packageName: com.ourpact.androidparent and userId: 0
08-06 10:09:44.758 1761 31571 W PackageConfigPersister: App-specific configuration not found for packageName: au.com.stjohnambulance.stjohnappprod and userId: 0
08-06 10:09:44.758 1761 31571 W PackageConfigPersister: App-specific configuration not found for packageName: com.android.proxyhandler and userId: 0
08-06 10:09:44.758 1761 31571 W PackageConfigPersister: App-specific configuration not found for packageName: com.google.android.safetycenter.resources and userId: 0
08-06 10:09:44.758 1761 31571 W PackageConfigPersister: App-specific configuration not found for packageName: com.google.android.compos.payload and userId: 0
08-06 10:09:44.758 1761 31571 W PackageConfigPersister: App-specific configuration not found for packageName: com.android.internal.display.cutout.emulation.waterfall and userId: 0
08-06 10:09:44.758 1761 31571 W PackageConfigPersister: App-specific configuration not found for packageName: com.android.intentresolver and userId: 0
08-06 10:09:44.758 1761 31571 W PackageConfigPersister: App-specific configuration not found for packageName: com.google.SSRestartDetector and userId: 0
08-06 10:09:44.758 1761 31571 W PackageConfigPersister: App-specific configuration not found for packageName: com.google.android.storagemanager.auto_generated_rro_vendor__ and userId: 0
08-06 10:09:44.758 1761 31571 W PackageConfigPersister: App-specific configuration not found for packageName: com.netflix.mediaclient and userId: 0
08-06 10:09:44.759 1761 31571 W PackageConfigPersister: App-specific configuration not found for packageName: org.videolan.vlc and userId: 0
08-06 10:09:44.759 1761 31571 W PackageConfigPersister: App-specific configuration not found for packageName: com.android.internal.systemui.navbar.transparent and userId: 0
08-06 10:09:44.759 1761 31571 W PackageConfigPersister: App-specific configuration not found for packageName: com.android.providers.contactkeys and userId: 0
08-06 10:09:44.759 1761 31571 W PackageConfigPersister: App-specific configuration not found for packageName: com.android.virtualgamepad and userId: 0
08-06 10:09:44.759 1761 31571 W PackageConfigPersister: App-specific configuration not found for packageName: com.zhiliaoapp.musically and userId: 0
08-06 10:09:44.759 1761 31571 W PackageConfigPersister: App-specific configuration not found for packageName: com.google.android.connectivity.resources and userId: 0
08-06 10:09:44.759 1761 31571 W PackageConfigPersister: App-specific configuration not found for packageName: com.dd.doordash and userId: 0
08-06 10:09:44.759 1761 31571 W PackageConfigPersister: App-specific configuration not found for packageName: com.android.providers.contacts.auto_generated_rro_product__ and userId: 0
08-06 10:09:44.759 1761 31571 W PackageConfigPersister: App-specific configuration not found for packageName: com.google.android.feedback and userId: 0
08-06 10:09:44.759 3849 4420 D TelephonyConfigUpdateInstallReceiver: getConfigParser: domain=satellite
08-06 10:09:44.759 3849 4420 V SatelliteController: satelliteConfigParser is not ready
08-06 10:09:44.759 3849 4420 D SatelliteController: isSatelliteAttachSupportedViaConfigupdater: return null (satelliteConfig is null)
08-06 10:09:44.759 1761 31571 W PackageConfigPersister: App-specific configuration not found for packageName: com.google.android.printservice.recommendation and userId: 0
08-06 10:09:44.759 1761 31571 W PackageConfigPersister: App-specific configuration not found for packageName: com.google.android.apps.photos and userId: 0
08-06 10:09:44.759 1761 31571 W PackageConfigPersister: App-specific configuration not found for packageName: com.android.uwb.resources.pixel and userId: 0
08-06 10:09:44.759 1761 31571 W PackageConfigPersister: App-specific configuration not found for packageName: com.google.android.calendar and userId: 0
08-06 10:09:44.759 1761 31571 W PackageConfigPersister: App-specific configuration not found for packageName: com.android.managedprovisioning and userId: 0
08-06 10:09:44.760 1761 31571 W PackageConfigPersister: App-specific configuration not found for packageName: com.bandlegame.bandleguessasong and userId: 0
08-06 10:09:44.760 1761 31571 W PackageConfigPersister: App-specific configuration not found for packageName: com.candywriter.bitlife and userId: 0
08-06 10:09:44.760 1761 31571 W PackageConfigPersister: App-specific configuration not found for packageName: au.gov.ato.ATOTax and userId: 0
08-06 10:09:44.760 1761 31571 W PackageConfigPersister: App-specific configuration not found for packageName: com.google.android.overlay.devicelockcontroller and userId: 0
08-06 10:09:44.760 1761 31571 W PackageConfigPersister: App-specific configuration not found for packageName: com.spotify.music and userId: 0
08-06 10:09:44.760 13242 31773 D downloader2: Response body written. bytesWritten=286, uri=https://www.gstatic.com/mdi-serving/rubidium-adservices-adtech-enrollment/11167/b5d1a96edb6a1f0a4859f71195a3dae118baacfc
08-06 10:09:44.760 1761 31571 W PackageConfigPersister: App-specific configuration not found for packageName: com.google.android.pixelnfc and userId: 0
08-06 10:09:44.760 1761 31571 W PackageConfigPersister: App-specific configuration not found for packageName: com.jotform.v2 and userId: 0
08-06 10:09:44.760 1761 31571 W PackageConfigPersister: App-specific configuration not found for packageName: com.google.android.apps.pixel.nowplaying and userId: 0
08-06 10:09:44.760 1761 31571 W PackageConfigPersister: App-specific configuration not found for packageName: com.android.soundpicker and userId: 0
08-06 10:09:44.760 1761 31571 W PackageConfigPersister: App-specific configuration not found for packageName: com.ubercab and userId: 0
08-06 10:09:44.760 1761 31571 W PackageConfigPersister: App-specific configuration not found for packageName: com.google.android.documentsui and userId: 0
08-06 10:09:44.761 13242 31683 D downloader2: Queued download completed, running queued downloads: https://www.gstatic.com/mdi-serving/rubidium-adservices-adtech-enrollment/11167/b5d1a96edb6a1f0a4859f71195a3dae118baacfc
08-06 10:09:44.762 13242 31773 D downloader2: Download complete, running queued downloads: https://www.gstatic.com/mdi-serving/rubidium-adservices-adtech-enrollment/11167/b5d1a96edb6a1f0a4859f71195a3dae118baacfc
08-06 10:09:44.762 3849 4420 D SatelliteController: getCarrierRoamingNtnConnectType: Checking connect type from PLMN config for subId: 3
08-06 10:09:44.762 3849 4420 D TelephonyConfigUpdateInstallReceiver: getConfigParser: domain=satellite
08-06 10:09:44.762 3849 4420 V SatelliteController: satelliteConfigParser is not ready
08-06 10:09:44.762 3849 4420 D SatelliteController: isSatelliteAttachSupportedViaConfigupdater: return null (satelliteConfig is null)
08-06 10:09:44.762 3849 4420 D SatelliteController: getSatellitePerPlmnConfiguration: subId=3 return null
08-06 10:09:44.762 3849 4420 D SatelliteController: getCarrierRoamingNtnConnectType: config: null
08-06 10:09:44.762 3849 4420 D TelephonyConfigUpdateInstallReceiver: getConfigParser: domain=satellite
08-06 10:09:44.762 3849 4420 V SatelliteController: satelliteConfigParser is not ready
08-06 10:09:44.762 3849 4420 D SatelliteController: getCarrierRoamingNtnConnectTypeViaConfigUpdater: return null (satelliteConfig is null)
08-06 10:09:44.763 3849 4420 D SatelliteController: getCarrierRoamingNtnConnectType: Falling back to global carrier config connect type: 0
08-06 10:09:44.765 1761 31571 W PackageConfigPersister: App-specific configuration not found for packageName: au.com.dominos.olo.android.app and userId: 0
08-06 10:09:44.765 1761 31571 W PackageConfigPersister: App-specific configuration not found for packageName: jcutting.ghosttube and userId: 0
08-06 10:09:44.765 17138 3426 I SatelliteTileStateReceiver: Satellite tile static feature configs are enabled for this device.
08-06 10:09:44.765 1761 31571 W PackageConfigPersister: App-specific configuration not found for packageName: com.zedtechnologies.skg.patient.droid and userId: 0
08-06 10:09:44.765 1761 31571 W PackageConfigPersister: App-specific configuration not found for packageName: com.android.pixeldisplayservice and userId: 0
08-06 10:09:44.766 17138 3426 I SatelliteTileStateReceiver: SatelliteTileService runtime component state enabled: true
08-06 10:09:44.766 17138 3426 W JobInfo : Job 'com.android.settings/.network.telephony.satellite.quicksettings.SatelliteEligibilityJobService#108' has a deadline with functional constraints and an extremely short time window of 0 ms (delay=0, deadline=0). The functional constraints are not likely to be satisfied when the job runs.
08-06 10:09:44.766 1761 31571 W PackageConfigPersister: App-specific configuration not found for packageName: com.android.bookmarkprovider and userId: 0
08-06 10:09:44.766 1761 31571 W PackageConfigPersister: App-specific configuration not found for packageName: com.linkedin.android and userId: 0
08-06 10:09:44.766 1761 31571 W PackageConfigPersister: App-specific configuration not found for packageName: com.google.android.overlay.pixelconfigcommon and userId: 0
08-06 10:09:44.766 1761 31571 W PackageConfigPersister: App-specific configuration not found for packageName: com.microsoft.xboxfamily and userId: 0
08-06 10:09:44.766 1761 3905 W JobInfo : Job 'com.android.settings/.network.telephony.satellite.quicksettings.SatelliteEligibilityJobService#108' has a deadline with functional constraints and an extremely short time window of 0 ms (delay=0, deadline=0). The functional constraints are not likely to be satisfied when the job runs.
08-06 10:09:44.767 1761 31571 W PackageConfigPersister: App-specific configuration not found for packageName: com.android.settings and userId: 0
08-06 10:09:44.767 1761 31571 W PackageConfigPersister: App-specific configuration not found for packageName: au.com.ingdirect.android and userId: 0
08-06 10:09:44.767 1761 31571 W PackageConfigPersister: App-specific configuration not found for packageName: com.hasbro.HeroQuest and userId: 0
08-06 10:09:44.767 1761 31571 W PackageConfigPersister: App-specific configuration not found for packageName: com.android.systemui.accessibility.accessibilitymenu.auto_generated_rro_product__ and userId: 0
08-06 10:09:44.771 1761 31571 W PackageConfigPersister: App-specific configuration not found for packageName: com.google.android.gms.location.history and userId: 0
08-06 10:09:44.771 1761 31571 W PackageConfigPersister: App-specific configuration not found for packageName: com.android.internal.systemui.navbar.gestural and userId: 0
08-06 10:09:44.771 1761 31571 W PackageConfigPersister: App-specific configuration not found for packageName: com.google.android.overlay.gazeoverlay and userId: 0
08-06 10:09:44.771 1761 31571 W PackageConfigPersister: App-specific configuration not found for packageName: com.ss.android.tt.creator and userId: 0
08-06 10:09:44.771 1761 31571 W PackageConfigPersister: App-specific configuration not found for packageName: com.innodiets.sensa and userId: 0
08-06 10:09:44.771 1761 31571 W PackageConfigPersister: App-specific configuration not found for packageName: com.android.location.fused and userId: 0
08-06 10:09:44.772 1761 31571 W PackageConfigPersister: App-specific configuration not found for packageName: cloud.blynk and userId: 0
08-06 10:09:44.772 1761 31571 W PackageConfigPersister: App-specific configuration not found for packageName: com.android.systemui and userId: 0
08-06 10:09:44.772 1761 31571 W PackageConfigPersister: App-specific configuration not found for packageName: tv.remote.universal.control and userId: 0
08-06 10:09:44.772 1761 31571 W PackageConfigPersister: App-specific configuration not found for packageName: com.google.android.apps.aiwallpapers and userId: 0
08-06 10:09:44.772 1761 31571 W PackageConfigPersister: App-specific configuration not found for packageName: com.google.android.ondevicepersonalization.services and userId: 0
08-06 10:09:44.772 1761 31571 W PackageConfigPersister: App-specific configuration not found for packageName: com.google.android.hardwareinfo and userId: 0
08-06 10:09:44.772 1761 31571 W PackageConfigPersister: App-specific configuration not found for packageName: com.google.android.apps.youtube.music and userId: 0
08-06 10:09:44.772 1761 31571 W PackageConfigPersister: App-specific configuration not found for packageName: com.android.bluetoothmidiservice and userId: 0
08-06 10:09:44.772 1761 31571 W PackageConfigPersister: App-specific configuration not found for packageName: com.justunfollow.android and userId: 0
08-06 10:09:44.772 1761 31571 W PackageConfigPersister: App-specific configuration not found for packageName: com.google.android.apps.wing.opensky and userId: 0
08-06 10:09:44.772 1761 31571 W PackageConfigPersister: App-specific configuration not found for packageName: com.netflix.NGP.Pandora and userId: 0
08-06 10:09:44.772 1761 31571 W PackageConfigPersister: App-specific configuration not found for packageName: com.nexa.wahealth.managemycare and userId: 0
08-06 10:09:44.772 1761 31571 W PackageConfigPersister: App-specific configuration not found for packageName: com.google.android.dreamlinerupdater and userId: 0
08-06 10:09:44.772 1761 31571 W PackageConfigPersister: App-specific configuration not found for packageName: com.ebay.mobile and userId: 0
08-06 10:09:44.772 1761 31571 W PackageConfigPersister: App-specific configuration not found for packageName: com.kraken.invest.app and userId: 0
08-06 10:09:44.772 1761 31571 W PackageConfigPersister: App-specific configuration not found for packageName: com.base44.android and userId: 0
08-06 10:09:44.772 1761 31571 W PackageConfigPersister: App-specific configuration not found for packageName: com.google.android.systemui.overlay.glanceablehubconfig and userId: 0
08-06 10:09:44.773 1761 31571 W PackageConfigPersister: App-specific configuration not found for packageName: com.android.traceur and userId: 0
08-06 10:09:44.773 1761 31571 W PackageConfigPersister: App-specific configuration not found for packageName: com.tcl.tclhome and userId: 0
08-06 10:09:44.773 1761 31571 W PackageConfigPersister: App-specific configuration not found for packageName: com.google.android.cellbroadcastreceiver and userId: 0
08-06 10:09:44.773 1761 31571 W PackageConfigPersister: App-specific configuration not found for packageName: com.google.android.glasses.core and userId: 0
08-06 10:09:44.773 1761 31571 W PackageConfigPersister: App-specific configuration not found for packageName: io.socialbee and userId: 0
08-06 10:09:44.773 1761 31571 W PackageConfigPersister: App-specific configuration not found for packageName: com.google.android.apps.pixel.creativeassistant and userId: 0
08-06 10:09:44.773 1761 31571 W PackageConfigPersister: App-specific configuration not found for packageName: com.android.phone.auto_generated_rro_product__ and userId: 0
08-06 10:09:44.773 1761 31571 W PackageConfigPersister: App-specific configuration not found for packageName: com.android.omadm.service.auto_generated_rro_vendor__ and userId: 0
08-06 10:09:44.773 1761 31571 W PackageConfigPersister: App-specific configuration not found for packageName: com.google.android.apps.wear.companion and userId: 0
08-06 10:09:44.773 1761 31571 W PackageConfigPersister: App-specific configuration not found for packageName: au.com.hcf.hcf and userId: 0
08-06 10:09:44.773 1761 31571 W PackageConfigPersister: App-specific configuration not found for packageName: com.google.android.retaildemo and userId: 0
08-06 10:09:44.773 1761 31571 W PackageConfigPersister: App-specific configuration not found for packageName: android.auto_generated_rro_product__ and userId: 0
08-06 10:09:44.773 1761 31571 W PackageConfigPersister: App-specific configuration not found for packageName: notion.id and userId: 0
08-06 10:09:44.773 1761 31571 W PackageConfigPersister: App-specific configuration not found for packageName: com.suno.android and userId: 0
08-06 10:09:44.773 1761 31571 W PackageConfigPersister: App-specific configuration not found for packageName: com.scopely.monopolygo and userId: 0
08-06 10:09:44.773 1761 31571 W PackageConfigPersister: App-specific configuration not found for packageName: com.lego.legobuildinginstructions and userId: 0
08-06 10:09:44.773 1761 31571 W PackageConfigPersister: App-specific configuration not found for packageName: com.google.android.rilextension and userId: 0
08-06 10:09:44.774 1761 31571 W PackageConfigPersister: App-specific configuration not found for packageName: com.android.providers.contacts and userId: 0
08-06 10:09:44.774 1761 31571 W PackageConfigPersister: App-specific configuration not found for packageName: au.gov.wa.pta.transperth and userId: 0
08-06 10:09:44.774 1761 31571 W PackageConfigPersister: App-specific configuration not found for packageName: com.microsoft.familysafety and userId: 0
08-06 10:09:44.774 1761 31571 W PackageConfigPersister: App-specific configuration not found for packageName: au.gov.ato.mygovid.droid and userId: 0
08-06 10:09:44.774 1761 31571 W PackageConfigPersister: App-specific configuration not found for packageName: ci.atlasearth.client and userId: 0
08-06 10:09:44.774 1761 31571 W PackageConfigPersister: App-specific configuration not found for packageName: com.google.android.GoogleCamera and userId: 0
08-06 10:09:44.774 1761 31571 W PackageConfigPersister: App-specific configuration not found for packageName: com.google.earth and userId: 0
08-06 10:09:44.774 1761 31571 W PackageConfigPersister: App-specific configuration not found for packageName: com.android.devicelockcontroller and userId: 0
08-06 10:09:44.774 1761 31571 W PackageConfigPersister: App-specific configuration not found for packageName: com.planner5d.planner5d and userId: 0
08-06 10:09:44.774 1761 31571 W PackageConfigPersister: App-specific configuration not found for packageName: com.google.android.apps.pixel.dcservice and userId: 0
08-06 10:09:44.774 1761 31571 W PackageConfigPersister: App-specific configuration not found for packageName: com.postedapp.posted and userId: 0
08-06 10:09:44.774 1761 31571 W PackageConfigPersister: App-specific configuration not found for packageName: com.android.telephony.imsmedia and userId: 0
08-06 10:09:44.774 1761 31571 W PackageConfigPersister: App-specific configuration not found for packageName: com.google.android.photopicker and userId: 0
08-06 10:09:44.774 1761 31571 W PackageConfigPersister: App-specific configuration not found for packageName: com.webling.hungryjacks and userId: 0
08-06 10:09:44.774 1761 31571 W PackageConfigPersister: App-specific configuration not found for packageName: com.canva.editor and userId: 0
08-06 10:09:44.774 1761 31571 W PackageConfigPersister: App-specific configuration not found for packageName: com.microsoft.teams and userId: 0
08-06 10:09:44.775 1761 31571 W PackageConfigPersister: App-specific configuration not found for packageName: com.rynatsa.xtrendspeed and userId: 0
08-06 10:09:44.775 1761 31571 W PackageConfigPersister: App-specific configuration not found for packageName: au.org.beyondblue.beyondnow and userId: 0
08-06 10:09:44.775 1761 31571 W PackageConfigPersister: App-specific configuration not found for packageName: com.snapchat.android and userId: 0
08-06 10:09:44.775 1761 31571 W PackageConfigPersister: App-specific configuration not found for packageName: au.gov.dhs.centrelinkexpressplus and userId: 0
08-06 10:09:44.775 1761 31571 W PackageConfigPersister: App-specific configuration not found for packageName: com.google.android.inputmethod.latin and userId: 0
08-06 10:09:44.775 1761 31571 W PackageConfigPersister: App-specific configuration not found for packageName: com.amazon.kindle and userId: 0
08-06 10:09:44.775 1761 3907 W ContextImpl: Calling a method in the system process without a qualified user: android.app.ContextImpl.sendBroadcastMultiplePermissions:1408 com.android.server.TelephonyRegistry.broadcastServiceStateChanged:4424 com.android.server.TelephonyRegistry.notifyServiceStateForPhoneId:1930 com.android.internal.telephony.ITelephonyRegistry$Stub.onTransact:629 android.os.Binder.execTransactInternal:1369
08-06 10:09:44.775 1761 31571 W PackageConfigPersister: App-specific configuration not found for packageName: com.google.android.telecomresources.deprecated.overlay and userId: 0
08-06 10:09:44.775 1761 31571 W PackageConfigPersister: App-specific configuration not found for packageName: com.google.android.storagemanager and userId: 0
08-06 10:09:44.775 1761 31571 W PackageConfigPersister: App-specific configuration not found for packageName: android.auto_generated_rro_vendor__ and userId: 0
08-06 10:09:44.775 1761 31571 W PackageConfigPersister: App-specific configuration not found for packageName: com.google.android.apps.restore and userId: 0
08-06 10:09:44.776 1761 31571 D BackupHelperDispatcher: handling new helper 'companion'
08-06 10:09:44.776 1761 31571 I CDM_BackupRestoreProcessor: getBackupPayload() userId=[0].
08-06 10:09:44.785 3849 3849 D SatelliteController: getCarrierRoamingNtnConnectType: Checking connect type from PLMN config for subId: 3
08-06 10:09:44.785 3849 3849 D TelephonyConfigUpdateInstallReceiver: getConfigParser: domain=satellite
08-06 10:09:44.785 3849 3849 V SatelliteController: satelliteConfigParser is not ready
08-06 10:09:44.785 3849 3849 D SatelliteController: isSatelliteAttachSupportedViaConfigupdater: return null (satelliteConfig is null)
08-06 10:09:44.785 3849 3849 D SatelliteController: getSatellitePerPlmnConfiguration: subId=3 return null
08-06 10:09:44.785 3849 3849 D SatelliteController: getCarrierRoamingNtnConnectType: config: null
08-06 10:09:44.785 3849 3849 D TelephonyConfigUpdateInstallReceiver: getConfigParser: domain=satellite
08-06 10:09:44.785 3849 3849 V SatelliteController: satelliteConfigParser is not ready
08-06 10:09:44.785 3849 3849 D SatelliteController: getCarrierRoamingNtnConnectTypeViaConfigUpdater: return null (satelliteConfig is null)
08-06 10:09:44.786 3849 3849 D SatelliteController: getCarrierRoamingNtnConnectType: Falling back to global carrier config connect type: 0
08-06 10:09:44.786 3849 3849 D TelephonyConfigUpdateInstallReceiver: getConfigParser: domain=satellite
08-06 10:09:44.786 3849 3849 V SatelliteController: satelliteConfigParser is not ready
08-06 10:09:44.786 3849 3849 D SatelliteController: isSatelliteAttachSupportedViaConfigupdater: return null (satelliteConfig is null)
08-06 10:09:44.787 3849 3849 V SatelliteController: getWwanIsInService: return true
08-06 10:09:44.787 3849 3849 D SatelliteController: isInCarrierRoamingNbIotNtn: satellite is disabled
08-06 10:09:44.793 3849 3849 I Telephony: TelecomAccountRegistry$TelecomAccountTelephonyCallback: TelecomAccountRegistry: onServiceStateChanged: newState=0, mServiceState=0
08-06 10:09:44.795 3849 3849 I Telephony: isRttCurrentlySupported -- regular acct, hasVoiceAvailability: true
08-06 10:09:44.795 3849 3849 I Telephony: isRttSupported: false
08-06 10:09:44.795 3849 3849 I Telephony: alwaysAllowWhileRoaming: false
08-06 10:09:44.795 3849 3849 I Telephony: isRoaming: false
08-06 10:09:44.795 3849 3849 I Telephony: isOnWfc: false
08-06 10:09:44.805 4247 4247 D CellBroadcastReceiver: onReceive Intent { act=android.intent.action.SERVICE_STATE flg=0x1000010 xflg=0x4 cmp=com.google.android.cellbroadcastreceiver/com.android.cellbroadcastreceiver.CellBroadcastReceiver (has extras) }
08-06 10:09:44.808 4247 4247 D CellBroadcastReceiver: onServiceStateChanged, ss: 0
08-06 10:09:44.808 4247 4247 D CellBroadcastReceiver: networkOperator: 50501
08-06 10:09:44.808 4247 4247 D CellBroadcastReceiver: update supported roaming operator as
08-06 10:09:44.821 24905 24905 I pixel-thermal: VIRTUAL-USB-UI:0 raw data: USB-MINUS-CHARGER:-3651 VIRTUAL-USB-UI:0 charger_therm:32173 usb_conn_therm:28522
08-06 10:09:44.821 24905 24905 I pixel-thermal: VIRTUAL-USB-THROTTLING:0 raw data: USB-MINUS-CHARGER:-3651 VIRTUAL-USB-THROTTLING:0 usb_conn_therm:28522
08-06 10:09:44.823 24905 24905 I pixel-thermal: VIRTUAL-SKIN-SPEAKER-MODEL: model_input: [31928.00 30014.00 32173.00 28522.00 30169.00 29168.00 27454.00 30036.00 27400.00 26000.00 0.00 ]
08-06 10:09:44.823 24905 24905 I pixel-thermal: VT Estimator returned (ret: 6) for VIRTUAL-SKIN-SPEAKER-MODEL. Reading backup sensor [VIRTUAL-SKIN-SPEAKER-LEGACY] data to use
08-06 10:09:44.823 24905 24905 I pixel-thermal: VIRTUAL-SKIN-SPEAKER:34.1204 raw data: IS_VSKIN_SPEAKER_MODEL_WITHIN_RANGE:1 IS_VSKIN_SPEAKER_MODEL_WITHIN_RANGE_CHECK:2 NO_VSKIN_SPEAKER_MODEL_WITHIN_RANGE:0 VIRTUAL-SKIN-SPEAKER:34120.4 VIRTUAL-SKIN-SPEAKER-LEGACY:34084.6 VIRTUAL-SKIN-SPEAKER-MODEL:34084.6 charger_therm:32173 display_therm:27454 gnss_tcxo_therm:30036 inner_brightness:0 inner_display_therm:29168 maxfg_base:27400 maxfg_secondary:26000 modem_therm:30169 rffe_therm:30014 soc_therm:31928 usb_conn_therm:28522
08-06 10:09:44.823 24905 24905 I pixel-thermal: VIRTUAL-SKIN:29.7127 raw data: CLOSE_WEIGHT:1 OPEN_WEIGHT:0 VIRTUAL-SKIN:29712.7 VIRTUAL-SKIN-CLOSE:29712.7 VIRTUAL-SKIN-CLOSE-SUB-1:29712.7 VIRTUAL-SKIN-CLOSE-SUB-2:29704.1 VIRTUAL-SKIN-CLOSE-SUB-3:28297.4 VIRTUAL-SKIN-CLOSE-SUB-4:27260.8 VIRTUAL-SKIN-LEGACY:29712.7 VIRTUAL-SKIN-OPEN:30632.8 VIRTUAL-SKIN-OPEN-SUB-1:27998.3 VIRTUAL-SKIN-OPEN-SUB-2:30632.8 charger_therm:32173 display_therm:27454 gnss_tcxo_therm:30036 inner_brightness:0 inner_display_therm:29168 maxfg_base:27400 maxfg_secondary:26000 modem_therm:30169 rffe_therm:30014 soc_therm:31928 usb_conn_therm:28522
08-06 10:09:44.823 24905 24905 I pixel-thermal: rffe_therm:30.014 raw data: rffe_therm:30014
08-06 10:09:44.823 24905 24905 I pixel-thermal: VIRTUAL-SKIN-CHARGE-WIRED:29.8767 raw data: CLOSE_WEIGHT:1 IS_WLC:0 NO_WLC:1 OPEN_WEIGHT:0 VIRTUAL-SKIN-CHARGE-WIRED:29876.7 VIRTUAL-SKIN-CHARGE-WIRED-CLOSE:29876.7 VIRTUAL-SKIN-CHARGE-WIRED-EQ:29876.7 VIRTUAL-SKIN-CHARGE-WIRED-OPEN:29849.5 WLC_CHECK:1 gnss_tcxo_therm:30036 modem_therm:30169 rffe_therm:30014 soc_therm:31928 thb_hda:53
08-06 10:09:44.823 24905 24905 I pixel-thermal: VIRTUAL-SKIN-OUTER-DISPLAY:27.348 raw data: VIRTUAL-SKIN-OUTER-DISPLAY:27348 display_therm:27454
08-06 10:09:44.823 24905 24905 I pixel-thermal: cellular-emergency:29.7127 raw data: VIRTUAL-SKIN:29712.7 cellular-emergency:29712.7
08-06 10:09:44.823 24905 24905 I pixel-thermal: soc_therm:31.928 raw data: soc_therm:31928
08-06 10:09:44.823 24905 24905 I pixel-thermal: VIRTUAL-SKIN-CHARGE-PERSIST:29.8767 raw data: IS_WLC:0 NO_WLC:1 VIRTUAL-SKIN-CHARGE-PERSIST:29876.7 VIRTUAL-SKIN-CHARGE-WIRED-EQ:29876.7 VIRTUAL-SKIN-CHARGE-WLC-EQ:29749.7 charger_therm:32173 gnss_tcxo_therm:30036 rffe_therm:30014
08-06 10:09:44.823 24905 24905 I pixel-thermal: VIRTUAL-SKIN-MODEL: model_input: [31928.00 30014.00 32173.00 28522.00 30169.00 29168.00 27454.00 30036.00 27400.00 26000.00 0.00 ]
08-06 10:09:44.823 24905 24905 I pixel-thermal: VT Estimator returned (ret: 6) for VIRTUAL-SKIN-MODEL. Reading backup sensor [VIRTUAL-SKIN-LEGACY] data to use
08-06 10:09:44.824 24905 24905 I pixel-thermal: VIRTUAL-SKIN-INNER-DISPLAY:30.6328 raw data: VIRTUAL-SKIN-INNER-DISPLAY:30632.8 VIRTUAL-SKIN-OPEN:30632.8
08-06 10:09:44.825 24905 24905 I pixel-thermal: battery:27.4 raw data: battery:27400
08-06 10:09:44.825 24905 24905 I pixel-thermal: gnss_tcxo_therm:30.036 raw data: gnss_tcxo_therm:30036
08-06 10:09:44.825 24905 24905 I pixel-thermal: charger_therm:32.173 raw data: charger_therm:32173
08-06 10:09:44.825 24905 24905 I pixel-thermal: usb_conn_therm:28.522 raw data: usb_conn_therm:28522
08-06 10:09:44.825 24905 24905 I pixel-thermal: modem_therm:30.169 raw data: modem_therm:30169
08-06 10:09:44.854 13242 31685 D ErrorCodeSampler: Logging error code: 17 for the sample interval 10000: false
08-06 10:09:44.870 3807 3807 I SHANNON_IMS: 3879 [CALL] isEmcAvailable for true (ImsCallManager%isEmcAvailable:1620)
08-06 10:09:44.877 28776 28925 W libc : Access denied finding property "persist.adb.tls_server.enable"
08-06 10:09:44.878 28776 28925 W libc : Access denied finding property "service.adb.tls.port"
08-06 10:09:44.907 13242 15114 D downloader2: New request enqueued, running queue: https://www.gstatic.com/mdi-serving/rubidium-adservices-topics-classifier/1986/9e98784bcdb26a3eb2ab3f65ee811f43177c761f
08-06 10:09:44.907 13242 15114 D downloader2: Connectivity satisfied; running request. uri=https://www.gstatic.com/mdi-serving/rubidium-adservices-topics-classifier/1986/9e98784bcdb26a3eb2ab3f65ee811f43177c761f
08-06 10:09:44.910 13242 22049 D downloader2: New request enqueued, running queue: https://www.gstatic.com/mdi-serving/rubidium-adservices-adtech-enrollment/11167/b5d1a96edb6a1f0a4859f71195a3dae118baacfc
08-06 10:09:44.912 26005 26005 D BoundBrokerSvc: onRebind: Intent { act=com.google.android.gms.presencemanager.service.START dat=chimera-action:/... xflg=0x4 cmp=com.google.android.gms/.chimera.PersistentApiService }
08-06 10:09:44.921 26005 26005 D BoundBrokerSvc: onRebind: Intent { act=com.google.android.gms.presencemanager.service.INTERNAL_IDENTITY dat=chimera-action:/... xflg=0x4 cmp=com.google.android.gms/.chimera.PersistentApiService }
08-06 10:09:44.922 1761 1826 I system_server: Background young concurrent mark compact GC freed 70MB AllocSpace bytes, 296(6424KB) LOS objects, 72% free, 141MB/512MB, paused 7.943ms,17.018ms total 211.465ms
08-06 10:09:44.927 1761 3451 D InetDiagMessage: Destroyed 0 sockets, proto=IPPROTO_TCP, family=AF_INET, states=14
08-06 10:09:44.927 11130 31934 W AdvertisingIdSettings: Package com.google.android.apps.nbu.files failed Ad Id permission check. Apps that target Android SDK 33 or higher should declare com.google.android.gms.permission.AD_ID in the app manifest to access Ad Id.
08-06 10:09:44.931 1761 3451 D InetDiagMessage: Destroyed 0 sockets, proto=IPPROTO_TCP, family=AF_INET6, states=14
08-06 10:09:44.931 1761 3451 D InetDiagMessage: Destroyed live tcp sockets for uids={10207} in 7ms
08-06 10:09:44.932 1761 3451 D InetDiagMessage: Destroyed 0 sockets, proto=IPPROTO_TCP, family=AF_INET, states=14
08-06 10:09:44.933 1761 3451 D InetDiagMessage: Destroyed 0 sockets, proto=IPPROTO_TCP, family=AF_INET6, states=14
08-06 10:09:44.933 1761 3451 D InetDiagMessage: Destroyed live tcp sockets for uids={20207} in 2ms
08-06 10:09:44.933 13242 22049 D downloader2: Connectivity satisfied; running request. uri=https://www.gstatic.com/mdi-serving/rubidium-adservices-adtech-enrollment/11167/b5d1a96edb6a1f0a4859f71195a3dae118baacfc
08-06 10:09:44.933 1761 1827 I libbinder.BpBinder: onLastStrongRef automatically unlinking death recipients for binder (0xb400007115742c70) with descriptor: '(not cached)'
08-06 10:09:44.934 13242 22049 I downloader2: Exceeded max concurrent downloads, not running another queued request
08-06 10:09:44.919 13242 16495 D downloader2: New request enqueued, running queue: https://www.gstatic.com/mdi-serving/rubidium-adservices-ui-ota-strings/4265/91ac5d17ab9f2445a3462f98f5249a73e9b0e235
08-06 10:09:44.941 13242 16495 I downloader2: Exceeded max concurrent downloads, not running another queued request
08-06 10:09:44.978 28460 28465 W id.apps.tachyon: Reducing the number of considered missed Gc histogram windows from 265 to 100
08-06 10:09:45.012 13242 31684 D downloader2: Got URL response, starting to read response body. uri=https://www.gstatic.com/mdi-serving/rubidium-adservices-topics-classifier/1986/9e98784bcdb26a3eb2ab3f65ee811f43177c761f
08-06 10:09:45.023 13242 31685 D downloader2: Got URL response, starting to read response body. uri=https://www.gstatic.com/mdi-serving/rubidium-adservices-adtech-enrollment/11167/b5d1a96edb6a1f0a4859f71195a3dae118baacfc
08-06 10:09:45.040 20562 20570 W android.youtube: Suspending all threads took: 12.277ms
08-06 10:09:45.079 17719 31802 I dmoo : (REDACTED) Writing metadata key: %s, corpus: %s
08-06 10:09:45.079 13242 31683 D downloader2: Response body written. bytesWritten=1233, uri=https://www.gstatic.com/mdi-serving/rubidium-adservices-topics-classifier/1986/9e98784bcdb26a3eb2ab3f65ee811f43177c761f
08-06 10:09:45.080 13242 31807 D downloader2: Queued download completed, running queued downloads: https://www.gstatic.com/mdi-serving/rubidium-adservices-topics-classifier/1986/9e98784bcdb26a3eb2ab3f65ee811f43177c761f
08-06 10:09:45.080 13242 31807 D downloader2: Connectivity satisfied; running request. uri=https://www.gstatic.com/mdi-serving/rubidium-adservices-ui-ota-strings/4265/91ac5d17ab9f2445a3462f98f5249a73e9b0e235
08-06 10:09:45.080 13242 31807 I downloader2: Exceeded max concurrent downloads, not running another queued request
08-06 10:09:45.082 13242 31683 D downloader2: Download complete, running queued downloads: https://www.gstatic.com/mdi-serving/rubidium-adservices-topics-classifier/1986/9e98784bcdb26a3eb2ab3f65ee811f43177c761f
08-06 10:09:45.082 13242 31683 I downloader2: Exceeded max concurrent downloads, not running another queued request
08-06 10:09:45.083 13242 31683 D downloader2: Response body written. bytesWritten=286, uri=https://www.gstatic.com/mdi-serving/rubidium-adservices-adtech-enrollment/11167/b5d1a96edb6a1f0a4859f71195a3dae118baacfc
08-06 10:09:45.084 13242 31683 D downloader2: Download complete, running queued downloads: https://www.gstatic.com/mdi-serving/rubidium-adservices-adtech-enrollment/11167/b5d1a96edb6a1f0a4859f71195a3dae118baacfc
08-06 10:09:45.084 13242 31683 I downloader2: Exceeded max concurrent downloads, not running another queued request
08-06 10:09:45.085 13242 31773 D downloader2: Queued download completed, running queued downloads: https://www.gstatic.com/mdi-serving/rubidium-adservices-adtech-enrollment/11167/b5d1a96edb6a1f0a4859f71195a3dae118baacfc
08-06 10:09:45.102 17719 31802 I dmoo : (REDACTED) Writing metadata key: %s, corpus: %s
08-06 10:09:45.128 17719 17894 I dmkg : (REDACTED) Starting batch sync for corpora: %s
08-06 10:09:45.152 17719 31832 I dmoo : The GellerConfig is not present, returning null.
08-06 10:09:45.152 17719 31832 I dmoo : (REDACTED) The GellerConfig is not present, defaulting isUploadEnabled for corpus %s to true.
08-06 10:09:45.159 13242 31683 D downloader2: Got URL response, starting to read response body. uri=https://www.gstatic.com/mdi-serving/rubidium-adservices-ui-ota-strings/4265/91ac5d17ab9f2445a3462f98f5249a73e9b0e235
08-06 10:09:45.171 1761 4412 W ActivityManager: Unable to start service Intent { act=grpc.io.action.BIND xflg=0x4 cmp=com.google.android.inputmethod.latin/com.google.android.apps.inputmethod.libs.nga.impl.KeyboardDictationService } U=0: not found
08-06 10:09:45.172 1761 3905 W ActivityManager: Unbind failed: could not find connection for android.os.BinderProxy@3402b13
08-06 10:09:45.176 17719 31832 I dmkg : (REDACTED) The syncToken for corpus %s is %s and the syncRequestReason is %s
08-06 10:09:45.193 13242 31773 D downloader2: Response body written. bytesWritten=267, uri=https://www.gstatic.com/mdi-serving/rubidium-adservices-ui-ota-strings/4265/91ac5d17ab9f2445a3462f98f5249a73e9b0e235
08-06 10:09:45.196 20562 20570 W android.youtube: Reducing the number of considered missed Gc histogram windows from 102 to 100
08-06 10:09:45.200 13242 31685 D downloader2: Queued download completed, running queued downloads: https://www.gstatic.com/mdi-serving/rubidium-adservices-ui-ota-strings/4265/91ac5d17ab9f2445a3462f98f5249a73e9b0e235
08-06 10:09:45.202 13242 31773 D downloader2: Download complete, running queued downloads: https://www.gstatic.com/mdi-serving/rubidium-adservices-ui-ota-strings/4265/91ac5d17ab9f2445a3462f98f5249a73e9b0e235
08-06 10:09:45.233 13242 23657 D downloader2: New request enqueued, running queue: https://www.gstatic.com/mdi-serving/rubidium-adservices-adtech-enrollment/11167/b5d1a96edb6a1f0a4859f71195a3dae118baacfc
08-06 10:09:45.233 13242 23657 D downloader2: Connectivity satisfied; running request. uri=https://www.gstatic.com/mdi-serving/rubidium-adservices-adtech-enrollment/11167/b5d1a96edb6a1f0a4859f71195a3dae118baacfc
08-06 10:09:45.233 13242 23657 D downloader2: New request enqueued, running queue: https://www.gstatic.com/mdi-serving/rubidium-adservices-topics-classifier/1986/9e98784bcdb26a3eb2ab3f65ee811f43177c761f
08-06 10:09:45.233 13242 23657 D downloader2: Connectivity satisfied; running request. uri=https://www.gstatic.com/mdi-serving/rubidium-adservices-topics-classifier/1986/9e98784bcdb26a3eb2ab3f65ee811f43177c761f
08-06 10:09:45.233 13242 23657 I downloader2: Exceeded max concurrent downloads, not running another queued request
08-06 10:09:45.235 13242 23946 D downloader2: New request enqueued, running queue: https://www.gstatic.com/mdi-serving/rubidium-adservices-ui-ota-strings/4265/91ac5d17ab9f2445a3462f98f5249a73e9b0e235
08-06 10:09:45.235 13242 23946 I downloader2: Exceeded max concurrent downloads, not running another queued request
08-06 10:09:45.278 31878 32529 I ezea : (REDACTED) HDM. appOpsListener %s %s
08-06 10:09:45.278 31878 32529 I ezea : (REDACTED) HDM. Ignoring irrelevant audio permission changes for package %s
08-06 10:09:45.298 13242 31688 D downloader2: Got URL response, starting to read response body. uri=https://www.gstatic.com/mdi-serving/rubidium-adservices-adtech-enrollment/11167/b5d1a96edb6a1f0a4859f71195a3dae118baacfc
08-06 10:09:45.306 13242 31685 D downloader2: Got URL response, starting to read response body. uri=https://www.gstatic.com/mdi-serving/rubidium-adservices-topics-classifier/1986/9e98784bcdb26a3eb2ab3f65ee811f43177c761f
08-06 10:09:45.315 1371 1422 D RILClient: [OemClient]IND: (clientId = 0, msgId = 2016, dataLength = 996, channel = 0)
08-06 10:09:45.321 1371 1422 D RILClient: [OemClient]IND: (clientId = 0, msgId = 2016, dataLength = 996, channel = 0)
08-06 10:09:45.321 1371 1422 D RILClient: [OemClient]IND: (clientId = 0, msgId = 2016, dataLength = 996, channel = 0)
08-06 10:09:45.321 1371 1422 D RILClient: [OemClient]IND: (clientId = 0, msgId = 2016, dataLength = 996, channel = 0)
08-06 10:09:45.321 1371 1422 D RILClient: [OemClient]IND: (clientId = 0, msgId = 2016, dataLength = 996, channel = 0)
08-06 10:09:45.322 3807 3807 I SHANNON_IMS: 3880 [DATA] Received mCellStatus [ 1 ] [ band : 1] (RilIndImsPhysicalChannelConfigs%update:44)
08-06 10:09:45.322 3807 3807 I SHANNON_IMS: 3881 [NETW] #:PURP:# UNSOL {RILC_UNSOL_PHYSICAL_CHANNEL_CONFIGS} : band : 1 (NetworkAdaptor$AdaptorChannel%onMessage:306)
08-06 10:09:45.323 3807 3807 I SHANNON_IMS: 3884 [DATA] Received mCellStatus [ 1 ] [ band : 1] (RilIndImsPhysicalChannelConfigs%update:44)
08-06 10:09:45.323 3807 3807 I SHANNON_IMS: 3885 [NETW] #:PURP:# UNSOL {RILC_UNSOL_PHYSICAL_CHANNEL_CONFIGS} : band : 1 (NetworkAdaptor$AdaptorChannel%onMessage:306)
