08-06 10:09:43.134 24508 31903 I CallLogBackupAgent: Processing PhoneAccountMigration Backup accountId: 3
08-06 10:09:43.134 24508 31903 I CallLogBackupAgent: processing PhoneAccountMigration Found Subid during Backup: 3
08-06 10:09:43.134 24508 31903 I CallLogBackupAgent: Processing PhoneAccountMigration Backup accountId: 3
08-06 10:09:43.134 24508 31903 I CallLogBackupAgent: processing PhoneAccountMigration Found Subid during Backup: 3
08-06 10:09:43.135 24508 31903 I CallLogBackupAgent: Processing PhoneAccountMigration Backup accountId: 3
08-06 10:09:43.135 24508 31903 I CallLogBackupAgent: processing PhoneAccountMigration Found Subid during Backup: 3
08-06 10:09:43.135 24508 31903 I CallLogBackupAgent: Processing PhoneAccountMigration Backup accountId: 3
08-06 10:09:43.135 24508 31903 I CallLogBackupAgent: processing PhoneAccountMigration Found Subid during Backup: 3
08-06 10:09:43.135 24508 31903 I CallLogBackupAgent: Processing PhoneAccountMigration Backup accountId: 3
08-06 10:09:43.135 24508 31903 I CallLogBackupAgent: processing PhoneAccountMigration Found Subid during Backup: 3
08-06 10:09:43.135 24508 31903 I CallLogBackupAgent: Processing PhoneAccountMigration Backup accountId: 3
08-06 10:09:43.135 24508 31903 I CallLogBackupAgent: processing PhoneAccountMigration Found Subid during Backup: 3
08-06 10:09:43.135 24508 31903 I CallLogBackupAgent: Processing PhoneAccountMigration Backup accountId: 3
08-06 10:09:43.135 24508 31903 I CallLogBackupAgent: processing PhoneAccountMigration Found Subid during Backup: 3
08-06 10:09:43.135 24508 31903 I CallLogBackupAgent: Processing PhoneAccountMigration Backup accountId: 3
08-06 10:09:43.135 24508 31903 I CallLogBackupAgent: processing PhoneAccountMigration Found Subid during Backup: 3
08-06 10:09:43.135 24508 31903 I CallLogBackupAgent: Processing PhoneAccountMigration Backup accountId: 3
08-06 10:09:43.135 24508 31903 I CallLogBackupAgent: processing PhoneAccountMigration Found Subid during Backup: 3
08-06 10:09:43.135 24508 31903 I CallLogBackupAgent: Processing PhoneAccountMigration Backup accountId: 3
08-06 10:09:43.135 24508 31903 I CallLogBackupAgent: processing PhoneAccountMigration Found Subid during Backup: 3
08-06 10:09:43.136 24508 31903 I CallLogBackupAgent: Processing PhoneAccountMigration Backup accountId: 3
08-06 10:09:43.136 24508 31903 I CallLogBackupAgent: processing PhoneAccountMigration Found Subid during Backup: 3
08-06 10:09:43.136 24508 31903 I CallLogBackupAgent: Processing PhoneAccountMigration Backup accountId: 3
08-06 10:09:43.136 24508 31903 I CallLogBackupAgent: processing PhoneAccountMigration Found Subid during Backup: 3
08-06 10:09:43.136 24508 31903 I CallLogBackupAgent: Processing PhoneAccountMigration Backup accountId: 3
08-06 10:09:43.136 24508 31903 I CallLogBackupAgent: processing PhoneAccountMigration Found Subid during Backup: 3
08-06 10:09:43.138 24508 31903 I CallLogBackupAgent: processing PhoneAccountMigration Found Subid during Backup: 3
08-06 10:09:43.140 24508 31903 I CallLogBackupAgent: Processing PhoneAccountMigration Backup accountId: 3
08-06 10:09:43.140 24508 31903 I CallLogBackupAgent: processing PhoneAccountMigration Found Subid during Backup: 3
08-06 10:09:43.140 24508 31903 I CallLogBackupAgent: Processing PhoneAccountMigration Backup accountId: 3
08-06 10:09:43.140 24508 31903 I CallLogBackupAgent: processing PhoneAccountMigration Found Subid during Backup: 3
08-06 10:09:43.140 24508 31903 I CallLogBackupAgent: Processing PhoneAccountMigration Backup accountId: 3
08-06 10:09:43.140 24508 31903 I CallLogBackupAgent: processing PhoneAccountMigration Found Subid during Backup: 3
08-06 10:09:43.140 24508 31903 I CallLogBackupAgent: Processing PhoneAccountMigration Backup accountId: 3
08-06 10:09:43.140 24508 31903 I CallLogBackupAgent: processing PhoneAccountMigration Found Subid during Backup: 3
08-06 10:09:43.140 24508 31903 I CallLogBackupAgent: Processing PhoneAccountMigration Backup accountId: 3
08-06 10:09:43.140 24508 31903 I CallLogBackupAgent: processing PhoneAccountMigration Found Subid during Backup: 3
08-06 10:09:43.140 24508 31903 I CallLogBackupAgent: Processing PhoneAccountMigration Backup accountId: 3
08-06 10:09:43.140 24508 31903 I CallLogBackupAgent: processing PhoneAccountMigration Found Subid during Backup: 3
08-06 10:09:43.141 24508 31903 I CallLogBackupAgent: Processing PhoneAccountMigration Backup accountId: 3
08-06 10:09:43.141 24508 31903 I CallLogBackupAgent: processing PhoneAccountMigration Found Subid during Backup: 3
08-06 10:09:43.141 24508 31903 I CallLogBackupAgent: Processing PhoneAccountMigration Backup accountId: 3
08-06 10:09:43.141 24508 31903 I CallLogBackupAgent: processing PhoneAccountMigration Found Subid during Backup: 3
08-06 10:09:43.141 24508 31903 I CallLogBackupAgent: Processing PhoneAccountMigration Backup accountId: 3
08-06 10:09:43.141 24508 31903 I CallLogBackupAgent: processing PhoneAccountMigration Found Subid during Backup: 3
08-06 10:09:43.141 24508 31903 I CallLogBackupAgent: Processing PhoneAccountMigration Backup accountId: 3
08-06 10:09:43.141 24508 31903 I CallLogBackupAgent: processing PhoneAccountMigration Found Subid during Backup: 3
08-06 10:09:43.141 24508 31903 I CallLogBackupAgent: Processing PhoneAccountMigration Backup accountId: 3
08-06 10:09:43.141 24508 31903 I CallLogBackupAgent: processing PhoneAccountMigration Found Subid during Backup: 3
08-06 10:09:43.141 24508 31903 I CallLogBackupAgent: Processing PhoneAccountMigration Backup accountId: 3
08-06 10:09:43.141 24508 31903 I CallLogBackupAgent: processing PhoneAccountMigration Found Subid during Backup: 3
08-06 10:09:43.141 24508 31903 I CallLogBackupAgent: Processing PhoneAccountMigration Backup accountId: 3
08-06 10:09:43.141 24508 31903 I CallLogBackupAgent: processing PhoneAccountMigration Found Subid during Backup: 3
08-06 10:09:43.141 24508 31903 I CallLogBackupAgent: Processing PhoneAccountMigration Backup accountId: 3
08-06 10:09:43.141 24508 31903 I CallLogBackupAgent: processing PhoneAccountMigration Found Subid during Backup: 3
08-06 10:09:43.142 24508 31903 I CallLogBackupAgent: Processing PhoneAccountMigration Backup accountId: 3
08-06 10:09:43.142 24508 31903 I CallLogBackupAgent: processing PhoneAccountMigration Found Subid during Backup: 3
08-06 10:09:43.142 24508 31903 I CallLogBackupAgent: Processing PhoneAccountMigration Backup accountId: 3
08-06 10:09:43.142 24508 31903 I CallLogBackupAgent: processing PhoneAccountMigration Found Subid during Backup: 3
08-06 10:09:43.142 24508 31903 I CallLogBackupAgent: Processing PhoneAccountMigration Backup accountId: 3
08-06 10:09:43.142 24508 31903 I CallLogBackupAgent: processing PhoneAccountMigration Found Subid during Backup: 3
08-06 10:09:43.142 24508 31903 I CallLogBackupAgent: Processing PhoneAccountMigration Backup accountId: 3
08-06 10:09:43.142 24508 31903 I CallLogBackupAgent: processing PhoneAccountMigration Found Subid during Backup: 3
08-06 10:09:43.142 24508 31903 I CallLogBackupAgent: Processing PhoneAccountMigration Backup accountId: 3
08-06 10:09:43.142 24508 31903 I CallLogBackupAgent: processing PhoneAccountMigration Found Subid during Backup: 3
08-06 10:09:43.142 24508 31903 I CallLogBackupAgent: Processing PhoneAccountMigration Backup accountId: 3
08-06 10:09:43.142 24508 31903 I CallLogBackupAgent: processing PhoneAccountMigration Found Subid during Backup: 3
08-06 10:09:43.142 24508 31903 I CallLogBackupAgent: Processing PhoneAccountMigration Backup accountId: 3
08-06 10:09:43.143 24508 31903 I CallLogBackupAgent: processing PhoneAccountMigration Found Subid during Backup: 3
08-06 10:09:43.143 24508 31903 I CallLogBackupAgent: Processing PhoneAccountMigration Backup accountId: 3
08-06 10:09:43.143 24508 31903 I CallLogBackupAgent: processing PhoneAccountMigration Found Subid during Backup: 3
08-06 10:09:43.143 24508 31903 I CallLogBackupAgent: Processing PhoneAccountMigration Backup accountId: 3
08-06 10:09:43.143 24508 31903 I CallLogBackupAgent: processing PhoneAccountMigration Found Subid during Backup: 3
08-06 10:09:43.143 24508 31903 I CallLogBackupAgent: Processing PhoneAccountMigration Backup accountId: 3
08-06 10:09:43.143 24508 31903 I CallLogBackupAgent: processing PhoneAccountMigration Found Subid during Backup: 3
08-06 10:09:43.143 24508 31903 I CallLogBackupAgent: Processing PhoneAccountMigration Backup accountId: 3
08-06 10:09:43.143 24508 31903 I CallLogBackupAgent: processing PhoneAccountMigration Found Subid during Backup: 3
08-06 10:09:43.143 24508 31903 I CallLogBackupAgent: Processing PhoneAccountMigration Backup accountId: 3
08-06 10:09:43.143 24508 31903 I CallLogBackupAgent: processing PhoneAccountMigration Found Subid during Backup: 3
08-06 10:09:43.143 24508 31903 I CallLogBackupAgent: Processing PhoneAccountMigration Backup accountId: 3
08-06 10:09:43.143 24508 31903 I CallLogBackupAgent: processing PhoneAccountMigration Found Subid during Backup: 3
08-06 10:09:43.143 24508 31903 I CallLogBackupAgent: Processing PhoneAccountMigration Backup accountId: 3
08-06 10:09:43.143 24508 31903 I CallLogBackupAgent: processing PhoneAccountMigration Found Subid during Backup: 3
08-06 10:09:43.154 24508 31903 I CallLogBackupAgent: Call logs to be backed up after capping: 1000
08-06 10:09:43.167 24508 31903 I CallLogBackupAgent: Actual backed up call logs count: 1000
08-06 10:09:43.169 1408 2297 D AidlBufferPool: bufferpool2 0xb400007b0c480218 : 0(0 size) total buffers - 0(0 size) used buffers - 0/0 (recycle/alloc) - 0/0 (fetch/transfer)
08-06 10:09:43.170 1408 2297 D AidlBufferPoolAcc: evictor expired: 1, evicted: 1
08-06 10:09:43.175 15953 16715 D AidlBufferPoolAcc: evictor expired: 1, evicted: 0
08-06 10:09:43.186 17719 31837 I dmoo : (REDACTED) Writing metadata key: %s, corpus: %s
08-06 10:09:43.186 17719 31837 I dmoo : (REDACTED) Writing metadata key: %s, corpus: %s
08-06 10:09:43.188 11130 23680 I AndroidBackupEventsLogg: (REDACTED) Logging with sampling event %s
08-06 10:09:43.195 658 31622 W keystore2: system/security/keystore2/watchdog/src/lib.rs:142 - ### Keystore Watchdog report - BEGIN ###
08-06 10:09:43.195 658 31622 W keystore2: system/security/keystore2/watchdog/src/lib.rs:151 - When extracting from a bug report, please include this header
08-06 10:09:43.195 658 31622 W keystore2: system/security/keystore2/watchdog/src/lib.rs:152 - and all 3 records below.
08-06 10:09:43.195 658 31622 W keystore2: system/security/keystore2/watchdog/src/lib.rs:193 - ThreadId(30) IKeystoreService::deleteKey Started:
08-06 02:09:42.693 UTC Pending: 501.72815ms Overdue 1.728923ms
08-06 10:09:43.195 658 31622 W keystore2: system/security/keystore2/watchdog/src/lib.rs:193 - ThreadId(30) LegacyImporter::with_try_import Started:
08-06 02:09:42.693 UTC Pending: 501.739299ms Overdue 1.739625ms
08-06 10:09:43.195 658 31622 W keystore2: system/security/keystore2/watchdog/src/lib.rs:193 - ThreadId(30) KeystoreDB::unbind_key Started:
08-06 02:09:42.693 UTC Pending: 501.755574ms Overdue 1.755941ms
08-06 10:09:43.195 658 31622 W keystore2: system/security/keystore2/watchdog/src/lib.rs:205 - ### Keystore Watchdog report - END ###
08-06 10:09:43.203 17719 17912 I dmkg : (REDACTED) Starting batch sync for corpora: %s
08-06 10:09:43.213 17719 31837 I dmkg : (REDACTED) The syncToken for corpus %s is %s and the syncRequestReason is %s
08-06 10:09:43.223 11130 23680 I AndroidBackupEventsLogg: (REDACTED) Logging with sampling event %s
08-06 10:09:43.244 17719 31741 I dmoo : (REDACTED) Writing metadata key: %s, corpus: %s
08-06 10:09:43.250 17719 31741 I dmoo : (REDACTED) Writing metadata key: %s, corpus: %s
08-06 10:09:43.259 1761 31571 D KeyValueBackupTask: Starting key-value backup of com.snapchat.android
08-06 10:09:43.260 1761 31571 D KeyValueBackupTask: Starting key-value backup of com.google.android.apps.nbu.files
08-06 10:09:43.269 1761 31571 D BackupManagerService: [UserID:0] awaiting agent for com.google.android.apps.nbu.files agentRunsInPcc= false
08-06 10:09:43.270 17719 17912 I dmkg : (REDACTED) Starting batch sync for corpora: %s
08-06 10:09:43.285 658 31622 W keystore2: system/security/keystore2/watchdog/src/lib.rs:142 - ### Keystore Watchdog report - BEGIN ###
08-06 10:09:43.285 658 31622 W keystore2: system/security/keystore2/watchdog/src/lib.rs:151 - When extracting from a bug report, please include this header
08-06 10:09:43.285 658 31622 W keystore2: system/security/keystore2/watchdog/src/lib.rs:152 - and all 6 records below.
08-06 10:09:43.285 658 31622 W keystore2: system/security/keystore2/watchdog/src/lib.rs:193 - ThreadId(30) IKeystoreService::deleteKey Started:
08-06 02:09:42.693 UTC Pending: 592.149659ms Overdue 92.150472ms
08-06 10:09:43.285 658 31622 W keystore2: system/security/keystore2/watchdog/src/lib.rs:193 - ThreadId(30) LegacyImporter::with_try_import Started:
08-06 02:09:42.693 UTC Pending: 592.162069ms Overdue 92.162354ms
08-06 10:09:43.285 658 31622 W keystore2: system/security/keystore2/watchdog/src/lib.rs:193 - ThreadId(30) KeystoreDB::unbind_key Started:
08-06 02:09:42.693 UTC Pending: 592.177978ms Overdue 92.178345ms
08-06 10:09:43.285 658 31622 W keystore2: system/security/keystore2/watchdog/src/lib.rs:193 - ThreadId(6943) KeystoreDB::handle_next_superseded_blob Started:
08-06 02:09:42.783 UTC Pending: 502.429443ms Overdue 2.429891ms
08-06 10:09:43.285 658 31622 W keystore2: system/security/keystore2/watchdog/src/lib.rs:193 - ThreadId(6943) TX_handle_next_superseded_blob Started:
08-06 02:09:42.783 UTC Pending: 502.245321ms Overdue 2.245769ms
08-06 10:09:43.286 658 31622 W keystore2: system/security/keystore2/watchdog/src/lib.rs:193 - ThreadId(6943) KeystoreDB::handle_next_superseded_blob find_next v2 Started:
08-06 02:09:42.784 UTC Pending: 501.223633ms Overdue 1.223958ms
08-06 10:09:43.286 658 31622 W keystore2: system/security/keystore2/watchdog/src/lib.rs:205 - ### Keystore Watchdog report - END ###
08-06 10:09:43.294 17719 31741 I dmkg : (REDACTED) The syncToken for corpus %s is %s and the syncRequestReason is %s
08-06 10:09:43.320 1761 5814 D BackupManagerService: [UserID:0] agentConnected pkg=com.google.android.apps.nbu.files agent=android.os.BinderProxy@757bacb
08-06 10:09:43.320 1761 31571 D KeyValueBackupTask: Invoking agent on com.google.android.apps.nbu.files
08-06 10:09:43.337 471 491 D RemoteListenableDelegatingWorker: Cleaning up
08-06 10:09:43.341 471 491 I WM-WorkerWrapper: Worker result SUCCESS for Work [ id=5b416994-cc3e-4c8e-a01e-01e3b6f22a9b, class=androidx.work.multiprocess.RemoteListenableDelegatingWorker, tags={ com.google.apps.tiktok.contrib.work.TikTokListenableWorker,TikTokWorker#com.google.android.libraries.mdi.download.workmanager.tiktok.TikTokPeriodicWorker } ]
08-06 10:09:43.345 471 471 D WM-Processor: qwz 5b416994-cc3e-4c8e-a01e-01e3b6f22a9b executed; reschedule = false
08-06 10:09:43.345 471 471 D WM-GreedyScheduler: Stopping tracking for WorkGenerationalId(workSpecId=5b416994-cc3e-4c8e-a01e-01e3b6f22a9b, generation=63)
08-06 10:09:43.345 471 471 D WM-SystemJobService: 5b416994-cc3e-4c8e-a01e-01e3b6f22a9b executed on JobScheduler
08-06 10:09:43.361 471 471 D WM-SystemJobService: onStartJob for WorkGenerationalId(workSpecId=35d0bc93-4f0d-423e-ad90-d61f4ef4781d, generation=18573)
08-06 10:09:43.362 471 497 D WM-GreedyScheduler: Cancelling work ID 5b416994-cc3e-4c8e-a01e-01e3b6f22a9b
08-06 10:09:43.372 471 497 D WM-SystemJobScheduler: Scheduling work ID 5b416994-cc3e-4c8e-a01e-01e3b6f22a9b (androidx.work.multiprocess.RemoteListenableDelegatingWorker), Job ID 164043
08-06 10:09:43.375 471 497 D WM-GreedyScheduler: Ignoring {WorkSpec: 519b6a05-8660-4fb9-8564-bf3e6c8964da}. Requires ContentUri triggers.
08-06 10:09:43.375 471 497 D WM-GreedyScheduler: Starting tracking for 17164270-7b7a-4eba-99bc-bac5deab8644,3450f1d7-a44b-4b54-a834-6100404da92f,fe9dd1f4-b277-4641-8279-3169e2e3ecc4
08-06 10:09:43.377 471 497 D WM-Processor: Work WorkGenerationalId(workSpecId=35d0bc93-4f0d-423e-ad90-d61f4ef4781d, generation=18573) is already enqueued for processing
08-06 10:09:43.377 12015 12082 W System.err: java.lang.NullPointerException: url == null
08-06 10:09:43.377 12015 12082 W System.err: at com.bytedance.retrofit2.client.Request$Builder.url(dex-id-c81947cec1cf2c6083ba33a4bc10be8068dd8610:16908297)
08-06 10:09:43.377 12015 12082 W System.err: at com.bytedance.frameworks.baselib.network.http.retrofit.RequestVertifyInterceptor.tryAddRequestVertifyParams(dex-id-c81947cec1cf2c6083ba33a4bc10be8068dd8610:17039390)
08-06 10:09:43.377 12015 12082 W System.err: at com.bytedance.frameworks.baselib.network.http.retrofit.RequestVertifyInterceptor.interceptofend(dex-id-c81947cec1cf2c6083ba33a4bc10be8068dd8610:16908297)
08-06 10:09:43.377 12015 12082 W System.err: at com.bytedance.frameworks.baselib.network.http.retrofit.RequestVertifyInterceptor.intercept(dex-id-c81947cec1cf2c6083ba33a4bc10be8068dd8610:16973828)
08-06 10:09:43.377 12015 12082 W System.err: at com.bytedance.retrofit2.intercept.RealInterceptorChain.proceed(dex-id-af9d1735425eb709daf9770acfa56e721a518d8a:17236130)
08-06 10:09:43.377 12015 12082 W System.err: at com.bytedance.privacy.dispatch.monitor.BootDomainInterceptor.intercept(dex-id-c81947cec1cf2c6083ba33a4bc10be8068dd8610:17170460)
08-06 10:09:43.377 12015 12082 W System.err: at com.bytedance.retrofit2.intercept.RealInterceptorChain.proceed(dex-id-af9d1735425eb709daf9770acfa56e721a518d8a:17236130)
08-06 10:09:43.378 12015 12082 W System.err: at com.bytedance.privacy.region.CdnRegionInterceptor.intercept(dex-id-c81947cec1cf2c6083ba33a4bc10be8068dd8610:17235977)
08-06 10:09:43.378 12015 12082 W System.err: at com.bytedance.retrofit2.intercept.RealInterceptorChain.proceed(dex-id-af9d1735425eb709daf9770acfa56e721a518d8a:17236130)
08-06 10:09:43.378 12015 12082 W System.err: at com.bytedance.frameworks.baselib.network.http.retrofit.BaseSsInterceptor.intercept(dex-id-c81947cec1cf2c6083ba33a4bc10be8068dd8610:16973846)
08-06 10:09:43.378 12015 12082 W System.err: at com.bytedance.retrofit2.intercept.RealInterceptorChain.proceed(dex-id-af9d1735425eb709daf9770acfa56e721a518d8a:17236130)
08-06 10:09:43.378 12015 12082 W System.err: at com.bytedance.retrofit2.SsHttpCall.getResponseWithInterceptorChain(dex-id-af9d1735425eb709daf9770acfa56e721a518d8a:327790)
08-06 10:09:43.378 12015 12082 W System.err: at com.bytedance.retrofit2.SsHttpCall.execute(dex-id-af9d1735425eb709daf9770acfa56e721a518d8a:327713)
08-06 10:09:43.378 12015 12082 W System.err: at com.bytedance.retrofit2.ExecutorCallAdapterFactory$ExecutorCallbackCall.execute(dex-id-af9d1735425eb709daf9770acfa56e721a518d8a:65538)
08-06 10:09:43.378 12015 12082 W System.err: at com.bytedance.apm.impl.DefaultTTNetImpl.doPost(dex-id-9bbec27578deb247dfc0e20940a4dc66c5efdd5b:50659360)
08-06 10:09:43.378 12015 12082 W System.err: at com.bytedance.framwork.core.sdkmonitor.SDKMonitor$6.run(dex-id-9bbec27578deb247dfc0e20940a4dc66c5efdd5b:393288)
08-06 10:09:43.378 12015 12082 W System.err: at android.os.Handler.handleCallback(Handler.java:1095)
08-06 10:09:43.378 12015 12082 W System.err: at android.os.Handler.dispatchMessageImpl(Handler.java:135)
08-06 10:09:43.378 12015 12082 W System.err: at android.os.Handler.dispatchMessage(Handler.java:125)
08-06 10:09:43.378 12015 12082 W System.err: at android.os.Looper.loopOnce(Looper.java:296)
08-06 10:09:43.378 12015 12082 W System.err: at android.os.Looper.loop(Looper.java:397)
08-06 10:09:43.378 12015 12082 W System.err: at com.bytedance.framwork.core.sdklib.thread.ThreadWithHandler$InnerThread.bpea_origin_onLooperPrepared(dex-id-9bbec27578deb247dfc0e20940a4dc66c5efdd5b:262176)
08-06 10:09:43.378 12015 12082 W System.err: at com.bytedance.framwork.core.sdklib.thread.ThreadWithHandler$InnerThread.onLooperPrepared(dex-id-9bbec27578deb247dfc0e20940a4dc66c5efdd5b:8)
08-06 10:09:43.378 12015 12082 W System.err: at android.os.HandlerThread.run(HandlerThread.java:138)
08-06 10:09:43.380 12015 12082 D Helios:Network-White: Block request mon.isnssdk.com
08-06 10:09:43.600 1761 31571 D BackupManagerConstants: getBackupFinishedNotificationReceivers(...) returns
08-06 10:09:43.602 11130 23680 I AndroidBackupEventsLogg: (REDACTED) Logging with sampling event %s
08-06 10:09:43.619 26005 26005 D BoundBrokerSvc: onUnbind: Intent { act=com.google.android.gms.clearcut.sampler.service.START dat=chimera-action:/... xflg=0x4 cmp=com.google.android.gms/.chimera.PersistentDirectBootAwareApiService }
08-06 10:09:43.624 11130 23680 W Backup : [GmsBackupTransport] Error logging monitor event
08-06 10:09:43.633 1761 31571 D KeyValueBackupTask: Starting key-value backup of com.google.android.youtube
08-06 10:09:43.648 1207 3941 D AudioFlinger: onStateChanged: pid:20562 uid:10224 state:unfrozen - no freeze activity
08-06 10:09:43.669 1761 31571 D ActivityManager: sync unfroze 20562 com.google.android.youtube for 22
08-06 10:09:43.687 31878 32529 I ezea : (REDACTED) HDM. appOpsListener %s %s
08-06 10:09:43.687 31878 32529 I ezea : (REDACTED) HDM. Ignoring irrelevant audio permission changes for package %s
08-06 10:09:43.688 1761 31571 D BackupManagerService: [UserID:0] awaiting agent for com.google.android.youtube agentRunsInPcc= false
08-06 10:09:43.728 658 31772 I keystore2: system/security/keystore2/watchdog/src/lib.rs:224 - Watchdog complete for: ThreadId(6943) KeystoreDB::handle_next_superseded_blob delete v2 Started:
08-06 02:09:42.811 UTC Pending: 916.818685ms Overdue 416.818929ms
08-06 10:09:43.728 658 31772 I keystore2: system/security/keystore2/watchdog/src/lib.rs:224 - Watchdog complete for: ThreadId(6943) KeystoreDB::handle_next_superseded_blob load_metadata Started:
08-06 02:09:42.811 UTC Pending: 916.973634ms Overdue 416.974895ms
08-06 10:09:43.728 658 31772 I keystore2: system/security/keystore2/watchdog/src/lib.rs:224 - Watchdog complete for: ThreadId(6943) KeystoreDB::handle_next_superseded_blob find_next v2 Started:
08-06 02:09:42.784 UTC Pending: 944.063843ms Overdue 444.064128ms
08-06 10:09:43.728 658 31772 I keystore2: system/security/keystore2/watchdog/src/lib.rs:224 - Watchdog complete for: ThreadId(6943) TX_handle_next_superseded_blob Started:
08-06 02:09:42.783 UTC Pending: 945.113851ms Overdue 445.114218ms
08-06 10:09:43.730 658 31772 I keystore2: system/security/keystore2/watchdog/src/lib.rs:224 - Watchdog complete for: ThreadId(6943) KeystoreDB::handle_next_superseded_blob Started:
08-06 02:09:42.783 UTC Pending: 946.511719ms Overdue 446.512126ms
08-06 10:09:43.734 471 31677 I SQLiteConnection: Long db operation: /data/user/0/com.google.android.googlequicksearchbox/databases/XX@YY
08-06 10:09:43.745 1761 5814 D ConnectivityService: Returning UNBLOCKED NetworkInfo to uid=10224
08-06 10:09:43.754 658 31622 W keystore2: system/security/keystore2/watchdog/src/lib.rs:142 - ### Keystore Watchdog report - BEGIN ###
08-06 10:09:43.755 658 31622 W keystore2: system/security/keystore2/watchdog/src/lib.rs:151 - When extracting from a bug report, please include this header
08-06 10:09:43.755 658 31622 W keystore2: system/security/keystore2/watchdog/src/lib.rs:152 - and all 3 records below.
08-06 10:09:43.755 658 31622 W keystore2: system/security/keystore2/watchdog/src/lib.rs:193 - ThreadId(30) IKeystoreService::deleteKey Started:
08-06 02:09:42.693 UTC Pending: 1.061382447s Overdue 561.38322ms
08-06 10:09:43.755 658 31622 W keystore2: system/security/keystore2/watchdog/src/lib.rs:193 - ThreadId(30) LegacyImporter::with_try_import Started:
08-06 02:09:42.693 UTC Pending: 1.061399577s Overdue 561.399863ms
08-06 10:09:43.755 658 31622 W keystore2: system/security/keystore2/watchdog/src/lib.rs:193 - ThreadId(30) KeystoreDB::unbind_key Started:
08-06 02:09:42.693 UTC Pending: 1.061417643s Overdue 561.418051ms
08-06 10:09:43.755 658 31622 W keystore2: system/security/keystore2/watchdog/src/lib.rs:205 - ### Keystore Watchdog report - END ###
08-06 10:09:43.755 658 11910 I keystore2: system/security/keystore2/watchdog/src/lib.rs:224 - Watchdog complete for: ThreadId(30) KeystoreDB::unbind_key Started:
08-06 02:09:42.693 UTC Pending: 1.061578532s Overdue 561.57894ms
08-06 10:09:43.755 658 11910 I keystore2: system/security/keystore2/watchdog/src/lib.rs:224 - Watchdog complete for: ThreadId(30) LegacyImporter::with_try_import Started:
08-06 02:09:42.693 UTC Pending: 1.061645753s Overdue 561.646078ms
08-06 10:09:43.755 658 11910 I keystore2: system/security/keystore2/watchdog/src/lib.rs:224 - Watchdog complete for: ThreadId(30) IKeystoreService::deleteKey Started:
08-06 02:09:42.693 UTC Pending: 1.061791342s Overdue 561.792156ms
08-06 10:09:43.755 658 11910 W libbinder.Binder: Binder transaction to android.system.keystore2.IKeystoreService, function: deleteKey, code: 5, took 1061ms. Data bytes: 256 Reply bytes: 320 Flags: 18
08-06 10:09:43.768 11130 11130 D BoundBrokerSvc: onUnbind: Intent { act=com.google.android.gms.potokens.service.START dat=chimera-action:/... xflg=0x4 cmp=com.google.android.gms/.chimera.GmsApiService }
08-06 10:09:43.823 11130 11130 D BoundBrokerSvc: onRebind: Intent { act=com.google.android.gms.potokens.service.START dat=chimera-action:/... xflg=0x4 cmp=com.google.android.gms/.chimera.GmsApiService }
08-06 10:09:43.824 15953 23157 E fb4a.msys: E[N WCCConnectionMEM]_WCCConnectionMEMEmitStateChange(3230)=>[INFO] connection/new_state/connecting [connection_id=14571979, wcc_source=1, wcc_reason=18]
08-06 10:09:43.824 15953 23157 E fb4a.msys: E[C MEMConnectionManager]_MEMConnectionManagerStateChangeHandler(638)=>[Critical] MEMConnectionState updated to ID: 1 with connectionId: 14571979
08-06 10:09:43.835 15953 23157 E fb4a.msys: E[N WCCConnectionMEM]_WCCConnectionMEMDoConnectWithAuthKeys(1576)=>[INFO] connection/connect/start/[host=chat-e2ee-mini.facebook.com port=5222]/[57.145.8.8:5222]/socketAddressCount=1
08-06 10:09:43.835 15953 23157 E fb4a.msys: E[N WCCConnectionMEM]_WCCConnectionMEMLifecycleEventHandler(2206)=>[INFO] connection/xmpp/lifecycle_event/will-connect
08-06 10:09:43.835 15953 23157 E fb4a.msys: E[A WA]WCCHandshakeCreate(191)=>handshake/create, pq mode:0
08-06 10:09:43.845 15953 16206 E fb4a.msys: E[N mns:DGWClient]_LogError(328)=>Failed to resolve using system DNS resolver, getaddrinfo(): No address associated with hostname
08-06 10:09:43.851 15953 28612 W X.7Qv : Exception thrown during refresh
08-06 10:09:43.851 15953 28612 W X.7Qv : java.util.concurrent.ExecutionException: java.net.UnknownHostException: Unable to resolve host "chat-e2ee-mini.facebook.com": No address associated with hostname
08-06 10:09:43.851 15953 28612 W X.7Qv : at com.google.common.util.concurrent.AbstractFuture.getDoneValue(:21)
08-06 10:09:43.851 15953 28612 W X.7Qv : at com.google.common.util.concurrent.AbstractFuture.get(:268435506)
08-06 10:09:43.851 15953 28612 W X.7Qv : at X.1KU.A00(:1)
08-06 10:09:43.851 15953 28612 W X.7Qv : at com.google.common.cache.LocalCache$Segment.A06(:0)
08-06 10:09:43.851 15953 28612 W X.7Qv : at X.6jF.run(:10)
08-06 10:09:43.851 15953 28612 W X.7Qv : at X.3D3.execute(:0)
08-06 10:09:43.851 15953 28612 W X.7Qv : at com.google.common.util.concurrent.AbstractFuture.executeListener(:0)
08-06 10:09:43.851 15953 28612 W X.7Qv : at com.google.common.util.concurrent.AbstractFuture.complete(:58)
08-06 10:09:43.851 15953 28612 W X.7Qv : at com.google.common.util.concurrent.AbstractFuture.setException(:20)
08-06 10:09:43.851 15953 28612 W X.7Qv : at X.2Ca.run(:70)
08-06 10:09:43.851 15953 28612 W X.7Qv : at X.3D3.execute(:0)
08-06 10:09:43.851 15953 28612 W X.7Qv : at X.1B6.A00(:0)
08-06 10:09:43.851 15953 28612 W X.7Qv : at X.1B6.A01(:31)
08-06 10:09:43.851 15953 28612 W X.7Qv : at X.6jE.done(:2)
08-06 10:09:43.851 15953 28612 W X.7Qv : at java.util.concurrent.FutureTask.finishCompletion(FutureTask.java:445)
08-06 10:09:43.851 15953 28612 W X.7Qv : at java.util.concurrent.FutureTask.setException(FutureTask.java:314)
08-06 10:09:43.851 15953 28612 W X.7Qv : at java.util.concurrent.FutureTask.run(FutureTask.java:333)
08-06 10:09:43.851 15953 28612 W X.7Qv : at X.3Co.run(:2)
08-06 10:09:43.851 15953 28612 W X.7Qv : at java.util.concurrent.ThreadPoolExecutor.runWorker(ThreadPoolExecutor.java:1100)
08-06 10:09:43.851 15953 28612 W X.7Qv : at java.util.concurrent.ThreadPoolExecutor$Worker.run(ThreadPoolExecutor.java:624)
08-06 10:09:43.851 15953 28612 W X.7Qv : at X.1CL.run(:3)
08-06 10:09:43.851 15953 28612 W X.7Qv : at X.1CN.run(:17)
08-06 10:09:43.851 15953 28612 W X.7Qv : at java.lang.Thread.run(Thread.java:1572)
08-06 10:09:43.851 15953 28612 W X.7Qv : Caused by: java.net.UnknownHostException: Unable to resolve host "chat-e2ee-mini.facebook.com": No address associated with hostname
08-06 10:09:43.851 15953 28612 W X.7Qv : at java.net.Inet6AddressImpl.lookupHostByName(Inet6AddressImpl.java:124)
08-06 10:09:43.851 15953 28612 W X.7Qv : at java.net.Inet6AddressImpl.lookupAllHostAddr(Inet6AddressImpl.java:103)
08-06 10:09:43.851 15953 28612 W X.7Qv : at java.net.InetAddress.getAllByName(InetAddress.java:1152)
08-06 10:09:43.851 15953 28612 W X.7Qv : at X.7Qm.A01(:53)
08-06 10:09:43.851 15953 28612 W X.7Qv : at X.6jD.call(:6)
08-06 10:09:43.851 15953 28612 W X.7Qv : at java.util.concurrent.FutureTask.run(FutureTask.java:328)
08-06 10:09:43.851 15953 28612 W X.7Qv : ... 6 more
08-06 10:09:43.852 15953 15953 E fb4a.Execution: Redirecting MSYS Execution scheduling from the UI thread to a custom executor
08-06 10:09:43.855 15953 23252 E fb4a.msys: E[N MCCWLigerStream]_NetworkChangedCallbackInternal(68)=>network state change to disconnected source=1
08-06 10:09:43.857 15953 23261 E fb4a.msys: E[C mem.context]_LogNetworkStateUpdate(7845)=>[Critical] network_state/prev/1/new/2/source/1
08-06 10:09:43.857 15953 23261 E fb4a.msys: E[C MEMConnectionManager]_NetworkDisconnectedConnectionEventHandler(1593)=>[Debug] Start _NetworkDisconnectedConnectionEventHandler.
08-06 10:09:43.858 15953 23261 E fb4a.msys: E[C 1]_MCCLogErrorInternal(331)=>8/1199/738/-1
08-06 10:09:43.859 15953 23261 E fb4a.msys: E[C MEMConnectionManager]_NetworkDisconnectedConnectionEventHandler(1610)=>[Debug] End _NetworkDisconnectedConnectionEventHandler.
08-06 10:09:43.870 15953 23157 E fb4a.msys: E[C MEMConnectionManager]__DisconnectIfNeededOnNetworkContextAsyncImpl(1364)=>[Critical] Call WCCConnectionMEMDisconnectImmediately with event id: 5
08-06 10:09:43.872 15953 23157 E fb4a.msys: E[N WCCConnectionMEM]_WCCConnectionMEMDoDisconnect(1933)=>[INFO] connection/disconnect/[internalState=3]
08-06 10:09:43.872 15953 23157 E fb4a.msys: E[N WA]WCCXMPPStreamDisconnectImmediately(917)=>[WARNING] xmpp/disconnect/immediate in state=0 reason={stateChangeSource: 0, stateChangeReason: 0}
08-06 10:09:43.872 15953 23157 E fb4a.msys: E[N WA]_WCCXMPPStreamDisconnectHandler(344)=>xmpp/disconnect - WCIStreamStateErrorCode: 1, domain: WCIStreamState, subdomain: happyeyeballs: Error Domain=WCIStreamState Code=1 UserInfo=0x23a6c6b4c0 {MCFErrorDirectUnderlyingErrorKey=0xb400006ff55be210 "Error Domain=happyeyeballs Code=1"}
08-06 10:09:43.872 15953 23157 E fb4a.msys: E[N WCCConnectionMEM]_WCCConnectionMEMLifecycleEventHandler(2214)=>[INFO] connection/xmpp/lifecycle_event/not-connected, [0.0372s]
08-06 10:09:43.872 15953 23157 E fb4a.msys: E[N WA]_WCCXMPPStreamDoDisconnect(1319)=>xmpp/disconnect - flags: 34
08-06 10:09:43.872 15953 23157 E fb4a.msys: E[N WCCConnectionMEM]_WCCConnectionMEMDisconnectHandler(2312)=>connection/disconnected, handshake failure
08-06 10:09:43.873 15953 23157 E fb4a.msys: E[N WCCConnectionMEM]_WCCConnectionMEMEmitStateChange(3230)=>[INFO] connection/new_state/not-connected [connection_id=14571978, wcc_source=0, wcc_reason=0]
08-06 10:09:43.875 15953 23157 E fb4a.msys: E[C MEMConnectionManager]_MEMConnectionManagerStateChangeHandler(638)=>[Critical] MEMConnectionState updated to ID: 0 with connectionId: 14571978
08-06 10:09:43.887 1761 3905 D BackupManagerService: [UserID:0] agentConnected pkg=com.google.android.youtube agent=android.os.BinderProxy@9dce6d9
08-06 10:09:43.888 1761 31571 D KeyValueBackupTask: Invoking agent on com.google.android.youtube
08-06 10:09:43.946 20562 20576 D BackupHelperDispatcher: handling existing helper 'DATABASES' android.app.backup.FileBackupHelper@b020a1a
08-06 10:09:43.949 20562 20576 D BackupHelperDispatcher: handling existing helper 'persistent_backup_agent_helper_prefs' android.app.backup.SharedPreferencesBackupHelper@90e694b
08-06 10:09:43.961 20562 20576 D BackupHelperDispatcher: handling existing helper 'protodatastore' android.app.backup.FileBackupHelper@4e1c5d4
08-06 10:09:43.996 26005 26005 D BoundBrokerSvc: onUnbind: Intent { act=com.google.android.gms.common.telemetry.service.START dat=chimera-action:/... xflg=0x4 cmp=com.google.android.gms/.chimera.PersistentApiService }
08-06 10:09:43.996 17719 31741 I dmoo : (REDACTED) Writing metadata key: %s, corpus: %s
08-06 10:09:44.005 11130 24536 I AndroidBackupEventsLogg: (REDACTED) Logging with sampling event %s
08-06 10:09:44.009 17719 31741 I dmoo : (REDACTED) Writing metadata key: %s, corpus: %s
08-06 10:09:44.012 17719 31741 I dmoo : (REDACTED) Writing metadata key: %s, corpus: %s
08-06 10:09:44.012 17719 31741 I dmoo : (REDACTED) Writing metadata key: %s, corpus: %s
08-06 10:09:44.013 17719 31741 I dmoo : (REDACTED) Writing metadata key: %s, corpus: %s
08-06 10:09:44.013 17719 31741 I dmoo : (REDACTED) Writing metadata key: %s, corpus: %s
08-06 10:09:44.039 26223 31916 I FA : Tag Manager is not found and thus will not be used
08-06 10:09:44.039 17719 17943 I dmkg : (REDACTED) Starting batch sync for corpora: %s
08-06 10:09:44.040 17719 17943 I dmkg : (REDACTED) Starting batch sync for corpora: %s
08-06 10:09:44.071 17719 17912 I dmkg : (REDACTED) Starting batch sync for corpora: %s
08-06 10:09:44.120 17719 31741 I dmkg : (REDACTED) The syncToken for corpus %s is %s and the syncRequestReason is %s
08-06 10:09:44.170 1408 2297 D AidlBufferPool: bufferpool2 0xb400007b0c46e358 : 10(40960 size) total buffers - 9(36864 size) used buffers - 4/14 (recycle/alloc) - 10/14 (fetch/transfer)
08-06 10:09:44.170 1408 2297 D AidlBufferPoolAcc: evictor expired: 3, evicted: 1
08-06 10:09:44.176 15953 16715 D AidlBufferPool: bufferpool2 0xb4000070e59091b8 : 5(40960 size) total buffers - 0(0 size) used buffers - 12/17 (recycle/alloc) - 5/17 (fetch/transfer)
08-06 10:09:44.176 15953 16715 D AidlBufferPoolAcc: evictor expired: 2, evicted: 1
08-06 10:09:44.191 17719 31837 I dmkg : (REDACTED) The syncToken for corpus %s is %s and the syncRequestReason is %s
08-06 10:09:44.213 26145 26166 W libbinder.Binder: Binder transaction to android.accounts.IAccountAuthenticator, function: UNKNOWN_FUNCTION_NAME, code: 3, took 1500ms. Data bytes: 492 Reply bytes: 0 Flags: 17
08-06 10:09:44.268 11130 24536 I AndroidBackupEventsLogg: (REDACTED) Logging with sampling event %s
08-06 10:09:44.277 1761 31571 D KeyValueBackupTask: Starting key-value backup of com.google.android.apps.tachyon
08-06 10:09:44.283 1761 31571 D ActivityManager: sync unfroze 28460 com.google.android.apps.tachyon for 22
08-06 10:09:44.284 1761 31571 D BackupManagerService: [UserID:0] awaiting agent for com.google.android.apps.tachyon agentRunsInPcc= false
08-06 10:09:44.288 31878 32529 I ezea : (REDACTED) HDM. appOpsListener %s %s
08-06 10:09:44.288 31878 32529 I ezea : (REDACTED) HDM. Ignoring irrelevant audio permission changes for package %s
08-06 10:09:44.305 5778 20709 W brella.TrainingJob: Training ended with error (hasRetryWindow=true).
08-06 10:09:44.310 17719 31803 I dmoo : (REDACTED) Writing metadata key: %s, corpus: %s
08-06 10:09:44.311 17719 31803 I dmoo : (REDACTED) Writing metadata key: %s, corpus: %s
08-06 10:09:44.314 17719 31834 I dmkg : (REDACTED) The syncToken for corpus %s is %s and the syncRequestReason is %s
08-06 10:09:44.316 26145 26153 E gcblocker: too long GC blocking: 5
08-06 10:09:44.316 26145 26153 E gcblocker: gc block end, 412976165,100
08-06 10:09:44.320 17719 17943 I dmkg : (REDACTED) Starting batch sync for corpora: %s
08-06 10:09:44.343 1761 5814 D ConnectivityService: Returning UNBLOCKED NetworkInfo to uid=10205
08-06 10:09:44.353 1761 3905 W JobScheduler: Job didn't exist in JobStore: eb98dfa #u0a170/-546068258 com.google.android.as.oss/com.google.android.gms.learning.internal.training.InAppJobService
08-06 10:09:44.388 13242 22049 D downloader2: New request enqueued, running queue: https://www.gstatic.com/mdi-serving/rubidium-adservices-ui-ota-strings/4265/91ac5d17ab9f2445a3462f98f5249a73e9b0e235
08-06 10:09:44.388 13242 22049 D downloader2: Connectivity satisfied; running request. uri=https://www.gstatic.com/mdi-serving/rubidium-adservices-ui-ota-strings/4265/91ac5d17ab9f2445a3462f98f5249a73e9b0e235
08-06 10:09:44.389 13242 15114 D downloader2: New request enqueued, running queue: https://www.gstatic.com/mdi-serving/rubidium-adservices-topics-classifier/1986/9e98784bcdb26a3eb2ab3f65ee811f43177c761f
08-06 10:09:44.389 13242 15114 D downloader2: Connectivity satisfied; running request. uri=https://www.gstatic.com/mdi-serving/rubidium-adservices-topics-classifier/1986/9e98784bcdb26a3eb2ab3f65ee811f43177c761f
08-06 10:09:44.389 13242 15114 I downloader2: Exceeded max concurrent downloads, not running another queued request
08-06 10:09:44.390 17719 31476 I dmkg : (REDACTED) The syncToken for corpus %s is %s and the syncRequestReason is %s
08-06 10:09:44.390 13242 24232 D downloader2: New request enqueued, running queue: https://www.gstatic.com/mdi-serving/rubidium-adservices-adtech-enrollment/11167/b5d1a96edb6a1f0a4859f71195a3dae118baacfc
08-06 10:09:44.390 13242 24232 I downloader2: Exceeded max concurrent downloads, not running another queued request
08-06 10:09:44.444 11130 31934 D AdvertisingIdClient: AdvertisingIdClient already created.
08-06 10:09:44.444 11130 31934 D AdvertisingIdClient: AdvertisingIdClient is not bounded. Starting to bind it...
08-06 10:09:44.447 1761 3905 D BackupManagerService: [UserID:0] agentConnected pkg=com.google.android.apps.tachyon agent=android.os.BinderProxy@bea72f1
08-06 10:09:44.447 1761 31571 D KeyValueBackupTask: Invoking agent on com.google.android.apps.tachyon
08-06 10:09:44.459 28460 31304 I TY_BackupAgent: [13427:054][31304] Backup initiated.
08-06 10:09:44.459 11130 31934 D AdvertisingIdClient: AdvertisingIdClient is bounded
08-06 10:09:44.484 1450 1450 I adbd : adbd service requested 'shell,v2,TERM=xterm:export ANDROID_LOG_TAGS=''; exec logcat '-d' '-v' 'brief''
08-06 10:09:44.495 11130 31934 W AdvertisingIdSettings: Package com.google.android.apps.nbu.files failed Ad Id permission check. Apps that target Android SDK 33 or higher should declare com.google.android.gms.permission.AD_ID in the app manifest to access Ad Id.
08-06 10:09:44.496 11130 31934 I AdvertisingIdClient: shouldSendLog 581653980
08-06 10:09:44.496 11130 31934 I AdvertisingIdClient: GetInfoInternal elapse 52ms
08-06 10:09:44.514 28460 31304 D BackupHelperDispatcher: handling existing helper 'persistent_backup_agent_helper_prefs' android.app.backup.SharedPreferencesBackupHelper@df2bda0
08-06 10:09:44.522 1761 31571 D BackupManagerConstants: getBackupFinishedNotificationReceivers(...) returns
08-06 10:09:44.523 11130 24536 I AndroidBackupEventsLogg: (REDACTED) Logging with sampling event %s
08-06 10:09:44.524 11130 23680 W Backup : [GmsBackupTransport] Error logging monitor event
08-06 10:09:44.536 13242 31684 D downloader2: Got URL response, starting to read response body. uri=https://www.gstatic.com/mdi-serving/rubidium-adservices-topics-classifier/1986/9e98784bcdb26a3eb2ab3f65ee811f43177c761f
08-06 10:09:44.562 17719 31476 I dmoo : (REDACTED) Writing metadata key: %s, corpus: %s
08-06 10:09:44.568 13242 31688 D downloader2: Got URL response, starting to read response body. uri=https://www.gstatic.com/mdi-serving/rubidium-adservices-ui-ota-strings/4265/91ac5d17ab9f2445a3462f98f5249a73e9b0e235
08-06 10:09:44.570 1761 31571 D KeyValueBackupTask: Starting key-value backup of android
08-06 10:09:44.577 17719 31476 I dmoo : (REDACTED) Writing metadata key: %s, corpus: %s
08-06 10:09:44.592 1761 31571 D BackupManagerService: [UserID:0] awaiting agent for android agentRunsInPcc= false
08-06 10:09:44.593 1761 1761 D BackupManagerService: [UserID:0] agentConnected pkg=android agent=android.app.backup.BackupAgent$BackupServiceBinder@60d6a74
08-06 10:09:44.594 1761 31571 D KeyValueBackupTask: Invoking agent on android
08-06 10:09:44.597 17719 17895 I dmkg : (REDACTED) Starting batch sync for corpora: %s
08-06 10:09:44.600 26005 26005 D BoundBrokerSvc: onRebind: Intent { act=com.google.android.gms.common.telemetry.service.START dat=chimera-action:/... xflg=0x4 cmp=com.google.android.gms/.chimera.PersistentApiService }
08-06 10:09:44.602 1761 31571 D BackupHelperDispatcher: handling existing helper 'account_manager' com.android.server.backup.AccountManagerBackupHelper@c78133f
08-06 10:09:44.616 1761 31571 D BackupHelperDispatcher: handling existing helper 'account_sync_settings' com.android.server.backup.AccountSyncSettingsBackupHelper@6b7940c
08-06 10:09:44.633 4189 4392 D IwlanNetworkService[0]: : reg state REGISTRATION_STATE_HOME
08-06 10:09:44.636 13242 31685 D downloader2: Response body written. bytesWritten=1233, uri=https://www.gstatic.com/mdi-serving/rubidium-adservices-topics-classifier/1986/9e98784bcdb26a3eb2ab3f65ee811f43177c761f
08-06 10:09:44.637 13242 31687 D downloader2: Queued download completed, running queued downloads: https://www.gstatic.com/mdi-serving/rubidium-adservices-topics-classifier/1986/9e98784bcdb26a3eb2ab3f65ee811f43177c761f
08-06 10:09:44.637 13242 31687 D downloader2: Connectivity satisfied; running request. uri=https://www.gstatic.com/mdi-serving/rubidium-adservices-adtech-enrollment/11167/b5d1a96edb6a1f0a4859f71195a3dae118baacfc
08-06 10:09:44.637 13242 31687 I downloader2: Exceeded max concurrent downloads, not running another queued request
08-06 10:09:44.638 13242 31683 D downloader2: Response body written. bytesWritten=267, uri=https://www.gstatic.com/mdi-serving/rubidium-adservices-ui-ota-strings/4265/91ac5d17ab9f2445a3462f98f5249a73e9b0e235
08-06 10:09:44.639 13242 31807 D downloader2: Queued download completed, running queued downloads: https://www.gstatic.com/mdi-serving/rubidium-adservices-ui-ota-strings/4265/91ac5d17ab9f2445a3462f98f5249a73e9b0e235
08-06 10:09:44.640 13242 31773 D downloader2: Download complete, running queued downloads: https://www.gstatic.com/mdi-serving/rubidium-adservices-ui-ota-strings/4265/91ac5d17ab9f2445a3462f98f5249a73e9b0e235
08-06 10:09:44.647 13242 31685 D downloader2: Download complete, running queued downloads: https://www.gstatic.com/mdi-serving/rubidium-adservices-topics-classifier/1986/9e98784bcdb26a3eb2ab3f65ee811f43177c761f
08-06 10:09:44.651 1371 1422 D RILClient: [OemClient]IND: (clientId = 0, msgId = 3005, dataLength = 24, channel = 0)
08-06 10:09:44.653 17719 31478 I dmkg : (REDACTED) The syncToken for corpus %s is %s and the syncRequestReason is %s
08-06 10:09:44.657 3807 3807 I SHANNON_IMS: 3852 [NETW] #:PURP:# UNSOL {RILC_UNSOL_IMS_SUPPORT_SERVICE} : VoPS : 1 EMC : 1 SIM_IDX : 0 RAT : 14 REG_STATE : 1 CELL_ID : 151108118 LAC/TAC : 36912 PLMN : 50501 (NetworkAdaptor$AdaptorChannel%onMessage:306)
08-06 10:09:44.657 3807 3807 I SHANNON_IMS: 3853 [CONN] #:ORNG:# supportService [VoPS : 1/ EMC : 1/ RAT_INFO : 14/ REG_STATE : 1/ CELL_ID : 151108118/ LAC-TAC Info : 36912/ PLMN : 50501] [SLID:0 ] (ImsConnectivityMgr$RegistrationListener%supportService:2897)
08-06 10:09:44.679 1371 1422 D RILClient: [OemClient]IND: (clientId = 0, msgId = 5104, dataLength = 7, channel = 0)
08-06 10:09:44.681 1371 1422 D RILClient: [OemClient]IND: (clientId = 0, msgId = 2016, dataLength = 996, channel = 0)
08-06 10:09:44.686 3849 3849 D TelephonyConfigUpdateInstallReceiver: getConfigParser: domain=satellite
08-06 10:09:44.686 3849 3849 V SatelliteController: satelliteConfigParser is not ready
08-06 10:09:44.686 3849 3849 D SatelliteController: getDeviceSatellitePlmnListFromConfigUpdater: return empty list
08-06 10:09:44.686 3849 3849 D SatelliteController: getCarrierRoamingNtnAllSatellitePlmnSetFromStorage: [302723, 44026, 73029, 44055, 312190, 44025, 313210, 23402, 310210, 310830, 53013, 255707, 50511, 771688, 50559]
08-06 10:09:44.686 3849 3849 D SatelliteController: getAllPlmnList: [302723, 44026, 73029, 44055, 312190, 44025, 313210, 23402, 310210, 310830, 53013, 255707, 50511, 771688, 50559]
08-06 10:09:44.686 3849 3849 D SatelliteController: isDtcSatelliteTechnologySupported: subId=3, plmn=50501
08-06 10:09:44.688 3807 3807 I SHANNON_IMS: 3858 [DATA] Received mCellStatus [ 1 ] [ band : 0] (RilIndImsPhysicalChannelConfigs%update:44)
08-06 10:09:44.688 3807 3807 I SHANNON_IMS: 3859 [NETW] #:PURP:# UNSOL {RILC_UNSOL_PHYSICAL_CHANNEL_CONFIGS} : band : 1 (NetworkAdaptor$AdaptorChannel%onMessage:306)
08-06 10:09:44.689 3849 3849 D TelephonyConfigUpdateInstallReceiver: getConfigParser: domain=satellite
08-06 10:09:44.689 3849 3849 V SatelliteController: satelliteConfigParser is not ready
08-06 10:09:44.689 3849 3849 D SatelliteController: getDeviceSatellitePlmnListFromConfigUpdater: return empty list
08-06 10:09:44.689 3849 3849 D SatelliteController: getCarrierRoamingNtnAllSatellitePlmnSetFromStorage: [302723, 44026, 73029, 44055, 312190, 44025, 313210, 23402, 310210, 310830, 53013, 255707, 50511, 771688, 50559]
08-06 10:09:44.689 3849 3849 D SatelliteController: getAllPlmnList: [302723, 44026, 73029, 44055, 312190, 44025, 313210, 23402, 310210, 310830, 53013, 255707, 50511, 771688, 50559]
08-06 10:09:44.689 3849 3849 D SatelliteController: isDtcSatelliteTechnologySupported: the plmn=50501 is not contained in satellite provider
08-06 10:09:44.689 3849 3849 D NtnCapabilityResolver: isNtn=false
08-06 10:09:44.689 3849 3849 D NtnCapabilityResolver: isDtcSupported=false
08-06 10:09:44.690 3849 3849 D TelephonyConfigUpdateInstallReceiver: getConfigParser: domain=satellite
08-06 10:09:44.690 3849 3849 V SatelliteController: satelliteConfigParser is not ready
08-06 10:09:44.690 3849 3849 D SatelliteController: getDeviceSatellitePlmnListFromConfigUpdater: return empty list
08-06 10:09:44.690 3849 3849 D SatelliteController: getCarrierRoamingNtnAllSatellitePlmnSetFromStorage: [302723, 44026, 73029, 44055, 312190, 44025, 313210, 23402, 310210, 310830, 53013, 255707, 50511, 771688, 50559]
08-06 10:09:44.690 3849 3849 D SatelliteController: getAllPlmnList: [302723, 44026, 73029, 44055, 312190, 44025, 313210, 23402, 310210, 310830, 53013, 255707, 50511, 771688, 50559]
08-06 10:09:44.690 3849 3849 D SatelliteController: isDtcSatelliteTechnologySupported: subId=3, plmn=50501
08-06 10:09:44.690 1761 31571 I AccountSyncSettingsBackupHelper: Backup state version is: 469762048 (support only up to version 1)
08-06 10:09:44.690 3849 3849 D TelephonyConfigUpdateInstallReceiver: getConfigParser: domain=satellite
08-06 10:09:44.690 3849 3849 V SatelliteController: satelliteConfigParser is not ready
08-06 10:09:44.690 3849 3849 D SatelliteController: getDeviceSatellitePlmnListFromConfigUpdater: return empty list
08-06 10:09:44.690 3849 3849 D SatelliteController: getCarrierRoamingNtnAllSatellitePlmnSetFromStorage: [302723, 44026, 73029, 44055, 312190, 44025, 313210, 23402, 310210, 310830, 53013, 255707, 50511, 771688, 50559]
08-06 10:09:44.690 3849 3849 D SatelliteController: getAllPlmnList: [302723, 44026, 73029, 44055, 312190, 44025, 313210, 23402, 310210, 310830, 53013, 255707, 50511, 771688, 50559]
08-06 10:09:44.690 3849 3849 D SatelliteController: isDtcSatelliteTechnologySupported: the plmn=50501 is not contained in satellite provider
08-06 10:09:44.690 3849 3849 D NtnCapabilityResolver: isNtn=false
08-06 10:09:44.690 3849 3849 D NtnCapabilityResolver: isDtcSupported=false
08-06 10:09:44.690 1761 31571 I AccountSyncSettingsBackupHelper: Backup successful.
08-06 10:09:44.691 1761 31571 W BackupHelperDispatcher_native: Skipping unknown header version: 0x0000001c, 24144968 bytes
08-06 10:09:44.691 1761 31571 D BackupHelperDispatcher: handling new helper 'app_gender'
08-06 10:09:44.694 1761 3907 D ActivityManager: sync unfroze 4628 .ShannonImsService for 7
08-06 10:09:44.698 1761 31571 W PackageConfigPersister: App-specific configuration not found for packageName: com.google.android.uvexposurereporter and userId: 0
08-06 10:09:44.698 1761 31571 W PackageConfigPersister: App-specific configuration not found for packageName: com.google.android.networkstack.tethering and userId: 0
08-06 10:09:44.698 1761 31571 W PackageConfigPersister: App-specific configuration not found for packageName: com.amazon.mShop.android.shopping and userId: 0
08-06 10:09:44.698 1761 31571 W PackageConfigPersister: App-specific configuration not found for packageName: com.google.android.uwb.resources.pixel and userId: 0
08-06 10:09:44.698 1761 31571 W PackageConfigPersister: App-specific configuration not found for packageName: com.google.android.overlay.trafficlightfaceoverlay and userId: 0
08-06 10:09:44.698 1761 31571 W PackageConfigPersister: App-specific configuration not found for packageName: com.google.omadm.trigger and userId: 0
08-06 10:09:44.698 1761 31571 W PackageConfigPersister: App-specific configuration not found for packageName: com.google.android.carriersetup and userId: 0
08-06 10:09:44.698 1761 31571 W PackageConfigPersister: App-specific configuration not found for packageName: com.google.android.settings.overlay.pixelvpnconfig and userId: 0
08-06 10:09:44.698 1761 31571 W PackageConfigPersister: App-specific configuration not found for packageName: au.gov.ndis.dbresults.myndis and userId: 0
08-06 10:09:44.698 1761 31571 W PackageConfigPersister: App-specific configuration not found for packageName: com.android.systemui.clocks.metro and userId: 0
08-06 10:09:44.698 1761 31571 W PackageConfigPersister: App-specific configuration not found for packageName: com.lightricks.videoleap and userId: 0
08-06 10:09:44.698 1761 31571 W PackageConfigPersister: App-specific configuration not found for packageName: com.google.android.apps.subscriptions.red and userId: 0
