08-06 10:09:45.517 13242 31684 D ErrorCodeSampler: Logging error code: 17 for the sample interval 10000: false
08-06 10:09:45.519 17719 31803 I dmoo : (REDACTED) Writing metadata key: %s, corpus: %s
08-06 10:09:45.522 17719 17895 I dmkg : (REDACTED) Starting batch sync for corpora: %s
08-06 10:09:45.529 17719 31832 I dmoo : The GellerConfig is not present, returning null.
08-06 10:09:45.529 17719 31832 I dmoo : (REDACTED) The GellerConfig is not present, defaulting isUploadEnabled for corpus %s to true.
08-06 10:09:45.543 17719 31832 I dmkg : (REDACTED) The syncToken for corpus %s is %s and the syncRequestReason is %s
08-06 10:09:45.553 31878 32529 I ezea : (REDACTED) HDM. appOpsListener %s %s
08-06 10:09:45.553 31878 32529 I ezea : (REDACTED) HDM. Ignoring irrelevant audio permission changes for package %s
08-06 10:09:45.553 3807 3807 I SHANNON_IMS: 3931 [CALL] isEmcAvailable for true (ImsCallManager%isEmcAvailable:1620)
08-06 10:09:45.570 17719 31839 I dmoo : (REDACTED) Writing metadata key: %s, corpus: %s
08-06 10:09:45.571 17719 31839 I dmoo : (REDACTED) Writing metadata key: %s, corpus: %s
08-06 10:09:45.580 17719 17944 I dmkg : (REDACTED) Starting batch sync for corpora: %s
08-06 10:09:45.591 17719 31476 I dmoo : The GellerConfig is not present, returning null.
08-06 10:09:45.591 17719 31476 I dmoo : (REDACTED) The GellerConfig is not present, defaulting isUploadEnabled for corpus %s to true.
08-06 10:09:45.602 17719 31476 I dmkg : (REDACTED) The syncToken for corpus %s is %s and the syncRequestReason is %s
08-06 10:09:45.607 3807 3807 I SHANNON_IMS: 3933 [CALL] isEmcAvailable for true (ImsCallManager%isEmcAvailable:1620)
08-06 10:09:45.620 1761 5046 W PackageInfo: Large parcel: size=17076 pkg=com.google.android.googlequicksearchbox uid=10187 perm=3196(14) reqPerm=5016(162) prevAllowSquashing=false
08-06 10:09:45.620 1761 5046 W ParceledListSlice: Element #38 is 17076 bytes.
08-06 10:09:45.628 3807 3807 I SHANNON_IMS: 3935 [CALL] isEmcAvailable for true (ImsCallManager%isEmcAvailable:1620)
08-06 10:09:45.695 1761 3442 W NetworkPolicy: shared quota unsupported; generating rule for each iface
08-06 10:09:45.699 1202 1202 I WifiHAL : Creating message to get link statistics; iface = 47
08-06 10:09:45.706 3567 3586 W ssioncontroller: Reducing the number of considered missed Gc histogram windows from 180 to 100
08-06 10:09:45.722 1761 3442 W NetworkPolicy: shared quota unsupported; generating rule for each iface
08-06 10:09:45.734 26145 18675 W libbinder.Binder: Binder transaction to android.accounts.IAccountAuthenticator, function: UNKNOWN_FUNCTION_NAME, code: 3, took 1500ms. Data bytes: 492 Reply bytes: 0 Flags: 17
08-06 10:09:45.754 1202 3533 I WifiHAL : Getting cached scan results, iface handle = 0xb4000077e618d4d0
08-06 10:09:45.754 1202 3533 E WifiHAL : Creating message to get cached scan results
08-06 10:09:45.760 1202 3533 I WifiHAL : In GetCachedScanResultsCommand::handleResponse
08-06 10:09:45.763 1761 3907 W PackageInfo: Large parcel: size=159992 pkg=android uid=1000 perm=156540(1104) reqPerm=156(38) prevAllowSquashing=false
08-06 10:09:45.763 1761 3907 W ParceledListSlice: Element #192 is 159992 bytes.
08-06 10:09:45.763 1761 3907 W ParceledListSlice: Overly large reply size: 163924
08-06 10:09:45.782 1761 3442 D NetworkStatsObservers: Registering observer for RequestInfo from pid/uid:1761/1000(android) for DataUsageRequest [ requestId=406, networkTemplate=NetworkTemplate: matchRule=MOBILE, matchSubscriberIds=[505013...], matchWifiNetworkKeys=[], metered=YES, defaultNetwork=NO, thresholdInBytes=121907361 ] accessLevel:3
08-06 10:09:45.782 1761 3556 D NetworkStatsObservers: Unregistering RequestInfo from pid/uid:1761/1000(android) for DataUsageRequest [ requestId=405, networkTemplate=NetworkTemplate: matchRule=MOBILE, matchSubscriberIds=[505013...], matchWifiNetworkKeys=[], metered=YES, defaultNetwork=NO, thresholdInBytes=121910911 ] accessLevel:3
08-06 10:09:45.845 26145 26153 E gcblocker: too long GC blocking: 5
08-06 10:09:45.845 26145 26153 E gcblocker: gc block end, 412977694,100
08-06 10:09:45.891 1761 3905 W PackageInfo: Large parcel: size=31116 pkg=com.google.android.gms uid=10139 perm=15192(95) reqPerm=3832(384) prevAllowSquashing=false
08-06 10:09:45.891 1761 3905 W ParceledListSlice: Element #378 is 31116 bytes.
08-06 10:09:45.902 1761 3905 W PackageInfo: Large parcel: size=17180 pkg=com.google.android.gsf uid=10139 perm=10444(65) reqPerm=236(58) prevAllowSquashing=false
08-06 10:09:45.902 1761 3905 W ParceledListSlice: Element #379 is 17180 bytes.
08-06 10:09:45.915 28776 28925 W libbinder.Binder: Binder transaction to com.google.android.gms.droidguard.internal.IDroidGuardHandle, function: UNKNOWN_FUNCTION_NAME, code: 5, took 4384ms. Data bytes: 360 Reply bytes: 16 Flags: 18
08-06 10:09:45.955 26005 31180 I NearbySharing: Network state changed: NetworkState(isRestricted=false, isOnline=true, isCongested=false, isMetered=false, isWifiConnected=true)
08-06 10:09:45.964 26005 31180 I NearbySharing: Network state changed: NetworkState(isRestricted=false, isOnline=true, isCongested=false, isMetered=false, isWifiConnected=true)
08-06 10:09:45.965 1177 1907 D usf_sensor_hal: linear acceleration: Enter Flush
08-06 10:09:45.969 1177 1907 D usf_sensor_hal: rotation vector: Enter Flush
08-06 10:09:46.005 1761 3905 I RemoteProvisionSysSvc: getRegistration(android.hardware.security.keymint.IRemotelyProvisionedComponent/default)
08-06 10:09:46.018 1761 5814 W PackageInfo: Large parcel: size=24144 pkg=com.samsung.android.oneconnect uid=10440 perm=8136(48) reqPerm=11572(256) prevAllowSquashing=false
08-06 10:09:46.018 1761 5814 W ParceledListSlice: Element #498 is 24144 bytes.
08-06 10:09:46.019 1761 1761 I RegistrationProxy: onServiceConnected: com.android.rkpdapp.service.RemoteProvisioningService
08-06 10:09:46.026 1761 3907 I RegistrationProxy: IGetRegistrationCallback.onSuccess
08-06 10:09:46.032 1761 4412 I RemoteProvisionSysSvc: Fetching key 10139 for client 242615742
08-06 10:09:46.032 1761 4412 I RegistrationProxy: getKeyAsync operation started with callback 217351711
08-06 10:09:46.033 6655 32005 I RkpdRegistrationBinder: Key requested for : android.hardware.security.keymint.IRemotelyProvisionedComponent/default, clientUid: 1017, keyId: 10139, callback: 225437181
08-06 10:09:46.033 1761 3905 W PackageInfo: Large parcel: size=48684 pkg=com.google.android.healthconnect.controller uid=10280 perm=44724(344) reqPerm=68(16) prevAllowSquashing=false
08-06 10:09:46.033 1761 3905 W ParceledListSlice: Element #502 is 48684 bytes.
08-06 10:09:46.039 6655 32005 I RkpdRegistrationBinder: Key successfully assigned to client
08-06 10:09:46.040 1761 1761 I RemoteProvisionSysSvc: Successfully fetched key for client 242615742
08-06 10:09:46.116 17719 31476 I dmoo : (REDACTED) Writing metadata key: %s, corpus: %s
08-06 10:09:46.117 17719 31476 I dmoo : (REDACTED) Writing metadata key: %s, corpus: %s
08-06 10:09:46.125 17719 17895 I dmkg : (REDACTED) Starting batch sync for corpora: %s
08-06 10:09:46.137 17719 31476 I dmkg : (REDACTED) The syncToken for corpus %s is %s and the syncRequestReason is %s
08-06 10:09:46.260 17719 31802 I dmoo : (REDACTED) Writing metadata key: %s, corpus: %s
08-06 10:09:46.260 17719 31802 I dmoo : (REDACTED) Writing metadata key: %s, corpus: %s
08-06 10:09:46.272 17719 31802 I dmoo : (REDACTED) Writing metadata key: %s, corpus: %s
08-06 10:09:46.273 17719 31802 I dmoo : (REDACTED) Writing metadata key: %s, corpus: %s
08-06 10:09:46.274 17719 17892 I dmkg : (REDACTED) Starting batch sync for corpora: %s
08-06 10:09:46.275 17719 31802 I dmoo : (REDACTED) Writing metadata key: %s, corpus: %s
08-06 10:09:46.275 17719 31802 I dmoo : (REDACTED) Writing metadata key: %s, corpus: %s
08-06 10:09:46.286 17719 17894 I dmkg : (REDACTED) Starting batch sync for corpora: %s
08-06 10:09:46.288 17719 17895 I dmkg : (REDACTED) Starting batch sync for corpora: %s
08-06 10:09:46.305 17719 31834 I dmkg : (REDACTED) The syncToken for corpus %s is %s and the syncRequestReason is %s
08-06 10:09:46.307 1761 2516 D ActivityManager: freezing 30836 com.whatsapp
08-06 10:09:46.322 1761 3451 D InetDiagMessage: Destroyed 0 sockets, proto=IPPROTO_TCP, family=AF_INET, states=14
08-06 10:09:46.327 1761 3451 D InetDiagMessage: Destroyed 0 sockets, proto=IPPROTO_TCP, family=AF_INET6, states=14
08-06 10:09:46.327 1761 3451 D InetDiagMessage: Destroyed live tcp sockets for uids={10521} in 11ms
08-06 10:09:46.350 17719 31834 I dmkg : (REDACTED) The syncToken for corpus %s is %s and the syncRequestReason is %s
08-06 10:09:46.351 17719 31478 I dmkg : (REDACTED) The syncToken for corpus %s is %s and the syncRequestReason is %s
08-06 10:09:46.531 17719 31805 I dmoo : (REDACTED) Writing metadata key: %s, corpus: %s
08-06 10:09:46.531 17719 31805 I dmoo : (REDACTED) Writing metadata key: %s, corpus: %s
08-06 10:09:46.540 17719 31832 E PhFileGroupPop: Failed to add file group
08-06 10:09:46.540 17719 31832 E PhFileGroupPop: Failed to add file group
08-06 10:09:46.541 17719 31832 E PhFileGroupPop: Failed to add file group
08-06 10:09:46.541 17719 31832 E PhFileGroupPop: Failed to add file group
08-06 10:09:46.542 17719 31832 E PhFileGroupPop: Failed to add file group
08-06 10:09:46.542 17719 31832 E PhFileGroupPop: Failed to add file group
08-06 10:09:46.542 17719 31832 E PhFileGroupPop: Failed to add file group
08-06 10:09:46.542 17719 31832 E PhFileGroupPop: Failed to add file group
08-06 10:09:46.543 17719 31832 I esce : Scheduling next refresh
08-06 10:09:46.545 17719 31832 D PhFileGroupPop: Added file groups assistant_appintegration_appactions_config
08-06 10:09:46.545 17719 31832 D PhFileGroupPop: Added file groups fedass_policy_config_group
08-06 10:09:46.547 17719 31832 D PhFileGroupPop: Added file groups smart_dictation_policy_config_group
08-06 10:09:46.551 17719 31832 D PhFileGroupPop: Added file groups tapas_cortex
08-06 10:09:46.554 17719 17943 I dmkg : (REDACTED) Starting batch sync for corpora: %s
08-06 10:09:46.569 658 31622 W keystore2: system/security/keystore2/watchdog/src/lib.rs:142 - ### Keystore Watchdog report - BEGIN ###
08-06 10:09:46.570 658 31622 W keystore2: system/security/keystore2/watchdog/src/lib.rs:151 - When extracting from a bug report, please include this header
08-06 10:09:46.570 658 31622 W keystore2: system/security/keystore2/watchdog/src/lib.rs:152 - and all 3 records below.
08-06 10:09:46.570 658 31622 W keystore2: system/security/keystore2/watchdog/src/lib.rs:193 - ThreadId(30) IKeystoreService::deleteKey Started:
08-06 02:09:46.068 UTC Pending: 501.193237ms Overdue 1.193888ms
08-06 10:09:46.570 658 31622 W keystore2: system/security/keystore2/watchdog/src/lib.rs:193 - ThreadId(30) LegacyImporter::with_try_import Started:
08-06 02:09:46.069 UTC Pending: 501.20756ms Overdue 1.207845ms
08-06 10:09:46.570 658 31622 W keystore2: system/security/keystore2/watchdog/src/lib.rs:193 - ThreadId(30) KeystoreDB::unbind_key Started:
08-06 02:09:46.069 UTC Pending: 501.222982ms Overdue 1.223267ms
08-06 10:09:46.570 658 31622 W keystore2: system/security/keystore2/watchdog/src/lib.rs:205 - ### Keystore Watchdog report - END ###
08-06 10:09:46.583 17719 31832 I dmkg : (REDACTED) The syncToken for corpus %s is %s and the syncRequestReason is %s
08-06 10:09:46.603 658 31622 W keystore2: system/security/keystore2/watchdog/src/lib.rs:142 - ### Keystore Watchdog report - BEGIN ###
08-06 10:09:46.603 658 31622 W keystore2: system/security/keystore2/watchdog/src/lib.rs:151 - When extracting from a bug report, please include this header
08-06 10:09:46.603 658 31622 W keystore2: system/security/keystore2/watchdog/src/lib.rs:152 - and all 6 records below.
08-06 10:09:46.603 658 31622 W keystore2: system/security/keystore2/watchdog/src/lib.rs:193 - ThreadId(30) IKeystoreService::deleteKey Started:
08-06 02:09:46.068 UTC Pending: 534.250977ms Overdue 34.251546ms
08-06 10:09:46.603 658 31622 W keystore2: system/security/keystore2/watchdog/src/lib.rs:193 - ThreadId(30) LegacyImporter::with_try_import Started:
08-06 02:09:46.069 UTC Pending: 534.250529ms Overdue 34.250814ms
08-06 10:09:46.603 658 31622 W keystore2: system/security/keystore2/watchdog/src/lib.rs:193 - ThreadId(30) KeystoreDB::unbind_key Started:
08-06 02:09:46.069 UTC Pending: 534.254924ms Overdue 34.255209ms
08-06 10:09:46.603 658 31622 W keystore2: system/security/keystore2/watchdog/src/lib.rs:193 - ThreadId(6943) KeystoreDB::handle_next_superseded_blob Started:
08-06 02:09:46.102 UTC Pending: 501.137492ms Overdue 1.137695ms
08-06 10:09:46.603 658 31622 W keystore2: system/security/keystore2/watchdog/src/lib.rs:193 - ThreadId(6943) TX_handle_next_superseded_blob Started:
08-06 02:09:46.102 UTC Pending: 500.962688ms Overdue 962.972µs
08-06 10:09:46.603 658 31622 W keystore2: system/security/keystore2/watchdog/src/lib.rs:193 - ThreadId(6943) KeystoreDB::handle_next_superseded_blob find_next v2 Started:
08-06 02:09:46.103 UTC Pending: 500.253012ms Overdue 253.255µs
08-06 10:09:46.603 658 31622 W keystore2: system/security/keystore2/watchdog/src/lib.rs:205 - ### Keystore Watchdog report - END ###
08-06 10:09:46.711 3766 3766 D GRIL-S : [81992]> SET_PREFERRED_CAMERA_FREQ_1_5[1753000]
08-06 10:09:46.713 3766 4457 D GRIL-S : [81992]< SET_PREFERRED_CAMERA_FREQ_1_5
08-06 10:09:46.715 3766 3766 D GRIL-S : [81993]> SET_PREFERRED_CAMERA_FREQ_1_5[1665000]
08-06 10:09:46.716 3766 4457 D GRIL-S : [81993]< SET_PREFERRED_CAMERA_FREQ_1_5
08-06 10:09:46.718 3766 3766 D GRIL-S : [81994]> SET_PREFERRED_DISPLAY_FREQ_1_4[865000]
08-06 10:09:46.720 3766 4457 D GRIL-S : [81994]< SET_PREFERRED_DISPLAY_FREQ_1_4
08-06 10:09:46.731 3766 3766 D GRIL-S : [81995]> SET_PREFERRED_CAMERA_FREQ_1_5[830000, 860000]
08-06 10:09:46.733 3766 4457 D GRIL-S : [81995]< SET_PREFERRED_CAMERA_FREQ_1_5
08-06 10:09:46.735 3766 3766 D GRIL-S : [81996]> SET_PREFERRED_CAMERA_FREQ_1_5[830000, 860000]
08-06 10:09:46.735 3766 4457 D GRIL-S : [81996]< SET_PREFERRED_CAMERA_FREQ_1_5
08-06 10:09:46.773 658 31772 I keystore2: system/security/keystore2/watchdog/src/lib.rs:224 - Watchdog complete for: ThreadId(6943) KeystoreDB::handle_next_superseded_blob delete v2 Started:
08-06 02:09:46.117 UTC Pending: 655.852784ms Overdue 155.852987ms
08-06 10:09:46.773 658 31772 I keystore2: system/security/keystore2/watchdog/src/lib.rs:224 - Watchdog complete for: ThreadId(6943) KeystoreDB::handle_next_superseded_blob load_metadata Started:
08-06 02:09:46.117 UTC Pending: 656.025961ms Overdue 156.026816ms
08-06 10:09:46.773 658 31772 I keystore2: system/security/keystore2/watchdog/src/lib.rs:224 - Watchdog complete for: ThreadId(6943) KeystoreDB::handle_next_superseded_blob find_next v2 Started:
08-06 02:09:46.103 UTC Pending: 670.617432ms Overdue 170.617676ms
08-06 10:09:46.773 658 31772 I keystore2: system/security/keystore2/watchdog/src/lib.rs:224 - Watchdog complete for: ThreadId(6943) TX_handle_next_superseded_blob Started:
08-06 02:09:46.102 UTC Pending: 671.345378ms Overdue 171.345703ms
08-06 10:09:46.785 658 31772 I keystore2: system/security/keystore2/watchdog/src/lib.rs:224 - Watchdog complete for: ThreadId(6943) KeystoreDB::handle_next_superseded_blob Started:
08-06 02:09:46.102 UTC Pending: 683.355835ms Overdue 183.356039ms
08-06 10:09:46.788 27754 27795 I SHiRESentinel: MOBILE_SELF_TEST id=sentinel:d9428ba7a08f0e8d93715954857a5e36e7d57d53
08-06 10:09:46.789 27754 27795 I SHiRESentinel: POLL_READY alerts=10 delivered=1
08-06 10:09:46.805 658 31622 W keystore2: system/security/keystore2/watchdog/src/lib.rs:142 - ### Keystore Watchdog report - BEGIN ###
08-06 10:09:46.805 658 31622 W keystore2: system/security/keystore2/watchdog/src/lib.rs:151 - When extracting from a bug report, please include this header
08-06 10:09:46.805 658 31622 W keystore2: system/security/keystore2/watchdog/src/lib.rs:152 - and all 3 records below.
08-06 10:09:46.805 658 31622 W keystore2: system/security/keystore2/watchdog/src/lib.rs:193 - ThreadId(30) IKeystoreService::deleteKey Started:
08-06 02:09:46.068 UTC Pending: 736.903687ms Overdue 236.904297ms
08-06 10:09:46.805 658 31622 W keystore2: system/security/keystore2/watchdog/src/lib.rs:193 - ThreadId(30) LegacyImporter::with_try_import Started:
08-06 02:09:46.069 UTC Pending: 736.908936ms Overdue 236.909302ms
08-06 10:09:46.805 658 31622 W keystore2: system/security/keystore2/watchdog/src/lib.rs:193 - ThreadId(30) KeystoreDB::unbind_key Started:
08-06 02:09:46.069 UTC Pending: 736.918051ms Overdue 236.918376ms
08-06 10:09:46.805 658 31622 W keystore2: system/security/keystore2/watchdog/src/lib.rs:205 - ### Keystore Watchdog report - END ###
08-06 10:09:46.806 658 11910 I keystore2: system/security/keystore2/watchdog/src/lib.rs:224 - Watchdog complete for: ThreadId(30) KeystoreDB::unbind_key Started:
08-06 02:09:46.069 UTC Pending: 737.13733ms Overdue 237.137615ms
08-06 10:09:46.806 658 11910 I keystore2: system/security/keystore2/watchdog/src/lib.rs:224 - Watchdog complete for: ThreadId(30) LegacyImporter::with_try_import Started:
08-06 02:09:46.069 UTC Pending: 737.215251ms Overdue 237.215577ms
08-06 10:09:46.806 658 11910 I keystore2: system/security/keystore2/watchdog/src/lib.rs:224 - Watchdog complete for: ThreadId(30) IKeystoreService::deleteKey Started:
08-06 02:09:46.068 UTC Pending: 737.419759ms Overdue 237.420369ms
08-06 10:09:46.869 1761 2516 D ActivityManager: freezing 29674 com.instagram.android
08-06 10:09:46.888 1761 3451 D InetDiagMessage: Destroyed 0 sockets, proto=IPPROTO_TCP, family=AF_INET, states=14
08-06 10:09:46.891 1761 3451 D InetDiagMessage: Destroyed 0 sockets, proto=IPPROTO_TCP, family=AF_INET6, states=14
08-06 10:09:46.891 1761 3451 D InetDiagMessage: Destroyed live tcp sockets for uids={10339} in 6ms
08-06 10:09:46.901 1165 1165 W TracingMuxer: type=1400 audit(0.0:740002): avc: denied { write } for name="traced_producer" dev="tmpfs" ino=1402 scontext=u:r:hal_neuralnetworks_darwinn:s0 tcontext=u:object_r:traced_producer_socket:s0 tclass=sock_file permissive=0
08-06 10:09:46.907 17719 31839 I dmoo : (REDACTED) Writing metadata key: %s, corpus: %s
08-06 10:09:46.907 17719 31839 I dmoo : (REDACTED) Writing metadata key: %s, corpus: %s
08-06 10:09:46.918 17719 17912 I dmkg : (REDACTED) Starting batch sync for corpora: %s
08-06 10:09:46.933 17719 31478 I dmkg : (REDACTED) The syncToken for corpus %s is %s and the syncRequestReason is %s
08-06 10:09:47.002 1761 1761 I AS.AudioService: shouldNotificationSoundPlay false: muted stream:5 attr:AudioAttributes: usage=USAGE_NOTIFICATION content=CONTENT_TYPE_SONIFICATION flags=0x800(FLAG_MUTE_HAPTIC) tags= bundle=null
08-06 10:09:47.014 1761 1761 V NotificationHistory: Attempted to add notif for locked/gone/disabled user 0
08-06 10:09:47.032 30171 30294 I AiAiEcho: SmartspaceNotificationPredictor no parser can handle this notification or notification is invalid
08-06 10:09:47.058 1450 1450 I adbd : adbd service requested 'shell,v2,TERM=xterm:export ANDROID_LOG_TAGS=''; exec logcat '-d' '-v' 'brief''
08-06 10:09:47.114 17719 31819 I dmoo : (REDACTED) Writing metadata key: %s, corpus: %s
08-06 10:09:47.119 17719 31819 I dmoo : (REDACTED) Writing metadata key: %s, corpus: %s
08-06 10:09:47.130 17719 17912 I dmkg : (REDACTED) Starting batch sync for corpora: %s
08-06 10:09:47.171 17719 31832 I dmkg : (REDACTED) The syncToken for corpus %s is %s and the syncRequestReason is %s
08-06 10:09:47.222 17719 31478 I dmoo : (REDACTED) Writing metadata key: %s, corpus: %s
08-06 10:09:47.227 17719 31478 I dmoo : (REDACTED) Writing metadata key: %s, corpus: %s
08-06 10:09:47.235 17719 17894 I dmkg : (REDACTED) Starting batch sync for corpora: %s
08-06 10:09:47.253 26145 18674 W libbinder.Binder: Binder transaction to android.accounts.IAccountAuthenticator, function: UNKNOWN_FUNCTION_NAME, code: 3, took 1500ms. Data bytes: 492 Reply bytes: 0 Flags: 17
08-06 10:09:47.274 17719 31834 I dmkg : (REDACTED) The syncToken for corpus %s is %s and the syncRequestReason is %s
08-06 10:09:47.356 26145 26153 E gcblocker: too long GC blocking: 5
08-06 10:09:47.356 26145 26153 E gcblocker: gc block end, 412979205,101
08-06 10:09:47.377 1761 2516 D ActivityManager: freezing 2778 com.twitter.android
08-06 10:09:47.382 1761 3451 D InetDiagMessage: Destroyed 0 sockets, proto=IPPROTO_TCP, family=AF_INET, states=14
08-06 10:09:47.384 1761 3451 D InetDiagMessage: Destroyed 1 sockets, proto=IPPROTO_TCP, family=AF_INET6, states=14
08-06 10:09:47.384 1761 3451 D InetDiagMessage: Destroyed live tcp sockets for uids={10427} in 3ms
08-06 10:09:47.463 24905 24905 I pixel-thermal: VIRTUAL-USB-UI:0 raw data: USB-MINUS-CHARGER:-3651 VIRTUAL-USB-UI:0 charger_therm:32173 usb_conn_therm:28522
08-06 10:09:47.463 24905 24905 I pixel-thermal: VIRTUAL-USB-THROTTLING:0 raw data: USB-MINUS-CHARGER:-3651 VIRTUAL-USB-THROTTLING:0 usb_conn_therm:28522
08-06 10:09:47.466 24905 24905 I pixel-thermal: VIRTUAL-SKIN-SPEAKER:34.106 raw data: IS_VSKIN_SPEAKER_MODEL_WITHIN_RANGE:1 IS_VSKIN_SPEAKER_MODEL_WITHIN_RANGE_CHECK:2 NO_VSKIN_SPEAKER_MODEL_WITHIN_RANGE:0 VIRTUAL-SKIN-SPEAKER:34106 VIRTUAL-SKIN-SPEAKER-LEGACY:34084.6 VIRTUAL-SKIN-SPEAKER-MODEL:34084.6 maxfg_base:27400 usb_conn_therm:28522
08-06 10:09:47.475 24905 24905 I pixel-thermal: VIRTUAL-SKIN:29.7127 raw data: CLOSE_WEIGHT:1 OPEN_WEIGHT:0 VIRTUAL-SKIN:29712.7 VIRTUAL-SKIN-CLOSE:29712.7 VIRTUAL-SKIN-CLOSE-SUB-1:29712.7 VIRTUAL-SKIN-CLOSE-SUB-2:29704.1 VIRTUAL-SKIN-CLOSE-SUB-3:28297.4 VIRTUAL-SKIN-CLOSE-SUB-4:27260.8 VIRTUAL-SKIN-LEGACY:29712.7 VIRTUAL-SKIN-OPEN:30632.8 VIRTUAL-SKIN-OPEN-SUB-1:27998.3 VIRTUAL-SKIN-OPEN-SUB-2:30632.8 charger_therm:32173 display_therm:27454 gnss_tcxo_therm:30036 inner_brightness:0 inner_display_therm:29168 maxfg_base:27400 maxfg_secondary:26000 modem_therm:30169 rffe_therm:30014 soc_therm:31928 usb_conn_therm:28522
08-06 10:09:47.475 24905 24905 I pixel-thermal: rffe_therm:30.014 raw data: rffe_therm:30014
08-06 10:09:47.475 24905 24905 I pixel-thermal: VIRTUAL-SKIN-CHARGE-WIRED:29.8767 raw data: CLOSE_WEIGHT:1 IS_WLC:0 NO_WLC:1 OPEN_WEIGHT:0 VIRTUAL-SKIN-CHARGE-WIRED:29876.7 VIRTUAL-SKIN-CHARGE-WIRED-CLOSE:29876.7 VIRTUAL-SKIN-CHARGE-WIRED-EQ:29876.7 VIRTUAL-SKIN-CHARGE-WIRED-OPEN:29849.5 WLC_CHECK:1 gnss_tcxo_therm:30036 modem_therm:30169 rffe_therm:30014 soc_therm:31928 thb_hda:53
08-06 10:09:47.475 24905 24905 I pixel-thermal: VIRTUAL-SKIN-OUTER-DISPLAY:27.348 raw data: VIRTUAL-SKIN-OUTER-DISPLAY:27348 display_therm:27454
08-06 10:09:47.475 24905 24905 I pixel-thermal: cellular-emergency:29.7127 raw data: VIRTUAL-SKIN:29712.7 cellular-emergency:29712.7
08-06 10:09:47.475 24905 24905 I pixel-thermal: soc_therm:31.928 raw data: soc_therm:31928
08-06 10:09:47.475 24905 24905 I pixel-thermal: VIRTUAL-SKIN-CHARGE-PERSIST:29.8767 raw data: IS_WLC:0 NO_WLC:1 VIRTUAL-SKIN-CHARGE-PERSIST:29876.7 VIRTUAL-SKIN-CHARGE-WIRED-EQ:29876.7 VIRTUAL-SKIN-CHARGE-WLC-EQ:29749.7 charger_therm:32173 gnss_tcxo_therm:30036 rffe_therm:30014
08-06 10:09:47.475 24905 24905 I pixel-thermal: VIRTUAL-SKIN-INNER-DISPLAY:30.6328 raw data: VIRTUAL-SKIN-INNER-DISPLAY:30632.8 VIRTUAL-SKIN-OPEN:30632.8
08-06 10:09:47.480 24905 24905 I pixel-thermal: battery:27.4 raw data: battery:27400
08-06 10:09:47.480 24905 24905 I pixel-thermal: gnss_tcxo_therm:30.036 raw data: gnss_tcxo_therm:30036
08-06 10:09:47.480 24905 24905 I pixel-thermal: charger_therm:32.173 raw data: charger_therm:32173
08-06 10:09:47.480 24905 24905 I pixel-thermal: usb_conn_therm:28.522 raw data: usb_conn_therm:28522
08-06 10:09:47.481 24905 24905 I pixel-thermal: modem_therm:30.169 raw data: modem_therm:30169
08-06 10:09:47.501 17719 31476 I dmoo : (REDACTED) Writing metadata key: %s, corpus: %s
08-06 10:09:47.508 3762 3922 I AdaptiveHaptics: Request params from server: typesMask=2, deadlineElapsedRealtimeMilli=50
08-06 10:09:47.511 17719 31476 I dmoo : (REDACTED) Writing metadata key: %s, corpus: %s
08-06 10:09:47.512 1177 1907 D usf_sensor_hal: ambient light: Enter Batch. Period = 100000000, latency = 0.
08-06 10:09:47.515 1177 1907 D usf_sensor_hal: ambient light: Enter Activate. Enable = 1.
08-06 10:09:47.516 1417 1417 D AOC : A3:MSG: usf_sensor.cc, 1866: USF: Received start sampling request for TMD3733 Ambient Light (active:3).
08-06 10:09:47.522 17719 17895 I dmkg : (REDACTED) Starting batch sync for corpora: %s
08-06 10:09:47.523 28776 28925 W libc : Access denied finding property "persist.adb.tls_server.enable"
08-06 10:09:47.524 28776 28925 W libc : Access denied finding property "service.adb.tls.port"
08-06 10:09:47.524 1177 1907 D usf_sensor_hal: accelerometer: Enter Activate. Enable = 0.
08-06 10:09:47.526 1417 1417 D AOC : A3:MSG: usf_sensor.cc, 1881: USF: Received stop sampling request for ICM45631 Accelerometer 0 (active:1).
08-06 10:09:47.527 1177 1907 D usf_sensor_hal: IMU temperature: Enter Activate. Enable = 0.
08-06 10:09:47.527 3566 3566 E NotifRow: Magnetic state changed from IDLE to IDLE on a null swiped listener, or the logging key of the listener is null
08-06 10:09:47.529 3566 3566 V DreamService[DozeService]: UpdateDoze mDozeScreenState=2 mDozeScreenBrightness=0.0
08-06 10:09:47.529 1417 1417 D AOC : A3:MSG: usf_sensor.cc, 1881: USF: Received stop sampling request for ICM45631 Temperature 0 (active:3).
08-06 10:09:47.529 1761 3905 D DreamManagerService: Dream requested to start dozing: android.os.Binder@8bf432a, screenState=ON, reason=UNKNOWN, screenBrightness=0.0, useNormalBrightnessForDoze=false
08-06 10:09:47.531 1761 2015 I DisplayPowerController[0]: Blocking screen on until initial contents have been drawn.
08-06 10:09:47.531 1761 2015 D WindowManager: Remove SleepToken: tag=Display-off, displayId=0
08-06 10:09:47.535 1761 2015 I DisplayPowerController: Window Manager Policy screenTurningOn complete
08-06 10:09:47.535 1177 1907 D usf_sensor_hal: ambient light: Enter Activate. Enable = 0.
08-06 10:09:47.535 1761 2015 I DisplayBrightnessStrategySelector: Changing the DisplayBrightnessStrategy from ScreenOffBrightnessStrategy to DozeBrightnessStrategy for display 0
08-06 10:09:47.535 1761 2015 V DisplayPowerController[0]: Brightness [0.0] reason changing to: 'doze', previous reason: 'screen_off'.
08-06 10:09:47.536 1761 2015 I DisplayPowerController[0]: BrightnessEvent: brt=0.0(0.0%), nits=2.0, lux=-1.0, reason=doze, strat=DozeBrightnessStrategy, state=ON, stateReason=UNKNOWN, policy=DOZE, flags=, initBrt=0.0, rcmdBrt=NaN, preBrt=NaN, preLux=0.0, wasShortTermModelActive=false, autoBrightness=true (default), unclampedBrt=0.0, hbmMax=0.67, hbmMode=off, thrmMax=1.0, rbcStrength=35, powerFactor=1.0, physDisp=Outer Display(local:4619827677550801153), logicalId=0, slowChange=false, rampSpeed=0.0, colorTemp=NaN, thermalStatus=none
08-06 10:09:47.536 1417 1417 D AOC : A3:MSG: usf_sensor.cc, 1881: USF: Received stop sampling request for TMD3733 Ambient Light (active:2).
08-06 10:09:47.539 668 668 D SurfaceFlinger: Setting power mode 2 synchronously for a physical display with token 0xb4000073526d6c90
08-06 10:09:47.539 668 668 D SurfaceFlinger: Setting power mode 2 on physical display 4619827677550801153
08-06 10:09:47.539 668 668 D SurfaceFlinger: setPhysicalDisplayPowerModeAsync: Optimizing thread scheduling: optimizeForPerformance
08-06 10:09:47.539 668 668 D SurfaceFlinger: Disabling synthetic vsync
08-06 10:09:47.539 668 668 I SurfaceFlinger: Display 4619827677550801153 is the pacesetter
08-06 10:09:47.540 1761 1975 I DisplayDeviceRepository: Display device changed state: "Outer Display", ON
08-06 10:09:47.541 1761 3496 I MR2ServiceImpl: Updating composite discovery preference | preference: RouteDiscoveryRequest{ preferredFeatures={}, activeScan=false }, active routers: []
08-06 10:09:47.546 1177 1907 D usf_sensor_hal: auto brightness: Enter Batch. Period = 250000000, latency = 0.
08-06 10:09:47.547 1761 2015 D BrightnessThermalClamper: Thermal status observer already started
08-06 10:09:47.547 1177 1907 D usf_sensor_hal: auto brightness: Enter Activate. Enable = 1.
08-06 10:09:47.547 668 668 D SurfaceFlinger: setDesiredMode 4619827677550801153 {mode={fps=60.00 Hz, modePtr={id=1, vsyncRate=120.00 Hz, peakRefreshRate=120.00 Hz}}, emitEvent=true, force=false}
08-06 10:09:47.548 3836 4969 I PixelDisplayManager: onDisplayChanged(Inner Display, 1, local:4619827677550801152): screenOn=false, hbmMode=0, br=0.0, product=DeviceProductInfo{name=Common Panel, manufacturerPnpId=GGL, productId=0, modelYear=null, manufactureDate=ManufactureDate{week=1, year=1990}, connectionToSinkType=1, edidStructureMetadata=EdidStructureMetadata{version=0, revision=0}, videoInputType=0}
08-06 10:09:47.548 1417 1417 D AOC : A3:MSG: usf_sensor.cc, 1866: USF: Received start sampling request for Auto Brightness 1 (active:1).
08-06 10:09:47.548 671 742 D hwc-display: setPowerMode:: FBIOBLANK mode(2), blank(0)
08-06 10:09:47.548 671 742 I hwc-display: [SecondaryDisplay] OperationRateManager::updateOperationRateLocked:Target@120(desired:120) | Refresh@120(peak:120), Battery:OK, DBV:306(NsMin:0, HsSwitchMin:0)
08-06 10:09:47.548 671 742 I hwc-display: processOperationRate: store operation rate 120
08-06 10:09:47.548 671 742 I hwc-display: [SecondaryDisplay] OperationRateManager::updateOperationRateLocked:Target@120(desired:120) | Refresh@120(peak:120), Battery:OK, DBV:306(NsMin:0, HsSwitchMin:0)
08-06 10:09:47.550 3836 4969 I PixelDisplayManager: onDisplayChanged(Outer Display, 0, local:4619827677550801153): screenOn=false, hbmMode=0, br=0.0, product=DeviceProductInfo{name=Common Panel, manufacturerPnpId=GGL, productId=0, modelYear=null, manufactureDate=ManufactureDate{week=1, year=1990}, connectionToSinkType=1, edidStructureMetadata=EdidStructureMetadata{version=0, revision=0}, videoInputType=0}
08-06 10:09:47.550 17719 17912 I esce : Running throttled refresh
08-06 10:09:47.550 668 816 D SurfaceFlinger: setDesiredMode 4619827677550801153 {mode={fps=120.00 Hz, modePtr={id=1, vsyncRate=120.00 Hz, peakRefreshRate=120.00 Hz}}, emitEvent=false, force=false}
08-06 10:09:47.550 1417 1417 D AOC : A3:MSG: vsc_sensor.cc, 37: VSC: [Auto Brightness 1] enable: period 1000000000, latency = 0
08-06 10:09:47.550 1417 1417 D AOC : A3:MSG: usf_sensor.cc, 1866: USF: Received start sampling request for TMD3733 Ambient Light (active:3).
08-06 10:09:47.550 1417 1417 D AOC : A3:MSG: tmd3733_device.cc, 3533: USF: TMD3733: [ALS]New APERS: 0
08-06 10:09:47.552 1417 1417 D AOC : A3:MSG: usf_sensor.cc, 1866: USF: Received start sampling request for VD6282 Rear Light Sensor (active:1).
08-06 10:09:47.552 1761 1976 I DisplayDevice: [0] Layerstack set to 0 for local:4619827677550801153
08-06 10:09:47.552 1417 1417 D AOC : A3:MSG: vd6282_device.cc, 1335: USF: VD6282: Enabled Spectral!
08-06 10:09:47.554 1417 1417 D AOC : A3:MSG: usf_vsc_log.cc, 69: VSC: [Auto Brightness] Configured instance at 0x78233db0, front-als:1 rear-als:0 rls:1
08-06 10:09:47.556 1761 1975 I InputManager-JNI: Viewport [0] to add: local:4619827677550801153, isActive: true
08-06 10:09:47.556 1761 1975 I InputManager-JNI: Viewport [1] to add: local:4619827677550801152, isActive: false
08-06 10:09:47.557 1761 2529 I InputReader: Reconfiguring input devices, changes=DISPLAY_INFO
08-06 10:09:47.557 1761 2529 I InputReader: Device reconfigured: id=4, name='synaptics_tcm_touch', size 1080x2424, orientation Rotation0, mode DIRECT, display id 0
08-06 10:09:47.557 1761 2529 I InputReader: Disabling goodix_ts0 (device 3) because the associated viewport is not active
08-06 10:09:47.558 3566 3628 V DreamService[DozeService]: UpdateDoze mDozeScreenState=2 mDozeScreenBrightness=0.0044741235
08-06 10:09:47.560 1761 1973 D WindowManager: DeferredDisplayUpdater: partially applying DisplayInfo(1080 x 2424) immediately
08-06 10:09:47.560 1761 1973 D WindowManager: DeferredDisplayUpdater: deferring DisplayInfo(1080 x 2424) update
08-06 10:09:47.560 1761 1973 D WindowManager: DeferredDisplayUpdater: applying DisplayInfo(1080 x 2424) after deferring
08-06 10:09:47.561 1761 1973 V WindowManager: Aborting Transition: 12115
08-06 10:09:47.561 1761 3907 D DreamManagerService: Dream requested to start dozing: android.os.Binder@8bf432a, screenState=ON, reason=UNKNOWN, screenBrightness=0.0044741235, useNormalBrightnessForDoze=false
08-06 10:09:47.562 1761 1975 I DisplayDeviceRepository: Display device same: DisplayDeviceInfo{"Outer Display": uniqueId="local:4619827677550801153", 1080 x 2424, modeId 4, renderFrameRate 120.00001, hasArrSupport false, frameRateCategoryRate FrameRateCategoryRate {normal=60.0, high=90.0}, supportedRefreshRates [120.00001, 60.0, 40.0, 30.0, 24.000002, 20.0], defaultModeId 3, userPreferredModeId -1, supportedModes [{id=3, parentModeId=-1, sfModeId=0, flags=, width=1080, height=2424, fps=60.0, vsync=60.0, alternativeRefreshRates=[120.00001], supportedHdrTypes=[2, 3, 4]}, {id=4, parentModeId=-1, sfModeId=1, flags=, width=1080, height=2424, fps=120.00001, vsync=120.00001, alternativeRefreshRates=[60.0], supportedHdrTypes=[2, 3, 4]}], colorMode 0, supportedColorModes [0, 7, 9], hdrCapabilities HdrCapabilities{mSupportedHdrTypes=[2, 3, 4], mMaxLuminance=1000.0, mMaxAverageLuminance=1000.0, mMinLuminance=5.0E-4}, isForceSdr false, allmSupported false, gameContentTypeSupported false, density 390, 428.625 x 424.617 dpi, appVsyncOff 6233332, presDeadline 11500000, cutout DisplayCutout{insets=Rect(0, 152 - 0, 0) waterfall=Insets{left=0, top=0, right=0, bottom=0} boundingRect={Bounds=[Rect(0, 0 - 0, 0), Rect(484, 0 - 596, 152), Rect(0, 0 - 0, 0), Rect(0, 0 - 0, 0)]} cutoutPathParserInfo={CutoutPathParserInfo{displayWidth=1080 displayHeight=2424 physicalDisplayWidth=1080 physicalDisplayHeight=2424 density={2.4375} cutoutSpec={m 581.5,86 a 41.5,41.5 0 0 0 -83,0 41.5,41.5 0 0 0 83,0 z @left} rotation={0} scale={1.0} physicalPixelDisplaySizeRatio={1.0}}} sideOverrides={}}, touch INTERNAL, rotation 0, type INTERNAL, address StablePhysical{id=4619827677550801153, port=1}, deviceProductInfo DeviceProductInfo{name=Common Panel, manufacturerPnpId=GGL, productId=0, modelYear=null, manufactureDate=ManufactureDate{week=1, year=1990}, connectionToSinkType=1, edidStructureMetadata=EdidStructureMetadata{version=0, revision=0}, videoInputType=0}, state ON, committedState OFF, frameRateOverride , brightnessMinimum 0.0, brightnessMaximum 1.0, brightnessDefault 0.08711423, brightnessDim 0.05, hdrSdrRatio 1.0, roundedCorners RoundedCorners{[RoundedCorner{position=TopLeft, radius=115, center=Point(115, 115)}, RoundedCorner{position=TopRight, radius=115, center=Point(965, 115)}, RoundedCorner{position=BottomRight, radius=115, center=Point(965, 2309)}, RoundedCorner{position=BottomLeft, radius=115, center=Point(115, 2309)}]}, FLAG_ALLOWED_TO_BE_DEFAULT_DISPLAY, FLAG_ROTATES_WITH_CONTENT, FLAG_SECURE, FLAG_SUPPORTS_PROTECTED_BUFFERS, FLAG_TRUSTED, installOrientation 0, displayShape DisplayShape{type=2, displayWidth=1080, displayHeight=2424, physicalPixelDisplaySizeRatio=1.0, rotation=0, offsetX=0, offsetY=0, scale=1.0}}
08-06 10:09:47.562 1761 1975 I DisplayDeviceRepository: Display device same: DisplayDeviceInfo{"Outer Display": uniqueId="local:4619827677550801153", 1080 x 2424, modeId 4, renderFrameRate 120.00001, hasArrSupport false, frameRateCategoryRate FrameRateCategoryRate {normal=60.0, high=90.0}, supportedRefreshRates [120.00001, 60.0, 40.0, 30.0, 24.000002, 20.0], defaultModeId 3, userPreferredModeId -1, supportedModes [{id=3, parentModeId=-1, sfModeId=0, flags=, width=1080, height=2424, fps=60.0, vsync=60.0, alternativeRefreshRates=[120.00001], supportedHdrTypes=[2, 3, 4]}, {id=4, parentModeId=-1, sfModeId=1, flags=, width=1080, height=2424, fps=120.00001, vsync=120.00001, alternativeRefreshRates=[60.0], supportedHdrTypes=[2, 3, 4]}], colorMode 0, supportedColorModes [0, 7, 9], hdrCapabilities HdrCapabilities{mSupportedHdrTypes=[2, 3, 4], mMaxLuminance=1000.0, mMaxAverageLuminance=1000.0, mMinLuminance=5.0E-4}, isForceSdr false, allmSupported false, gameContentTypeSupported false, density 390, 428.625 x 424.617 dpi, appVsyncOff 6233332, presDeadline 11500000, cutout DisplayCutout{insets=Rect(0, 152 - 0, 0) waterfall=Insets{left=0, top=0, right=0, bottom=0} boundingRect={Bounds=[Rect(0, 0 - 0, 0), Rect(484, 0 - 596, 152), Rect(0, 0 - 0, 0), Rect(0, 0 - 0, 0)]} cutoutPathParserInfo={CutoutPathParserInfo{displayWidth=1080 displayHeight=2424 physicalDisplayWidth=1080 physicalDisplayHeight=2424 density={2.4375} cutoutSpec={m 581.5,86 a 41.5,41.5 0 0 0 -83,0 41.5,41.5 0 0 0 83,0 z @left} rotation={0} scale={1.0} physicalPixelDisplaySizeRatio={1.0}}} sideOverrides={}}, touch INTERNAL, rotation 0, type INTERNAL, address StablePhysical{id=4619827677550801153, port=1}, deviceProductInfo DeviceProductInfo{name=Common Panel, manufacturerPnpId=GGL, productId=0, modelYear=null, manufactureDate=ManufactureDate{week=1, year=1990}, connectionToSinkType=1, edidStructureMetadata=EdidStructureMetadata{version=0, revision=0}, videoInputType=0}, state ON, committedState OFF, frameRateOverride , brightnessMinimum 0.0, brightnessMaximum 1.0, brightnessDefault 0.08711423, brightnessDim 0.05, hdrSdrRatio 1.0, roundedCorners RoundedCorners{[RoundedCorner{position=TopLeft, radius=115, center=Point(115, 115)}, RoundedCorner{position=TopRight, radius=115, center=Point(965, 115)}, RoundedCorner{position=BottomRight, radius=115, center=Point(965, 2309)}, RoundedCorner{position=BottomLeft, radius=115, center=Point(115, 2309)}]}, FLAG_ALLOWED_TO_BE_DEFAULT_DISPLAY, FLAG_ROTATES_WITH_CONTENT, FLAG_SECURE, FLAG_SUPPORTS_PROTECTED_BUFFERS, FLAG_TRUSTED, installOrientation 0, displayShape DisplayShape{type=2, displayWidth=1080, displayHeight=2424, physicalPixelDisplaySizeRatio=1.0, rotation=0, offsetX=0, offsetY=0, scale=1.0}}
08-06 10:09:47.566 3746 4194 I bt_shim_scanner: system/main/shim/le_scanning_manager.cc:376 BatchScanReadReports: in shim layer
08-06 10:09:47.566 1177 1907 D usf_sensor_hal: proximity gated single tap: Enter Activate. Enable = 0.
08-06 10:09:47.567 3746 4194 I bt_shim_scanner: system/main/shim/le_scanning_manager.cc:182 ScanFilterParamSetup: in shim layer, clientIf=1
08-06 10:09:47.567 3746 4194 I bt_shim_scanner: system/main/shim/le_scanning_manager.cc:369 BatchScanDisable: in shim layer
08-06 10:09:47.567 3746 4194 I bt_shim_scanner: system/main/shim/le_scanning_manager.cc:376 BatchScanReadReports: in shim layer
08-06 10:09:47.568 1417 1417 D AOC : A3:MSG: usf_sensor.cc, 1881: USF: Received stop sampling request for Proximity Gated Single Tap Gesture (active:0).
08-06 10:09:47.568 1417 1417 D AOC : A3:MSG: vsc_sensor.cc, 68: VSC: [Proximity Gated Single Tap Gesture] disable.
08-06 10:09:47.568 1207 1345 D DeviceHalAidl: [default] setParameters: parameters: "screen_state=on"
08-06 10:09:47.569 1151 2127 D ASvc::Module: updateScreenState: 1
08-06 10:09:47.569 1151 2127 I AHal::Cs35l41Codec: EnableHibernate on
08-06 10:09:47.569 1417 1417 D AOC : A3:MSG: usf_sensor.cc, 1881: USF: Received stop sampling request for Outer Touch Gesture Sensor (active:0).
08-06 10:09:47.569 1417 1417 D AOC : A3:MSG: usf_touch_device.cc, 220: gtd: Host disables sensor, type: 1.
08-06 10:09:47.569 1417 1417 D AOC : A3:MSG: usf_touch_device.cc, 593: gtd: Bus: 1, Host: 0; Enabled: 1.
08-06 10:09:47.570 1417 1417 D AOC : A3:MSG: s3908_hw.cc, 272: UTD: Enter deep sleep mode
08-06 10:09:47.570 1761 2015 I DisplayPowerController[0]: BrightnessEvent: brt=0.0044741235(14.0%), nits=9.999553, lux=-1.0, reason=doze, strat=DozeBrightnessStrategy, state=ON, stateReason=UNKNOWN, policy=DOZE, flags=, initBrt=0.0, rcmdBrt=NaN, preBrt=NaN, preLux=0.0, wasShortTermModelActive=false, autoBrightness=true (default), unclampedBrt=0.0044741235, hbmMax=0.67, hbmMode=off, thrmMax=1.0, rbcStrength=35, powerFactor=1.0, physDisp=Outer Display(local:4619827677550801153), logicalId=0, slowChange=false, rampSpeed=0.0, colorTemp=NaN, thermalStatus=none
08-06 10:09:47.570 3746 4194 I bt_shim_scanner: system/main/shim/le_scanning_manager.cc:239 ScanFilterEnable: in shim layer
08-06 10:09:47.571 3849 4150 D SatelliteSessionController: isInEnablingState: getCurrentState=com.android.internal.telephony.satellite.SatelliteSessionController$PowerOffState@a614138
08-06 10:09:47.571 3849 4150 D SatelliteController: handleCmdUpdateNtnSignalStrengthReporting: ignore request, satellite is disabled
08-06 10:09:47.571 3849 4150 D SatelliteController: handleEventScreenStateChanged: true
08-06 10:09:47.573 1417 1417 D AOC : A3:MSG: usf_sensor.cc, 1881: USF: Received stop sampling request for Virtual Proximity (active:0).
08-06 10:09:47.574 26005 26005 I NearbyDiscovery: (REDACTED) FastPairDisplayObserver: %s -> %s
08-06 10:09:47.575 3746 4194 I bt_shim_scanner: system/main/shim/le_scanning_manager.cc:215 ScanFilterAdd: in shim layer
08-06 10:09:47.575 3746 4194 I bt_shim_scanner: system/main/shim/le_scanning_manager.cc:182 ScanFilterParamSetup: in shim layer, clientIf=1
08-06 10:09:47.575 3746 4194 I bt_shim_scanner: system/main/shim/le_scanning_manager.cc:150 Scan: in shim layer started
08-06 10:09:47.575 3746 4194 I bt_shim_scanner: system/main/shim/le_scanning_manager.cc:150 Scan: in shim layer stopped
08-06 10:09:47.575 3746 4194 W BtScan.ScanRadioStats: recordScanRadioStop(caller=configureRegularScanParams): No scan radio to stop
08-06 10:09:47.575 3746 4194 I bt_shim_scanner: system/main/shim/le_scanning_manager.cc:315 SetScanParameters: in shim layer, scannerId1m=1, scannerIdCoded=0
08-06 10:09:47.575 3746 4194 I bt_shim_scanner: system/main/shim/le_scanning_manager.cc:150 Scan: in shim layer started
08-06 10:09:47.576 3746 4194 W BluetoothMetricsLogger: count is not larger than 0. count: 0 key: 120302
08-06 10:09:47.576 3746 4194 W BluetoothMetricsLogger: count is not larger than 0. count: 0 key: 120305
08-06 10:09:47.576 1761 2015 I DisplayPowerController[0]: Unblocked screen on after 45 ms
08-06 10:09:47.576 1417 1417 D AOC : A3:MSG: usf_vsc_log.cc, 69: VSC: gti: [STTW] sensor disabled
08-06 10:09:47.576 1417 1417 D AOC : A3:MSG: usf_sensor.cc, 1881: USF: Received stop sampling request for TMD3733 Proximity (active:0).
08-06 10:09:47.576 3746 4171 I bluetooth: system/gd/hci/le_scanning_manager_impl.cc:774 stop_scan: Scanning already stopped, return. caller=configure_scan
08-06 10:09:47.576 3746 4171 I bluetooth: system/gd/hci/le_scanning_manager_impl.cc:774 stop_scan: Scanning already stopped, return. caller=configure_scan
08-06 10:09:47.576 3746 4171 I bluetooth: system/gd/hci/le_address_manager.cc:254 register_client: Client registered
08-06 10:09:47.576 3746 4171 I bluetooth: system/gd/hci/le_address_manager.cc:269 unregister_client: Client unregistered
08-06 10:09:47.576 3746 4171 I bluetooth: system/gd/hci/le_address_manager.cc:254 register_client: Client registered
08-06 10:09:47.577 3836 4969 I PixelDisplayManager: onDisplayChanged(Inner Display, 1, local:4619827677550801152): screenOn=false, hbmMode=0, br=0.0, product=DeviceProductInfo{name=Common Panel, manufacturerPnpId=GGL, productId=0, modelYear=null, manufactureDate=ManufactureDate{week=1, year=1990}, connectionToSinkType=1, edidStructureMetadata=EdidStructureMetadata{version=0, revision=0}, videoInputType=0}
08-06 10:09:47.577 1417 1417 D AOC : A3:MSG: tmd3733_sensor.cc, 286: USF: TMD3733: Report new active state:0
08-06 10:09:47.577 3836 4969 I PixelDisplayManager: onDisplayChanged(Outer Display, 0, local:4619827677550801153): screenOn=false, hbmMode=0, br=0.0, product=DeviceProductInfo{name=Common Panel, manufacturerPnpId=GGL, productId=0, modelYear=null, manufactureDate=ManufactureDate{week=1, year=1990}, connectionToSinkType=1, edidStructureMetadata=EdidStructureMetadata{version=0, revision=0}, videoInputType=0}
08-06 10:09:47.578 1177 1296 I usf_sensor_hal: Received REPORT_SENSOR_ACTIVE_STATE_CHANGES event from 'TMD3733 Proximity' with state:kInactive and desired fps:0!
08-06 10:09:47.578 3836 4969 I PixelDisplayManager: onDisplayChanged(Inner Display, 1, local:4619827677550801152): screenOn=false, hbmMode=0, br=0.0, product=DeviceProductInfo{name=Common Panel, manufacturerPnpId=GGL, productId=0, modelYear=null, manufactureDate=ManufactureDate{week=1, year=1990}, connectionToSinkType=1, edidStructureMetadata=EdidStructureMetadata{version=0, revision=0}, videoInputType=0}
08-06 10:09:47.578 1417 1417 D AOC : A3:MSG: tmd3733_device.cc, 350: USF: TMD3733: StopSampling(type:0 err:0): client_count P/A+fakeA/F:0/1+1/0
08-06 10:09:47.579 3836 4969 I PixelDisplayManager: onDisplayChanged(Outer Display, 0, local:4619827677550801153): screenOn=false, hbmMode=0, br=0.0, product=DeviceProductInfo{name=Common Panel, manufacturerPnpId=GGL, productId=0, modelYear=null, manufactureDate=ManufactureDate{week=1, year=1990}, connectionToSinkType=1, edidStructureMetadata=EdidStructureMetadata{version=0, revision=0}, videoInputType=0}
08-06 10:09:47.580 1151 2127 D AHal::Cs35l41Codec: SetAllSpeakers: set ctl [Hibernate Force Wake] = 1
08-06 10:09:47.581 1177 1907 D usf_sensor_hal: accelerometer: Enter Batch. Period = 200000000, latency = 0.
08-06 10:09:47.581 1177 1907 D usf_sensor_hal: IMU temperature: Enter Batch. Period = 666667000, latency = 0.
08-06 10:09:47.581 1177 1177 D usf_sensor_hal: accelerometer: Enter Flush
08-06 10:09:47.581 1177 1177 E usf_sensor_hal: accelerometer: Requested flush on inactive sensor.
08-06 10:09:47.581 1177 1177 I sensor-suez: Reporting HAL call [4] error [-22] on sensor [0x00000001].
08-06 10:09:47.581 1177 1177 D usf_sensor_hal: accelerometer: Enter Activate. Enable = 1.
08-06 10:09:47.581 3746 4194 W BluetoothMetricsLogger: count is not larger than 0. count: 0 key: 120302
08-06 10:09:47.581 3746 4194 W BluetoothMetricsLogger: count is not larger than 0. count: 0 key: 120305
08-06 10:09:47.583 1417 1417 D AOC : A3:MSG: usf_touch_device.cc, 418: gtd: Device is disabled.
08-06 10:09:47.585 1417 1417 D AOC : A3:MSG: usf_sensor.cc, 1866: USF: Received start sampling request for ICM45631 Accelerometer 0 (active:2).
08-06 10:09:47.585 12986 12986 I PkModeUpdater: PkModeUpdater.refreshDevices():206 refreshing devices
08-06 10:09:47.586 26005 27342 I NearbyDiscovery: (REDACTED) ApFastPairScanner: isScreenOn=%s, isLocationEnabled=%s, disableLocationRequirement=%s, isDiscoveryScanningEnabled=%s, during24GhzWifiWarmingUpPeriod=%s
08-06 10:09:47.586 26005 27342 D BluetoothAdapter: isLeEnabled(): ON
08-06 10:09:47.586 26005 27342 I NearbyDiscovery: (REDACTED) ApFastPairScanner: eventType=%s, intReq=%s, scanning=%s, scanAllowed=%s, bleEnabled=%s, lockScanRate=%s, startScanningByLowPowerMode=%s
08-06 10:09:47.586 1177 1177 D usf_sensor_hal: IMU temperature: Enter Activate. Enable = 1.
08-06 10:09:47.588 1417 1417 D AOC : A3:MSG: usf_sensor.cc, 1866: USF: Received start sampling request for ICM45631 Temperature 0 (active:4).
08-06 10:09:47.589 1151 2127 D AHal::Cs35l41Codec: SetAllSpeakers: set ctl [R Hibernate Force Wake] = 1
08-06 10:09:47.589 1207 1345 D DeviceHalAidl: [r_submix] setParameters: parameters: "screen_state=on"
08-06 10:09:47.590 1151 1266 D AHAL_Module: updateScreenState: r_submix: 1
08-06 10:09:47.590 1207 1345 D DeviceHalAidl: [bluetooth] setParameters: parameters: "screen_state=on"
08-06 10:09:47.590 1151 2127 D AHAL_Module: updateScreenState: bluetooth: 1
08-06 10:09:47.591 1177 1907 D usf_sensor_hal: device orientation: Enter Batch. Period = 200000000, latency = 0.
08-06 10:09:47.591 1177 1907 D usf_sensor_hal: device orientation: Enter Activate. Enable = 1.
08-06 10:09:47.593 1417 1417 D AOC : A3:MSG: usf_sensor.cc, 1866: USF: Received start sampling request for Device Orientation (active:1).
08-06 10:09:47.594 17719 17912 I dmkg : (REDACTED) Starting batch sync for corpora: %s
08-06 10:09:47.595 1417 1417 D AOC : A3:MSG: vsc_sensor.cc, 37: VSC: [Device Orientation] enable: period 200000000, latency = 0
08-06 10:09:47.596 1417 1417 D AOC : A3:MSG: usf_sensor.cc, 1866: USF: Received start sampling request for ICM45631 Accelerometer 1 (active:2).
08-06 10:09:47.600 1417 1417 D AOC : A3:MSG: icm456xy_device.cc, 443: USF: Device: type: 0, p/l: 20000000 ns/ 66666666 ns, O/WM/I: 50/25/2
08-06 10:09:47.600 1417 1417 D AOC : A3:MSG: usf_vsc_log.cc, 83: VSC: [WO] Second IMU detected
08-06 10:09:47.601 1417 1417 D AOC : A3:MSG: usf_sensor.cc, 1881: USF: Received stop sampling request for ICM45631 Accelerometer 1 (active:1).
08-06 10:09:47.602 1417 1417 D AOC : A3:MSG: icm456xy_device.cc, 443: USF: Device: type: 0, p/l: 20000000 ns/ 500000000 ns, O/WM/I: 50/3/17
08-06 10:09:47.603 1417 1417 D AOC : A3:MSG: usf_vsc_log.cc, 83: VSC: [WO] Set sensor rate and start algorithm version 13_2, imu 0
08-06 10:09:47.603 1417 1417 D AOC : A3:MSG: usf_vsc_log.cc, 83: VSC: [WO] Reset mTask, clear history
08-06 10:09:47.604 1417 1417 D AOC : A3:MSG: usf_sensor.cc, 1866: USF: Received start sampling request for ICM45631 Accelerometer 0 (active:3).
08-06 10:09:47.606 1417 1417 D AOC : A3:MSG: usf_sensor.cc, 1866: USF: Received start sampling request for ICM45631 Gyroscope 0 (active:2).
08-06 10:09:47.606 1417 1417 D AOC : A3:MSG: usf_vsc_log.cc, 83: VSC: [WO] Set sensor rate and start algorithm version 13_2, imu 1
08-06 10:09:47.607 1417 1417 D AOC : A3:MSG: usf_vsc_log.cc, 83: VSC: [WO] Reset mTask, clear history
08-06 10:09:47.607 1417 1417 D AOC : A3:MSG: usf_sensor.cc, 1866: USF: Received start sampling request for ICM45631 Accelerometer 1 (active:2).
08-06 10:09:47.608 17719 17943 W dmkg : (REDACTED) Upload permissions denied for Corpus %s
08-06 10:09:47.608 17719 31802 I dmkg : (REDACTED) The syncToken for corpus %s is %s and the syncRequestReason is %s
08-06 10:09:47.608 1417 1417 D AOC : A3:MSG: icm456xy_device.cc, 443: USF: Device: type: 0, p/l: 20000000 ns/ 66666666 ns, O/WM/I: 50/25/2
08-06 10:09:47.610 1417 1417 D AOC : A3:MSG: usf_sensor.cc, 1866: USF: Received start sampling request for ICM45631 Gyroscope 1 (active:1).
08-06 10:09:47.612 1417 1417 D AOC : A3:MSG: icm456xy_device.cc, 443: USF: Device: type: 1, p/l: 20000000 ns/ 66666666 ns, O/WM/I: 50/3/17
08-06 10:09:47.609 17719 31805 I dmkg : (REDACTED) The syncToken for corpus %s is %s and the syncRequestReason is %s
08-06 10:09:47.615 1417 1417 D AOC : A3:MSG: usf_vsc_log.cc, 69: VSC: [WO] is_tablet_mode: 0
