08-06 10:09:45.325 3807 3807 I SHANNON_IMS: 3888 [DATA] Received mCellStatus [ 1 ] [ band : 1] (RilIndImsPhysicalChannelConfigs%update:44)
08-06 10:09:45.325 3807 3807 I SHANNON_IMS: 3889 [NETW] #:PURP:# UNSOL {RILC_UNSOL_PHYSICAL_CHANNEL_CONFIGS} : band : 1 (NetworkAdaptor$AdaptorChannel%onMessage:306)
08-06 10:09:45.325 3807 3807 I SHANNON_IMS: 3892 [DATA] Received mCellStatus [ 1 ] [ band : 1] (RilIndImsPhysicalChannelConfigs%update:44)
08-06 10:09:45.326 3807 3807 I SHANNON_IMS: 3893 [NETW] #:PURP:# UNSOL {RILC_UNSOL_PHYSICAL_CHANNEL_CONFIGS} : band : 1 (NetworkAdaptor$AdaptorChannel%onMessage:306)
08-06 10:09:45.327 3807 3807 I SHANNON_IMS: 3896 [DATA] Received mCellStatus [ 1 ] [ band : 1] (RilIndImsPhysicalChannelConfigs%update:44)
08-06 10:09:45.327 3807 3807 I SHANNON_IMS: 3897 [NETW] #:PURP:# UNSOL {RILC_UNSOL_PHYSICAL_CHANNEL_CONFIGS} : band : 1 (NetworkAdaptor$AdaptorChannel%onMessage:306)
08-06 10:09:45.329 4312 5060 D StateService: Country ISO: au
08-06 10:09:45.330 1371 1422 D RILClient: [OemClient]IND: (clientId = 0, msgId = 2016, dataLength = 996, channel = 0)
08-06 10:09:45.332 4189 4392 D IwlanNetworkService[0]: : reg state REGISTRATION_STATE_HOME
08-06 10:09:45.337 3807 3807 I SHANNON_IMS: 3900 [DATA] Received mCellStatus [ 1 ] [ band : 1] (RilIndImsPhysicalChannelConfigs%update:44)
08-06 10:09:45.337 3807 3807 I SHANNON_IMS: 3901 [NETW] #:PURP:# UNSOL {RILC_UNSOL_PHYSICAL_CHANNEL_CONFIGS} : band : 1 (NetworkAdaptor$AdaptorChannel%onMessage:306)
08-06 10:09:45.339 4312 5060 D StateService: Country ISO: au
08-06 10:09:45.340 4189 4392 D IwlanNetworkService[0]: : reg state REGISTRATION_STATE_HOME
08-06 10:09:45.342 13242 31807 D downloader2: Response body written. bytesWritten=286, uri=https://www.gstatic.com/mdi-serving/rubidium-adservices-adtech-enrollment/11167/b5d1a96edb6a1f0a4859f71195a3dae118baacfc
08-06 10:09:45.343 13242 31684 D downloader2: Queued download completed, running queued downloads: https://www.gstatic.com/mdi-serving/rubidium-adservices-adtech-enrollment/11167/b5d1a96edb6a1f0a4859f71195a3dae118baacfc
08-06 10:09:45.343 13242 31684 D downloader2: Connectivity satisfied; running request. uri=https://www.gstatic.com/mdi-serving/rubidium-adservices-ui-ota-strings/4265/91ac5d17ab9f2445a3462f98f5249a73e9b0e235
08-06 10:09:45.343 13242 31684 I downloader2: Exceeded max concurrent downloads, not running another queued request
08-06 10:09:45.347 1371 1422 D RILClient: [OemClient]IND: (clientId = 0, msgId = 3005, dataLength = 24, channel = 0)
08-06 10:09:45.349 3849 4150 D SatelliteSessionController: isInEnablingState: getCurrentState=com.android.internal.telephony.satellite.SatelliteSessionController$PowerOffState@a614138
08-06 10:09:45.349 3849 4150 D SatelliteController: getSelectedSatelliteSubId: subId=1
08-06 10:09:45.350 3849 4150 D SatelliteController: isCarrierRoamingNtnEligible(1): doesn't support manual-connect P2P SMS
08-06 10:09:45.350 3849 4150 D SatelliteController: evaluateCarrierRoamingNtnEligibilityChange: isCarrierRoamingNtnEligible=false
08-06 10:09:45.350 3849 4150 D SatelliteController: getSelectedSatelliteSubId: subId=1
08-06 10:09:45.350 3849 4150 D SatelliteController: notifyNtnEligibility: phoneId=0 currentNtnEligibility=false
08-06 10:09:45.351 4312 5060 D StateService: Country ISO: au
08-06 10:09:45.352 3807 3807 I SHANNON_IMS: 3904 [NETW] #:PURP:# UNSOL {RILC_UNSOL_IMS_SUPPORT_SERVICE} : VoPS : 1 EMC : 1 SIM_IDX : 0 RAT : 14 REG_STATE : 1 CELL_ID : 151108118 LAC/TAC : 36912 PLMN : 50501 (NetworkAdaptor$AdaptorChannel%onMessage:306)
08-06 10:09:45.352 3807 3807 I SHANNON_IMS: 3905 [CONN] #:ORNG:# supportService [VoPS : 1/ EMC : 1/ RAT_INFO : 14/ REG_STATE : 1/ CELL_ID : 151108118/ LAC-TAC Info : 36912/ PLMN : 50501] [SLID:0 ] (ImsConnectivityMgr$RegistrationListener%supportService:2897)
08-06 10:09:45.352 3566 3566 D GlobalActionsDialogLite: Service changed before actions created
08-06 10:09:45.352 3566 3566 D GlobalActionsDialogLite: Service changed before actions created
08-06 10:09:45.352 13242 31807 D downloader2: Download complete, running queued downloads: https://www.gstatic.com/mdi-serving/rubidium-adservices-adtech-enrollment/11167/b5d1a96edb6a1f0a4859f71195a3dae118baacfc
08-06 10:09:45.352 13242 31807 I downloader2: Exceeded max concurrent downloads, not running another queued request
08-06 10:09:45.352 3849 4150 V SatelliteController: getWwanIsInService: return true
08-06 10:09:45.353 3849 4150 D SatelliteController: handleServiceStateForSatelliteConnectionViaCarrier: resetCarrierRoamingSatelliteModeParams: device is connected to terrestrial service or radio is off
08-06 10:09:45.353 3849 4150 D SatelliteController: handleServiceStateForSatelliteConnectionViaCarrier: clearing current satellite per plmn configs for subId: 3
08-06 10:09:45.353 3849 4150 D SatelliteController: getCarrierRoamingNtnConnectType: Checking connect type from PLMN config for subId: 3
08-06 10:09:45.353 3849 4150 D TelephonyConfigUpdateInstallReceiver: getConfigParser: domain=satellite
08-06 10:09:45.353 3849 4150 V SatelliteController: satelliteConfigParser is not ready
08-06 10:09:45.353 3849 4150 D SatelliteController: isSatelliteAttachSupportedViaConfigupdater: return null (satelliteConfig is null)
08-06 10:09:45.353 3849 4150 D SatelliteController: getSatellitePerPlmnConfiguration: subId=3 return null
08-06 10:09:45.353 3849 4150 D SatelliteController: getCarrierRoamingNtnConnectType: config: null
08-06 10:09:45.353 3849 4150 D TelephonyConfigUpdateInstallReceiver: getConfigParser: domain=satellite
08-06 10:09:45.353 3849 4150 V SatelliteController: satelliteConfigParser is not ready
08-06 10:09:45.353 3849 4150 D SatelliteController: getCarrierRoamingNtnConnectTypeViaConfigUpdater: return null (satelliteConfig is null)
08-06 10:09:45.353 1761 31571 D BackupHelperDispatcher: handling new helper 'people'
08-06 10:09:45.353 4189 4392 D IwlanNetworkService[0]: : reg state REGISTRATION_STATE_HOME
08-06 10:09:45.354 3849 4150 D SatelliteController: getCarrierRoamingNtnConnectType: Falling back to global carrier config connect type: 0
08-06 10:09:45.354 3849 4150 D TelephonyConfigUpdateInstallReceiver: getConfigParser: domain=satellite
08-06 10:09:45.354 3849 4150 V SatelliteController: satelliteConfigParser is not ready
08-06 10:09:45.354 3849 4150 D SatelliteController: isSatelliteAttachSupportedViaConfigupdater: return null (satelliteConfig is null)
08-06 10:09:45.354 3849 4150 V SatelliteController: getWwanIsInService: return true
08-06 10:09:45.354 3849 4150 D SatelliteController: updateLastNotifiedNtnModeAndNotify: subId=3 initialized=true lastNotifiedNtnMode=false currNtnMode=false
08-06 10:09:45.354 3849 4150 D SatelliteController: updateLastNotifiedNtnModeAndNotify: not in NTN mode, clear per plmn configs
08-06 10:09:45.354 3849 4150 D SatelliteController: isInCarrierRoamingNbIotNtn: satellite is disabled
08-06 10:09:45.354 3849 4150 D SatelliteController: getCarrierRoamingNtnConnectType: Checking connect type from PLMN config for subId: 3
08-06 10:09:45.354 3849 4150 D TelephonyConfigUpdateInstallReceiver: getConfigParser: domain=satellite
08-06 10:09:45.354 3849 4150 V SatelliteController: satelliteConfigParser is not ready
08-06 10:09:45.354 3849 4150 D SatelliteController: isSatelliteAttachSupportedViaConfigupdater: return null (satelliteConfig is null)
08-06 10:09:45.356 1761 31571 D BackupHelperDispatcher: handling new helper 'permissions'
08-06 10:09:45.357 1761 5823 I LocationAccessPolicy: com.instagram.android is aware of fine but the app-ops permission is specifically denied.
08-06 10:09:45.358 1761 5823 I LocationAccessPolicy: com.instagram.android is aware of coarse but the app-ops permission is specifically denied.
08-06 10:09:45.358 1761 5823 I LocationAccessPolicy: com.oculus.twilight is aware of fine but the app-ops permission is specifically denied.
08-06 10:09:45.359 1761 5823 I LocationAccessPolicy: com.oculus.twilight is aware of coarse but the app-ops permission is specifically denied.
08-06 10:09:45.359 17719 31805 I dmoo : (REDACTED) Writing metadata key: %s, corpus: %s
08-06 10:09:45.360 1761 5823 I LocationAccessPolicy: com.zhiliaoapp.musically is aware of fine but the app-ops permission is specifically denied.
08-06 10:09:45.360 1761 5823 I LocationAccessPolicy: com.zhiliaoapp.musically is aware of coarse but the app-ops permission is specifically denied.
08-06 10:09:45.361 1761 5823 I LocationAccessPolicy: com.zhiliaoapp.musically is aware of fine but the app-ops permission is specifically denied.
08-06 10:09:45.361 1761 5823 I LocationAccessPolicy: com.zhiliaoapp.musically is aware of coarse but the app-ops permission is specifically denied.
08-06 10:09:45.362 1761 5823 W ContextImpl: Calling a method in the system process without a qualified user: android.app.ContextImpl.sendBroadcastMultiplePermissions:1375 android.content.Context.sendBroadcastMultiplePermissions:2803 com.android.server.TelephonyRegistry.broadcastServiceStateChanged:4404 com.android.server.TelephonyRegistry.notifyServiceStateForPhoneId:1930 com.android.internal.telephony.ITelephonyRegistry$Stub.onTransact:629
08-06 10:09:45.362 3849 4150 D SatelliteController: getSatellitePerPlmnConfiguration: subId=3 return null
08-06 10:09:45.363 3849 4150 D SatelliteController: getCarrierRoamingNtnConnectType: config: null
08-06 10:09:45.363 3849 4150 D TelephonyConfigUpdateInstallReceiver: getConfigParser: domain=satellite
08-06 10:09:45.363 3849 4150 V SatelliteController: satelliteConfigParser is not ready
08-06 10:09:45.363 3849 4150 D SatelliteController: getCarrierRoamingNtnConnectTypeViaConfigUpdater: return null (satelliteConfig is null)
08-06 10:09:45.363 3849 4150 D SatelliteController: getCarrierRoamingNtnConnectType: Falling back to global carrier config connect type: 0
08-06 10:09:45.363 3849 4150 D TelephonyConfigUpdateInstallReceiver: getConfigParser: domain=satellite
08-06 10:09:45.363 3849 4150 V SatelliteController: satelliteConfigParser is not ready
08-06 10:09:45.363 3849 4150 D SatelliteController: isSatelliteAttachSupportedViaConfigupdater: return null (satelliteConfig is null)
08-06 10:09:45.364 1761 3529 D ActivityManager: sync unfroze 3567 com.google.android.permissioncontroller for 6
08-06 10:09:45.365 4312 5060 D StateService: Country ISO: au
08-06 10:09:45.365 3849 4150 V SatelliteController: getWwanIsInService: return true
08-06 10:09:45.365 3849 4150 D SatelliteController: getCarrierRoamingNtnConnectType: Checking connect type from PLMN config for subId: 3
08-06 10:09:45.365 3849 4150 D TelephonyConfigUpdateInstallReceiver: getConfigParser: domain=satellite
08-06 10:09:45.365 3849 4150 V SatelliteController: satelliteConfigParser is not ready
08-06 10:09:45.365 3849 4150 D SatelliteController: isSatelliteAttachSupportedViaConfigupdater: return null (satelliteConfig is null)
08-06 10:09:45.365 4312 5070 D ConnectivityEventWriter: Event filtered: SERVICE_STATE_CHANGED
08-06 10:09:45.365 4312 4464 I SconeRelayMetricsApCollectorDataPlugin: SubId 3: Using API 34+ ServiceState parsing.
08-06 10:09:45.365 3849 4150 D SatelliteController: getSatellitePerPlmnConfiguration: subId=3 return null
08-06 10:09:45.365 3849 4150 D SatelliteController: getCarrierRoamingNtnConnectType: config: null
08-06 10:09:45.365 3849 4150 D TelephonyConfigUpdateInstallReceiver: getConfigParser: domain=satellite
08-06 10:09:45.365 3849 4150 V SatelliteController: satelliteConfigParser is not ready
08-06 10:09:45.365 4312 5070 D ImsPreconditionCheck: {subId=3} handleMessage: { when=-9ms what=9 obj={mVoiceRegState=0(IN_SERVICE), mDataRegState=0(IN_SERVICE), mChannelNumber=100, duplexMode()=1, mCellBandwidths=[20000, 10000, 60000], mOperatorAlphaLong=null, mOperatorAlphaShort=null, isManualNetworkSelection=false(automatic), getRilVoiceRadioTechnology=14(LTE), getRilDataRadioTechnology=14(LTE), mCssIndicator=unsupported, mIsEmergencyOnly=false, isUsingCarrierAggregation=true, mArfcnRsrpBoost=0, mNetworkRegistrationInfos=[NetworkRegistrationInfo{ domain=PS transportType=WLAN registrationState=HOME networkRegistrationState=HOME roamingType=NOT_ROAMING accessNetworkTechnology=IWLAN rejectCause=0 emergencyEnabled=false availableServices=[DATA] cellIdentity=null voiceSpecificInfo=null dataSpecificInfo=null nrState=**** rRplmn= isUsingCarrierAggregation=false isNonTerrestrialNetwork=TERRESTRIAL satelliteTechnology=NT_RADIO_TECHNOLOGY_UNKNOWN}, NetworkRegistrationInfo{ domain=CS transportType=WWAN registrationState=HOME networkRegistrationState=HOME roamingType=NOT_ROAMING accessNetworkTechnology=LTE rejectCause=0 emergencyEnabled=false availableServices=[VOICE,SMS,VIDEO] cellIdentity=CellIdentityLte:{ mCi=[****] mPci=[****] mTac=[****] mEarfcn=[****] mBands=[1] mBandwidth=2147483647 mMcc=505 mMnc=01 mAlphaLong=Telstra mAlphaShort=Telstra mAdditionalPlmns={} mCsgInfo=null} voiceSpecificInfo=VoiceSpecificRegistrationInfo { mCssSupported=false mRoamingIndicator=0 mSystemIsInPrl=0 mDefaultRoamingIndicator=0} dataSpecificInfo=null nrState=**** rRplmn=50501 isUsingCarrierAggregation=false isNonTerrestrialNetwork=TERRESTRIAL satelliteTechnology=NT_RADIO_TECHNOLOGY_UNKNOWN}, NetworkRegistrationInfo{ domain=PS transportType=WWAN registrationState=HOME networkRegistrationState=HOME roamingType=NOT_ROAMING accessNetworkTechnology=LTE rejectCause=0 emergencyEnabled=false availableServices=[DATA,MMS] cellIdentity=CellIdentityLte:{ mCi=[****] mPci=[****] mTac=[****] mEarfcn=[****] mBands=[1] mBandwidth=2147483647 mMcc=505 mMnc=01 mAlphaLong=Telstra mAlphaShort=Telstra mAdditionalPlmns={} mCsgInfo=null} voiceSpecificInfo=null dataSpecificInfo=android.telephony.DataSpecificRegistrationInfo :{ maxDataCalls = 16 isDcNrRestricted = false isNrAvailable = true isEnDcAvailable = true mLteAttachResultType = 2 mLteAttachExtraInfo = 0 LteVopsSupportInfo : mVopsSupport = 2 mEmcBearerSupport = 2 } nrState=**** rRplmn=50501 isUsingCarrierAggregation=false isNonTerrestrialNetwork=TERRESTRIAL satelliteTechnology=NT_RADIO_TECHNOLOGY_UNKNOWN}], mNrFrequencyRange=0, mOperatorAlphaLongRaw=Telstra, mOperatorAlphaShortRaw=Telstra, mIsDataRoamingFromRegistration=false, mIsIwlanPreferred=false, mIsUsingNonTerrestrialNetwork=false} target=emf async=false heapIndex=-1 }
08-06 10:09:45.366 3849 4150 D SatelliteController: getCarrierRoamingNtnConnectTypeViaConfigUpdater: return null (satelliteConfig is null)
08-06 10:09:45.366 3849 4150 D SatelliteController: getCarrierRoamingNtnConnectType: Falling back to global carrier config connect type: 0
08-06 10:09:45.366 3849 4150 D TelephonyConfigUpdateInstallReceiver: getConfigParser: domain=satellite
08-06 10:09:45.366 3849 4150 V SatelliteController: satelliteConfigParser is not ready
08-06 10:09:45.366 3849 4150 D SatelliteController: isSatelliteAttachSupportedViaConfigupdater: return null (satelliteConfig is null)
08-06 10:09:45.367 3849 4150 V SatelliteController: getWwanIsInService: return true
08-06 10:09:45.367 3849 4150 D SatelliteController: isUsingNonTerrestrialNetworkViaCarrier: subId=3 isUsingNtn=false
08-06 10:09:45.367 3849 4150 D SatelliteController: isUsingNonTerrestrialNetworkViaCarrier: phone is null for subId=-1
08-06 10:09:45.368 4312 5060 D StateService: Country ISO: au
08-06 10:09:45.372 17719 31805 I dmoo : (REDACTED) Writing metadata key: %s, corpus: %s
08-06 10:09:45.373 1761 5823 W ContextImpl: Calling a method in the system process without a qualified user: android.app.ContextImpl.sendBroadcastMultiplePermissions:1408 com.android.server.TelephonyRegistry.broadcastServiceStateChanged:4409 com.android.server.TelephonyRegistry.notifyServiceStateForPhoneId:1930 com.android.internal.telephony.ITelephonyRegistry$Stub.onTransact:629 android.os.Binder.execTransactInternal:1369
08-06 10:09:45.375 17138 17138 I SatelliteTileStateReceiver: onReceive: intent=Intent { act=android.intent.action.SERVICE_STATE flg=0x1000010 xflg=0x4 cmp=com.android.settings/.network.telephony.satellite.quicksettings.SatelliteTileStateReceiver (has extras) }
08-06 10:09:45.375 17138 17138 I SatelliteTileStateReceiver: Satellite tile static feature configs are enabled for this device.
08-06 10:09:45.375 1761 5823 W ContextImpl: Calling a method in the system process without a qualified user: android.app.ContextImpl.sendBroadcastMultiplePermissions:1408 com.android.server.TelephonyRegistry.broadcastServiceStateChanged:4418 com.android.server.TelephonyRegistry.notifyServiceStateForPhoneId:1930 com.android.internal.telephony.ITelephonyRegistry$Stub.onTransact:629 android.os.Binder.execTransactInternal:1369
08-06 10:09:45.375 4312 4464 I SconeRelayMetricsApCollectorDataPlugin: SubId 3: Data InService, Roaming=false
08-06 10:09:45.375 17138 3426 I SatelliteTileStateReceiver: Handling subscription or config change.
08-06 10:09:45.376 3807 4802 I SHANNON_IMS: 3913 [PROX] onReceive: intent= [Intent { act=android.intent.action.SERVICE_STATE flg=0x1000010 xflg=0x4 (has extras) }] (ConnectivityBroadcastReceiver%onReceive:91)
08-06 10:09:45.376 4312 5060 D StateService: Country ISO: au
08-06 10:09:45.377 1761 5823 W ContextImpl: Calling a method in the system process without a qualified user: android.app.ContextImpl.sendBroadcastMultiplePermissions:1408 com.android.server.TelephonyRegistry.broadcastServiceStateChanged:4424 com.android.server.TelephonyRegistry.notifyServiceStateForPhoneId:1930 com.android.internal.telephony.ITelephonyRegistry$Stub.onTransact:629 android.os.Binder.execTransactInternal:1369
08-06 10:09:45.377 17138 3426 I SatelliteUtils: Checking LTE-based NTN support for SubId: 3
08-06 10:09:45.378 3849 3903 D TelephonyConfigUpdateInstallReceiver: getConfigParser: domain=satellite
08-06 10:09:45.378 3849 3903 V SatelliteController: satelliteConfigParser is not ready
08-06 10:09:45.378 3849 3903 D SatelliteController: isSatelliteAttachSupportedViaConfigupdater: return null (satelliteConfig is null)
08-06 10:09:45.379 3849 3903 D SatelliteController: getCarrierRoamingNtnConnectType: Checking connect type from PLMN config for subId: 3
08-06 10:09:45.379 3849 3903 D TelephonyConfigUpdateInstallReceiver: getConfigParser: domain=satellite
08-06 10:09:45.379 3849 3903 V SatelliteController: satelliteConfigParser is not ready
08-06 10:09:45.379 3849 3903 D SatelliteController: isSatelliteAttachSupportedViaConfigupdater: return null (satelliteConfig is null)
08-06 10:09:45.380 3849 3903 D SatelliteController: getSatellitePerPlmnConfiguration: subId=3 return null
08-06 10:09:45.380 3849 3903 D SatelliteController: getCarrierRoamingNtnConnectType: config: null
08-06 10:09:45.380 3849 3903 D TelephonyConfigUpdateInstallReceiver: getConfigParser: domain=satellite
08-06 10:09:45.380 3849 3903 V SatelliteController: satelliteConfigParser is not ready
08-06 10:09:45.380 3849 3903 D SatelliteController: getCarrierRoamingNtnConnectTypeViaConfigUpdater: return null (satelliteConfig is null)
08-06 10:09:45.380 17719 17895 I dmkg : (REDACTED) Starting batch sync for corpora: %s
08-06 10:09:45.380 3849 3903 D SatelliteController: getCarrierRoamingNtnConnectType: Falling back to global carrier config connect type: 0
08-06 10:09:45.380 3849 3849 D SatelliteController: getCarrierRoamingNtnConnectType: Checking connect type from PLMN config for subId: 3
08-06 10:09:45.381 3849 3849 D TelephonyConfigUpdateInstallReceiver: getConfigParser: domain=satellite
08-06 10:09:45.381 3849 3849 V SatelliteController: satelliteConfigParser is not ready
08-06 10:09:45.381 3849 3849 D SatelliteController: isSatelliteAttachSupportedViaConfigupdater: return null (satelliteConfig is null)
08-06 10:09:45.381 3849 3849 D SatelliteController: getSatellitePerPlmnConfiguration: subId=3 return null
08-06 10:09:45.381 3849 3849 D SatelliteController: getCarrierRoamingNtnConnectType: config: null
08-06 10:09:45.381 3849 3849 D TelephonyConfigUpdateInstallReceiver: getConfigParser: domain=satellite
08-06 10:09:45.381 3849 3849 V SatelliteController: satelliteConfigParser is not ready
08-06 10:09:45.381 3849 3849 D SatelliteController: getCarrierRoamingNtnConnectTypeViaConfigUpdater: return null (satelliteConfig is null)
08-06 10:09:45.381 3849 3849 D SatelliteController: getCarrierRoamingNtnConnectType: Falling back to global carrier config connect type: 0
08-06 10:09:45.381 3849 3849 D TelephonyConfigUpdateInstallReceiver: getConfigParser: domain=satellite
08-06 10:09:45.381 3849 3849 V SatelliteController: satelliteConfigParser is not ready
08-06 10:09:45.381 3849 3849 D SatelliteController: isSatelliteAttachSupportedViaConfigupdater: return null (satelliteConfig is null)
08-06 10:09:45.382 3849 3849 V SatelliteController: getWwanIsInService: return true
08-06 10:09:45.382 3849 3849 D SatelliteController: isInCarrierRoamingNbIotNtn: satellite is disabled
08-06 10:09:45.386 13242 31685 D downloader2: Response body written. bytesWritten=1233, uri=https://www.gstatic.com/mdi-serving/rubidium-adservices-topics-classifier/1986/9e98784bcdb26a3eb2ab3f65ee811f43177c761f
08-06 10:09:45.387 17138 3426 I SatelliteTileStateReceiver: Satellite tile static feature configs are enabled for this device.
08-06 10:09:45.387 4247 4247 D CellBroadcastReceiver: onReceive Intent { act=android.intent.action.SERVICE_STATE flg=0x1000010 xflg=0x4 cmp=com.google.android.cellbroadcastreceiver/com.android.cellbroadcastreceiver.CellBroadcastReceiver (has extras) }
08-06 10:09:45.388 17138 3426 I SatelliteTileStateReceiver: SatelliteTileService runtime component state enabled: true
08-06 10:09:45.388 4247 4247 D CellBroadcastReceiver: onServiceStateChanged, ss: 0
08-06 10:09:45.388 4247 4247 D CellBroadcastReceiver: networkOperator: 50501
08-06 10:09:45.388 4247 4247 D CellBroadcastReceiver: update supported roaming operator as
08-06 10:09:45.388 17138 3426 W JobInfo : Job 'com.android.settings/.network.telephony.satellite.quicksettings.SatelliteEligibilityJobService#108' has a deadline with functional constraints and an extremely short time window of 0 ms (delay=0, deadline=0). The functional constraints are not likely to be satisfied when the job runs.
08-06 10:09:45.390 1761 5823 W JobInfo : Job 'com.android.settings/.network.telephony.satellite.quicksettings.SatelliteEligibilityJobService#108' has a deadline with functional constraints and an extremely short time window of 0 ms (delay=0, deadline=0). The functional constraints are not likely to be satisfied when the job runs.
08-06 10:09:45.394 13242 31688 D downloader2: Queued download completed, running queued downloads: https://www.gstatic.com/mdi-serving/rubidium-adservices-topics-classifier/1986/9e98784bcdb26a3eb2ab3f65ee811f43177c761f
08-06 10:09:45.397 4312 5060 D StateService: Country ISO: au
08-06 10:09:45.400 3849 3849 I Telephony: TelecomAccountRegistry$TelecomAccountTelephonyCallback: TelecomAccountRegistry: onServiceStateChanged: newState=0, mServiceState=0
08-06 10:09:45.402 13242 31685 D downloader2: Download complete, running queued downloads: https://www.gstatic.com/mdi-serving/rubidium-adservices-topics-classifier/1986/9e98784bcdb26a3eb2ab3f65ee811f43177c761f
08-06 10:09:45.403 1371 1422 D RILClient: [OemClient]IND: (clientId = 0, msgId = 3005, dataLength = 24, channel = 0)
08-06 10:09:45.405 3807 3807 I SHANNON_IMS: 3914 [NETW] #:PURP:# UNSOL {RILC_UNSOL_IMS_SUPPORT_SERVICE} : VoPS : 1 EMC : 1 SIM_IDX : 0 RAT : 14 REG_STATE : 1 CELL_ID : 151108118 LAC/TAC : 36912 PLMN : 50501 (NetworkAdaptor$AdaptorChannel%onMessage:306)
08-06 10:09:45.405 3807 3807 I SHANNON_IMS: 3915 [CONN] #:ORNG:# supportService [VoPS : 1/ EMC : 1/ RAT_INFO : 14/ REG_STATE : 1/ CELL_ID : 151108118/ LAC-TAC Info : 36912/ PLMN : 50501] [SLID:0 ] (ImsConnectivityMgr$RegistrationListener%supportService:2897)
08-06 10:09:45.410 3849 3849 I Telephony: isRttCurrentlySupported -- regular acct, hasVoiceAvailability: true
08-06 10:09:45.410 3849 3849 I Telephony: isRttSupported: false
08-06 10:09:45.410 3849 3849 I Telephony: alwaysAllowWhileRoaming: false
08-06 10:09:45.410 3849 3849 I Telephony: isRoaming: false
08-06 10:09:45.410 3849 3849 I Telephony: isOnWfc: false
08-06 10:09:45.411 17719 31819 I dmoo : (REDACTED) Writing metadata key: %s, corpus: %s
08-06 10:09:45.415 17719 31819 I dmoo : (REDACTED) Writing metadata key: %s, corpus: %s
08-06 10:09:45.422 1761 3907 D TelephonyManager: requestModemActivityInfo: Sending result to app: ModemActivityInfo{ mTimestamp=583205213 mSleepTimeMs=431269899 mIdleTimeMs=6597446 mActivityStatsTechSpecificInfo=[{mRat=GERAN,mFrequencyRange=UNKNOWN,mTxTimeMs[]=[0, 0, 0, 0, 0],mRxTimeMs=570}, {mRat=UTRAN,mFrequencyRange=UNKNOWN,mTxTimeMs[]=[0, 0, 0, 0, 0],mRxTimeMs=17}, {mRat=EUTRAN,mFrequencyRange=UNKNOWN,mTxTimeMs[]=[242449, 223951, 462383, 396323, 804109],mRxTimeMs=243594789}, {mRat=NGRAN,mFrequencyRange=HIGH,mTxTimeMs[]=[146945, 72335, 207146, 169761, 400522],mRxTimeMs=54945550}, {mRat=NGRAN,mFrequencyRange=MMWAVE,mTxTimeMs[]=[0, 0, 0, 0, 0],mRxTimeMs=0}, {mRat=UNKNOWN,mFrequencyRange=UNKNOWN,mTxTimeMs[]=[0, 0, 0, 0, 0],mRxTimeMs=0}]}
08-06 10:09:45.425 1371 1422 D RILClient: [OemClient]IND: (clientId = 0, msgId = 3005, dataLength = 24, channel = 0)
08-06 10:09:45.426 3807 3807 I SHANNON_IMS: 3919 [NETW] #:PURP:# UNSOL {RILC_UNSOL_IMS_SUPPORT_SERVICE} : VoPS : 1 EMC : 1 SIM_IDX : 0 RAT : 14 REG_STATE : 1 CELL_ID : 151108118 LAC/TAC : 36912 PLMN : 50501 (NetworkAdaptor$AdaptorChannel%onMessage:306)
08-06 10:09:45.426 3807 3807 I SHANNON_IMS: 3920 [CONN] #:ORNG:# supportService [VoPS : 1/ EMC : 1/ RAT_INFO : 14/ REG_STATE : 1/ CELL_ID : 151108118/ LAC-TAC Info : 36912/ PLMN : 50501] [SLID:0 ] (ImsConnectivityMgr$RegistrationListener%supportService:2897)
08-06 10:09:45.429 17719 17895 I dmkg : (REDACTED) Starting batch sync for corpora: %s
08-06 10:09:45.433 3849 3849 D TelephonyConfigUpdateInstallReceiver: getConfigParser: domain=satellite
08-06 10:09:45.433 3849 3849 V SatelliteController: satelliteConfigParser is not ready
08-06 10:09:45.433 3849 3849 D SatelliteController: getDeviceSatellitePlmnListFromConfigUpdater: return empty list
08-06 10:09:45.433 3849 3849 D SatelliteController: getCarrierRoamingNtnAllSatellitePlmnSetFromStorage: [302723, 44026, 73029, 44055, 312190, 44025, 313210, 23402, 310210, 310830, 53013, 255707, 50511, 771688, 50559]
08-06 10:09:45.435 8200 8238 D NetworkChangeCallback: onCapabilitiesChanged: cachedDefaultNetwork=165 iface=wlan0
08-06 10:09:45.436 3849 3849 D SatelliteController: getAllPlmnList: [302723, 44026, 73029, 44055, 312190, 44025, 313210, 23402, 310210, 310830, 53013, 255707, 50511, 771688, 50559]
08-06 10:09:45.436 3849 3849 D SatelliteController: isDtcSatelliteTechnologySupported: subId=3, plmn=50501
08-06 10:09:45.436 8200 20398 D gojni : NetworkChangeCallback: onCapabilitiesChanged: cachedDefaultNetwork=165 iface=wlan0
08-06 10:09:45.436 3849 3849 D TelephonyConfigUpdateInstallReceiver: getConfigParser: domain=satellite
08-06 10:09:45.436 3849 3849 V SatelliteController: satelliteConfigParser is not ready
08-06 10:09:45.436 3849 3849 D SatelliteController: getDeviceSatellitePlmnListFromConfigUpdater: return empty list
08-06 10:09:45.436 3849 3849 D SatelliteController: getCarrierRoamingNtnAllSatellitePlmnSetFromStorage: [302723, 44026, 73029, 44055, 312190, 44025, 313210, 23402, 310210, 310830, 53013, 255707, 50511, 771688, 50559]
08-06 10:09:45.436 3849 3849 D SatelliteController: getAllPlmnList: [302723, 44026, 73029, 44055, 312190, 44025, 313210, 23402, 310210, 310830, 53013, 255707, 50511, 771688, 50559]
08-06 10:09:45.436 3849 3849 D SatelliteController: isDtcSatelliteTechnologySupported: the plmn=50501 is not contained in satellite provider
08-06 10:09:45.436 3849 3849 D NtnCapabilityResolver: isNtn=false
08-06 10:09:45.436 3849 3849 D NtnCapabilityResolver: isDtcSupported=false
08-06 10:09:45.437 3849 3849 D TelephonyConfigUpdateInstallReceiver: getConfigParser: domain=satellite
08-06 10:09:45.437 3849 3849 V SatelliteController: satelliteConfigParser is not ready
08-06 10:09:45.437 3849 3849 D SatelliteController: getDeviceSatellitePlmnListFromConfigUpdater: return empty list
08-06 10:09:45.437 3849 3849 D SatelliteController: getCarrierRoamingNtnAllSatellitePlmnSetFromStorage: [302723, 44026, 73029, 44055, 312190, 44025, 313210, 23402, 310210, 310830, 53013, 255707, 50511, 771688, 50559]
08-06 10:09:45.437 3849 3849 D SatelliteController: getAllPlmnList: [302723, 44026, 73029, 44055, 312190, 44025, 313210, 23402, 310210, 310830, 53013, 255707, 50511, 771688, 50559]
08-06 10:09:45.437 3849 3849 D SatelliteController: isDtcSatelliteTechnologySupported: subId=3, plmn=50501
08-06 10:09:45.437 3849 3849 D TelephonyConfigUpdateInstallReceiver: getConfigParser: domain=satellite
08-06 10:09:45.437 3849 3849 V SatelliteController: satelliteConfigParser is not ready
08-06 10:09:45.437 3849 3849 D SatelliteController: getDeviceSatellitePlmnListFromConfigUpdater: return empty list
08-06 10:09:45.437 3849 3849 D SatelliteController: getCarrierRoamingNtnAllSatellitePlmnSetFromStorage: [302723, 44026, 73029, 44055, 312190, 44025, 313210, 23402, 310210, 310830, 53013, 255707, 50511, 771688, 50559]
08-06 10:09:45.437 3849 3849 D SatelliteController: getAllPlmnList: [302723, 44026, 73029, 44055, 312190, 44025, 313210, 23402, 310210, 310830, 53013, 255707, 50511, 771688, 50559]
08-06 10:09:45.437 3849 3849 D SatelliteController: isDtcSatelliteTechnologySupported: the plmn=50501 is not contained in satellite provider
08-06 10:09:45.437 3849 3849 D NtnCapabilityResolver: isNtn=false
08-06 10:09:45.437 3849 3849 D NtnCapabilityResolver: isDtcSupported=false
08-06 10:09:45.441 3849 3849 D SatelliteController: isUsingNonTerrestrialNetworkViaCarrier: subId=3 isUsingNtn=false
08-06 10:09:45.441 3849 3849 D SatelliteController: getSelectedSatelliteSubId: subId=1
08-06 10:09:45.443 13242 31685 D downloader2: Got URL response, starting to read response body. uri=https://www.gstatic.com/mdi-serving/rubidium-adservices-ui-ota-strings/4265/91ac5d17ab9f2445a3462f98f5249a73e9b0e235
08-06 10:09:45.447 3849 4150 D SatelliteSessionController: isInEnablingState: getCurrentState=com.android.internal.telephony.satellite.SatelliteSessionController$PowerOffState@a614138
08-06 10:09:45.447 3849 4150 D SatelliteController: getSelectedSatelliteSubId: subId=1
08-06 10:09:45.447 3849 4150 D SatelliteController: isCarrierRoamingNtnEligible(1): doesn't support manual-connect P2P SMS
08-06 10:09:45.447 3849 4150 D SatelliteController: evaluateCarrierRoamingNtnEligibilityChange: isCarrierRoamingNtnEligible=false
08-06 10:09:45.447 3849 4150 D SatelliteController: getSelectedSatelliteSubId: subId=1
08-06 10:09:45.447 3849 4150 D SatelliteController: notifyNtnEligibility: phoneId=0 currentNtnEligibility=false
08-06 10:09:45.447 3849 4150 V SatelliteController: getWwanIsInService: return true
08-06 10:09:45.447 3849 4150 D SatelliteController: handleServiceStateForSatelliteConnectionViaCarrier: resetCarrierRoamingSatelliteModeParams: device is connected to terrestrial service or radio is off
08-06 10:09:45.447 3849 4150 D SatelliteController: handleServiceStateForSatelliteConnectionViaCarrier: clearing current satellite per plmn configs for subId: 3
08-06 10:09:45.447 3849 4150 D SatelliteController: getCarrierRoamingNtnConnectType: Checking connect type from PLMN config for subId: 3
08-06 10:09:45.447 3849 4150 D TelephonyConfigUpdateInstallReceiver: getConfigParser: domain=satellite
08-06 10:09:45.447 3849 4150 V SatelliteController: satelliteConfigParser is not ready
08-06 10:09:45.447 3849 4150 D SatelliteController: isSatelliteAttachSupportedViaConfigupdater: return null (satelliteConfig is null)
08-06 10:09:45.448 3849 4150 D SatelliteController: getSatellitePerPlmnConfiguration: subId=3 return null
08-06 10:09:45.448 3849 4150 D SatelliteController: getCarrierRoamingNtnConnectType: config: null
08-06 10:09:45.448 3849 4150 D TelephonyConfigUpdateInstallReceiver: getConfigParser: domain=satellite
08-06 10:09:45.448 3849 4150 V SatelliteController: satelliteConfigParser is not ready
08-06 10:09:45.448 3849 4150 D SatelliteController: getCarrierRoamingNtnConnectTypeViaConfigUpdater: return null (satelliteConfig is null)
08-06 10:09:45.450 3849 4150 D SatelliteController: getCarrierRoamingNtnConnectType: Falling back to global carrier config connect type: 0
08-06 10:09:45.450 3849 4150 D TelephonyConfigUpdateInstallReceiver: getConfigParser: domain=satellite
08-06 10:09:45.450 3849 4150 V SatelliteController: satelliteConfigParser is not ready
08-06 10:09:45.450 3849 4150 D SatelliteController: isSatelliteAttachSupportedViaConfigupdater: return null (satelliteConfig is null)
08-06 10:09:45.450 3849 4150 V SatelliteController: getWwanIsInService: return true
08-06 10:09:45.451 3849 4150 D SatelliteController: updateLastNotifiedNtnModeAndNotify: subId=3 initialized=true lastNotifiedNtnMode=false currNtnMode=false
08-06 10:09:45.451 3849 4150 D SatelliteController: updateLastNotifiedNtnModeAndNotify: not in NTN mode, clear per plmn configs
08-06 10:09:45.451 3849 4150 D SatelliteController: isInCarrierRoamingNbIotNtn: satellite is disabled
08-06 10:09:45.451 3849 4150 D SatelliteController: getCarrierRoamingNtnConnectType: Checking connect type from PLMN config for subId: 3
08-06 10:09:45.451 3849 4150 D TelephonyConfigUpdateInstallReceiver: getConfigParser: domain=satellite
08-06 10:09:45.451 3849 4150 V SatelliteController: satelliteConfigParser is not ready
08-06 10:09:45.451 3849 4150 D SatelliteController: isSatelliteAttachSupportedViaConfigupdater: return null (satelliteConfig is null)
08-06 10:09:45.451 4312 5060 D StateService: Country ISO: au
08-06 10:09:45.451 3849 4150 D SatelliteController: getSatellitePerPlmnConfiguration: subId=3 return null
08-06 10:09:45.451 3849 4150 D SatelliteController: getCarrierRoamingNtnConnectType: config: null
08-06 10:09:45.452 3849 4150 D TelephonyConfigUpdateInstallReceiver: getConfigParser: domain=satellite
08-06 10:09:45.452 3849 4150 V SatelliteController: satelliteConfigParser is not ready
08-06 10:09:45.452 3849 4150 D SatelliteController: getCarrierRoamingNtnConnectTypeViaConfigUpdater: return null (satelliteConfig is null)
08-06 10:09:45.452 3849 4150 D SatelliteController: getCarrierRoamingNtnConnectType: Falling back to global carrier config connect type: 0
08-06 10:09:45.452 3849 4150 D TelephonyConfigUpdateInstallReceiver: getConfigParser: domain=satellite
08-06 10:09:45.452 3849 4150 V SatelliteController: satelliteConfigParser is not ready
08-06 10:09:45.452 3849 4150 D SatelliteController: isSatelliteAttachSupportedViaConfigupdater: return null (satelliteConfig is null)
08-06 10:09:45.452 3849 4150 V SatelliteController: getWwanIsInService: return true
08-06 10:09:45.452 3849 4150 D SatelliteController: getCarrierRoamingNtnConnectType: Checking connect type from PLMN config for subId: 3
08-06 10:09:45.452 3849 4150 D TelephonyConfigUpdateInstallReceiver: getConfigParser: domain=satellite
08-06 10:09:45.452 3849 4150 V SatelliteController: satelliteConfigParser is not ready
08-06 10:09:45.452 3849 4150 D SatelliteController: isSatelliteAttachSupportedViaConfigupdater: return null (satelliteConfig is null)
08-06 10:09:45.453 3849 4150 D SatelliteController: getSatellitePerPlmnConfiguration: subId=3 return null
08-06 10:09:45.453 3849 4150 D SatelliteController: getCarrierRoamingNtnConnectType: config: null
08-06 10:09:45.453 3849 4150 D TelephonyConfigUpdateInstallReceiver: getConfigParser: domain=satellite
08-06 10:09:45.453 3849 4150 V SatelliteController: satelliteConfigParser is not ready
08-06 10:09:45.453 3849 4150 D SatelliteController: getCarrierRoamingNtnConnectTypeViaConfigUpdater: return null (satelliteConfig is null)
08-06 10:09:45.453 3849 4150 D SatelliteController: getCarrierRoamingNtnConnectType: Falling back to global carrier config connect type: 0
08-06 10:09:45.453 3849 4150 D TelephonyConfigUpdateInstallReceiver: getConfigParser: domain=satellite
08-06 10:09:45.453 3849 4150 V SatelliteController: satelliteConfigParser is not ready
08-06 10:09:45.455 1761 5046 I LocationAccessPolicy: com.instagram.android is aware of fine but the app-ops permission is specifically denied.
08-06 10:09:45.456 1761 5046 I LocationAccessPolicy: com.instagram.android is aware of coarse but the app-ops permission is specifically denied.
08-06 10:09:45.453 3849 4150 D SatelliteController: isSatelliteAttachSupportedViaConfigupdater: return null (satelliteConfig is null)
08-06 10:09:45.456 1761 5046 I LocationAccessPolicy: com.oculus.twilight is aware of fine but the app-ops permission is specifically denied.
08-06 10:09:45.456 1761 5046 I LocationAccessPolicy: com.oculus.twilight is aware of coarse but the app-ops permission is specifically denied.
08-06 10:09:45.457 3849 4150 V SatelliteController: getWwanIsInService: return true
08-06 10:09:45.457 3849 4150 D SatelliteController: isUsingNonTerrestrialNetworkViaCarrier: subId=3 isUsingNtn=false
08-06 10:09:45.457 3849 4150 D SatelliteController: isUsingNonTerrestrialNetworkViaCarrier: phone is null for subId=-1
08-06 10:09:45.457 1761 5046 I LocationAccessPolicy: com.zhiliaoapp.musically is aware of fine but the app-ops permission is specifically denied.
08-06 10:09:45.457 1761 5046 I LocationAccessPolicy: com.zhiliaoapp.musically is aware of coarse but the app-ops permission is specifically denied.
08-06 10:09:45.458 4312 5070 D ConnectivityEventWriter: Event filtered: SERVICE_STATE_CHANGED
08-06 10:09:45.458 4312 5070 D ImsPreconditionCheck: {subId=3} handleMessage: { when=-1ms what=9 obj={mVoiceRegState=0(IN_SERVICE), mDataRegState=0(IN_SERVICE), mChannelNumber=100, duplexMode()=1, mCellBandwidths=[20000, 10000, 60000], mOperatorAlphaLong=null, mOperatorAlphaShort=null, isManualNetworkSelection=false(automatic), getRilVoiceRadioTechnology=14(LTE), getRilDataRadioTechnology=14(LTE), mCssIndicator=unsupported, mIsEmergencyOnly=false, isUsingCarrierAggregation=true, mArfcnRsrpBoost=0, mNetworkRegistrationInfos=[NetworkRegistrationInfo{ domain=PS transportType=WLAN registrationState=HOME networkRegistrationState=HOME roamingType=NOT_ROAMING accessNetworkTechnology=IWLAN rejectCause=0 emergencyEnabled=false availableServices=[DATA] cellIdentity=null voiceSpecificInfo=null dataSpecificInfo=null nrState=**** rRplmn= isUsingCarrierAggregation=false isNonTerrestrialNetwork=TERRESTRIAL satelliteTechnology=NT_RADIO_TECHNOLOGY_UNKNOWN}, NetworkRegistrationInfo{ domain=CS transportType=WWAN registrationState=HOME networkRegistrationState=HOME roamingType=NOT_ROAMING accessNetworkTechnology=LTE rejectCause=0 emergencyEnabled=false availableServices=[VOICE,SMS,VIDEO] cellIdentity=CellIdentityLte:{ mCi=[****] mPci=[****] mTac=[****] mEarfcn=[****] mBands=[1, 3, 7] mBandwidth=2147483647 mMcc=505 mMnc=01 mAlphaLong=Telstra mAlphaShort=Telstra mAdditionalPlmns={} mCsgInfo=null} voiceSpecificInfo=VoiceSpecificRegistrationInfo { mCssSupported=false mRoamingIndicator=0 mSystemIsInPrl=0 mDefaultRoamingIndicator=0} dataSpecificInfo=null nrState=**** rRplmn=50501 isUsingCarrierAggregation=false isNonTerrestrialNetwork=TERRESTRIAL satelliteTechnology=NT_RADIO_TECHNOLOGY_UNKNOWN}, NetworkRegistrationInfo{ domain=PS transportType=WWAN registrationState=HOME networkRegistrationState=HOME roamingType=NOT_ROAMING accessNetworkTechnology=LTE rejectCause=0 emergencyEnabled=false availableServices=[DATA,MMS] cellIdentity=CellIdentityLte:{ mCi=[****] mPci=[****] mTac=[****] mEarfcn=[****] mBands=[1, 3, 7] mBandwidth=2147483647 mMcc=505 mMnc=01 mAlphaLong=Telstra mAlphaShort=Telstra mAdditionalPlmns={} mCsgInfo=null} voiceSpecificInfo=null dataSpecificInfo=android.telephony.DataSpecificRegistrationInfo :{ maxDataCalls = 16 isDcNrRestricted = false isNrAvailable = true isEnDcAvailable = true mLteAttachResultType = 2 mLteAttachExtraInfo = 0 LteVopsSupportInfo : mVopsSupport = 2 mEmcBearerSupport = 2 } nrState=**** rRplmn=50501 isUsingCarrierAggregation=false isNonTerrestrialNetwork=TERRESTRIAL satelliteTechnology=NT_RADIO_TECHNOLOGY_UNKNOWN}], mNrFrequencyRange=0, mOperatorAlphaLongRaw=Telstra, mOperatorAlphaShortRaw=Telstra, mIsDataRoamingFromRegistration=false, mIsIwlanPreferred=false, mIsUsingNonTerrestrialNetwork=false} target=emf async=false heapIndex=-1 }
08-06 10:09:45.458 1761 5046 I LocationAccessPolicy: com.zhiliaoapp.musically is aware of fine but the app-ops permission is specifically denied.
08-06 10:09:45.458 1761 5046 I LocationAccessPolicy: com.zhiliaoapp.musically is aware of coarse but the app-ops permission is specifically denied.
08-06 10:09:45.459 1761 5046 W ContextImpl: Calling a method in the system process without a qualified user: android.app.ContextImpl.sendBroadcastMultiplePermissions:1375 android.content.Context.sendBroadcastMultiplePermissions:2803 com.android.server.TelephonyRegistry.broadcastServiceStateChanged:4404 com.android.server.TelephonyRegistry.notifyServiceStateForPhoneId:1930 com.android.internal.telephony.ITelephonyRegistry$Stub.onTransact:629
08-06 10:09:45.460 4312 4464 I SconeRelayMetricsApCollectorDataPlugin: SubId 3: Using API 34+ ServiceState parsing.
08-06 10:09:45.460 4312 4464 I SconeRelayMetricsApCollectorDataPlugin: SubId 3: Data InService, Roaming=false
08-06 10:09:45.460 1761 5046 W ContextImpl: Calling a method in the system process without a qualified user: android.app.ContextImpl.sendBroadcastMultiplePermissions:1408 com.android.server.TelephonyRegistry.broadcastServiceStateChanged:4409 com.android.server.TelephonyRegistry.notifyServiceStateForPhoneId:1930 com.android.internal.telephony.ITelephonyRegistry$Stub.onTransact:629 android.os.Binder.execTransactInternal:1369
08-06 10:09:45.461 3566 3566 D GlobalActionsDialogLite: Service changed before actions created
08-06 10:09:45.461 3566 3566 D GlobalActionsDialogLite: Service changed before actions created
08-06 10:09:45.465 17138 17138 I SatelliteTileStateReceiver: onReceive: intent=Intent { act=android.intent.action.SERVICE_STATE flg=0x1000010 xflg=0x4 cmp=com.android.settings/.network.telephony.satellite.quicksettings.SatelliteTileStateReceiver (has extras) }
08-06 10:09:45.465 17138 17138 I SatelliteTileStateReceiver: Satellite tile static feature configs are enabled for this device.
08-06 10:09:45.466 17138 3426 I SatelliteTileStateReceiver: Handling subscription or config change.
08-06 10:09:45.471 1761 5046 W ContextImpl: Calling a method in the system process without a qualified user: android.app.ContextImpl.sendBroadcastMultiplePermissions:1408 com.android.server.TelephonyRegistry.broadcastServiceStateChanged:4418 com.android.server.TelephonyRegistry.notifyServiceStateForPhoneId:1930 com.android.internal.telephony.ITelephonyRegistry$Stub.onTransact:629 android.os.Binder.execTransactInternal:1369
08-06 10:09:45.472 3807 4802 I SHANNON_IMS: 3929 [PROX] onReceive: intent= [Intent { act=android.intent.action.SERVICE_STATE flg=0x1000010 xflg=0x4 (has extras) }] (ConnectivityBroadcastReceiver%onReceive:91)
08-06 10:09:45.472 1761 5046 W ContextImpl: Calling a method in the system process without a qualified user: android.app.ContextImpl.sendBroadcastMultiplePermissions:1408 com.android.server.TelephonyRegistry.broadcastServiceStateChanged:4424 com.android.server.TelephonyRegistry.notifyServiceStateForPhoneId:1930 com.android.internal.telephony.ITelephonyRegistry$Stub.onTransact:629 android.os.Binder.execTransactInternal:1369
08-06 10:09:45.473 3849 3849 D ServiceStateProvider: subId=3
08-06 10:09:45.475 3849 3849 D SatelliteController: getCarrierRoamingNtnConnectType: Checking connect type from PLMN config for subId: 3
08-06 10:09:45.475 3849 3849 D TelephonyConfigUpdateInstallReceiver: getConfigParser: domain=satellite
08-06 10:09:45.475 3849 3849 V SatelliteController: satelliteConfigParser is not ready
08-06 10:09:45.475 3849 3849 D SatelliteController: isSatelliteAttachSupportedViaConfigupdater: return null (satelliteConfig is null)
08-06 10:09:45.476 3849 3849 D SatelliteController: getSatellitePerPlmnConfiguration: subId=3 return null
08-06 10:09:45.476 3849 3849 D SatelliteController: getCarrierRoamingNtnConnectType: config: null
08-06 10:09:45.476 3849 3849 D TelephonyConfigUpdateInstallReceiver: getConfigParser: domain=satellite
08-06 10:09:45.476 3849 3849 V SatelliteController: satelliteConfigParser is not ready
08-06 10:09:45.476 3849 3849 D SatelliteController: getCarrierRoamingNtnConnectTypeViaConfigUpdater: return null (satelliteConfig is null)
08-06 10:09:45.476 3849 3849 D SatelliteController: getCarrierRoamingNtnConnectType: Falling back to global carrier config connect type: 0
08-06 10:09:45.476 3849 3849 D TelephonyConfigUpdateInstallReceiver: getConfigParser: domain=satellite
08-06 10:09:45.476 3849 3849 V SatelliteController: satelliteConfigParser is not ready
08-06 10:09:45.476 3849 3849 D SatelliteController: isSatelliteAttachSupportedViaConfigupdater: return null (satelliteConfig is null)
08-06 10:09:45.477 4247 4247 D CellBroadcastReceiver: onReceive Intent { act=android.intent.action.SERVICE_STATE flg=0x1000010 xflg=0x4 cmp=com.google.android.cellbroadcastreceiver/com.android.cellbroadcastreceiver.CellBroadcastReceiver (has extras) }
08-06 10:09:45.478 4247 4247 D CellBroadcastReceiver: onServiceStateChanged, ss: 0
08-06 10:09:45.478 4247 4247 D CellBroadcastReceiver: networkOperator: 50501
08-06 10:09:45.479 4247 4247 D CellBroadcastReceiver: update supported roaming operator as
08-06 10:09:45.479 17138 3426 I SatelliteUtils: Checking LTE-based NTN support for SubId: 3
08-06 10:09:45.481 3849 4420 D TelephonyConfigUpdateInstallReceiver: getConfigParser: domain=satellite
08-06 10:09:45.481 3849 4420 V SatelliteController: satelliteConfigParser is not ready
08-06 10:09:45.481 3849 4420 D SatelliteController: isSatelliteAttachSupportedViaConfigupdater: return null (satelliteConfig is null)
08-06 10:09:45.482 3849 3849 V SatelliteController: getWwanIsInService: return true
08-06 10:09:45.482 3849 3849 D SatelliteController: isInCarrierRoamingNbIotNtn: satellite is disabled
08-06 10:09:45.482 13242 31683 D downloader2: Response body written. bytesWritten=267, uri=https://www.gstatic.com/mdi-serving/rubidium-adservices-ui-ota-strings/4265/91ac5d17ab9f2445a3462f98f5249a73e9b0e235
08-06 10:09:45.482 3849 3902 D SatelliteController: getCarrierRoamingNtnConnectType: Checking connect type from PLMN config for subId: 3
08-06 10:09:45.482 3849 3902 D TelephonyConfigUpdateInstallReceiver: getConfigParser: domain=satellite
08-06 10:09:45.482 3849 3902 V SatelliteController: satelliteConfigParser is not ready
08-06 10:09:45.482 3849 3902 D SatelliteController: isSatelliteAttachSupportedViaConfigupdater: return null (satelliteConfig is null)
08-06 10:09:45.482 13242 31683 D downloader2: Download complete, running queued downloads: https://www.gstatic.com/mdi-serving/rubidium-adservices-ui-ota-strings/4265/91ac5d17ab9f2445a3462f98f5249a73e9b0e235
08-06 10:09:45.483 3849 3902 D SatelliteController: getSatellitePerPlmnConfiguration: subId=3 return null
08-06 10:09:45.483 3849 3902 D SatelliteController: getCarrierRoamingNtnConnectType: config: null
08-06 10:09:45.483 3849 3902 D TelephonyConfigUpdateInstallReceiver: getConfigParser: domain=satellite
08-06 10:09:45.483 3849 3902 V SatelliteController: satelliteConfigParser is not ready
08-06 10:09:45.483 3849 3902 D SatelliteController: getCarrierRoamingNtnConnectTypeViaConfigUpdater: return null (satelliteConfig is null)
08-06 10:09:45.483 3849 3902 D SatelliteController: getCarrierRoamingNtnConnectType: Falling back to global carrier config connect type: 0
08-06 10:09:45.484 17138 3426 I SatelliteTileStateReceiver: Satellite tile static feature configs are enabled for this device.
08-06 10:09:45.484 13242 31684 D downloader2: Queued download completed, running queued downloads: https://www.gstatic.com/mdi-serving/rubidium-adservices-ui-ota-strings/4265/91ac5d17ab9f2445a3462f98f5249a73e9b0e235
08-06 10:09:45.484 17138 3426 I SatelliteTileStateReceiver: SatelliteTileService runtime component state enabled: true
08-06 10:09:45.484 17138 3426 W JobInfo : Job 'com.android.settings/.network.telephony.satellite.quicksettings.SatelliteEligibilityJobService#108' has a deadline with functional constraints and an extremely short time window of 0 ms (delay=0, deadline=0). The functional constraints are not likely to be satisfied when the job runs.
08-06 10:09:45.485 1761 3905 W JobInfo : Job 'com.android.settings/.network.telephony.satellite.quicksettings.SatelliteEligibilityJobService#108' has a deadline with functional constraints and an extremely short time window of 0 ms (delay=0, deadline=0). The functional constraints are not likely to be satisfied when the job runs.
08-06 10:09:45.486 17719 31819 I dmoo : The GellerConfig is not present, returning null.
08-06 10:09:45.486 17719 31819 I dmoo : (REDACTED) The GellerConfig is not present, defaulting isUploadEnabled for corpus %s to true.
08-06 10:09:45.491 3849 3849 I Telephony: TelecomAccountRegistry$TelecomAccountTelephonyCallback: TelecomAccountRegistry: onServiceStateChanged: newState=0, mServiceState=0
08-06 10:09:45.493 17719 31803 I dmkg : (REDACTED) The syncToken for corpus %s is %s and the syncRequestReason is %s
08-06 10:09:45.493 3849 3849 I Telephony: isRttCurrentlySupported -- regular acct, hasVoiceAvailability: true
08-06 10:09:45.493 3849 3849 I Telephony: isRttSupported: false
08-06 10:09:45.493 3849 3849 I Telephony: alwaysAllowWhileRoaming: false
08-06 10:09:45.493 3849 3849 I Telephony: isRoaming: false
08-06 10:09:45.493 3849 3849 I Telephony: isOnWfc: false
08-06 10:09:45.494 17719 31819 I dmoo : The GellerConfig is not present, returning null.
08-06 10:09:45.494 17719 31819 I dmoo : (REDACTED) The GellerConfig is not present, defaulting isUploadEnabled for corpus %s to true.
08-06 10:09:45.498 17719 31819 I dmkg : (REDACTED) The syncToken for corpus %s is %s and the syncRequestReason is %s
08-06 10:09:45.514 1761 5046 I PackageManager: getInstalledPackages: callingUid=10284 flags=134221824 updatedFlags=135008256 userId=0
08-06 10:09:45.514 17719 31803 I dmoo : (REDACTED) Writing metadata key: %s, corpus: %s
