08-06 10:09:44.719 1761 31571 W PackageConfigPersister: App-specific configuration not found for packageName: com.sbs.ondemand.android and userId: 0
08-06 10:09:44.719 1761 31571 W PackageConfigPersister: App-specific configuration not found for packageName: com.uforage.mobile and userId: 0
08-06 10:09:44.719 1761 31571 W PackageConfigPersister: App-specific configuration not found for packageName: com.google.android.apps.retaildemo.preload and userId: 0
08-06 10:09:44.719 3849 4150 D SatelliteController: getCarrierRoamingNtnConnectType: Falling back to global carrier config connect type: 0
08-06 10:09:44.719 3849 4150 D TelephonyConfigUpdateInstallReceiver: getConfigParser: domain=satellite
08-06 10:09:44.719 3849 4150 V SatelliteController: satelliteConfigParser is not ready
08-06 10:09:44.719 3849 4150 D SatelliteController: isSatelliteAttachSupportedViaConfigupdater: return null (satelliteConfig is null)
08-06 10:09:44.719 1761 31571 W PackageConfigPersister: App-specific configuration not found for packageName: com.android.sdm.plugins.connmo and userId: 0
08-06 10:09:44.719 1761 31571 W PackageConfigPersister: App-specific configuration not found for packageName: com.google.android.googlequicksearchbox and userId: 0
08-06 10:09:44.720 1761 31571 W PackageConfigPersister: App-specific configuration not found for packageName: com.google.android.cellbroadcastservice and userId: 0
08-06 10:09:44.720 1761 31571 W PackageConfigPersister: App-specific configuration not found for packageName: com.verizon.mips.services and userId: 0
08-06 10:09:44.720 1761 31571 W PackageConfigPersister: App-specific configuration not found for packageName: com.google.android.flipendo.auto_generated_rro_vendor__ and userId: 0
08-06 10:09:44.720 1761 31571 W PackageConfigPersister: App-specific configuration not found for packageName: com.google.android.crossdeviceaccessservice and userId: 0
08-06 10:09:44.720 1761 31571 W PackageConfigPersister: App-specific configuration not found for packageName: com.android.providers.calendar and userId: 0
08-06 10:09:44.720 3849 4150 V SatelliteController: getWwanIsInService: return true
08-06 10:09:44.720 1761 31571 W PackageConfigPersister: App-specific configuration not found for packageName: com.alibaba.aliexpresshd and userId: 0
08-06 10:09:44.720 3849 4150 D SatelliteController: isUsingNonTerrestrialNetworkViaCarrier: subId=3 isUsingNtn=false
08-06 10:09:44.720 3849 4150 D SatelliteController: isUsingNonTerrestrialNetworkViaCarrier: phone is null for subId=-1
08-06 10:09:44.720 1761 31571 W PackageConfigPersister: App-specific configuration not found for packageName: au.com.owna and userId: 0
08-06 10:09:44.720 1761 31571 W PackageConfigPersister: App-specific configuration not found for packageName: au.com.seek and userId: 0
08-06 10:09:44.720 1761 31571 W PackageConfigPersister: App-specific configuration not found for packageName: com.google.android.pixelsystemservice and userId: 0
08-06 10:09:44.720 1761 31571 W PackageConfigPersister: App-specific configuration not found for packageName: com.google.android.googlequicksearchbox.nga_resources and userId: 0
08-06 10:09:44.721 1761 31571 W PackageConfigPersister: App-specific configuration not found for packageName: org.telegram.messenger and userId: 0
08-06 10:09:44.721 1761 31571 W PackageConfigPersister: App-specific configuration not found for packageName: io.guard.luna and userId: 0
08-06 10:09:44.721 1761 31571 W PackageConfigPersister: App-specific configuration not found for packageName: com.google.pixel.livewallpaper and userId: 0
08-06 10:09:44.721 1761 31571 W PackageConfigPersister: App-specific configuration not found for packageName: com.google.android.apps.docs.editors.docs and userId: 0
08-06 10:09:44.721 1761 31571 W PackageConfigPersister: App-specific configuration not found for packageName: com.shopify.arrive and userId: 0
08-06 10:09:44.721 1761 31571 W PackageConfigPersister: App-specific configuration not found for packageName: com.google.android.ext.shared and userId: 0
08-06 10:09:44.722 1761 31571 W PackageConfigPersister: App-specific configuration not found for packageName: com.android.nfc.overlay and userId: 0
08-06 10:09:44.722 1761 31571 W PackageConfigPersister: App-specific configuration not found for packageName: com.shazam.android and userId: 0
08-06 10:09:44.722 1761 31571 W PackageConfigPersister: App-specific configuration not found for packageName: com.fws.plantsnap2 and userId: 0
08-06 10:09:44.722 1761 31571 W PackageConfigPersister: App-specific configuration not found for packageName: com.plexapp.android and userId: 0
08-06 10:09:44.722 1761 31571 W PackageConfigPersister: App-specific configuration not found for packageName: com.ifttt.ifttt and userId: 0
08-06 10:09:44.722 1761 31571 W PackageConfigPersister: App-specific configuration not found for packageName: com.ringapp and userId: 0
08-06 10:09:44.722 1761 31571 W PackageConfigPersister: App-specific configuration not found for packageName: com.google.android.euiccoverlay and userId: 0
08-06 10:09:44.722 1761 31571 W PackageConfigPersister: App-specific configuration not found for packageName: com.google.android.federatedcompute and userId: 0
08-06 10:09:44.722 1761 31571 W PackageConfigPersister: App-specific configuration not found for packageName: org.malwarebytes.antimalware and userId: 0
08-06 10:09:44.722 1761 31571 W PackageConfigPersister: App-specific configuration not found for packageName: com.google.android.settings.future.biometrics.faceenroll and userId: 0
08-06 10:09:44.722 1761 31571 W PackageConfigPersister: App-specific configuration not found for packageName: com.jdlf.compass and userId: 0
08-06 10:09:44.723 1761 31571 W PackageConfigPersister: App-specific configuration not found for packageName: de.stocard.stocard and userId: 0
08-06 10:09:44.723 1761 31571 W PackageConfigPersister: App-specific configuration not found for packageName: com.google.android.apps.diagnosticstool and userId: 0
08-06 10:09:44.723 1761 31571 W PackageConfigPersister: App-specific configuration not found for packageName: com.google.euiccpixel.permissions and userId: 0
08-06 10:09:44.723 1761 31571 W PackageConfigPersister: App-specific configuration not found for packageName: com.google.euiccpixel and userId: 0
08-06 10:09:44.723 1761 31571 W PackageConfigPersister: App-specific configuration not found for packageName: com.symantec.mobilesecurity and userId: 0
08-06 10:09:44.723 1761 31571 W PackageConfigPersister: App-specific configuration not found for packageName: com.indeed.android.jobsearch and userId: 0
08-06 10:09:44.723 1761 31571 W PackageConfigPersister: App-specific configuration not found for packageName: com.tplink.aginet and userId: 0
08-06 10:09:44.723 1761 31571 W PackageConfigPersister: App-specific configuration not found for packageName: com.google.android.flipendo and userId: 0
08-06 10:09:44.723 1761 31571 W PackageConfigPersister: App-specific configuration not found for packageName: com.android.settings.overlay.comet and userId: 0
08-06 10:09:44.723 1761 31571 W PackageConfigPersister: App-specific configuration not found for packageName: com.google.android.storagemanager.auto_generated_rro_product__ and userId: 0
08-06 10:09:44.723 1761 31571 W PackageConfigPersister: App-specific configuration not found for packageName: com.google.android.apps.pixel.relationships and userId: 0
08-06 10:09:44.723 1761 31571 W PackageConfigPersister: App-specific configuration not found for packageName: com.android.systemui.overlay.pearloverlay2024 and userId: 0
08-06 10:09:44.724 1761 31571 W PackageConfigPersister: App-specific configuration not found for packageName: com.google.android.overlay.glanceablehubsettings2022 and userId: 0
08-06 10:09:44.724 1761 31571 W PackageConfigPersister: App-specific configuration not found for packageName: com.king.candycrushsodasaga and userId: 0
08-06 10:09:44.724 1761 31571 W PackageConfigPersister: App-specific configuration not found for packageName: com.android.providers.telephony.auto_generated_characteristics_rro and userId: 0
08-06 10:09:44.724 1761 31571 W PackageConfigPersister: App-specific configuration not found for packageName: au.gov.dhs.expressplus.medicare and userId: 0
08-06 10:09:44.724 1761 31571 W PackageConfigPersister: App-specific configuration not found for packageName: com.shire.mobile and userId: 0
08-06 10:09:44.724 1761 31571 W PackageConfigPersister: App-specific configuration not found for packageName: au.com.stan.and and userId: 0
08-06 10:09:44.724 1761 31571 W PackageConfigPersister: App-specific configuration not found for packageName: com.android.simappdialog.auto_generated_rro_product__ and userId: 0
08-06 10:09:44.724 1761 31571 W PackageConfigPersister: App-specific configuration not found for packageName: ee.linktr.admin and userId: 0
08-06 10:09:44.724 1761 31571 W PackageConfigPersister: App-specific configuration not found for packageName: com.android.safetyregulatoryinfo.auto_generated_rro_product__ and userId: 0
08-06 10:09:44.724 1761 31571 W PackageConfigPersister: App-specific configuration not found for packageName: com.android.omadm.service.auto_generated_rro_product__ and userId: 0
08-06 10:09:44.724 1761 31571 W PackageConfigPersister: App-specific configuration not found for packageName: exodusmovement.exodus and userId: 0
08-06 10:09:44.724 1761 31571 W PackageConfigPersister: App-specific configuration not found for packageName: com.android.externalstorage and userId: 0
08-06 10:09:44.725 1761 31571 W PackageConfigPersister: App-specific configuration not found for packageName: com.android.htmlviewer and userId: 0
08-06 10:09:44.725 1761 31571 W PackageConfigPersister: App-specific configuration not found for packageName: com.zedtechnologies.zedlink.au.prp.patient.android and userId: 0
08-06 10:09:44.725 1761 31571 W PackageConfigPersister: App-specific configuration not found for packageName: com.whatsapp and userId: 0
08-06 10:09:44.725 1761 31571 W PackageConfigPersister: App-specific configuration not found for packageName: com.dhgate.buyermob and userId: 0
08-06 10:09:44.725 1761 31571 W PackageConfigPersister: App-specific configuration not found for packageName: com.google.android.telecomui and userId: 0
08-06 10:09:44.725 1761 31571 W PackageConfigPersister: App-specific configuration not found for packageName: com.imdb.mobile and userId: 0
08-06 10:09:44.725 1761 31571 W PackageConfigPersister: App-specific configuration not found for packageName: com.android.pixeldisplayservice.auto_generated_rro_product__ and userId: 0
08-06 10:09:44.725 1761 31571 W PackageConfigPersister: App-specific configuration not found for packageName: com.google.android.telephony and userId: 0
08-06 10:09:44.725 1761 31571 W PackageConfigPersister: App-specific configuration not found for packageName: com.shopify.mobile and userId: 0
08-06 10:09:44.725 1761 31571 W PackageConfigPersister: App-specific configuration not found for packageName: com.android.companiondevicemanager and userId: 0
08-06 10:09:44.725 1761 31571 W PackageConfigPersister: App-specific configuration not found for packageName: com.android.mms.service and userId: 0
08-06 10:09:44.726 1761 31571 W PackageConfigPersister: App-specific configuration not found for packageName: com.google.android.apps.docs.editors.sheets and userId: 0
08-06 10:09:44.726 1761 31571 W PackageConfigPersister: App-specific configuration not found for packageName: com.tradingview.tradingviewapp and userId: 0
08-06 10:09:44.727 1761 31571 W PackageConfigPersister: App-specific configuration not found for packageName: com.mor.tedooo and userId: 0
08-06 10:09:44.727 1761 31571 W PackageConfigPersister: App-specific configuration not found for packageName: com.android.providers.downloads and userId: 0
08-06 10:09:44.727 1761 31571 W PackageConfigPersister: App-specific configuration not found for packageName: com.google.android.overlay.largescreenconfig and userId: 0
08-06 10:09:44.727 1761 31571 W PackageConfigPersister: App-specific configuration not found for packageName: com.google.android.apps.authenticator2 and userId: 0
08-06 10:09:44.727 1761 31571 W PackageConfigPersister: App-specific configuration not found for packageName: com.google.android.health.connect.backuprestore and userId: 0
08-06 10:09:44.727 1761 31571 W PackageConfigPersister: App-specific configuration not found for packageName: com.microsoft.xboxone.smartglass and userId: 0
08-06 10:09:44.727 1761 31571 W PackageConfigPersister: App-specific configuration not found for packageName: com.android.systemui.auto_generated_rro_product__ and userId: 0
08-06 10:09:44.727 1761 31571 W PackageConfigPersister: App-specific configuration not found for packageName: com.eventbrite.attendee and userId: 0
08-06 10:09:44.727 1761 31571 W PackageConfigPersister: App-specific configuration not found for packageName: com.google.android.apps.messaging and userId: 0
08-06 10:09:44.727 1761 31571 W PackageConfigPersister: App-specific configuration not found for packageName: com.skool.skoolcommunities and userId: 0
08-06 10:09:44.727 1761 31571 W PackageConfigPersister: App-specific configuration not found for packageName: com.google.android.soundpicker and userId: 0
08-06 10:09:44.727 1761 31571 W PackageConfigPersister: App-specific configuration not found for packageName: au.com.bilue.phystrack and userId: 0
08-06 10:09:44.728 1761 31571 W PackageConfigPersister: App-specific configuration not found for packageName: com.google.android.systemui.overlay.pixelbatteryhealthconfig and userId: 0
08-06 10:09:44.728 1761 31571 W PackageConfigPersister: App-specific configuration not found for packageName: com.facebook.adsmanager and userId: 0
08-06 10:09:44.728 1761 31571 W PackageConfigPersister: App-specific configuration not found for packageName: com.paypal.android.p2pmobile and userId: 0
08-06 10:09:44.728 1761 31571 W PackageConfigPersister: App-specific configuration not found for packageName: co.zip and userId: 0
08-06 10:09:44.728 1761 31571 W PackageConfigPersister: App-specific configuration not found for packageName: com.google.android.apps.pixel.agent and userId: 0
08-06 10:09:44.728 1761 31571 W PackageConfigPersister: App-specific configuration not found for packageName: com.discord and userId: 0
08-06 10:09:44.728 1761 31571 W PackageConfigPersister: App-specific configuration not found for packageName: com.shannon.imsservice.auto_generated_rro_product__ and userId: 0
08-06 10:09:44.728 1761 31571 W PackageConfigPersister: App-specific configuration not found for packageName: com.openai.chatgpt and userId: 0
08-06 10:09:44.728 1761 31571 W PackageConfigPersister: App-specific configuration not found for packageName: com.constantcontact.toolkit and userId: 0
08-06 10:09:44.728 1761 31571 W PackageConfigPersister: App-specific configuration not found for packageName: ch.protonmail.android and userId: 0
08-06 10:09:44.728 1761 31571 W PackageConfigPersister: App-specific configuration not found for packageName: com.elevatelabs.geonosis and userId: 0
08-06 10:09:44.728 1761 31571 W PackageConfigPersister: App-specific configuration not found for packageName: android.autoinstalls.config.google.nexus and userId: 0
08-06 10:09:44.729 1761 31571 W PackageConfigPersister: App-specific configuration not found for packageName: com.nintendo.znma and userId: 0
08-06 10:09:44.729 1761 31571 W PackageConfigPersister: App-specific configuration not found for packageName: com.google.android.systemui.overlay.pixelbatterylotxconfig and userId: 0
08-06 10:09:44.729 1761 31571 W PackageConfigPersister: App-specific configuration not found for packageName: com.bunnings.retail and userId: 0
08-06 10:09:44.729 1761 31571 W PackageConfigPersister: App-specific configuration not found for packageName: com.popspedia and userId: 0
08-06 10:09:44.729 1761 31571 W PackageConfigPersister: App-specific configuration not found for packageName: com.google.android.verifier and userId: 0
08-06 10:09:44.729 1761 31571 W PackageConfigPersister: App-specific configuration not found for packageName: com.android.multiuser and userId: 0
08-06 10:09:44.729 1761 31571 W PackageConfigPersister: App-specific configuration not found for packageName: com.google.pixel.camera.services and userId: 0
08-06 10:09:44.729 1761 31571 W PackageConfigPersister: App-specific configuration not found for packageName: au.com.hotdoc.android.hotdoc and userId: 0
08-06 10:09:44.729 1761 31571 W PackageConfigPersister: App-specific configuration not found for packageName: com.riffsy.FBMGIFApp and userId: 0
08-06 10:09:44.729 1761 31571 W PackageConfigPersister: App-specific configuration not found for packageName: com.dephotos.crello and userId: 0
08-06 10:09:44.729 1761 3907 I LocationAccessPolicy: com.zhiliaoapp.musically is aware of fine but the app-ops permission is specifically denied.
08-06 10:09:44.730 1761 31571 W PackageConfigPersister: App-specific configuration not found for packageName: com.google.android.configupdater and userId: 0
08-06 10:09:44.730 1761 31571 W PackageConfigPersister: App-specific configuration not found for packageName: au.com.auspost.android and userId: 0
08-06 10:09:44.730 1761 31571 W PackageConfigPersister: App-specific configuration not found for packageName: au.com.serviceseeking.customer.android and userId: 0
08-06 10:09:44.730 1761 31571 W PackageConfigPersister: App-specific configuration not found for packageName: com.lemon.lvoverseas and userId: 0
08-06 10:09:44.730 1761 31571 W PackageConfigPersister: App-specific configuration not found for packageName: com.google.android.providers.media.module and userId: 0
08-06 10:09:44.730 1761 31571 W PackageConfigPersister: App-specific configuration not found for packageName: com.android.systemui.clocks.bignum and userId: 0
08-06 10:09:44.730 1761 31571 W PackageConfigPersister: App-specific configuration not found for packageName: com.android.contactspicker and userId: 0
08-06 10:09:44.730 1761 31571 W PackageConfigPersister: App-specific configuration not found for packageName: com.google.android.wifi.resources.pixel and userId: 0
08-06 10:09:44.730 1761 31571 W PackageConfigPersister: App-specific configuration not found for packageName: com.marvel.unlimited and userId: 0
08-06 10:09:44.731 1761 31571 W PackageConfigPersister: App-specific configuration not found for packageName: it.beem.app and userId: 0
08-06 10:09:44.731 1761 31571 W PackageConfigPersister: App-specific configuration not found for packageName: com.VisualConcepts.MyNBA2K and userId: 0
08-06 10:09:44.731 1761 31571 W PackageConfigPersister: App-specific configuration not found for packageName: com.google.android.overlay.googlewebview and userId: 0
08-06 10:09:44.731 1761 31571 W PackageConfigPersister: App-specific configuration not found for packageName: com.google.android.apps.safetyhub and userId: 0
08-06 10:09:44.731 1761 31571 W PackageConfigPersister: App-specific configuration not found for packageName: com.google.android.factoryota and userId: 0
08-06 10:09:44.732 1761 31571 W PackageConfigPersister: App-specific configuration not found for packageName: com.android.eyedropper and userId: 0
08-06 10:09:44.732 1761 31571 W PackageConfigPersister: App-specific configuration not found for packageName: com.miccron.coinoscope and userId: 0
08-06 10:09:44.732 1761 31571 W PackageConfigPersister: App-specific configuration not found for packageName: com.android.healthconnect.overlay and userId: 0
08-06 10:09:44.732 1761 31571 W PackageConfigPersister: App-specific configuration not found for packageName: com.android.systemui.plugin.globalactions.wallet and userId: 0
08-06 10:09:44.732 1761 31571 W PackageConfigPersister: App-specific configuration not found for packageName: com.nike.plusgps and userId: 0
08-06 10:09:44.732 1761 31571 W PackageConfigPersister: App-specific configuration not found for packageName: com.google.ar.core and userId: 0
08-06 10:09:44.732 1761 31571 W PackageConfigPersister: App-specific configuration not found for packageName: com.google.android.apps.emojiwallpaper and userId: 0
08-06 10:09:44.732 1761 31571 W PackageConfigPersister: App-specific configuration not found for packageName: com.getsomeheadspace.android and userId: 0
08-06 10:09:44.732 1761 31571 W PackageConfigPersister: App-specific configuration not found for packageName: com.android.providers.downloads.ui and userId: 0
08-06 10:09:44.732 1761 31571 W PackageConfigPersister: App-specific configuration not found for packageName: com.google.android.hotspot2.osulogin and userId: 0
08-06 10:09:44.732 1761 31571 W PackageConfigPersister: App-specific configuration not found for packageName: com.android.vending and userId: 0
08-06 10:09:44.732 1761 31571 W PackageConfigPersister: App-specific configuration not found for packageName: com.android.pacprocessor and userId: 0
08-06 10:09:44.733 1761 31571 W PackageConfigPersister: App-specific configuration not found for packageName: com.android.simappdialog and userId: 0
08-06 10:09:44.733 1761 31571 W PackageConfigPersister: App-specific configuration not found for packageName: com.android.cellbroadcastreceiver.overlay.pixel and userId: 0
08-06 10:09:44.733 1761 31571 W PackageConfigPersister: App-specific configuration not found for packageName: com.google.android.adservices.api and userId: 0
08-06 10:09:44.733 1761 31571 W PackageConfigPersister: App-specific configuration not found for packageName: com.android.systemui.clocks.growth and userId: 0
08-06 10:09:44.733 1761 31571 W PackageConfigPersister: App-specific configuration not found for packageName: com.google.android.overlay.pixelconfig2019midyear and userId: 0
08-06 10:09:44.733 1761 31571 W PackageConfigPersister: App-specific configuration not found for packageName: com.microsoft.skydrive and userId: 0
08-06 10:09:44.733 1761 31571 W PackageConfigPersister: App-specific configuration not found for packageName: com.doordash.driverapp and userId: 0
08-06 10:09:44.733 1761 31571 W PackageConfigPersister: App-specific configuration not found for packageName: com.mexcpro.client and userId: 0
08-06 10:09:44.733 1761 31571 W PackageConfigPersister: App-specific configuration not found for packageName: com.base6a3530b730377a3166e3774e.app and userId: 0
08-06 10:09:44.733 1761 31571 W PackageConfigPersister: App-specific configuration not found for packageName: com.android.internal.display.cutout.emulation.hole and userId: 0
08-06 10:09:44.733 1761 31571 W PackageConfigPersister: App-specific configuration not found for packageName: com.android.internal.display.cutout.emulation.tall and userId: 0
08-06 10:09:44.733 1761 31571 W PackageConfigPersister: App-specific configuration not found for packageName: com.google.android.telecomresources.overlay and userId: 0
08-06 10:09:44.734 1761 31571 W PackageConfigPersister: App-specific configuration not found for packageName: au.com.ing.banking and userId: 0
08-06 10:09:44.734 1761 31571 W PackageConfigPersister: App-specific configuration not found for packageName: com.android.networkstack.overlay and userId: 0
08-06 10:09:44.734 1761 31571 W PackageConfigPersister: App-specific configuration not found for packageName: com.cliffweitzman.speechify2 and userId: 0
08-06 10:09:44.734 1761 31571 W PackageConfigPersister: App-specific configuration not found for packageName: com.android.certinstaller and userId: 0
08-06 10:09:44.734 1761 31571 W PackageConfigPersister: App-specific configuration not found for packageName: com.certsy.app and userId: 0
08-06 10:09:44.734 1761 31571 W PackageConfigPersister: App-specific configuration not found for packageName: com.google.android.marvin.talkback and userId: 0
08-06 10:09:44.734 1761 31571 W PackageConfigPersister: App-specific configuration not found for packageName: com.google.android.apps.accessibility.voiceaccess and userId: 0
08-06 10:09:44.734 13242 31688 D downloader2: Got URL response, starting to read response body. uri=https://www.gstatic.com/mdi-serving/rubidium-adservices-adtech-enrollment/11167/b5d1a96edb6a1f0a4859f71195a3dae118baacfc
08-06 10:09:44.734 1761 31571 W PackageConfigPersister: App-specific configuration not found for packageName: com.ecomi.veve and userId: 0
08-06 10:09:44.734 1761 31571 W PackageConfigPersister: App-specific configuration not found for packageName: com.google.android.connectivity.resources.overlay and userId: 0
08-06 10:09:44.734 1761 31571 W PackageConfigPersister: App-specific configuration not found for packageName: au.com.subcard.app and userId: 0
08-06 10:09:44.734 1761 31571 W PackageConfigPersister: App-specific configuration not found for packageName: com.reddit.frontpage and userId: 0
08-06 10:09:44.735 1761 31571 W PackageConfigPersister: App-specific configuration not found for packageName: com.android.internal.systemui.navbar.threebutton and userId: 0
08-06 10:09:44.735 1761 31571 W PackageConfigPersister: App-specific configuration not found for packageName: com.google.android.apps.work.oobconfig and userId: 0
08-06 10:09:44.735 1761 31571 W PackageConfigPersister: App-specific configuration not found for packageName: com.afterpaymobile and userId: 0
08-06 10:09:44.735 1761 31571 W PackageConfigPersister: App-specific configuration not found for packageName: us.zoom.videomeetings and userId: 0
08-06 10:09:44.735 1761 31571 W PackageConfigPersister: App-specific configuration not found for packageName: com.instantconsult and userId: 0
08-06 10:09:44.735 1761 31571 W PackageConfigPersister: App-specific configuration not found for packageName: com.lumber.inc and userId: 0
08-06 10:09:44.735 1761 31571 W PackageConfigPersister: App-specific configuration not found for packageName: android and userId: 0
08-06 10:09:44.735 1761 31571 W PackageConfigPersister: App-specific configuration not found for packageName: com.android.hotwordenrollment.xgoogle and userId: 0
08-06 10:09:44.735 1761 31571 W PackageConfigPersister: App-specific configuration not found for packageName: com.vivaleisure.clublime_member and userId: 0
08-06 10:09:44.735 1761 31571 W PackageConfigPersister: App-specific configuration not found for packageName: com.google.android.apps.privacy.wildlife and userId: 0
08-06 10:09:44.736 1761 31571 W PackageConfigPersister: App-specific configuration not found for packageName: com.woolworths and userId: 0
08-06 10:09:44.736 1761 31571 W PackageConfigPersister: App-specific configuration not found for packageName: com.google.android.pixel.setupwizard and userId: 0
08-06 10:09:44.736 1761 31571 W PackageConfigPersister: App-specific configuration not found for packageName: com.photoroom.app and userId: 0
08-06 10:09:44.736 1761 31571 W PackageConfigPersister: App-specific configuration not found for packageName: de.alber.smoov and userId: 0
08-06 10:09:44.736 1761 31571 W PackageConfigPersister: App-specific configuration not found for packageName: com.bitstrips.imoji and userId: 0
08-06 10:09:44.737 1761 31571 W PackageConfigPersister: App-specific configuration not found for packageName: com.google.android.repairmode and userId: 0
08-06 10:09:44.736 1761 3907 I LocationAccessPolicy: com.zhiliaoapp.musically is aware of coarse but the app-ops permission is specifically denied.
08-06 10:09:44.737 1761 31571 W PackageConfigPersister: App-specific configuration not found for packageName: com.google.android.grilservice and userId: 0
08-06 10:09:44.737 1761 31571 W PackageConfigPersister: App-specific configuration not found for packageName: org.domestika and userId: 0
08-06 10:09:44.737 1761 31571 W PackageConfigPersister: App-specific configuration not found for packageName: com.android.appsearch.aiseal.config and userId: 0
08-06 10:09:44.737 1761 31571 W PackageConfigPersister: App-specific configuration not found for packageName: com.google.android.sdksandbox and userId: 0
08-06 10:09:44.737 1761 31571 W PackageConfigPersister: App-specific configuration not found for packageName: com.android.egg and userId: 0
08-06 10:09:44.737 1761 31571 W PackageConfigPersister: App-specific configuration not found for packageName: com.android.mtp and userId: 0
08-06 10:09:44.737 1761 31571 W PackageConfigPersister: App-specific configuration not found for packageName: com.android.nfc and userId: 0
08-06 10:09:44.737 1761 31571 W PackageConfigPersister: App-specific configuration not found for packageName: com.android.ons and userId: 0
08-06 10:09:44.737 1761 31571 W PackageConfigPersister: App-specific configuration not found for packageName: com.android.qns and userId: 0
08-06 10:09:44.737 1761 31571 W PackageConfigPersister: App-specific configuration not found for packageName: com.android.stk and userId: 0
08-06 10:09:44.737 1761 31571 W PackageConfigPersister: App-specific configuration not found for packageName: com.etsy.butter.sell_on_etsy and userId: 0
08-06 10:09:44.737 1761 31571 W PackageConfigPersister: App-specific configuration not found for packageName: com.finch.finch and userId: 0
08-06 10:09:44.738 1761 31571 W PackageConfigPersister: App-specific configuration not found for packageName: com.google.android.pixel.avatarpicker and userId: 0
08-06 10:09:44.738 1761 31571 W PackageConfigPersister: App-specific configuration not found for packageName: com.android.backupconfirm and userId: 0
08-06 10:09:44.738 1761 31571 W PackageConfigPersister: App-specific configuration not found for packageName: com.outware.snapsendsolve and userId: 0
08-06 10:09:44.738 1761 31571 W PackageConfigPersister: App-specific configuration not found for packageName: com.instagram.android and userId: 0
08-06 10:09:44.738 1761 31571 W PackageConfigPersister: App-specific configuration not found for packageName: com.dbyd and userId: 0
08-06 10:09:44.738 1761 31571 W PackageConfigPersister: App-specific configuration not found for packageName: com.waze and userId: 0
08-06 10:09:44.738 1761 31571 W PackageConfigPersister: App-specific configuration not found for packageName: com.peoplefun.wordcross and userId: 0
08-06 10:09:44.738 1761 31571 W PackageConfigPersister: App-specific configuration not found for packageName: com.deepseek.chat and userId: 0
08-06 10:09:44.738 1761 31571 W PackageConfigPersister: App-specific configuration not found for packageName: com.android.settings.auto_generated_rro_vendor__ and userId: 0
08-06 10:09:44.738 1761 31571 W PackageConfigPersister: App-specific configuration not found for packageName: au.com.podcastoneaustralia and userId: 0
08-06 10:09:44.738 1761 31571 W PackageConfigPersister: App-specific configuration not found for packageName: com.codeway.wonder and userId: 0
08-06 10:09:44.739 1761 31571 W PackageConfigPersister: App-specific configuration not found for packageName: io.hnry.hnry and userId: 0
08-06 10:09:44.739 1761 31571 W PackageConfigPersister: App-specific configuration not found for packageName: com.google.android.pixelsystemservice.sensor.overlay.comet and userId: 0
08-06 10:09:44.739 1761 31571 W PackageConfigPersister: App-specific configuration not found for packageName: com.google.android.apps.stargate and userId: 0
08-06 10:09:44.739 1761 31571 W PackageConfigPersister: App-specific configuration not found for packageName: io.opensea and userId: 0
08-06 10:09:44.739 1761 31571 W PackageConfigPersister: App-specific configuration not found for packageName: com.android.systemui.auto_generated_rro_vendor__ and userId: 0
08-06 10:09:44.739 1761 31571 W PackageConfigPersister: App-specific configuration not found for packageName: com.LeagueofComicGeeks.app2 and userId: 0
08-06 10:09:44.739 1761 31571 W PackageConfigPersister: App-specific configuration not found for packageName: com.samsung.slsi.telephony.oem.oemrilhookservice and userId: 0
08-06 10:09:44.739 1761 31571 W PackageConfigPersister: App-specific configuration not found for packageName: com.google.android.deskclock and userId: 0
08-06 10:09:44.739 1761 31571 W PackageConfigPersister: App-specific configuration not found for packageName: com.joinflux.flux and userId: 0
08-06 10:09:44.739 1761 31571 W PackageConfigPersister: App-specific configuration not found for packageName: com.pinterest and userId: 0
08-06 10:09:44.739 1761 31571 W PackageConfigPersister: App-specific configuration not found for packageName: com.android.systemui.clocks.numoverlap and userId: 0
08-06 10:09:44.739 1761 31571 W PackageConfigPersister: App-specific configuration not found for packageName: com.kryptex.kryptexappidentnew and userId: 0
08-06 10:09:44.739 1761 31571 W PackageConfigPersister: App-specific configuration not found for packageName: com.google.android.as and userId: 0
08-06 10:09:44.740 1761 31571 W PackageConfigPersister: App-specific configuration not found for packageName: com.alibaba.intl.android.apps.poseidon and userId: 0
08-06 10:09:44.740 1761 31571 W PackageConfigPersister: App-specific configuration not found for packageName: com.overlook.android.fing and userId: 0
08-06 10:09:44.740 1761 31571 W PackageConfigPersister: App-specific configuration not found for packageName: com.google.android.carrier and userId: 0
08-06 10:09:44.740 1761 31571 W PackageConfigPersister: App-specific configuration not found for packageName: com.google.android.verifier.overlay and userId: 0
08-06 10:09:44.740 1761 31571 W PackageConfigPersister: App-specific configuration not found for packageName: com.withings.wiscale2 and userId: 0
08-06 10:09:44.740 1761 31571 W PackageConfigPersister: App-specific configuration not found for packageName: com.patreon.android and userId: 0
08-06 10:09:44.740 1761 31571 W PackageConfigPersister: App-specific configuration not found for packageName: com.wildfoundry.dataplicity.management and userId: 0
08-06 10:09:44.740 1761 31571 W PackageConfigPersister: App-specific configuration not found for packageName: com.google.android.apps.tachyon and userId: 0
08-06 10:09:44.740 1761 31571 W PackageConfigPersister: App-specific configuration not found for packageName: com.google.android.systemui.overlay.pixelvpnconfig and userId: 0
08-06 10:09:44.741 1761 31571 W PackageConfigPersister: App-specific configuration not found for packageName: com.nianticlabs.pokemongo and userId: 0
08-06 10:09:44.741 1761 31571 W PackageConfigPersister: App-specific configuration not found for packageName: com.staplegames.blocksWood and userId: 0
08-06 10:09:44.741 1761 31571 W PackageConfigPersister: App-specific configuration not found for packageName: com.prusa3d.connect and userId: 0
08-06 10:09:44.741 1761 31571 W PackageConfigPersister: App-specific configuration not found for packageName: com.android.systemui.clocks.weather and userId: 0
08-06 10:09:44.741 1761 31571 W PackageConfigPersister: App-specific configuration not found for packageName: com.google.android.crossdeviceaccessservice.auto_generated_rro_product__ and userId: 0
08-06 10:09:44.741 1761 31571 W PackageConfigPersister: App-specific configuration not found for packageName: com.google.android.turboadapter and userId: 0
08-06 10:09:44.741 1761 31571 W PackageConfigPersister: App-specific configuration not found for packageName: com.payright.customer and userId: 0
08-06 10:09:44.741 1761 31571 W PackageConfigPersister: App-specific configuration not found for packageName: com.google.android.connectivity.resources.comet and userId: 0
08-06 10:09:44.741 1761 31571 W PackageConfigPersister: App-specific configuration not found for packageName: com.block.juggle and userId: 0
08-06 10:09:44.741 1761 31571 W PackageConfigPersister: App-specific configuration not found for packageName: com.android.systemui.clocks.calligraphy and userId: 0
08-06 10:09:44.741 1761 31571 W PackageConfigPersister: App-specific configuration not found for packageName: com.android.managedprovisioning.overlay and userId: 0
08-06 10:09:44.741 1761 31571 W PackageConfigPersister: App-specific configuration not found for packageName: com.android.systemui.accessibility.accessibilitymenu and userId: 0
08-06 10:09:44.742 1761 31571 W PackageConfigPersister: App-specific configuration not found for packageName: com.strawdogstudios.simonscatpoptime and userId: 0
08-06 10:09:44.742 1761 31571 W PackageConfigPersister: App-specific configuration not found for packageName: com.stephaneginier.nomad and userId: 0
08-06 10:09:44.742 1761 31571 W PackageConfigPersister: App-specific configuration not found for packageName: com.microsoft.office.outlook and userId: 0
08-06 10:09:44.742 1761 31571 W PackageConfigPersister: App-specific configuration not found for packageName: com.android.settings.identitychecksettingsoverlay and userId: 0
08-06 10:09:44.742 1761 31571 W PackageConfigPersister: App-specific configuration not found for packageName: com.google.android.permissioncontroller and userId: 0
08-06 10:09:44.742 1761 31571 W PackageConfigPersister: App-specific configuration not found for packageName: com.ultiself.android and userId: 0
08-06 10:09:44.742 1761 3907 W ContextImpl: Calling a method in the system process without a qualified user: android.app.ContextImpl.sendBroadcastMultiplePermissions:1375 android.content.Context.sendBroadcastMultiplePermissions:2803 com.android.server.TelephonyRegistry.broadcastServiceStateChanged:4404 com.android.server.TelephonyRegistry.notifyServiceStateForPhoneId:1930 com.android.internal.telephony.ITelephonyRegistry$Stub.onTransact:629
08-06 10:09:44.742 1761 31571 W PackageConfigPersister: App-specific configuration not found for packageName: com.google.android.apps.playconsole and userId: 0
08-06 10:09:44.742 1761 31571 W PackageConfigPersister: App-specific configuration not found for packageName: com.google.android.setupwizard and userId: 0
08-06 10:09:44.742 1761 31571 W PackageConfigPersister: App-specific configuration not found for packageName: com.sennheiser.control and userId: 0
08-06 10:09:44.742 1761 31571 W PackageConfigPersister: App-specific configuration not found for packageName: com.google.android.bluetooth and userId: 0
08-06 10:09:44.742 1761 31571 W PackageConfigPersister: App-specific configuration not found for packageName: com.google.pixel.digitalkey.timesync and userId: 0
08-06 10:09:44.742 1761 31571 W PackageConfigPersister: App-specific configuration not found for packageName: com.mcdonalds.au.gma and userId: 0
08-06 10:09:44.742 1761 31571 W PackageConfigPersister: App-specific configuration not found for packageName: com.android.providers.settings and userId: 0
08-06 10:09:44.743 1761 31571 W PackageConfigPersister: App-specific configuration not found for packageName: com.google.android.networkstack.tethering.overlay2021 and userId: 0
08-06 10:09:44.743 1761 31571 W PackageConfigPersister: App-specific configuration not found for packageName: com.android.sharedstoragebackup and userId: 0
08-06 10:09:44.743 1761 31571 W PackageConfigPersister: App-specific configuration not found for packageName: au.com.vodafone.mobile.gss and userId: 0
08-06 10:09:44.743 1761 31571 W PackageConfigPersister: App-specific configuration not found for packageName: com.verizon.services and userId: 0
08-06 10:09:44.743 1761 31571 W PackageConfigPersister: App-specific configuration not found for packageName: au.com.mebank.banking and userId: 0
08-06 10:09:44.743 1761 31571 W PackageConfigPersister: App-specific configuration not found for packageName: au.com.spudshed and userId: 0
08-06 10:09:44.743 1761 31571 W PackageConfigPersister: App-specific configuration not found for packageName: com.google.android.euicc and userId: 0
08-06 10:09:44.743 1761 31571 W PackageConfigPersister: App-specific configuration not found for packageName: com.wakdev.wdnfc and userId: 0
08-06 10:09:44.743 1761 31571 W PackageConfigPersister: App-specific configuration not found for packageName: com.google.android.apps.magicportrait and userId: 0
08-06 10:09:44.743 1761 31571 W PackageConfigPersister: App-specific configuration not found for packageName: com.google.android.iwlan and userId: 0
08-06 10:09:44.743 1761 31571 W PackageConfigPersister: App-specific configuration not found for packageName: com.google.android.apps.ai.icons and userId: 0
08-06 10:09:44.743 1761 31571 W PackageConfigPersister: App-specific configuration not found for packageName: com.google.android.mosey and userId: 0
08-06 10:09:44.744 1761 31571 W PackageConfigPersister: App-specific configuration not found for packageName: com.threesixtyentertainment.nesn and userId: 0
08-06 10:09:44.744 1761 31571 W PackageConfigPersister: App-specific configuration not found for packageName: com.android.printspooler and userId: 0
08-06 10:09:44.744 1761 31571 W PackageConfigPersister: App-specific configuration not found for packageName: com.catdaddy.cat22 and userId: 0
08-06 10:09:44.744 1761 31571 W PackageConfigPersister: App-specific configuration not found for packageName: com.android.hotwordenrollment.okgoogle and userId: 0
08-06 10:09:44.744 1761 31571 W PackageConfigPersister: App-specific configuration not found for packageName: com.innersloth.spacemafia and userId: 0
08-06 10:09:44.744 1761 31571 W PackageConfigPersister: App-specific configuration not found for packageName: com.android.virtualization.terminal and userId: 0
08-06 10:09:44.744 1761 31571 W PackageConfigPersister: App-specific configuration not found for packageName: com.android.sdm.plugins.diagmon and userId: 0
08-06 10:09:44.744 1761 31571 W PackageConfigPersister: App-specific configuration not found for packageName: com.google.android.pixel.setupwizard.overlaypixelfoldable2024 and userId: 0
08-06 10:09:44.744 1761 31571 W PackageConfigPersister: App-specific configuration not found for packageName: com.android.dreams.basic and userId: 0
08-06 10:09:44.744 1761 31571 W PackageConfigPersister: App-specific configuration not found for packageName: ai.polycam and userId: 0
08-06 10:09:44.744 1761 31571 W PackageConfigPersister: App-specific configuration not found for packageName: com.virginaustralia.vaapp and userId: 0
08-06 10:09:44.745 1761 31571 W PackageConfigPersister: App-specific configuration not found for packageName: com.google.android.aicore and userId: 0
08-06 10:09:44.745 1761 31571 W PackageConfigPersister: App-specific configuration not found for packageName: com.android.providers.settings.auto_generated_rro_product__ and userId: 0
08-06 10:09:44.745 1761 31571 W PackageConfigPersister: App-specific configuration not found for packageName: com.google.android.as.oss and userId: 0
08-06 10:09:44.745 1761 31571 W PackageConfigPersister: App-specific configuration not found for packageName: dji.go.v5 and userId: 0
08-06 10:09:44.745 1761 31571 W PackageConfigPersister: App-specific configuration not found for packageName: com.mobilefootie.wc2010 and userId: 0
08-06 10:09:44.745 1761 31571 W PackageConfigPersister: App-specific configuration not found for packageName: com.app.skytrustplus and userId: 0
08-06 10:09:44.745 1761 31571 W PackageConfigPersister: App-specific configuration not found for packageName: com.android.se and userId: 0
08-06 10:09:44.746 1761 3907 W ContextImpl: Calling a method in the system process without a qualified user: android.app.ContextImpl.sendBroadcastMultiplePermissions:1408 com.android.server.TelephonyRegistry.broadcastServiceStateChanged:4409 com.android.server.TelephonyRegistry.notifyServiceStateForPhoneId:1930 com.android.internal.telephony.ITelephonyRegistry$Stub.onTransact:629 android.os.Binder.execTransactInternal:1369
08-06 10:09:44.747 1761 1985 D ActivityManager: sync unfroze 17138 com.android.settings for 3
08-06 10:09:44.748 1761 1985 D ActivityManager: sync unfroze 18081 com.google.android.settings.intelligence for 3
08-06 10:09:44.750 1761 31571 W PackageConfigPersister: App-specific configuration not found for packageName: au.edu.wa.education.connect.mobile.connectnow and userId: 0
08-06 10:09:44.750 1761 31571 W PackageConfigPersister: App-specific configuration not found for packageName: com.android.inputdevices and userId: 0
08-06 10:09:44.750 1761 31571 W PackageConfigPersister: App-specific configuration not found for packageName: com.android.traceur.auto_generated_rro_product__ and userId: 0
08-06 10:09:44.750 1761 31571 W PackageConfigPersister: App-specific configuration not found for packageName: com.google.android.apps.wellbeing and userId: 0
08-06 10:09:44.750 1761 31571 W PackageConfigPersister: App-specific configuration not found for packageName: com.instagram.barcelona and userId: 0
08-06 10:09:44.750 1761 31571 W PackageConfigPersister: App-specific configuration not found for packageName: com.google.android.dialer and userId: 0
08-06 10:09:44.750 1761 31571 W PackageConfigPersister: App-specific configuration not found for packageName: com.gen.workoutme and userId: 0
08-06 10:09:44.750 1761 31571 W PackageConfigPersister: App-specific configuration not found for packageName: com.android.bips and userId: 0
08-06 10:09:44.750 1761 31571 W PackageConfigPersister: App-specific configuration not found for packageName: com.google.audio.hearing.visualization.accessibility.scribe and userId: 0
08-06 10:09:44.751 1761 31571 W PackageConfigPersister: App-specific configuration not found for packageName: com.google.android.apps.adwords and userId: 0
08-06 10:09:44.751 1761 31571 W PackageConfigPersister: App-specific configuration not found for packageName: com.snapmaker.lavaapp and userId: 0
08-06 10:09:44.751 1761 31571 W PackageConfigPersister: App-specific configuration not found for packageName: com.google.android.apps.nbu.files and userId: 0
08-06 10:09:44.751 1761 31571 W PackageConfigPersister: App-specific configuration not found for packageName: com.playstation.mobile2ndscreen and userId: 0
08-06 10:09:44.751 1761 31571 W PackageConfigPersister: App-specific configuration not found for packageName: com.thespaghettidetective.android and userId: 0
08-06 10:09:44.751 1761 31571 W PackageConfigPersister: App-specific configuration not found for packageName: co.mona.android and userId: 0
08-06 10:09:44.751 1761 31571 W PackageConfigPersister: App-specific configuration not found for packageName: com.google.android.captiveportallogin and userId: 0
08-06 10:09:44.751 1761 31571 W PackageConfigPersister: App-specific configuration not found for packageName: com.alison.mobile.flutter and userId: 0
08-06 10:09:44.751 1761 31571 W PackageConfigPersister: App-specific configuration not found for packageName: com.google.android.flipendo.auto_generated_rro_product__ and userId: 0
08-06 10:09:44.751 1761 31571 W PackageConfigPersister: App-specific configuration not found for packageName: com.dropbox.android and userId: 0
08-06 10:09:44.751 1761 31571 W PackageConfigPersister: App-specific configuration not found for packageName: com.hootsuite.droid.full and userId: 0
08-06 10:09:44.751 17138 17138 I SatelliteTileStateReceiver: onReceive: intent=Intent { act=android.intent.action.SERVICE_STATE flg=0x1000010 xflg=0x4 cmp=com.android.settings/.network.telephony.satellite.quicksettings.SatelliteTileStateReceiver (has extras) }
08-06 10:09:44.751 1761 31571 W PackageConfigPersister: App-specific configuration not found for packageName: com.google.android.accessibility.soundamplifier and userId: 0
08-06 10:09:44.751 1761 31571 W PackageConfigPersister: App-specific configuration not found for packageName: au.com.macquarie.authenticator and userId: 0
08-06 10:09:44.752 1761 31571 W PackageConfigPersister: App-specific configuration not found for packageName: com.shannon.rcsservice and userId: 0
08-06 10:09:44.752 1761 31571 W PackageConfigPersister: App-specific configuration not found for packageName: android.auto_generated_characteristics_rro and userId: 0
08-06 10:09:44.752 1761 31571 W PackageConfigPersister: App-specific configuration not found for packageName: com.android.settings.comet and userId: 0
08-06 10:09:44.752 1761 31571 W PackageConfigPersister: App-specific configuration not found for packageName: com.adobe.scan.android and userId: 0
08-06 10:09:44.752 1761 31571 W PackageConfigPersister: App-specific configuration not found for packageName: com.twitter.android and userId: 0
08-06 10:09:44.752 1761 31571 W PackageConfigPersister: App-specific configuration not found for packageName: com.google.android.appsearch.apk and userId: 0
08-06 10:09:44.752 1761 31571 W PackageConfigPersister: App-specific configuration not found for packageName: com.google.ambient.streaming and userId: 0
08-06 10:09:44.752 17138 17138 I SatelliteTileStateReceiver: Satellite tile static feature configs are enabled for this device.
08-06 10:09:44.752 1761 31571 W PackageConfigPersister: App-specific configuration not found for packageName: com.cxsw.sdprinter and userId: 0
08-06 10:09:44.752 1761 31571 W PackageConfigPersister: App-specific configuration not found for packageName: com.android.musicfx and userId: 0
08-06 10:09:44.752 1761 31571 W PackageConfigPersister: App-specific configuration not found for packageName: com.android.devicediagnostics.auto_generated_rro_vendor__ and userId: 0
08-06 10:09:44.752 1761 31571 W PackageConfigPersister: App-specific configuration not found for packageName: com.etsy.android and userId: 0
08-06 10:09:44.752 1761 31571 W PackageConfigPersister: App-specific configuration not found for packageName: com.google.android.apps.bard and userId: 0
08-06 10:09:44.752 1761 31571 W PackageConfigPersister: App-specific configuration not found for packageName: com.google.android.apps.docs and userId: 0
08-06 10:09:44.753 1761 31571 W PackageConfigPersister: App-specific configuration not found for packageName: com.google.android.apps.maps and userId: 0
08-06 10:09:44.753 1761 31571 W PackageConfigPersister: App-specific configuration not found for packageName: com.google.android.apps.tips and userId: 0
08-06 10:09:44.753 1761 31571 W PackageConfigPersister: App-specific configuration not found for packageName: com.google.android.documentsui.theme.pixel and userId: 0
