08-06 10:09:47.616 1417 1417 D AOC : A3:MSG: usf_sensor.cc, 1881: USF: Received stop sampling request for ICM45631 Accelerometer 1 (active:1).
08-06 10:09:47.616 1417 1417 D AOC : A3:MSG: icm456xy_device.cc, 443: USF: Device: type: 0, p/l: 20000000 ns/ 500000000 ns, O/WM/I: 50/3/17
08-06 10:09:47.616 1761 4412 D TelephonyManager: requestModemActivityInfo: Sending result to app: ModemActivityInfo{ mTimestamp=583207408 mSleepTimeMs=431270426 mIdleTimeMs=6597446 mActivityStatsTechSpecificInfo=[{mRat=GERAN,mFrequencyRange=UNKNOWN,mTxTimeMs[]=[0, 0, 0, 0, 0],mRxTimeMs=570}, {mRat=UTRAN,mFrequencyRange=UNKNOWN,mTxTimeMs[]=[0, 0, 0, 0, 0],mRxTimeMs=17}, {mRat=EUTRAN,mFrequencyRange=UNKNOWN,mTxTimeMs[]=[242449, 223953, 462396, 396326, 804126],mRxTimeMs=243595663}, {mRat=NGRAN,mFrequencyRange=HIGH,mTxTimeMs[]=[146945, 72337, 207146, 169763, 400526],mRxTimeMs=54946800}, {mRat=NGRAN,mFrequencyRange=MMWAVE,mTxTimeMs[]=[0, 0, 0, 0, 0],mRxTimeMs=0}, {mRat=UNKNOWN,mFrequencyRange=UNKNOWN,mTxTimeMs[]=[0, 0, 0, 0, 0],mRxTimeMs=0}]}
08-06 10:09:47.617 1417 1417 D AOC : A3:MSG: usf_sensor.cc, 1881: USF: Received stop sampling request for ICM45631 Gyroscope 1 (active:0).
08-06 10:09:47.618 1417 1417 D AOC : A3:MSG: icm456xy_device.cc, 443: USF: Device: type: 1, p/l: 0 ns/ 9223372036854775807 ns, O/WM/I: 50/3/17
08-06 10:09:47.619 1177 1907 D usf_sensor_hal: ambient light: Enter Batch. Period = 100000000, latency = 0.
08-06 10:09:47.619 1177 1907 D usf_sensor_hal: ambient light: Enter Activate. Enable = 1.
08-06 10:09:47.620 1417 1417 D AOC : A3:MSG: usf_sensor.cc, 1866: USF: Received start sampling request for TMD3733 Ambient Light (active:4).
08-06 10:09:47.630 1177 1907 D usf_sensor_hal: linear acceleration: Enter Flush
08-06 10:09:47.632 1177 1907 D usf_sensor_hal: rotation vector: Enter Flush
08-06 10:09:47.632 17719 31478 I dmoo : (REDACTED) Writing metadata key: %s, corpus: %s
08-06 10:09:47.635 1202 3533 I WifiHAL : Creating message to get link statistics; iface = 47
08-06 10:09:47.637 17719 31478 I dmoo : (REDACTED) Writing metadata key: %s, corpus: %s
08-06 10:09:47.642 17719 17912 I dmkg : (REDACTED) Starting batch sync for corpora: %s
08-06 10:09:47.645 1417 1417 D AOC : A3:MSG: usf_vsc_log.cc, 83: VSC: [WO] Reset mTask, clear history
08-06 10:09:47.647 1417 1417 D AOC : A3:MSG: usf_tbn_server.cc, 263: gti: Receive TBN event id: 4098, op: 2
08-06 10:09:47.647 1417 1417 D AOC : A3:MSG: usf_tbn_server.cc, 55: gti: Change bus owner to AP.
08-06 10:09:47.648 1417 1417 D AOC : A3:MSG: usf_touch_device.cc, 801: gtd: On tbn event, state: 1.
08-06 10:09:47.648 1417 1417 D AOC : A3:MSG: usf_touch_device.cc, 593: gtd: Bus: 0, Host: 0; Enabled: 0.
08-06 10:09:47.648 1417 1417 D AOC : A3:MSG: usf_touch_device.cc, 801: gtd: On tbn event, state: 1.
08-06 10:09:47.648 1417 1417 D AOC : A3:MSG: usf_touch_device.cc, 593: gtd: Bus: 0, Host: 0; Enabled: 0.
08-06 10:09:47.648 1417 1417 D AOC : A3:MSG: usf_tbn_server.cc, 236: gti: Send TBN event response id: 4098, op: 2
08-06 10:09:47.653 671 742 I hwc-display: [SecondaryDisplay] setActiveConfig: config(3)
08-06 10:09:47.653 671 742 I hwc-display: [SecondaryDisplay] resetConfigRequestStateLocked: mConfigRequestState (0) is not REQUESTED
08-06 10:09:47.654 668 668 D SurfaceFlinger: Finished setting power mode 2 on physical display 4619827677550801153
08-06 10:09:47.654 671 19799 D hwc-display: setMinIdleRefreshRate requester 0, fps 0
08-06 10:09:47.655 671 19799 I hwc-display: ExynosPrimaryDisplay::setMinIdleRefreshRate() writes min_vrefresh(0) to the sysfs node
08-06 10:09:47.655 671 19799 I hwc-display: setRefreshRateThrottleNanos() requester(0) set delay to 0ns
08-06 10:09:47.655 671 19799 I hwc-display: setDisplayIdleDelayNanos() writes idle_delay_ms(0) to the sysfs node (0x0)
08-06 10:09:47.657 671 19799 I hwc-display: [1] presentDisplay is skipped by mSkipFrame
08-06 10:09:47.657 671 19799 D hwc-display: This is the first frame after power on
08-06 10:09:47.657 671 19799 W hwc-3 : setPresentFence: invalid present fence -1
08-06 10:09:47.657 668 668 E SurfaceFlinger: trackPendingFrame: Invalid present fence
08-06 10:09:47.658 1761 3522 D SurfaceControl: Excessive delay in setPowerMode()
08-06 10:09:47.658 1761 3522 I LocalDisplayAdapter: SF.setDisplayPowerMode took 121ms
08-06 10:09:47.661 1417 1417 D AOC : A3:MSG: virtual_alsp_sensor.cc, 389: USF: VALSP: Display ID: 1, status:1
08-06 10:09:47.662 1417 1417 D AOC : A3:MSG: usf_vsc_log.cc, 69: VSC: [BINNED_BRIGHTNESS] Display[1] state changed to 1 (lux:35.997062)
08-06 10:09:47.662 1417 1417 D AOC : A3:MSG: tmd3733_device.cc, 3258: USF: TMD3733: dbv:0 luma:0 leak:0.00 rr:120 te2:0 ctx:0x0 status:1 op_hz:0 [1]
08-06 10:09:47.662 1417 1417 D AOC : A3:MSG: usf_vsc_log.cc, 69: VSC: [Lift_to_Wake] Display info event : 1, 1
08-06 10:09:47.663 1417 1417 D AOC : A3:MSG: usf_vsc_log.cc, 83: VSC: [WO] displayInfoEvent displayId=1, status=1
08-06 10:09:47.663 671 671 I hwc-display: path=drm, id=1, level=306, nits=10.019866, brightness=0.004474, DimmingOn=0, Hbm=0, LhbmOn=0, OpRate=120
08-06 10:09:47.663 1417 1417 D AOC : A3:MSG: tmd3733_device.cc, 648: USF: TMD3733: Updated VSYNC Emulation Mode(=1).
08-06 10:09:47.663 671 671 W hwc-3 : HalImpl: set expected present time multiple times in one frame
08-06 10:09:47.664 668 668 E SurfaceFlinger: trackPendingFrame: Invalid present fence
08-06 10:09:47.664 1417 1417 D AOC : A3:MSG: tmd3733_device.cc, 3051: USF: TMD3733: [ALS]sync_delay_adjustment: 1300000
08-06 10:09:47.665 1417 1417 D AOC : A3:MSG: tmd3733_device.cc, 3186: USF: TMD3733: vsync_delay_usec: 3100
08-06 10:09:47.665 1417 1417 D AOC : A3:MSG: tmd3733_device.cc, 712: USF: TMD3733: Updated PERS values PPERS=0 APERS=0
08-06 10:09:47.679 1202 3533 I WifiHAL : Getting cached scan results, iface handle = 0xb4000077e618d4d0
08-06 10:09:47.679 1202 3533 E WifiHAL : Creating message to get cached scan results
08-06 10:09:47.680 1417 1417 D AOC : CHRE: DRAM vote count begins
08-06 10:09:47.681 1417 1417 D AOC : CHRE: DRAM vote count ends: 0 ms
08-06 10:09:47.681 17719 31819 I dmkg : (REDACTED) The syncToken for corpus %s is %s and the syncRequestReason is %s
08-06 10:09:47.682 1160 1205 D CHRE : @ 583218.483: Parsed nanoapp message from host: app ID 0x476f6f676c00103b endpoint 0x8005 msgType 1 payload size 6
08-06 10:09:47.684 1202 3533 I WifiHAL : In GetCachedScanResultsCommand::handleResponse
08-06 10:09:47.690 1417 1417 D AOC : A3:MSG: tmd3733_device.cc, 3258: USF: TMD3733: dbv:306 luma:0 leak:0.37 rr:120 te2:0 ctx:0x0 status:1 op_hz:0 [0]
08-06 10:09:47.707 24905 24905 I pixel-thermal: VIRTUAL-USB-UI:0 raw data: VIRTUAL-USB-UI:0
08-06 10:09:47.707 24905 24905 I pixel-thermal: VIRTUAL-USB-THROTTLING:0 raw data: VIRTUAL-USB-THROTTLING:0
08-06 10:09:47.707 24905 24905 I pixel-thermal: VIRTUAL-SKIN-SPEAKER:34.106 raw data: VIRTUAL-SKIN-SPEAKER:34106
08-06 10:09:47.707 24905 24905 I pixel-thermal: VIRTUAL-SKIN:29.7127 raw data: VIRTUAL-SKIN:29712.7
08-06 10:09:47.707 24905 24905 I pixel-thermal: rffe_therm:30.014 raw data: rffe_therm:30014
08-06 10:09:47.707 24905 24905 I pixel-thermal: VIRTUAL-SKIN-CHARGE-WIRED:29.8767 raw data: VIRTUAL-SKIN-CHARGE-WIRED:29876.7
08-06 10:09:47.707 24905 24905 I pixel-thermal: VIRTUAL-SKIN-OUTER-DISPLAY:27.348 raw data: VIRTUAL-SKIN-OUTER-DISPLAY:27348
08-06 10:09:47.707 24905 24905 I pixel-thermal: cellular-emergency:29.7127 raw data: cellular-emergency:29712.7
08-06 10:09:47.707 24905 24905 I pixel-thermal: soc_therm:31.928 raw data: soc_therm:31928
08-06 10:09:47.707 24905 24905 I pixel-thermal: VIRTUAL-SKIN-CHARGE-PERSIST:29.8767 raw data: VIRTUAL-SKIN-CHARGE-PERSIST:29876.7
08-06 10:09:47.707 24905 24905 I pixel-thermal: VIRTUAL-SKIN-INNER-DISPLAY:30.6328 raw data: VIRTUAL-SKIN-INNER-DISPLAY:30632.8
08-06 10:09:47.707 24905 24905 I pixel-thermal: battery:27.4 raw data: battery:27400
08-06 10:09:47.707 24905 24905 I pixel-thermal: gnss_tcxo_therm:30.036 raw data: gnss_tcxo_therm:30036
08-06 10:09:47.707 24905 24905 I pixel-thermal: charger_therm:32.173 raw data: charger_therm:32173
08-06 10:09:47.707 24905 24905 I pixel-thermal: usb_conn_therm:28.522 raw data: usb_conn_therm:28522
08-06 10:09:47.707 24905 24905 I pixel-thermal: modem_therm:30.169 raw data: modem_therm:30169
08-06 10:09:47.747 1417 1417 D AOC : A3:MSG: usf_sensor.cc, 1866: USF: Received start sampling request for VD6282 Spectral Sensor (active:1).
08-06 10:09:47.748 1159 2144 I Lyric : spectral_driver.cc:455: Changed als mode from On-change to On-change for sensor: rear with new id: 3862
08-06 10:09:47.755 1761 3442 W NetworkPolicy: shared quota unsupported; generating rule for each iface
08-06 10:09:47.773 3766 3766 D GRIL-S : [81997]> UPDATE_DEVICE_STATE DeviceState: Usb:1, Wifi: 1, Wifi AP: 0, Earpiece: 0, Bluetooth: 1, Wireless charging: 0, Screen: 1, Camera: 0, 0, -, -, Motion: 0, Bluetooth tethering: 0, Voice: 0, Wifi 2.4G: 1, Radio: 1, Bluetooth connected: 0, Bluetooth media: 0, Wifi Band: 1, Wifi AP Band: 0, Wifi call: 0, mmWave: 0, mCellBackhaul: 0, mHallSensor: 0, mDozeStatus: 1, mAppClassInfo: 0, mWifiCapSensorStatus: 2, mCellCapSensorStatus: 2, mBesideHeadHandStatus: 0, mSpeakerStatus: 0, mProtectiveCaseStatus: 1, mWifiSettingStatus: 0, mGpsStatus: 0
08-06 10:09:47.813 3766 4457 D GRIL-S : [81997]< UPDATE_DEVICE_STATE
08-06 10:09:47.839 1450 1450 I adbd : adbd service requested 'shell,v2,TERM=xterm:export ANDROID_LOG_TAGS=''; exec logcat '-d' '-v' 'threadtime''
08-06 10:09:47.861 1768 1768 D Vibrator: Took 0 ms to wait for the actuator activation.
08-06 10:09:47.876 17719 31834 I dmoo : (REDACTED) Writing metadata key: %s, corpus: %s
08-06 10:09:47.887 17719 31834 I dmoo : (REDACTED) Writing metadata key: %s, corpus: %s
08-06 10:09:47.898 17719 17892 I dmkg : (REDACTED) Starting batch sync for corpora: %s
08-06 10:09:47.911 17719 31741 I dmoo : The GellerConfig is not present, returning null.
08-06 10:09:47.911 17719 31741 I dmoo : (REDACTED) The GellerConfig is not present, defaulting isUploadEnabled for corpus %s to true.
08-06 10:09:47.923 1768 32023 D Vibrator: waitForComplete: Vibrator is already off
08-06 10:09:47.933 17719 31741 I dmkg : (REDACTED) The syncToken for corpus %s is %s and the syncRequestReason is %s