08-06 10:09:36.518 29674 29674 W RtiGracefulSystemMethodHelper: android.app.BackgroundServiceStartNotAllowedException: Not allowed to start service Intent { act=Orca.START xflg=0x4 cmp=com.instagram.android/com.facebook.rti.pushv2.inapp.InappFbnsService (has extras) }: app is in background uid UidRecord{fa40821 u0a339 TRNB bg:+50m12s769ms idle change:uncachedprocstateprocadj procs:0 seq(11420712,11420587)} caps=-------TI
08-06 10:09:36.518 29674 29674 W RtiGracefulSystemMethodHelper: at android.app.ContextImpl.startServiceCommon(ContextImpl.java:2125)
08-06 10:09:36.518 29674 29674 W RtiGracefulSystemMethodHelper: at android.app.ContextImpl.startService(ContextImpl.java:2080)
08-06 10:09:36.518 29674 29674 W RtiGracefulSystemMethodHelper: at android.content.ContextWrapper.startService(ContextWrapper.java:870)
08-06 10:09:36.518 29674 29674 W RtiGracefulSystemMethodHelper: at X.01oR.HFR(:29)
08-06 10:09:36.518 29674 29674 W RtiGracefulSystemMethodHelper: at X.07Lw.A00(:11)
08-06 10:09:36.518 29674 29674 W RtiGracefulSystemMethodHelper: at X.01oC.A00(:113)
08-06 10:09:36.518 29674 29674 W RtiGracefulSystemMethodHelper: at X.01nC.E1t(:305)
08-06 10:09:36.518 29674 29674 W RtiGracefulSystemMethodHelper: at com.instagram.push.FbnsInitBroadcastReceiver.onReceive(:313)
08-06 10:09:36.518 29674 29674 W RtiGracefulSystemMethodHelper: at android.app.LoadedApk$ReceiverDispatcher$Args.lambda$getRunnable$0(LoadedApk.java:2050)
08-06 10:09:36.518 29674 29674 W RtiGracefulSystemMethodHelper: at android.app.LoadedApk$ReceiverDispatcher$Args.$r8$lambda$mcNAAl1SQ4MyJPyDg8TJ2x2h0Rk(LoadedApk.java:0)
08-06 10:09:36.518 29674 29674 W RtiGracefulSystemMethodHelper: at android.app.LoadedApk$ReceiverDispatcher$Args$$ExternalSyntheticLambda0.run(D8$$SyntheticClass:0)
08-06 10:09:36.518 29674 29674 W RtiGracefulSystemMethodHelper: at android.os.Handler.handleCallback(Handler.java:1095)
08-06 10:09:36.518 29674 29674 W RtiGracefulSystemMethodHelper: at android.os.Handler.dispatchMessageImpl(Handler.java:135)
08-06 10:09:36.518 29674 29674 W RtiGracefulSystemMethodHelper: at android.os.Handler.dispatchMessage(Handler.java:125)
08-06 10:09:36.518 29674 29674 W RtiGracefulSystemMethodHelper: at android.os.Looper.loopOnce(Looper.java:296)
08-06 10:09:36.518 29674 29674 W RtiGracefulSystemMethodHelper: at android.os.Looper.loop(Looper.java:397)
08-06 10:09:36.518 29674 29674 W RtiGracefulSystemMethodHelper: at android.app.ActivityThread.main(ActivityThread.java:9523)
08-06 10:09:36.518 29674 29674 W RtiGracefulSystemMethodHelper: at java.lang.reflect.Method.invoke(Native Method)
08-06 10:09:36.518 29674 29674 W RtiGracefulSystemMethodHelper: at com.android.internal.os.RuntimeInit$MethodAndArgsCaller.run(RuntimeInit.java:575)
08-06 10:09:36.518 29674 29674 W RtiGracefulSystemMethodHelper: at com.android.internal.os.ZygoteInit.main(ZygoteInit.java:939)
08-06 10:09:36.521 2778 2902 D WM-Processor: s: processing WorkGenerationalId(workSpecId=9fab31b0-a8cb-44df-a506-03311e20a282, generation=113)
08-06 10:09:36.524 1761 5046 W ActivityManager: Background start not allowed: service Intent { act=Orca.START xflg=0x4 cmp=com.instagram.android/com.facebook.rti.pushv2.inapp.InappFbnsService (has extras) } to com.instagram.android/com.facebook.rti.pushv2.inapp.InappFbnsService from pid=29674 uid=10339 pkg=com.instagram.android startFg?=false
08-06 10:09:36.525 29674 29674 W RtiGracefulSystemMethodHelper: [AI] Failed to start service due to IllegalStateException on Android O
08-06 10:09:36.525 29674 29674 W RtiGracefulSystemMethodHelper: android.app.BackgroundServiceStartNotAllowedException: Not allowed to start service Intent { act=Orca.START xflg=0x4 cmp=com.instagram.android/com.facebook.rti.pushv2.inapp.InappFbnsService (has extras) }: app is in background uid UidRecord{fa40821 u0a339 TRNB bg:+50m12s777ms idle change:uncachedprocstateprocadj procs:0 seq(11420712,11420587)} caps=-------TI
08-06 10:09:36.525 29674 29674 W RtiGracefulSystemMethodHelper: at android.app.ContextImpl.startServiceCommon(ContextImpl.java:2125)
08-06 10:09:36.525 29674 29674 W RtiGracefulSystemMethodHelper: at android.app.ContextImpl.startService(ContextImpl.java:2080)
08-06 10:09:36.525 29674 29674 W RtiGracefulSystemMethodHelper: at android.content.ContextWrapper.startService(ContextWrapper.java:870)
08-06 10:09:36.525 29674 29674 W RtiGracefulSystemMethodHelper: at X.01oR.HFR(:29)
08-06 10:09:36.525 29674 29674 W RtiGracefulSystemMethodHelper: at X.07Lw.A00(:11)
08-06 10:09:36.525 29674 29674 W RtiGracefulSystemMethodHelper: at X.01oC.A00(:113)
08-06 10:09:36.525 29674 29674 W RtiGracefulSystemMethodHelper: at X.01nC.E1t(:305)
08-06 10:09:36.525 29674 29674 W RtiGracefulSystemMethodHelper: at com.instagram.push.FbnsInitBroadcastReceiver.onReceive(:313)
08-06 10:09:36.525 29674 29674 W RtiGracefulSystemMethodHelper: at android.app.LoadedApk$ReceiverDispatcher$Args.lambda$getRunnable$0(LoadedApk.java:2050)
08-06 10:09:36.525 29674 29674 W RtiGracefulSystemMethodHelper: at android.app.LoadedApk$ReceiverDispatcher$Args.$r8$lambda$mcNAAl1SQ4MyJPyDg8TJ2x2h0Rk(LoadedApk.java:0)
08-06 10:09:36.525 29674 29674 W RtiGracefulSystemMethodHelper: at android.app.LoadedApk$ReceiverDispatcher$Args$$ExternalSyntheticLambda0.run(D8$$SyntheticClass:0)
08-06 10:09:36.525 29674 29674 W RtiGracefulSystemMethodHelper: at android.os.Handler.handleCallback(Handler.java:1095)
08-06 10:09:36.525 29674 29674 W RtiGracefulSystemMethodHelper: at android.os.Handler.dispatchMessageImpl(Handler.java:135)
08-06 10:09:36.525 29674 29674 W RtiGracefulSystemMethodHelper: at android.os.Handler.dispatchMessage(Handler.java:125)
08-06 10:09:36.525 29674 29674 W RtiGracefulSystemMethodHelper: at android.os.Looper.loopOnce(Looper.java:296)
08-06 10:09:36.525 29674 29674 W RtiGracefulSystemMethodHelper: at android.os.Looper.loop(Looper.java:397)
08-06 10:09:36.525 29674 29674 W RtiGracefulSystemMethodHelper: at android.app.ActivityThread.main(ActivityThread.java:9523)
08-06 10:09:36.525 29674 29674 W RtiGracefulSystemMethodHelper: at java.lang.reflect.Method.invoke(Native Method)
08-06 10:09:36.525 29674 29674 W RtiGracefulSystemMethodHelper: at com.android.internal.os.RuntimeInit$MethodAndArgsCaller.run(RuntimeInit.java:575)
08-06 10:09:36.525 29674 29674 W RtiGracefulSystemMethodHelper: at com.android.internal.os.ZygoteInit.main(ZygoteInit.java:939)
08-06 10:09:36.530 1761 5046 D ConnectivityService: Returning UNBLOCKED NetworkInfo to uid=10427
08-06 10:09:36.532 2778 2902 D WM-Processor: s: processing WorkGenerationalId(workSpecId=b630969e-f1a1-485a-a6c5-60144bb6889d, generation=0)
08-06 10:09:36.540 29674 29674 E SlowAppComponent: 0ms: SystemJobService instantiating…
08-06 10:09:36.546 29674 29674 E SlowAppComponent: 156ms: HeartbeatJobService instantiating…
08-06 10:09:36.546 29674 29674 E SlowAppComponent: Main thread was blocked for 170ms in the background starting with SystemJobService
08-06 10:09:36.573 2778 2778 D WM-BatteryChrgTracker: Received android.os.action.CHARGING
08-06 10:09:36.614 26145 18675 W libbinder.Binder: Binder transaction to android.accounts.IAccountAuthenticator, function: UNKNOWN_FUNCTION_NAME, code: 3, took 1500ms. Data bytes: 492 Reply bytes: 0 Flags: 17
08-06 10:09:36.619 29674 29788 E msys : E[N mns:TigonMNS]_OnResolverSuccess(359)=>Cache refresh succeeded with system DNS resolver. IP count: 1
08-06 10:09:36.640 2778 2778 D WM-SystemJobService: onStartJob for WorkGenerationalId(workSpecId=89e00892-a1e2-425d-8c70-414deb24a7e2, generation=0)
08-06 10:09:36.643 11130 30643 I AndroidBackupEventsLogg: (REDACTED) null shouldSample, evaluating sampling value. Event %s
08-06 10:09:36.676 2778 2778 D WM-WorkerWrapper: Starting work for com.x.scribing.workmanager.ScribesWorker
08-06 10:09:36.689 2778 2778 D WM-WorkerWrapper: Starting work for com.x.scribing.workmanager.ScribesWorker
08-06 10:09:36.690 2778 2902 D WM-Processor: s: processing WorkGenerationalId(workSpecId=89e00892-a1e2-425d-8c70-414deb24a7e2, generation=0)
08-06 10:09:36.710 471 471 D WM-GreedyScheduler: Stopping tracking for WorkGenerationalId(workSpecId=35d0bc93-4f0d-423e-ad90-d61f4ef4781d, generation=18571)
08-06 10:09:36.716 26145 26153 E gcblocker: too long GC blocking: 5
08-06 10:09:36.716 26145 26153 E gcblocker: gc block end, 412968564,101
08-06 10:09:36.727 29674 28467 E EmergencyPushPeriodicFetchWorker: Skipping fetch since app is backgrounded
08-06 10:09:36.738 29674 29837 E msys : E[N mns:DGWClient]_OnResolverSuccess(359)=>Cache refresh succeeded with system DNS resolver. IP count: 1
08-06 10:09:36.742 1761 5804 D ActivityManager: sync unfroze 9019 com.android.chrome for 6
08-06 10:09:36.743 1761 5804 D ActivityManager: sync unfroze 9060 com.android.chrome:privileged_process0 for 6
08-06 10:09:36.743 1761 5804 D ActivityManager: sync unfroze 9110 com.android.chrome:sandboxed_process0:org.chromium.content.app.NativeOnlySandboxedProcessService0:0 for 6
08-06 10:09:36.743 1761 5804 D ActivityManager: sync unfroze 6281 com.google.android.webview:sandboxed_process0:org.chromium.content.app.SandboxedProcessService0:1 for 6
08-06 10:09:36.746 31878 32529 I ezea : (REDACTED) HDM. appOpsListener %s %s
08-06 10:09:36.746 31878 32529 I ezea : (REDACTED) HDM. Ignoring irrelevant audio permission changes for package %s
08-06 10:09:36.805 1761 5821 W ActivityManager: Background start not allowed: service Intent { act=com.whatsapp.messageservice.messaging.MessageService.START xflg=0x4 cmp=com.whatsapp/.messageservice.messaging.MessageService } to com.whatsapp/.messageservice.messaging.MessageService from pid=30836 uid=10521 pkg=com.whatsapp startFg?=false
08-06 10:09:36.809 2778 2902 D WM-GreedyScheduler: Constraints met: Scheduling work ID WorkGenerationalId(workSpecId=89e00892-a1e2-425d-8c70-414deb24a7e2, generation=0)
08-06 10:09:36.811 2778 2778 D WM-WorkerWrapper: Starting work for com.twitter.database.legacy.cleanup.DatabaseCleanupWorker
08-06 10:09:36.811 30836 30836 D WM-WorkerWrapper: Starting work for com.whatsapp.ui.wds.metrics.logging.network.HierarchyUploadScheduler$HierarchyUploadWorker
08-06 10:09:36.814 1761 1985 W ActivityManager: Skipping manifest association check for null package. SourceUid: -1, SourcePkg: null, TargetUid: 10139, TargetPkg: com.google.android.gms
08-06 10:09:36.816 2778 2885 D WM-Processor: Work WorkGenerationalId(workSpecId=89e00892-a1e2-425d-8c70-414deb24a7e2, generation=0) is already enqueued for processing
08-06 10:09:36.885 2778 2900 E WM-WorkerWrapper: Work [ id=89e00892-a1e2-425d-8c70-414deb24a7e2, tags={ com.twitter.database.legacy.cleanup.DatabaseCleanupWorker } ] failed because it threw an exception/error
08-06 10:09:36.885 2778 2900 E WM-WorkerWrapper: java.lang.IllegalStateException: The application object graph is not defined. Is your Application class calling set() on ApplicationObjectGraphProvider?
08-06 10:09:36.885 2778 2900 E WM-WorkerWrapper: at com.twitter.util.di.app.f$a.a(SourceFile:21)
08-06 10:09:36.885 2778 2900 E WM-WorkerWrapper: at com.twitter.util.config.b.get(SourceFile:5)
08-06 10:09:36.885 2778 2900 E WM-WorkerWrapper: at com.twitter.database.legacy.cleanup.DatabaseCleanupWorker.doWork(SourceFile:0)
08-06 10:09:36.885 2778 2900 E WM-WorkerWrapper: at androidx.work.w0.invoke(SourceFile:18)
08-06 10:09:36.885 2778 2900 E WM-WorkerWrapper: at androidx.work.c1.run(SourceFile:13)
08-06 10:09:36.885 2778 2900 E WM-WorkerWrapper: at java.util.concurrent.ThreadPoolExecutor.runWorker(ThreadPoolExecutor.java:1100)
08-06 10:09:36.885 2778 2900 E WM-WorkerWrapper: at java.util.concurrent.ThreadPoolExecutor$Worker.run(ThreadPoolExecutor.java:624)
08-06 10:09:36.885 2778 2900 E WM-WorkerWrapper: at java.lang.Thread.run(Thread.java:1572)
08-06 10:09:36.886 2778 2900 I WM-WorkerWrapper: Worker result FAILURE for Work [ id=89e00892-a1e2-425d-8c70-414deb24a7e2, tags={ com.twitter.database.legacy.cleanup.DatabaseCleanupWorker } ]
08-06 10:09:36.893 5778 31582 I FcClientStatsdLogManager: Sending FL diagnosis log. [CONTEXT ratelimit_period="60 MINUTES" skipped=41 ]
08-06 10:09:36.908 2778 2778 D WM-Processor: s 89e00892-a1e2-425d-8c70-414deb24a7e2 executed; reschedule = false
08-06 10:09:36.908 2778 2778 D WM-GreedyScheduler: Stopping tracking for WorkGenerationalId(workSpecId=89e00892-a1e2-425d-8c70-414deb24a7e2, generation=0)
08-06 10:09:36.908 2778 2778 D WM-SystemJobService: 89e00892-a1e2-425d-8c70-414deb24a7e2 executed on JobScheduler
08-06 10:09:36.915 23320 23323 W teWarmerService: Reducing the number of considered missed Gc histogram windows from 545 to 100
08-06 10:09:36.918 2778 2902 D WM-GreedyScheduler: Cancelling work ID 89e00892-a1e2-425d-8c70-414deb24a7e2
08-06 10:09:36.933 1761 3442 W NetworkPolicy: shared quota unsupported; generating rule for each iface
08-06 10:09:36.937 1761 3442 W NetworkPolicy: shared quota unsupported; generating rule for each iface
08-06 10:09:36.941 1761 5823 W JobInfo : Job 'com.whatsapp/.infra.push.RegistrationIntentService#4' has a deadline with no functional constraints. The deadline won't improve job execution latency. Consider removing the deadline.
08-06 10:09:36.942 2778 2902 D WM-SystemJobScheduler: Scheduling work ID 89e00892-a1e2-425d-8c70-414deb24a7e2Job ID 23066
08-06 10:09:36.953 1761 3556 D NetworkStatsObservers: Unregistering RequestInfo from pid/uid:1761/1000(android) for DataUsageRequest [ requestId=404, networkTemplate=NetworkTemplate: matchRule=MOBILE, matchSubscriberIds=[505013...], matchWifiNetworkKeys=[], metered=YES, defaultNetwork=NO, thresholdInBytes=121914202 ] accessLevel:3
08-06 10:09:36.953 1761 3442 D NetworkStatsObservers: Registering observer for RequestInfo from pid/uid:1761/1000(android) for DataUsageRequest [ requestId=405, networkTemplate=NetworkTemplate: matchRule=MOBILE, matchSubscriberIds=[505013...], matchWifiNetworkKeys=[], metered=YES, defaultNetwork=NO, thresholdInBytes=121910911 ] accessLevel:3
08-06 10:09:36.961 11130 27468 I AndroidBackupEventsLogg: Evaluating whether required time has passed for sampling [CONTEXT service_id=229 ]
08-06 10:09:36.961 11130 27468 I AndroidBackupEventsLogg: (REDACTED) Setting shouldSample to true. Event %s
08-06 10:09:36.962 11130 27468 I AndroidBackupEventsLogg: (REDACTED) Logging with sampling event %s
08-06 10:09:36.963 2778 2902 D WM-BrdcstRcvrCnstrntTrc: a: unregistering receiver
08-06 10:09:36.978 471 499 D WM-Processor: qwz: processing WorkGenerationalId(workSpecId=35d0bc93-4f0d-423e-ad90-d61f4ef4781d, generation=18573)
08-06 10:09:36.992 1761 5823 W JobScheduler: Job didn't exist in JobStore: bd2996c #u0a170/-1371219540 com.google.android.as.oss/com.google.android.gms.learning.internal.training.InAppJobService
08-06 10:09:37.025 1129 1129 D Zygote : Forked child process 31640
08-06 10:09:37.026 1761 1986 I ActivityManager: Start proc 31640:com.google.android.as.oss:learning_bg/u0a170 for bound-service {com.google.android.as.oss/com.google.android.gms.learning.internal.training.InAppTrainingService}
08-06 10:09:37.031 31640 31640 I libprocessgroup: Created cgroup /sys/fs/cgroup/apps/uid_10170/pid_31640
08-06 10:09:37.037 31640 31640 I Zygote : Process 31640 created for com.google.android.as.oss:learning_bg
08-06 10:09:37.037 31640 31640 I oss:learning_bg: Using generational CollectorTypeCMC GC.
08-06 10:09:37.038 471 499 D WM-Processor: qwz: processing WorkGenerationalId(workSpecId=dd7251ec-117e-4356-b6a9-7992687c0230, generation=10788)
08-06 10:09:37.039 1761 5814 W JobScheduler: Job didn't exist in JobStore: a8f0a28 #u0a170/-1459396391 com.google.android.as.oss/com.google.android.gms.learning.internal.training.InAppJobService
08-06 10:09:37.042 5778 31582 W brella.TrainingJob: Cancelling: null - true
08-06 10:09:37.043 5778 31629 W brella.TrainingJob: Interrupted while waiting for service connection
08-06 10:09:37.043 5778 31629 W brella.TrainingJob: java.lang.InterruptedException
08-06 10:09:37.043 5778 31629 W brella.TrainingJob: at khf.t(PG:131)
08-06 10:09:37.043 5778 31629 W brella.TrainingJob: at ikj.c(PG:400)
08-06 10:09:37.043 5778 31629 W brella.TrainingJob: at iao.run(PG:903)
08-06 10:09:37.043 5778 31629 W brella.TrainingJob: at java.util.concurrent.Executors$RunnableAdapter.call(Executors.java:520)
08-06 10:09:37.043 5778 31629 W brella.TrainingJob: at kjo.a(PG:3)
08-06 10:09:37.043 5778 31629 W brella.TrainingJob: at kiw.run(PG:19)
08-06 10:09:37.043 5778 31629 W brella.TrainingJob: at kjp.run(PG:5)
08-06 10:09:37.043 5778 31629 W brella.TrainingJob: at java.util.concurrent.ThreadPoolExecutor.runWorker(ThreadPoolExecutor.java:1100)
08-06 10:09:37.043 5778 31629 W brella.TrainingJob: at java.util.concurrent.ThreadPoolExecutor$Worker.run(ThreadPoolExecutor.java:624)
08-06 10:09:37.043 5778 31629 W brella.TrainingJob: at java.lang.Thread.run(Thread.java:1572)
08-06 10:09:37.043 31640 31640 D nativeloader: Load libframework-connectivity-tiramisu-jni.so using APEX ns com_android_tethering for caller /apex/com.android.tethering/javalib/framework-connectivity-t.jar: ok
08-06 10:09:37.043 30836 31020 I WM-WorkerWrapper: Worker result SUCCESS for Work [ id=4094c466-f276-4802-838f-3ad30955aa24, tags={ com.whatsapp.ui.wds.metrics.logging.network.HierarchyUploadScheduler$HierarchyUploadWorker } ]
08-06 10:09:37.047 29674 29788 E msys : E[N mns:TigonMNS]_OnResolverSuccess(359)=>Cache refresh succeeded with system DNS resolver. IP count: 1
08-06 10:09:37.047 29674 29788 E msys : E[N mns:TigonMNS]_OnResolverSuccess(359)=>Cache refresh succeeded with system DNS resolver. IP count: 1
08-06 10:09:37.048 30836 30836 D WM-Processor: 1kL 4094c466-f276-4802-838f-3ad30955aa24 executed; reschedule = false
08-06 10:09:37.048 30836 30836 D WM-GreedyScheduler: Stopping tracking for WorkGenerationalId(workSpecId=4094c466-f276-4802-838f-3ad30955aa24, generation=0)
08-06 10:09:37.049 31503 31576 W pps.pixel.agent: Verification of java.lang.Object fdz.a(java.lang.Object) took 137.648ms (7889.65 bytecodes/s) (0B arena alloc)
08-06 10:09:37.054 1761 4412 W JobScheduler: Job didn't exist in JobStore: 7586f09 #u0a170/-1928469257 com.google.android.as.oss/com.google.android.gms.learning.internal.training.InAppJobService
08-06 10:09:37.059 31640 31640 D ApplicationLoaders: Returning zygote-cached class loader: /system_ext/framework/androidx.window.extensions.jar
08-06 10:09:37.059 31640 31640 D ApplicationLoaders: Returning zygote-cached class loader: /system_ext/framework/androidx.window.sidecar.jar
08-06 10:09:37.061 30836 31020 D WM-GreedyScheduler: Cancelling work ID 4094c466-f276-4802-838f-3ad30955aa24
08-06 10:09:37.063 29674 29788 E msys : E[N mns:TigonMNS]_OnResolverSuccess(359)=>Cache refresh succeeded with system DNS resolver. IP count: 1
08-06 10:09:37.063 29674 29788 E msys : E[N mns:TigonMNS]_OnResolverSuccess(359)=>Cache refresh succeeded with system DNS resolver. IP count: 1
08-06 10:09:37.066 30836 31005 D WM-BrdcstRcvrCnstrntTrc: 1kD: unregistering receiver
08-06 10:09:37.068 5778 31582 W brella.TrainingJob: Cancelling: null - true
08-06 10:09:37.073 471 471 D WM-GreedyScheduler: Stopping tracking for WorkGenerationalId(workSpecId=e53b12f5-4438-4eda-aa8f-2a595a498179, generation=5043)
08-06 10:09:37.075 31640 31640 W oss:learning_bg: Failed to find entry 'classes.dex': Entry not found
08-06 10:09:37.077 31640 31640 W oss:learning_bg: Failed to find entry 'classes.dex': Entry not found
08-06 10:09:37.078 31640 31640 W oss:learning_bg: Failed to find entry 'classes.dex': Entry not found
08-06 10:09:37.079 31640 31640 D nativeloader: Configuring clns-9 for other apk /data/app/~~uMeFB_qDqtP-U_WiHeLqug==/com.google.android.as.oss--WxyLdiHEhba-X3S1qrH-A==/base.apk:/data/app/~~uMeFB_qDqtP-U_WiHeLqug==/com.google.android.as.oss--WxyLdiHEhba-X3S1qrH-A==/split_config.arm64_v8a.apk:/data/app/~~uMeFB_qDqtP-U_WiHeLqug==/com.google.android.as.oss--WxyLdiHEhba-X3S1qrH-A==/split_config.en.apk:/data/app/~~uMeFB_qDqtP-U_WiHeLqug==/com.google.android.as.oss--WxyLdiHEhba-X3S1qrH-A==/split_config.xxhdpi.apk. target_sdk_version=36, uses_libraries=, library_path=/data/app/~~uMeFB_qDqtP-U_WiHeLqug==/com.google.android.as.oss--WxyLdiHEhba-X3S1qrH-A==/lib/arm64:/data/app/~~uMeFB_qDqtP-U_WiHeLqug==/com.google.android.as.oss--WxyLdiHEhba-X3S1qrH-A==/base.apk!/lib/arm64-v8a:/data/app/~~uMeFB_qDqtP-U_WiHeLqug==/com.google.android.as.oss--WxyLdiHEhba-X3S1qrH-A==/split_config.arm64_v8a.apk!/lib/arm64-v8a:/data/app/~~uMeFB_qDqtP-U_WiHeLqug==/com.google.android.as.oss--WxyLdiHEhba-X3S1qrH-A==/split_config.en.apk!/lib/arm64-v8a:/data/app/~~uMeFB_qDqtP-U_WiHeLqug==/com.
08-06 10:09:37.079 1761 5823 W JobScheduler: Job didn't exist in JobStore: d03ff62 #u0a170/-1838665603 com.google.android.as.oss/com.google.android.gms.learning.internal.training.InAppJobService
08-06 10:09:37.082 471 471 D WM-SystemJobService: onStartJob for WorkGenerationalId(workSpecId=5b416994-cc3e-4c8e-a01e-01e3b6f22a9b, generation=63)
08-06 10:09:37.084 31640 31640 V GraphicsEnvironment: Currently set values for:
08-06 10:09:37.084 31640 31640 V GraphicsEnvironment: angle_gl_driver_selection_pkgs=[com.android.angle]
08-06 10:09:37.084 31640 31640 V GraphicsEnvironment: angle_gl_driver_selection_values=[angle]
08-06 10:09:37.084 31640 31640 V GraphicsEnvironment: com.google.android.as.oss is not listed in per-application setting
08-06 10:09:37.084 31640 31640 V GraphicsEnvironment: No special selections for ANGLE, returning default driver choice
08-06 10:09:37.085 31640 31640 V GraphicsEnvironment: Neither updatable production driver nor prerelease driver is supported.
08-06 10:09:37.085 30836 31005 D WM-NetworkStateTracker: Unregistering network callback
08-06 10:09:37.101 5778 31582 W brella.TrainingJob: Cancelling: null - true
08-06 10:09:37.109 1761 5823 W JobScheduler: Job didn't exist in JobStore: d69022e #u0a170/-1214890555 com.google.android.as.oss/com.google.android.gms.learning.internal.training.InAppJobService
08-06 10:09:37.109 471 471 D WM-GreedyScheduler: Stopping tracking for WorkGenerationalId(workSpecId=e53b12f5-4438-4eda-aa8f-2a595a498179, generation=5044)
08-06 10:09:37.111 471 471 D WM-SystemJobService: onStartJob for WorkGenerationalId(workSpecId=30a8e41e-261a-48a1-ac90-6311425cf24b, generation=63)
08-06 10:09:37.133 1761 5823 W libbinder.Binder: Large reply transaction of 573232 bytes, interface descriptor android.content.IContentProvider, function: UNKNOWN_FUNCTION_NAME, code: 21, flags: 18
08-06 10:09:37.135 471 499 D WM-Processor: qwz: processing WorkGenerationalId(workSpecId=5b416994-cc3e-4c8e-a01e-01e3b6f22a9b, generation=63)
08-06 10:09:37.142 31640 31640 I PrivateInferenceConfigReader: computeConfig: isEvt: false, isUserDebug: false
08-06 10:09:37.142 31640 31640 I PrivateComputeServicesApplication: PrivateComputeServicesApplication#onCreate
08-06 10:09:37.142 31640 31640 I PcsFcInit: Calling BrellaInit for PCS.
08-06 10:09:37.142 31640 31640 I NetworkUsageLogTtlService: NetworkUsageLogTtlService already scheduled.
08-06 10:09:37.200 31640 31661 I FederatedTrainingScheduler: Cancelling training for population:pcs/prod/platform_logging session_name:pcs/prod/platform_logging
08-06 10:09:37.222 31640 31661 I FcClientStatsdLogManager: Sending FL diagnosis log. [CONTEXT ratelimit_period="60 MINUTES" ]
08-06 10:09:37.227 471 499 D WM-Processor: qwz: processing WorkGenerationalId(workSpecId=30a8e41e-261a-48a1-ac90-6311425cf24b, generation=63)
08-06 10:09:37.235 3807 31525 W SHANNON_IMS: 3830 [SIM#] Invalid sub id : -1 with slot id : 1 (SubscriptionWrapper%getSubId:55)
08-06 10:09:37.236 3807 31525 W SHANNON_IMS: 3834 [SIM#] Invalid sub id : -1 with slot id : 1 (SubscriptionWrapper%getSubId:55)
08-06 10:09:37.251 27949 27968 W ndroid.contacts: Reducing the number of considered missed Gc histogram windows from 276 to 100
08-06 10:09:37.259 471 499 D WM-Processor: qwz: processing WorkGenerationalId(workSpecId=c697ccb4-1805-45a2-b9d3-526c83483ce9, generation=54)
08-06 10:09:37.268 1128 1166 E statsd : regex_error: subexpressions are not allowed, pattern: (\.[0-9a-fA-F]{4,})+$
08-06 10:09:37.273 471 499 D WM-Processor: qwz: processing WorkGenerationalId(workSpecId=868ced06-a392-4580-bfcb-e4f9bc217496, generation=82)
08-06 10:09:37.274 471 499 D WM-Processor: qwz: processing WorkGenerationalId(workSpecId=aad42fbf-a107-4e8b-a739-92120214feac, generation=82)
08-06 10:09:37.280 471 499 D WM-Processor: qwz: processing WorkGenerationalId(workSpecId=603114ff-5510-4f83-a829-5aac21aef50b, generation=82)
08-06 10:09:37.281 471 499 D WM-Processor: qwz: processing WorkGenerationalId(workSpecId=860c7a16-6663-4b85-b65c-9c7903fd11bc, generation=9391)
08-06 10:09:37.289 11130 30642 I Backup : [FreshnessTargetTierChecker] Should back up @pm@: it's exempt from FTT enforcement.
08-06 10:09:37.289 471 471 D WM-WorkerWrapper: Starting work for androidx.work.multiprocess.RemoteListenableDelegatingWorker
08-06 10:09:37.289 471 471 D WM-ListenableWorkerImpl: Binding to com.google.android.googlequicksearchbox, com.google.android.libraries.search.integrations.tiktok.RemoteWorkerService_search
08-06 10:09:37.293 31640 31662 I TinkBsaTokenCipher: Initialized successfully
08-06 10:09:37.296 471 471 I WM-RemoteWorkerService: Binding to RemoteWorkerService
08-06 10:09:37.299 471 471 D WM-WorkerWrapper: Starting work for androidx.work.multiprocess.RemoteListenableDelegatingWorker
08-06 10:09:37.299 471 471 D WM-ListenableWorkerImpl: Binding to com.google.android.googlequicksearchbox, com.google.android.libraries.search.integrations.tiktok.RemoteWorkerService_search
08-06 10:09:37.300 471 499 D WM-Processor: Work WorkGenerationalId(workSpecId=5b416994-cc3e-4c8e-a01e-01e3b6f22a9b, generation=63) is already enqueued for processing
08-06 10:09:37.301 471 471 D WM-ListenableWorkerImpl: Service connected
08-06 10:09:37.301 471 471 D WM-ListenableWorkerImpl: Service connected
08-06 10:09:37.301 31640 31669 I WM-GreedyScheduler: Ignoring schedule request in non-main process
08-06 10:09:37.304 471 498 D WM-ListenableWorkerImpl: Executing work request (dd7251ec-117e-4356-b6a9-7992687c0230, com.google.apps.tiktok.contrib.work.TikTokListenableWorker)
08-06 10:09:37.305 471 497 D WM-ListenableWorkerImpl: Executing work request (35d0bc93-4f0d-423e-ad90-d61f4ef4781d, com.google.apps.tiktok.contrib.work.TikTokListenableWorker)
08-06 10:09:37.305 31878 32529 I ezea : (REDACTED) HDM. appOpsListener %s %s
08-06 10:09:37.305 31878 32529 I ezea : (REDACTED) HDM. Ignoring irrelevant audio permission changes for package %s
08-06 10:09:37.307 471 499 D WM-Processor: Work WorkGenerationalId(workSpecId=30a8e41e-261a-48a1-ac90-6311425cf24b, generation=63) is already enqueued for processing
08-06 10:09:37.309 471 471 I fpqh : #sync(). Running Synclets and scheduling next sync.
08-06 10:09:37.313 471 471 I fpqh : #sync(). Running Synclets and scheduling next sync.
08-06 10:09:37.313 471 471 D WM-WorkerWrapper: Starting work for androidx.work.multiprocess.RemoteListenableDelegatingWorker
08-06 10:09:37.313 471 471 D WM-ListenableWorkerImpl: Binding to com.google.android.googlequicksearchbox, com.google.android.libraries.search.integrations.tiktok.RemoteWorkerService_googleapp
08-06 10:09:37.318 471 471 D WM-WorkerWrapper: Starting work for androidx.work.multiprocess.RemoteListenableDelegatingWorker
08-06 10:09:37.318 471 471 D WM-ListenableWorkerImpl: Binding to com.google.android.googlequicksearchbox, com.google.android.libraries.search.integrations.tiktok.RemoteWorkerService_googleapp
08-06 10:09:37.319 17719 17719 I WM-RemoteWorkerService: Binding to RemoteWorkerService
08-06 10:09:37.323 471 471 D WM-WorkerWrapper: Starting work for androidx.work.multiprocess.RemoteListenableDelegatingWorker
08-06 10:09:37.323 471 471 D WM-ListenableWorkerImpl: Binding to com.google.android.googlequicksearchbox, com.google.android.libraries.search.integrations.tiktok.RemoteWorkerService_googleapp
08-06 10:09:37.327 471 471 D WM-ListenableWorkerImpl: Service connected
08-06 10:09:37.327 471 471 D WM-ListenableWorkerImpl: Service connected
08-06 10:09:37.327 471 471 D WM-ListenableWorkerImpl: Service connected
08-06 10:09:37.330 17719 18391 D WM-ListenableWorkerImpl: Executing work request (c697ccb4-1805-45a2-b9d3-526c83483ce9, com.google.apps.tiktok.contrib.work.TikTokListenableWorker)
08-06 10:09:37.331 17719 18391 D WM-ListenableWorkerImpl: Executing work request (5b416994-cc3e-4c8e-a01e-01e3b6f22a9b, com.google.apps.tiktok.contrib.work.TikTokListenableWorker)
08-06 10:09:37.331 17719 18391 D WM-ListenableWorkerImpl: Executing work request (30a8e41e-261a-48a1-ac90-6311425cf24b, com.google.apps.tiktok.contrib.work.TikTokListenableWorker)
08-06 10:09:37.336 471 471 D WM-WorkerWrapper: Starting work for com.google.apps.tiktok.contrib.work.TikTokListenableWorker
08-06 10:09:37.346 471 471 D MddPeriodicWorker: PeriodicWorker: startWork
08-06 10:09:37.351 1761 5823 I PackageManager: getInstalledPackages: callingUid=10269 flags=1073741824 updatedFlags=1074528256 userId=0
08-06 10:09:37.352 471 471 D WM-WorkerWrapper: Starting work for com.google.apps.tiktok.contrib.work.TikTokListenableWorker
08-06 10:09:37.353 471 471 D MddPeriodicWorker: PeriodicWorker: startWork
08-06 10:09:37.364 31640 31669 I WM-GreedyScheduler: Ignoring schedule request in a secondary process
08-06 10:09:37.366 26223 26231 W .apps.nbu.files: Reducing the number of considered missed Gc histogram windows from 597 to 100
08-06 10:09:37.389 5778 5789 W .android.as.oss: Reducing the number of considered missed Gc histogram windows from 281 to 100
08-06 10:09:37.390 31640 31672 I WM-GreedyScheduler: Ignoring schedule request in non-main process
08-06 10:09:37.394 471 471 D WM-WorkerWrapper: Starting work for com.google.apps.tiktok.contrib.work.TikTokListenableWorker
08-06 10:09:37.395 471 471 D MddPeriodicWorker: PeriodicWorker: startWork
08-06 10:09:37.413 471 471 D WM-WorkerWrapper: Starting work for androidx.work.multiprocess.RemoteListenableDelegatingWorker
08-06 10:09:37.414 471 471 D WM-ListenableWorkerImpl: Binding to com.google.android.googlequicksearchbox, com.google.android.libraries.search.integrations.tiktok.RemoteWorkerService_search
08-06 10:09:37.415 471 471 D WM-ListenableWorkerImpl: Service connected
08-06 10:09:37.416 471 497 D WM-ListenableWorkerImpl: Executing work request (860c7a16-6663-4b85-b65c-9c7903fd11bc, com.google.apps.tiktok.contrib.work.TikTokListenableWorker)
08-06 10:09:37.418 471 491 I fpqh : (REDACTED) Running synclets: %s
08-06 10:09:37.418 471 471 I fpqh : #sync(). Running Synclets and scheduling next sync.
08-06 10:09:37.419 471 521 I fpqh : Scheduling next wakeup
08-06 10:09:37.419 471 521 I fprh : Scheduling next periodic WorkManager workers
08-06 10:09:37.420 471 498 I fpqh : (REDACTED) Running synclets: %s
08-06 10:09:37.437 1128 1166 E statsd : regex_error: subexpressions are not allowed, pattern: (\.[0-9a-fA-F]{4,})+$
08-06 10:09:37.443 31640 31672 I WM-GreedyScheduler: Ignoring schedule request in a secondary process
08-06 10:09:37.462 17719 17719 D MddPeriodicWorker: PeriodicWorker: startWork
08-06 10:09:37.464 17719 17719 D MddPeriodicWorker: PeriodicWorker: startWork
08-06 10:09:37.464 17719 17719 D MddPeriodicWorker: PeriodicWorker: startWork
08-06 10:09:37.473 471 491 I fpqh : (REDACTED) Running synclets: %s
08-06 10:09:37.475 471 513 I fpqh : Scheduling next wakeup
08-06 10:09:37.475 471 513 I fprh : Scheduling next periodic WorkManager workers
08-06 10:09:37.476 471 519 I fpqh : (REDACTED) Starting synclet: %s
08-06 10:09:37.476 471 509 I fpqh : (REDACTED) Starting synclet: %s
08-06 10:09:37.476 471 509 I MMAutoUpdateSynclet: #sync
08-06 10:09:37.477 471 520 I fpqh : (REDACTED) Starting synclet: %s
08-06 10:09:37.482 471 521 I fpqh : (REDACTED) Starting synclet: %s
08-06 10:09:37.485 471 521 I LPDownloadSettingsState: (REDACTED) Defaulting LP download condition to %s as user has not edited settings.
08-06 10:09:37.485 471 513 I DefaultLPManager: #getAvailablePackages
08-06 10:09:37.486 471 513 I fcwu : #getDownloadableLanguagePacks
08-06 10:09:37.486 471 498 I fddh : #initializeLanguages
08-06 10:09:37.492 471 513 I fcxl : (REDACTED) Loaded languagepack (LP) flag value from latest config %s: %s
08-06 10:09:37.492 471 513 W SystemLPSourceImpl: #getAvailablePackages: Note there is not reason to call this method, as getInstalledPackages() returns the same LanguagePacks for this impl.
08-06 10:09:37.492 471 513 W LegacyLPSourceImpl: #getAvailablePackages: Note there is no reason to call this method, as getInstalledPackages() returns the same LanguagePacks for this impl.
08-06 10:09:37.492 471 513 I DefaultLPManager: #getInstalledPackages
08-06 10:09:37.492 471 513 I fcwu : #getInstalledPackages from MDD
08-06 10:09:37.492 471 513 I fcwu : #GetLanguagePackList
08-06 10:09:37.493 471 513 I fcwu : MDD.getFileGroupsByFilter(langpack-domain_xx-XX_ver_zipfile)
08-06 10:09:37.494 471 513 I DefaultLPManager: #getInstalledPackages
08-06 10:09:37.494 471 513 I fcwu : #getInstalledPackages from MDD
08-06 10:09:37.494 471 513 I fcwu : #GetLanguagePackList
08-06 10:09:37.494 471 513 I fcwu : MDD.getFileGroupsByFilter(langpack-domain_xx-XX_ver_zipfile)
08-06 10:09:37.494 471 513 I DefaultLPManager: #getRequestedPackages
08-06 10:09:37.494 471 513 I ZipLPPopulator: #addNewFileGroups
08-06 10:09:37.494 471 513 I fcwu : #getDownloadableLanguagePacks
08-06 10:09:37.496 471 509 E fcvd : (REDACTED) Unrecognized recognizer for [%s, %d]: %d. Ignoring it and its associated features.
08-06 10:09:37.505 471 513 I fcxl : (REDACTED) Loaded languagepack (LP) flag value from latest config %s: %s
08-06 10:09:37.505 471 513 W SystemLPSourceImpl: #getRequestedPackages: There is not reason to call this method, as the result is always empty.
08-06 10:09:37.505 471 513 W LegacyLPSourceImpl: #getRequestedPackages: There is no reason to call this method, as the result is always empty.
08-06 10:09:37.505 471 513 I DefaultLPManager: #getAvailablePackages
08-06 10:09:37.505 471 513 I fcwu : #getDownloadableLanguagePacks
08-06 10:09:37.507 31640 31674 I WM-GreedyScheduler: Ignoring schedule request in non-main process
08-06 10:09:37.507 471 521 E fcvd : (REDACTED) Unrecognized recognizer for [%s, %d]: %d. Ignoring it and its associated features.
08-06 10:09:37.511 471 521 E fcvd : (REDACTED) Unrecognized recognizer for [%s, %d]: %d. Ignoring it and its associated features.
08-06 10:09:37.511 471 521 E fcvd : (REDACTED) Unrecognized recognizer for [%s, %d]: %d. Ignoring it and its associated features.
08-06 10:09:37.512 471 521 E fcvd : (REDACTED) Unrecognized recognizer for [%s, %d]: %d. Ignoring it and its associated features.
08-06 10:09:37.512 471 521 E fcvd : (REDACTED) Unrecognized recognizer for [%s, %d]: %d. Ignoring it and its associated features.
08-06 10:09:37.513 471 513 I fcxl : (REDACTED) Loaded languagepack (LP) flag value from latest config %s: %s
08-06 10:09:37.513 471 513 W SystemLPSourceImpl: #getAvailablePackages: Note there is not reason to call this method, as getInstalledPackages() returns the same LanguagePacks for this impl.
08-06 10:09:37.514 471 513 W LegacyLPSourceImpl: #getAvailablePackages: Note there is no reason to call this method, as getInstalledPackages() returns the same LanguagePacks for this impl.
08-06 10:09:37.514 471 509 E fcvd : (REDACTED) Unrecognized recognizer for [%s, %d]: %d. Ignoring it and its associated features.
08-06 10:09:37.515 471 509 E fcvd : (REDACTED) Unrecognized recognizer for [%s, %d]: %d. Ignoring it and its associated features.
08-06 10:09:37.515 471 513 E fcvd : (REDACTED) Unrecognized recognizer for [%s, %d]: %d. Ignoring it and its associated features.
08-06 10:09:37.515 471 509 E fcvd : (REDACTED) Unrecognized recognizer for [%s, %d]: %d. Ignoring it and its associated features.
08-06 10:09:37.515 471 509 E fcvd : (REDACTED) Unrecognized recognizer for [%s, %d]: %d. Ignoring it and its associated features.
08-06 10:09:37.521 15953 15953 E fb4a.Execution: Redirecting MSYS Execution scheduling from the UI thread to a custom executor
08-06 10:09:37.525 471 513 E fcvd : (REDACTED) Unrecognized recognizer for [%s, %d]: %d. Ignoring it and its associated features.
08-06 10:09:37.525 471 513 E fcvd : (REDACTED) Unrecognized recognizer for [%s, %d]: %d. Ignoring it and its associated features.
08-06 10:09:37.525 471 513 E fcvd : (REDACTED) Unrecognized recognizer for [%s, %d]: %d. Ignoring it and its associated features.
08-06 10:09:37.526 471 513 E fcvd : (REDACTED) Unrecognized recognizer for [%s, %d]: %d. Ignoring it and its associated features.
08-06 10:09:37.530 471 497 I SystemLPSourceImpl: (REDACTED) Parsed system partition LanguagePack metadata file: %s
08-06 10:09:37.532 471 521 I LPRequestState: (REDACTED) [%s] #resolveDesiredLanguagePacks
08-06 10:09:37.532 471 521 I LPRequestState: (REDACTED) Assigning language pack %s for request %s
08-06 10:09:37.532 471 521 I LPDownloadSettingsState: (REDACTED) Defaulting LP download condition to %s as user has not edited settings.
08-06 10:09:37.532 471 521 I ZipLPPopulator: (REDACTED) MDD.addFileGroup: %s
08-06 10:09:37.539 31640 31674 I WM-GreedyScheduler: Ignoring schedule request in a secondary process
08-06 10:09:37.565 15953 28280 D omnistore_android_logger: DebouncingRateLimiter attempting event SyncProtocol::onConnectionEstablished
08-06 10:09:37.565 15953 28280 D omnistore_android_logger: Event not rate limited: SyncProtocol::onConnectionEstablished
08-06 10:09:37.565 15953 28280 D omnistore_android_logger: SyncProtocol calling onConnectionEstablished callbacks
08-06 10:09:37.565 15953 28280 D omnistore_android_logger: Removing all queue based subscriptions from rewire state
08-06 10:09:37.568 15953 28280 D omnistore_android_logger: SendQueue::onConnectionEstablished: sending 0 transaction(s)
08-06 10:09:37.571 15953 23198 D omnistore_android_logger: SubscriptionManager::onConnectionEstablished is called back
08-06 10:09:37.572 471 497 I SystemLPSourceImpl: (REDACTED) Parsed system partition LanguagePack metadata file: %s
08-06 10:09:37.573 471 509 I fpqh : (REDACTED) Starting synclet: %s
08-06 10:09:37.573 471 512 I fpqh : (REDACTED) Starting synclet: %s
08-06 10:09:37.574 471 520 I fpqh : (REDACTED) Starting synclet: %s
08-06 10:09:37.574 471 521 I fpqh : (REDACTED) Starting synclet: %s
08-06 10:09:37.575 471 513 I fpqh : (REDACTED) Starting synclet: %s
08-06 10:09:37.575 471 498 I LegacyLPSourceImpl: (REDACTED) Parsing legacy read-only LanguagePack metadata file: %s
08-06 10:09:37.576 471 499 I LegacyLPSourceImpl: (REDACTED) Parsing legacy read-only LanguagePack metadata file: %s
08-06 10:09:37.578 471 498 I SystemLPSourceImpl: (REDACTED) Parsed system partition LanguagePack metadata file: %s
08-06 10:09:37.578 471 519 I fpqh : (REDACTED) Starting synclet: %s
08-06 10:09:37.581 471 499 I LegacyLPSourceImpl: (REDACTED) Parsing legacy read-only LanguagePack metadata file: %s
08-06 10:09:37.581 471 521 I fpqh : (REDACTED) Starting synclet: %s
08-06 10:09:37.583 471 520 I fpqh : (REDACTED) Starting synclet: %s
08-06 10:09:37.584 471 509 I fpqh : (REDACTED) Starting synclet: %s
08-06 10:09:37.585 471 520 I fpqh : (REDACTED) Starting synclet: %s
08-06 10:09:37.585 471 520 I fpqh : (REDACTED) Starting synclet: %s
08-06 10:09:37.587 471 513 I LPRequestState: (REDACTED) [%s] #resolveDesiredLanguagePacks
08-06 10:09:37.610 471 497 I SystemLPSourceImpl: (REDACTED) Parsed system partition LanguagePack metadata file: %s
08-06 10:09:37.617 2778 2902 I WM-WorkerWrapper: Worker result SUCCESS for Work [ id=9fab31b0-a8cb-44df-a506-03311e20a282, tags={ com.x.scribing.workmanager.ScribesWorker,xlite-user-1693172505601859584 } ]
08-06 10:09:37.618 15953 23198 I omnistore_android_logger: Connect message: queueName: facebook_universal_prefs_v2:735001780, gvid: 0
08-06 10:09:37.620 15953 15953 E fb4a.Execution: Redirecting MSYS Execution scheduling from the UI thread to a custom executor
08-06 10:09:37.623 2778 2778 D WM-Processor: s 9fab31b0-a8cb-44df-a506-03311e20a282 executed; reschedule = false
08-06 10:09:37.623 2778 2902 I WM-WorkerWrapper: Worker result SUCCESS for Work [ id=b630969e-f1a1-485a-a6c5-60144bb6889d, tags={ com.x.scribing.workmanager.ScribesWorker,xlite-user-1693172505601859584 } ]
08-06 10:09:37.623 2778 2778 D WM-GreedyScheduler: Stopping tracking for WorkGenerationalId(workSpecId=9fab31b0-a8cb-44df-a506-03311e20a282, generation=113)
08-06 10:09:37.628 2778 2778 D WM-Processor: s b630969e-f1a1-485a-a6c5-60144bb6889d executed; reschedule = false
08-06 10:09:37.628 2778 2778 D WM-GreedyScheduler: Stopping tracking for WorkGenerationalId(workSpecId=b630969e-f1a1-485a-a6c5-60144bb6889d, generation=0)
08-06 10:09:37.628 15953 23198 I omnistore_android_logger: Client sent connect message
08-06 10:09:37.642 471 31678 I cwpv : (REDACTED) Using GoogleAuthUtil for getToken for 1p app: %s
08-06 10:09:37.643 29674 29788 E msys : E[N mns:TigonMNS]_OnResolverSuccess(359)=>Cache refresh succeeded with system DNS resolver. IP count: 1
08-06 10:09:37.646 1761 5046 W ActivityManager: Background start not allowed: service Intent { xflg=0x4 cmp=com.facebook.katana/com.facebook.mqtt.service.MqttServiceV2 (has extras) } to com.facebook.katana/com.facebook.mqtt.service.MqttServiceV2 from pid=15953 uid=10466 pkg=com.facebook.katana startFg?=false
08-06 10:09:37.647 471 497 I LegacyLPSourceImpl: (REDACTED) Parsing legacy read-only LanguagePack metadata file: %s
08-06 10:09:37.649 15953 23198 W fb4a.RtiGracefulSystemMethodHelper: [AI] Failed to start service due to IllegalStateException on Android O
08-06 10:09:37.649 15953 23198 W fb4a.RtiGracefulSystemMethodHelper: android.app.BackgroundServiceStartNotAllowedException: Not allowed to start service Intent { xflg=0x4 cmp=com.facebook.katana/com.facebook.mqtt.service.MqttServiceV2 (has extras) }: app is in background uid UidRecord{662aefe u0a466 LAST bg:+16m28s121ms idle change:cached|procstate|procadj procs:0 seq(11420826,11420826)} caps=--------I
08-06 10:09:37.649 15953 23198 W fb4a.RtiGracefulSystemMethodHelper: at android.app.ContextImpl.startServiceCommon(ContextImpl.java:2125)
08-06 10:09:37.649 15953 23198 W fb4a.RtiGracefulSystemMethodHelper: at android.app.ContextImpl.startService(ContextImpl.java:2080)
08-06 10:09:37.649 15953 23198 W fb4a.RtiGracefulSystemMethodHelper: at android.content.ContextWrapper.startService(ContextWrapper.java:870)
08-06 10:09:37.649 15953 23198 W fb4a.RtiGracefulSystemMethodHelper: at X.0Jh.EkY(:30)
08-06 10:09:37.649 15953 23198 W fb4a.RtiGracefulSystemMethodHelper: at X.4Tb.A00(:85)
08-06 10:09:37.649 15953 23198 W fb4a.RtiGracefulSystemMethodHelper: at X.4TY.Dzk(:72)
08-06 10:09:37.649 15953 23198 W fb4a.RtiGracefulSystemMethodHelper: at X.4Sd.Dzk(:13)
08-06 10:09:37.649 15953 23198 W fb4a.RtiGracefulSystemMethodHelper: at X.4Sb.publishMessage(:2)
08-06 10:09:37.649 15953 23198 W fb4a.RtiGracefulSystemMethodHelper: at com.facebook.jni.NativeRunnable.run(Native Method)
08-06 10:09:37.649 15953 23198 W fb4a.RtiGracefulSystemMethodHelper: at java.lang.Thread.run(Thread.java:1572)
08-06 10:09:37.650 1761 5804 W PackageInfo: Large parcel: size=31076 pkg=com.facebook.katana uid=10466 serv=24008(152) prevAllowSquashing=false
08-06 10:09:37.681 2778 2902 D WM-GreedyScheduler: Cancelling work ID 9fab31b0-a8cb-44df-a506-03311e20a282
08-06 10:09:37.705 471 519 I dmoo : (REDACTED) Setting isLegacySQLite mode to %s.
08-06 10:09:37.707 2778 2902 D WM-SystemJobScheduler: Scheduling work ID 9fab31b0-a8cb-44df-a506-03311e20a282Job ID 23087
08-06 10:09:37.707 13242 24110 D downloader2: New request enqueued, running queue: https://www.gstatic.com/mdi-serving/rubidium-adservices-ui-ota-strings/4265/91ac5d17ab9f2445a3462f98f5249a73e9b0e235
08-06 10:09:37.707 13242 23657 D downloader2: New request enqueued, running queue: https://www.gstatic.com/mdi-serving/rubidium-adservices-topics-classifier/1986/9e98784bcdb26a3eb2ab3f65ee811f43177c761f
08-06 10:09:37.707 13242 24110 D downloader2: Connectivity satisfied; running request. uri=https://www.gstatic.com/mdi-serving/rubidium-adservices-ui-ota-strings/4265/91ac5d17ab9f2445a3462f98f5249a73e9b0e235
08-06 10:09:37.714 13242 24110 D downloader2: Connectivity satisfied; running request. uri=https://www.gstatic.com/mdi-serving/rubidium-adservices-topics-classifier/1986/9e98784bcdb26a3eb2ab3f65ee811f43177c761f
08-06 10:09:37.714 13242 24110 I downloader2: Exceeded max concurrent downloads, not running another queued request
08-06 10:09:37.722 15953 15953 E fb4a.Execution: Redirecting MSYS Execution scheduling from the UI thread to a custom executor
08-06 10:09:37.727 13242 22049 D downloader2: New request enqueued, running queue: https://www.gstatic.com/mdi-serving/rubidium-adservices-adtech-enrollment/11167/b5d1a96edb6a1f0a4859f71195a3dae118baacfc
08-06 10:09:37.727 13242 22049 I downloader2: Exceeded max concurrent downloads, not running another queued request
08-06 10:09:37.734 471 519 I dmoo : (REDACTED) Setting isLegacySQLite mode to %s.
08-06 10:09:37.738 471 498 D WM-SystemJobScheduler: Cancelling work ID 6576f0d6-9f8a-4b74-a21e-946ec6cb5b16, Job ID 164097
08-06 10:09:37.740 13242 23657 I downloader2: Exceeded max concurrent downloads, not running another queued request
08-06 10:09:37.754 471 498 D WM-GreedyScheduler: Cancelling work ID 6576f0d6-9f8a-4b74-a21e-946ec6cb5b16
08-06 10:09:37.756 31878 32529 I ezea : (REDACTED) HDM. appOpsListener %s %s
08-06 10:09:37.756 31878 32529 I ezea : (REDACTED) HDM. Ignoring irrelevant audio permission changes for package %s
08-06 10:09:37.760 2778 2902 D WM-GreedyScheduler: Cancelling work ID b630969e-f1a1-485a-a6c5-60144bb6889d
08-06 10:09:37.760 15953 15953 W fb4a.AppComponentFactory: Instantiating Service
08-06 10:09:37.762 2778 2902 D WM-WorkConstraintsTrack: NetworkRequestConstraintController unregister shared callback
08-06 10:09:37.765 11130 11130 D BoundBrokerSvc: onRebind: Intent { act=com.google.android.gms.onboardingconsent.api.ConsentManagerApiService.START dat=chimera-action:/... xflg=0x4 cmp=com.google.android.gms/.chimera.GmsApiService }
08-06 10:09:37.784 11130 11130 D BoundBrokerSvc: onBind: Intent { act=com.google.android.gms.common.BIND_SHARED_PREFS xflg=0x4 pkg=com.google.android.gms }
08-06 10:09:37.785 11130 11130 D BoundBrokerSvc: Loading bound service for intent: Intent { act=com.google.android.gms.common.BIND_SHARED_PREFS xflg=0x4 pkg=com.google.android.gms }
08-06 10:09:37.797 471 519 I dmoo : (REDACTED) Setting isLegacySQLite mode to %s.
08-06 10:09:37.800 15953 15953 E fb4a.SlowAppComponent: 0ms: MqttServiceV2 instantiating…
08-06 10:09:37.800 15953 15953 E fb4a.SlowAppComponent: Main thread was blocked for 40ms in the background starting with MqttServiceV2
08-06 10:09:37.801 11130 11130 D BoundBrokerSvc: onBind: Intent { act=com.google.android.gms.audit.service.START xflg=0x4 pkg=com.google.android.gms }
08-06 10:09:37.801 11130 11130 D BoundBrokerSvc: Loading bound service for intent: Intent { act=com.google.android.gms.audit.service.START xflg=0x4 pkg=com.google.android.gms }
08-06 10:09:37.825 30836 31052 E msys : E[N data-request]_HandleDataResponse(2095)=>Data request error for task 1C8D3CF6-43E9-48F4-A86D-44267B299F86 (response type 1): java.io.IOException: [HTTP status=400] Error Content = {"error":{"message":"Invalid anonymous credential provided","code":111000,"type":"OAuthException","error_subcode":3067004,"is_transient":false,"error_user_msg":"The supplied credential is invalid. The token could not be redeemed or the message could not verified against the redeemed result. Please use a different credential","error_user_title":"Invalid Credential","fbtrace_id":"ACFZJnx1Xvv0gEF5ohxknoA"}}
08-06 10:09:37.826 15953 15953 E fb4a.Execution: Redirecting MSYS Execution scheduling from the UI thread to a custom executor
08-06 10:09:37.831 15953 23261 E fb4a.msys: E[C mem.context]_LogNetworkStateUpdate(7845)=>[Critical] network_state/prev/2/new/1/source/1
08-06 10:09:37.831 15953 23261 E fb4a.msys: E[C MEMConnectionManager]_NetworkConnectedConnectionEventHandler(1577)=>[Debug] Start _NetworkConnectedConnectionEventHandler.
08-06 10:09:37.836 15953 23261 E fb4a.msys: E[C MEMConnectionManager]_NetworkConnectedConnectionEventHandler(1587)=>[Debug] End _NetworkConnectedConnectionEventHandler.
08-06 10:09:37.837 15953 23157 E fb4a.msys: E[C MEMConnectionManager]__ConnectIfNeededOnNetworkContextAsyncImpl(1274)=>[Critical] Call WCCConnectionConnect with event id: 4
08-06 10:09:37.837 15953 23157 E fb4a.msys: E[N WCCConnectionMEM]_WCCConnectionMEMEmitStateChange(3230)=>[INFO] connection/new_state/connecting [connection_id=14571978, wcc_source=0, wcc_reason=0]
08-06 10:09:37.837 15953 23157 E fb4a.msys: E[C MEMConnectionManager]_MEMConnectionManagerStateChangeHandler(638)=>[Critical] MEMConnectionState updated to ID: 1 with connectionId: 14571978
08-06 10:09:37.838 15953 25885 W fb4a.VersionStringComparator: [AI] Failed to parse integer from string
08-06 10:09:37.838 15953 25885 W fb4a.VersionStringComparator: [AI] Failed to parse integer from string
08-06 10:09:37.838 15953 25885 W fb4a.VersionStringComparator: [AI] Failed to parse integer from string
08-06 10:09:37.838 15953 25885 W fb4a.VersionStringComparator: [AI] Failed to parse integer from string
08-06 10:09:37.839 15953 25885 W fb4a.VersionStringComparator: [AI] Failed to parse integer from string
08-06 10:09:37.839 15953 25885 W fb4a.VersionStringComparator: [AI] Failed to parse integer from string
08-06 10:09:37.839 15953 25885 W fb4a.VersionStringComparator: [AI] Failed to parse integer from string
08-06 10:09:37.839 15953 25885 W fb4a.VersionStringComparator: [AI] Failed to parse integer from string
08-06 10:09:37.839 15953 25885 W fb4a.VersionStringComparator: [AI] Failed to parse integer from string
08-06 10:09:37.839 15953 25885 W fb4a.VersionStringComparator: [AI] Failed to parse integer from string
08-06 10:09:37.843 1761 5046 W ApplicationInfo: Large ApplicationInfo parcel: size=23476 package=com.google.android.googlequicksearchbox splits=7 sharedLibs=5 resDirs=1 overlayPaths=1
