08-06 10:09:38.838 29674 29788 E msys : E[N mns:TigonMNS]_OnResolverSuccess(359)=>Cache refresh succeeded with system DNS resolver. IP count: 1
08-06 10:09:38.844 13242 24232 I cobalt.data: Generated 0 observations in 0 observation batches for day index 20670 for report ReportKey{customerId=200004, projectId=2, metricId=3, reportId=1}
08-06 10:09:38.846 471 521 I aptr : default assist app metadata should not be logged
08-06 10:09:38.846 13242 16495 I cobalt.data: Generating observations for day index 20670 for report ReportKey{customerId=200004, projectId=2, metricId=4, reportId=1}
08-06 10:09:38.848 13242 16495 I cobalt.data: Generated 0 observations in 0 observation batches for day index 20670 for report ReportKey{customerId=200004, projectId=2, metricId=4, reportId=1}
08-06 10:09:38.849 471 509 I ZipLPPopulator: (REDACTED) Updated file group for group '%s' from location: %s
08-06 10:09:38.850 471 509 I ZipLPPopulator: #addNewFileGroups complete
08-06 10:09:38.850 471 509 I fcwu : #getPendingPackages from MDD
08-06 10:09:38.850 471 509 I fcwu : #GetLanguagePackList
08-06 10:09:38.850 471 509 I fcwu : MDD.getFileGroupsByFilter(langpack-domain_xx-XX_ver_zipfile)
08-06 10:09:38.851 13242 15114 I cobalt.data: Generating observations for day index 20670 for report ReportKey{customerId=200004, projectId=2, metricId=5, reportId=1}
08-06 10:09:38.852 13242 15114 I cobalt.data: Generated 0 observations in 0 observation batches for day index 20670 for report ReportKey{customerId=200004, projectId=2, metricId=5, reportId=1}
08-06 10:09:38.853 471 31675 D PhFileGroupPop: Added file groups assistant_appintegration_appactions_config
08-06 10:09:38.853 471 31675 D PhFileGroupPop: Added file groups assistant_appintegration_appactions_config
08-06 10:09:38.853 471 31675 D PhFileGroupPop: Added file groups fedass_policy_config_group
08-06 10:09:38.855 13242 24110 I cobalt.data: Generating observations for day index 20670 for report ReportKey{customerId=200004, projectId=2, metricId=6, reportId=1}
08-06 10:09:38.858 471 31675 D PhFileGroupPop: Added file groups smart_dictation_policy_config_group
08-06 10:09:38.859 471 519 I LanguagePackMaintenance: (REDACTED) Background downloading %d packs, for an ideal set of %d total packs
08-06 10:09:38.859 471 519 I LanguagePackMaintenance: (REDACTED) Background downloading packs [%s]
08-06 10:09:38.860 471 519 I LanguagePackMaintenance: (REDACTED) Ideal set: [%s]
08-06 10:09:38.860 28077 17230 I GoogleTTSServiceImpl: currentLocale = en-AU
08-06 10:09:38.860 28077 17230 I VoiceDataManager: checkExternalData: Refreshing list of available externally downloaded voices...
08-06 10:09:38.861 13242 24110 I cobalt.data: Generated 0 observations in 0 observation batches for day index 20670 for report ReportKey{customerId=200004, projectId=2, metricId=6, reportId=1}
08-06 10:09:38.861 28077 28157 I VoiceDataDownloader: No VoiceLM voicepack found.
08-06 10:09:38.861 28077 28157 I VoiceDataDownloader: No VoiceLM voicepack found.
08-06 10:09:38.861 28077 28157 I VoiceDataDownloader: No VoiceLM voicepack found.
08-06 10:09:38.861 28077 28157 I VoiceDataDownloader: No VoiceLM voicepack found.
08-06 10:09:38.861 28077 28157 I VoiceDataDownloader: No VoiceLM voicepack found.
08-06 10:09:38.862 28077 28157 I VoiceDataDownloader: No VoiceLM voicepack found.
08-06 10:09:38.862 28077 28157 I VoiceDataDownloader: No VoiceLM voicepack found.
08-06 10:09:38.863 28077 28157 I VoiceDataDownloader: No VoiceLM voicepack found.
08-06 10:09:38.863 28077 28157 I VoiceDataDownloader: No VoiceLM voicepack found.
08-06 10:09:38.863 28077 28157 I VoiceDataDownloader: No VoiceLM voicepack found.
08-06 10:09:38.863 28077 28157 I VoiceDataDownloader: No VoiceLM voicepack found.
08-06 10:09:38.863 28077 28157 I VoiceDataDownloader: No VoiceLM voicepack found.
08-06 10:09:38.863 28077 28157 I VoiceDataDownloader: No VoiceLM voicepack found.
08-06 10:09:38.863 28077 28157 I VoiceDataDownloader: No VoiceLM voicepack found.
08-06 10:09:38.863 28077 28157 I VoiceDataDownloader: No VoiceLM voicepack found.
08-06 10:09:38.863 28077 28157 I VoiceDataDownloader: No VoiceLM voicepack found.
08-06 10:09:38.863 28077 28157 I VoiceDataDownloader: No VoiceLM voicepack found.
08-06 10:09:38.864 28077 28157 I VoiceDataDownloader: No VoiceLM voicepack found.
08-06 10:09:38.864 28077 28157 I VoiceDataDownloader: No VoiceLM voicepack found.
08-06 10:09:38.865 471 31675 D PhFileGroupPop: Added file groups tapas_cortex
08-06 10:09:38.866 471 31675 D PhFileGroupPop: Added file groups fedass_policy_config_group
08-06 10:09:38.866 471 31675 D PhFileGroupPop: Added file groups smart_dictation_policy_config_group
08-06 10:09:38.867 471 31675 D PhFileGroupPop: Added file groups tapas_cortex
08-06 10:09:38.867 471 31675 D PhFileGroupPop: Added file groups assistant_appintegration_appactions_config
08-06 10:09:38.868 471 31675 D PhFileGroupPop: Added file groups fedass_policy_config_group
08-06 10:09:38.868 471 31675 D PhFileGroupPop: Added file groups smart_dictation_policy_config_group
08-06 10:09:38.868 471 31675 D PhFileGroupPop: Added file groups tapas_cortex
08-06 10:09:38.869 471 520 I ZipLPPopulator: (REDACTED) Updated file group for group '%s' from location: %s
08-06 10:09:38.869 471 520 I ZipLPPopulator: #addNewFileGroups complete
08-06 10:09:38.869 1207 1345 W APM::HwModule: getDeviceDescriptor: could not find HW module for device (AUDIO_DEVICE_OUT_WIRED_HEADSET, 00000004) address
08-06 10:09:38.869 471 520 I ZipLPPopulator: (REDACTED) Updated file group for group '%s' from location: %s
08-06 10:09:38.869 471 520 I ZipLPPopulator: #addNewFileGroups complete
08-06 10:09:38.870 471 520 I fcwu : #getInstalledPackages from MDD
08-06 10:09:38.870 471 520 I fcwu : #GetLanguagePackList
08-06 10:09:38.870 471 520 I fcwu : MDD.getFileGroupsByFilter(langpack-domain_xx-XX_ver_zipfile)
08-06 10:09:38.870 471 520 I fcwu : #getInstalledPackages from MDD
08-06 10:09:38.870 471 520 I fcwu : #GetLanguagePackList
08-06 10:09:38.870 471 520 I fcwu : MDD.getFileGroupsByFilter(langpack-domain_xx-XX_ver_zipfile)
08-06 10:09:38.870 471 520 I ZipLPPopulator: (REDACTED) Updated file group for group '%s' from location: %s
08-06 10:09:38.870 471 520 I ZipLPPopulator: #addNewFileGroups complete
08-06 10:09:38.870 471 520 I fcwu : #getInstalledPackages from MDD
08-06 10:09:38.870 471 520 I fcwu : #GetLanguagePackList
08-06 10:09:38.870 471 520 I fcwu : MDD.getFileGroupsByFilter(langpack-domain_xx-XX_ver_zipfile)
08-06 10:09:38.871 1207 1345 W APM::HwModule: getDeviceDescriptor: could not find HW module for device (AUDIO_DEVICE_OUT_WIRED_HEADPHONE, 00000008) address
08-06 10:09:38.878 471 521 I fprh : Successfully scheduled next periodic workers
08-06 10:09:38.885 1761 5821 W ApplicationInfo: Large ApplicationInfo parcel: size=20140 package=com.zhiliaoapp.musically splits=57 sharedLibs=8 resDirs=1 overlayPaths=1
08-06 10:09:38.886 1761 5821 W ParceledListSlice: Element #309 is 20504 bytes.
08-06 10:09:38.891 471 519 I LPRequestState: (REDACTED) [%s] #resolveUnusedLanguagePacks
08-06 10:09:38.891 471 519 I LPRequestState: (REDACTED) [%s] #resolveDesiredLanguagePacks
08-06 10:09:38.891 471 519 I LPRequestState: (REDACTED) Assigning language pack %s for request %s
08-06 10:09:38.892 471 519 I LPRequestState: (REDACTED) Assigning language pack %s for request %s
08-06 10:09:38.908 471 497 D WM-SystemJobScheduler: Cancelling work ID 6576f0d6-9f8a-4b74-a21e-946ec6cb5b16, Job ID 164137
08-06 10:09:38.920 471 31677 I native : I0000 00:00:1785982178.920436 31677 geller_cache.cc:1950] Removing additional copies for ASSISTANT_SETTINGS
08-06 10:09:38.921 471 497 D WM-GreedyScheduler: Cancelling work ID 6576f0d6-9f8a-4b74-a21e-946ec6cb5b16
08-06 10:09:38.924 1761 5046 D ConnectivityService: requestNetwork for uid/pid:10185/26223 activeRequest: null callbackRequest: 50034 [NetworkRequest [ REQUEST id=50035, [ Capabilities: INTERNET&NOT_RESTRICTED&TRUSTED&NOT_VCN_MANAGED&NOT_BANDWIDTH_CONSTRAINED Uid: 10185 RequestorUid: 10185 RequestorPkg: com.google.android.apps.nbu.files UnderlyingNetworks: Null] ]] callback flags: 0 order: 2147483647 isUidTracked: false declaredMethods: AVAIL|LOST|NC|BLK
08-06 10:09:38.933 1761 3444 D UntrustedWifiNetworkFactory: got request NetworkRequest [ REQUEST id=50035, [ Capabilities: INTERNET&NOT_RESTRICTED&TRUSTED&NOT_VCN_MANAGED&NOT_BANDWIDTH_CONSTRAINED Uid: 10185 RequestorUid: 10185 RequestorPkg: com.google.android.apps.nbu.files UnderlyingNetworks: Null] ]
08-06 10:09:38.934 1761 3444 D OemPaidWifiNetworkFactory: got request NetworkRequest [ REQUEST id=50035, [ Capabilities: INTERNET&NOT_RESTRICTED&TRUSTED&NOT_VCN_MANAGED&NOT_BANDWIDTH_CONSTRAINED Uid: 10185 RequestorUid: 10185 RequestorPkg: com.google.android.apps.nbu.files UnderlyingNetworks: Null] ]
08-06 10:09:38.934 1761 3444 D MultiInternetWifiNetworkFactory: got request NetworkRequest [ REQUEST id=50035, [ Capabilities: INTERNET&NOT_RESTRICTED&TRUSTED&NOT_VCN_MANAGED&NOT_BANDWIDTH_CONSTRAINED Uid: 10185 RequestorUid: 10185 RequestorPkg: com.google.android.apps.nbu.files UnderlyingNetworks: Null] ]
08-06 10:09:38.936 1761 3451 D ConnectivityService: NetReassign [50035 : null → 161] [c 0] [a 3] [i 7]
08-06 10:09:38.940 1761 5046 W ApplicationInfo: Large ApplicationInfo parcel: size=20140 package=com.zhiliaoapp.musically splits=57 sharedLibs=8 resDirs=1 overlayPaths=1
08-06 10:09:38.940 1761 5046 W ParceledListSlice: Element #309 is 20504 bytes.
08-06 10:09:38.951 471 31677 I dmoo : (REDACTED) Deleting with GellerDeleteParams:
08-06 10:09:38.951 471 31677 I dmoo : %s
08-06 10:09:38.958 28077 17230 I GoogleTTSServiceImpl: For default lang en-au is name en-AU-language (en-au-x-afh-server)
08-06 10:09:38.958 471 4872 I TextToSpeech: Setting up the connection to TTS engine...
08-06 10:09:38.960 26005 26005 D BoundBrokerSvc: onRebind: Intent { act=com.google.android.gms.common.telemetry.service.START dat=chimera-action:/... xflg=0x4 cmp=com.google.android.gms/.chimera.PersistentApiService }
08-06 10:09:38.987 471 497 D WM-SystemJobScheduler: Scheduling work ID 6576f0d6-9f8a-4b74-a21e-946ec6cb5b16 (androidx.work.multiprocess.RemoteListenableDelegatingWorker), Job ID 164138
08-06 10:09:38.994 471 497 D WM-GreedyScheduler: Ignoring {WorkSpec: 519b6a05-8660-4fb9-8564-bf3e6c8964da}. Requires ContentUri triggers.
08-06 10:09:38.994 471 497 D WM-GreedyScheduler: Starting tracking for 17164270-7b7a-4eba-99bc-bac5deab8644,3450f1d7-a44b-4b54-a834-6100404da92f,fe9dd1f4-b277-4641-8279-3169e2e3ecc4
08-06 10:09:38.997 1761 5046 D TextToSpeechManagerPerUserService: Unbinding TTS engine: com.google.android.tts. Reason: client disconnection request
08-06 10:09:38.997 471 498 I fpqh : #sync() complete
08-06 10:09:38.999 1761 1761 W TextToSpeechManagerPerUserService: Disconnected from TTS engine
08-06 10:09:39.000 471 727 I TextToSpeech: Disconnected from TTS engine
08-06 10:09:39.000 1761 1761 W TextToSpeechManagerPerUserService$TextToSpeechSessionConnection: mayInterruptIfRunning not supported - ignoring
08-06 10:09:39.005 1761 5804 W ApplicationInfo: Large ApplicationInfo parcel: size=20140 package=com.zhiliaoapp.musically splits=57 sharedLibs=8 resDirs=1 overlayPaths=1
08-06 10:09:39.005 1761 5804 W ParceledListSlice: Element #309 is 20504 bytes.
08-06 10:09:39.009 1761 3907 I PackageManager: getInstalledPackages: callingUid=10187 flags=134217728 updatedFlags=135004160 userId=0
08-06 10:09:39.031 31503 31584 D DesktopExperienceFlags: Toggle override initialized to: false
08-06 10:09:39.032 1761 5804 I PackageManager: getInstalledPackages: callingUid=10187 flags=134217728 updatedFlags=135004160 userId=0
08-06 10:09:39.039 471 521 I LPRequestState: (REDACTED) [%s] #resolveUnusedLanguagePacks
08-06 10:09:39.039 471 521 I LPRequestState: (REDACTED) [%s] #resolveDesiredLanguagePacks
08-06 10:09:39.039 471 521 I DefaultLPManager: #calculateRolledBackPacks
08-06 10:09:39.040 471 519 I LPRequestState: (REDACTED) Assigning language pack %s for request %s
08-06 10:09:39.040 471 519 I LPRequestState: (REDACTED) Assigning language pack %s for request %s
08-06 10:09:39.040 471 519 I LanguagePackMaintenance: (REDACTED) Background deleting %d stale packs: %s
08-06 10:09:39.040 471 519 I LanguagePackMaintenance: Background LanguagePack updates finished successfully
08-06 10:09:39.041 1761 3907 I PackageManager: getInstalledPackages: callingUid=10187 flags=134217728 updatedFlags=135004160 userId=0
08-06 10:09:39.065 26223 26314 W JobInfo : Requested important-while-foreground flag for job5175 is ignored and takes no effect
08-06 10:09:39.090 471 31677 I native : I0000 00:00:1785982179.090161 31677 geller_cache.cc:2007] Data size config for ASSISTANT_SETTINGS is 1048576 bytes
08-06 10:09:39.090 471 31677 I native : I0000 00:00:1785982179.090387 31677 geller_cache.cc:2009] Actual data size for ASSISTANT_SETTINGS is 2920 bytes
08-06 10:09:39.098 471 31677 W native : W0000 00:00:1785982179.098501 31677 geller_cache.cc:1887] Sync timestamp is empty for APP_VOICIFICATION, so cleanup for data_retention_days config cannot run
08-06 10:09:39.111 471 31677 I dmon : readDataAsElementId
08-06 10:09:39.117 1177 1907 D usf_sensor_hal: linear acceleration: Enter Batch. Period = 20000000, latency = 0.
08-06 10:09:39.118 1177 1907 D usf_sensor_hal: linear acceleration: Enter Activate. Enable = 1.
08-06 10:09:39.119 1417 1417 D AOC : A3:MSG: usf_sensor.cc, 1866: USF: Received start sampling request for Linear Acceleration Sensor (active:1).
08-06 10:09:39.120 471 31677 I native : I0000 00:00:1785982179.120599 31677 geller_cache.cc:2007] Data size config for APP_VOICIFICATION is 1048576 bytes
08-06 10:09:39.120 471 31677 I native : I0000 00:00:1785982179.120740 31677 geller_cache.cc:2009] Actual data size for APP_VOICIFICATION is 0 bytes
08-06 10:09:39.120 1417 1417 D AOC : A3:MSG: vsc_sensor.cc, 37: VSC: [Linear Acceleration Sensor] enable: period 20000000, latency = 0
08-06 10:09:39.120 1417 1417 D AOC : A3:MSG: usf_vsc_log.cc, 69: VSC: {Fusion} configure fusion 10 20000us 0us.
08-06 10:09:39.123 471 31677 I dmon : readDataAsElementId
08-06 10:09:39.128 1177 1907 D usf_sensor_hal: rotation vector: Enter Flush
08-06 10:09:39.151 1207 3934 D AudioFlinger: Client defaulted notificationFrames to 1772 for frameCount 5316
08-06 10:09:39.151 1207 3934 I AF::AfPlaybackCommon: AfPlaybackCommon: creating track with enforcement level 0 reason TARGET_SDK shouldHarden 1
08-06 10:09:39.189 471 521 I LPRequestState: (REDACTED) [%s] #resolveUnusedLanguagePacks
08-06 10:09:39.189 471 521 I LPRequestState: (REDACTED) [%s] #resolveDesiredLanguagePacks
08-06 10:09:39.189 471 520 I LPRequestState: (REDACTED) Assigning language pack %s for request %s
08-06 10:09:39.194 471 521 I fprh : Successfully scheduled next periodic workers
08-06 10:09:39.197 17719 17861 D nativeloader: Load libgeller_jni_lib_split.so using class loader ns clns-9 (caller=/data/app/~~XSisBfyzrqFbhYRHK33npQ==/com.google.android.googlequicksearchbox-3vC-RGXG_qSJdyDBTX54eg==/base.apk!classes3.dex): dlopen failed: library "libgeller_jni_lib_split.so" not found
08-06 10:09:39.209 471 498 D WM-Processor: Work WorkGenerationalId(workSpecId=c697ccb4-1805-45a2-b9d3-526c83483ce9, generation=54) is already enqueued for processing
08-06 10:09:39.220 471 498 I fpqh : #sync() complete
08-06 10:09:39.220 1761 4412 I RemoteProvisionSysSvc: getRegistration(android.hardware.security.keymint.IRemotelyProvisionedComponent/default)
08-06 10:09:39.225 1761 4412 D ActivityManager: sync unfroze 6655 com.google.android.rkpdapp for 6
08-06 10:09:39.235 1761 1761 I RegistrationProxy: onServiceConnected: com.android.rkpdapp.service.RemoteProvisioningService
08-06 10:09:39.239 17719 17861 D nativeloader: Load /data/app/~~XSisBfyzrqFbhYRHK33npQ==/com.google.android.googlequicksearchbox-3vC-RGXG_qSJdyDBTX54eg==/base.apk!/lib/arm64-v8a/libgeller_jni_lib.so using class loader ns clns-9 (caller=/data/app/~~XSisBfyzrqFbhYRHK33npQ==/com.google.android.googlequicksearchbox-3vC-RGXG_qSJdyDBTX54eg==/base.apk!classes2.dex): ok
08-06 10:09:39.243 1761 4412 I RegistrationProxy: IGetRegistrationCallback.onSuccess
08-06 10:09:39.249 1761 5046 I RemoteProvisionSysSvc: Fetching key 10139 for client 186362012
08-06 10:09:39.249 1761 5046 I RegistrationProxy: getKeyAsync operation started with callback 126399112
08-06 10:09:39.251 6655 31769 I RkpdRegistrationBinder: Key requested for : android.hardware.security.keymint.IRemotelyProvisionedComponent/default, clientUid: 1017, keyId: 10139, callback: 209434963
08-06 10:09:39.252 471 498 D RemoteListenableDelegatingWorker: Cleaning up
08-06 10:09:39.253 6655 31769 I RkpdRegistrationBinder: Key successfully assigned to client
08-06 10:09:39.254 1761 1761 I RemoteProvisionSysSvc: Successfully fetched key for client 186362012
08-06 10:09:39.270 471 31677 I native : I0000 00:00:1785982179.270182 31677 geller_cache.cc:2007] Data size config for ASSISTANT_UUDP_PROFILE is 2097152 bytes
08-06 10:09:39.270 471 31677 I native : I0000 00:00:1785982179.270392 31677 geller_cache.cc:2009] Actual data size for ASSISTANT_UUDP_PROFILE is 146370 bytes
08-06 10:09:39.273 471 498 I WM-WorkerWrapper: Worker result SUCCESS for Work [ id=dd7251ec-117e-4356-b6a9-7992687c0230, class=androidx.work.multiprocess.RemoteListenableDelegatingWorker, tags={ com.google.apps.tiktok.contrib.work.TikTokListenableWorker,com.google.apps.tiktok.sync.impl.workmanager.SyncPeriodicWorker_proc,sync_constraint:charger_connected,TikTokWorker#com.google.apps.tiktok.sync.impl.workmanager.SyncPeriodicWorker } ]
08-06 10:09:39.274 1417 1417 D AOC : CHRE: DRAM vote count begins
08-06 10:09:39.274 1417 1417 D AOC : F1:MSG: controller.cc, 275: AudioInCtrl: cmd ID: 0x00f4, tag: 0x9a [cntr = 46433]
08-06 10:09:39.274 1417 1417 D AOC : F1:MSG: controller_audio_input.cc, 4385: Got Chre audio start cmd (input path = 0)
08-06 10:09:39.274 1417 1417 D AOC : F1:MSG: audio_capture_pdm.cc, 448: Reconfig seamless
08-06 10:09:39.274 1417 1417 D AOC : F1:Stream 1: mask 0x5, rings {1, 0}, pipe 0x1, sr 16000, il {0,2,0,0}, en 1, mc 0, ni 1, fpo 0, ru 1, hq 0
08-06 10:09:39.274 1417 1417 D AOC : F1:Stream 4: mask 0x1, rings {7, 0}, pipe 0x10, sr 16000, il {0,0,0,0}, en 1, mc 0, ni 10, fpo 0, ru 1, hq 0
08-06 10:09:39.274 13242 31688 D downloader2: Got URL response, starting to read response body. uri=https://www.gstatic.com/mdi-serving/rubidium-adservices-topics-classifier/1986/9e98784bcdb26a3eb2ab3f65ee811f43177c761f
08-06 10:09:39.274 1417 1417 D AOC : F1:MSG: audio_capture_pdm.cc, 580: Stream 4 restarted (ramp ON)
08-06 10:09:39.274 1417 1417 D AOC : F1:MSG: chre_src.cc, 427: Set input source to 0
08-06 10:09:39.274 1417 1417 D AOC : F1:TRC: hotword_input_processor.cc, 1008: Receive cmd: 0x84 (132)
08-06 10:09:39.274 471 31677 W native : W0000 00:00:1785982179.274940 31677 geller_cache.cc:1887] Sync timestamp is empty for HANDBAG_PERSONALIZED_SLICE_INFO, so cleanup for data_retention_days config cannot run
08-06 10:09:39.275 1417 1417 D AOC : F1:TRC: hotword_input_processor.cc, 1504: Finished cmd: 0x84 (132)
08-06 10:09:39.275 1417 1417 D AOC : F1:MSG: controller.cc, 919: AudioInCtrl: ipc: C-Ch-AI, cmd ID: 0x00f4, tag: 0x9a, rc: 0
08-06 10:09:39.275 1417 1417 D AOC : F1:MSG: chre_src.cc, 152: CHRE SRC Reset Requested
08-06 10:09:39.275 1417 1417 D AOC : CHRE: DRAM vote count ends: 0 ms
08-06 10:09:39.275 1417 1417 D AOC : CHRE: DRAM vote count begins
08-06 10:09:39.276 1160 1205 I CHRE : @ 583210.075: [vice_ambient_volume] SendMessageToAmbientVolume, message_type: 33281 to instance_id: 0x3
08-06 10:09:39.276 1160 1205 I CHRE : @ 583210.075: [vice_ambient_volume] Ambient Volume enabled
08-06 10:09:39.276 1160 1205 I CHRE : @ 583210.075: [AV] Client info registered: client endpoint 0x19, include_volume_history_seconds: transition=0 exposure=0
08-06 10:09:39.277 1160 1205 D CHRE : @ 583210.078: request audio send: 0
08-06 10:09:39.277 1160 1205 I CHRE : @ 583210.078: [AV] Requested audio from handle 0, status: 1
08-06 10:09:39.277 1160 1205 I CHRE : @ 583210.079: [vice_ambient_volume] Received ACK from Ambient Volume for enable request
08-06 10:09:39.277 1417 1417 D AOC : CHRE: DRAM vote count ends: 0 ms
08-06 10:09:39.279 471 31677 I dmon : readDataAsElementId
08-06 10:09:39.280 471 31677 I native : I0000 00:00:1785982179.280020 31677 geller_cache.cc:2007] Data size config for HANDBAG_PERSONALIZED_SLICE_INFO is 1048576 bytes
08-06 10:09:39.280 471 31677 I native : I0000 00:00:1785982179.280090 31677 geller_cache.cc:2009] Actual data size for HANDBAG_PERSONALIZED_SLICE_INFO is 0 bytes
08-06 10:09:39.285 17719 17895 I dmkg : (REDACTED) Starting batch sync for corpora: %s
08-06 10:09:39.285 471 31677 W native : W0000 00:00:1785982179.285819 31677 geller_cache.cc:1887] Sync timestamp is empty for GDD_WEBREF, so cleanup for data_retention_days config cannot run
08-06 10:09:39.286 17719 17943 I dmkg : (REDACTED) Starting batch sync for corpora: %s
08-06 10:09:39.286 17719 17944 I dmkg : (REDACTED) Starting batch sync for corpora: %s
08-06 10:09:39.287 471 31677 I dmon : readDataAsElementId
08-06 10:09:39.289 17719 17892 I dmkg : (REDACTED) Starting batch sync for corpora: %s
08-06 10:09:39.289 471 31677 I dmon : readDataAsElementId
08-06 10:09:39.290 471 31677 I native : I0000 00:00:1785982179.290372 31677 geller_cache.cc:2007] Data size config for AOG_APP_USER_CONTEXT is 1048576 bytes
08-06 10:09:39.290 471 31677 I native : I0000 00:00:1785982179.290448 31677 geller_cache.cc:2009] Actual data size for AOG_APP_USER_CONTEXT is 0 bytes
08-06 10:09:39.292 471 31677 I dmon : readDataAsElementId
08-06 10:09:39.293 471 31677 W native : W0000 00:00:1785982179.293842 31677 geller_cache.cc:1887] Sync timestamp is empty for ASSISTANT_LANGUAGE_PARTNER_SETTINGS, so cleanup for data_retention_days config cannot run
08-06 10:09:39.294 471 513 I esce : Running throttled refresh
08-06 10:09:39.294 471 520 I esce : Running throttled refresh
08-06 10:09:39.294 471 521 I esce : Running throttled refresh
08-06 10:09:39.295 471 521 I esce : Running throttled refresh
08-06 10:09:39.295 471 513 I esce : Running throttled refresh
08-06 10:09:39.295 471 521 I esce : Running throttled refresh
08-06 10:09:39.295 471 513 I esce : Running throttled refresh
08-06 10:09:39.295 471 521 I esce : Running throttled refresh
08-06 10:09:39.295 471 513 I esce : Running throttled refresh
08-06 10:09:39.295 471 521 I esce : Running throttled refresh
08-06 10:09:39.295 471 513 I esce : Running throttled refresh
08-06 10:09:39.295 471 512 I esce : Running throttled refresh
08-06 10:09:39.295 471 512 I esce : Running throttled refresh
08-06 10:09:39.296 471 512 I esce : Running throttled refresh
08-06 10:09:39.297 471 31677 I dmon : readDataAsElementId
08-06 10:09:39.304 471 520 I esce : Running throttled refresh
08-06 10:09:39.305 471 31677 I native : I0000 00:00:1785982179.305534 31677 geller_cache.cc:2007] Data size config for ASSISTANT_LANGUAGE_PARTNER_SETTINGS is 1048576 bytes
08-06 10:09:39.305 471 31677 I native : I0000 00:00:1785982179.305678 31677 geller_cache.cc:2009] Actual data size for ASSISTANT_LANGUAGE_PARTNER_SETTINGS is 0 bytes
08-06 10:09:39.312 17719 17912 I dmkg : (REDACTED) Starting batch sync for corpora: %s
08-06 10:09:39.321 13242 31684 D downloader2: Got URL response, starting to read response body. uri=https://www.gstatic.com/mdi-serving/rubidium-adservices-ui-ota-strings/4265/91ac5d17ab9f2445a3462f98f5249a73e9b0e235
08-06 10:09:39.322 17719 17912 W chbox:googleapp: Monitor::Inflate: Install failed 0x4a138df8
08-06 10:09:39.324 17719 17892 W chbox:googleapp: Monitor::Inflate: Install failed 0x4a138df8
08-06 10:09:39.324 471 31677 W native : W0000 00:00:1785982179.324783 31677 geller_cache.cc:1887] Sync timestamp is empty for SAVES_LISTS, so cleanup for data_retention_days config cannot run
08-06 10:09:39.326 13242 31683 D downloader2: Response body written. bytesWritten=1233, uri=https://www.gstatic.com/mdi-serving/rubidium-adservices-topics-classifier/1986/9e98784bcdb26a3eb2ab3f65ee811f43177c761f
08-06 10:09:39.326 471 31677 I dmon : readDataAsElementId
08-06 10:09:39.326 17719 17943 W chbox:googleapp: Monitor::Inflate: Install failed 0x4a138df8
08-06 10:09:39.327 13242 31683 D downloader2: Download complete, running queued downloads: https://www.gstatic.com/mdi-serving/rubidium-adservices-topics-classifier/1986/9e98784bcdb26a3eb2ab3f65ee811f43177c761f
08-06 10:09:39.327 13242 31683 I downloader2: Exceeded max concurrent downloads, not running another queued request
08-06 10:09:39.329 17719 17895 W chbox:googleapp: Monitor::Inflate: Install failed 0x4a138df8
08-06 10:09:39.329 471 31677 I native : I0000 00:00:1785982179.329826 31677 geller_cache.cc:2007] Data size config for SAVES_LISTS is 2097152 bytes
08-06 10:09:39.329 471 31677 I native : I0000 00:00:1785982179.329905 31677 geller_cache.cc:2009] Actual data size for SAVES_LISTS is 0 bytes
08-06 10:09:39.330 471 31677 W native : W0000 00:00:1785982179.330184 31677 geller_cache.cc:1887] Sync timestamp is empty for CHALKBOARD, so cleanup for data_retention_days config cannot run
08-06 10:09:39.331 471 31677 I dmon : readDataAsElementId
08-06 10:09:39.332 471 31677 I native : I0000 00:00:1785982179.332277 31677 geller_cache.cc:2007] Data size config for CHALKBOARD is 1048576 bytes
08-06 10:09:39.332 471 31677 I native : I0000 00:00:1785982179.332327 31677 geller_cache.cc:2009] Actual data size for CHALKBOARD is 0 bytes
08-06 10:09:39.332 471 31677 W native : W0000 00:00:1785982179.332580 31677 geller_cache.cc:1887] Sync timestamp is empty for ASSISTANT_ACTION_INTERACTION_EVENT, so cleanup for data_retention_days config cannot run
08-06 10:09:39.334 471 31677 I dmon : readDataAsElementId
08-06 10:09:39.336 471 31677 I native : I0000 00:00:1785982179.335753 31677 geller_cache.cc:2007] Data size config for ASSISTANT_ACTION_INTERACTION_EVENT is 1048576 bytes
08-06 10:09:39.336 471 31677 I native : I0000 00:00:1785982179.336021 31677 geller_cache.cc:2009] Actual data size for ASSISTANT_ACTION_INTERACTION_EVENT is 0 bytes
08-06 10:09:39.336 471 31677 W native : W0000 00:00:1785982179.336632 31677 geller_cache.cc:1887] Sync timestamp is empty for ASSISTANT_HISTORY_KIDS, so cleanup for data_retention_days config cannot run
08-06 10:09:39.338 471 31677 I dmon : readDataAsElementId
08-06 10:09:39.338 471 31677 I native : I0000 00:00:1785982179.338676 31677 geller_cache.cc:2007] Data size config for ASSISTANT_HISTORY_KIDS is 2097152 bytes
08-06 10:09:39.338 471 31677 I native : I0000 00:00:1785982179.338725 31677 geller_cache.cc:2009] Actual data size for ASSISTANT_HISTORY_KIDS is 0 bytes
08-06 10:09:39.339 471 31677 W native : W0000 00:00:1785982179.339094 31677 geller_cache.cc:1887] Sync timestamp is empty for JINN_STARLIGHT, so cleanup for data_retention_days config cannot run
08-06 10:09:39.340 471 31677 I dmoo : (REDACTED) The Geller SyncConfig is not present, defaulting isUploadEnabled for corpus %s to true.
08-06 10:09:39.340 471 31677 I dmon : readDataAsElementId
08-06 10:09:39.341 471 31677 I native : I0000 00:00:1785982179.341258 31677 geller_cache.cc:2007] Data size config for JINN_STARLIGHT is 1048576 bytes
08-06 10:09:39.341 471 31677 I native : I0000 00:00:1785982179.341305 31677 geller_cache.cc:2009] Actual data size for JINN_STARLIGHT is 0 bytes
08-06 10:09:39.341 471 31677 W native : W0000 00:00:1785982179.341549 31677 geller_cache.cc:1887] Sync timestamp is empty for ASSISTANT_USAGE_STATISTICS, so cleanup for data_retention_days config cannot run
08-06 10:09:39.345 471 31677 I dmon : readDataAsElementId
08-06 10:09:39.346 471 31677 I native : I0000 00:00:1785982179.346212 31677 geller_cache.cc:2007] Data size config for ASSISTANT_USAGE_STATISTICS is 1048576 bytes
08-06 10:09:39.346 471 31677 I native : I0000 00:00:1785982179.346269 31677 geller_cache.cc:2009] Actual data size for ASSISTANT_USAGE_STATISTICS is 0 bytes
08-06 10:09:39.347 471 31677 I dmon : readDataAsElementId
08-06 10:09:39.348 471 31677 W native : W0000 00:00:1785982179.348413 31677 geller_cache.cc:1887] Sync timestamp is empty for ASSISTANT_CONTACT_AFFINITY, so cleanup for data_retention_days config cannot run
08-06 10:09:39.349 13242 31773 D downloader2: Queued download completed, running queued downloads: https://www.gstatic.com/mdi-serving/rubidium-adservices-topics-classifier/1986/9e98784bcdb26a3eb2ab3f65ee811f43177c761f
08-06 10:09:39.349 13242 31773 D downloader2: Connectivity satisfied; running request. uri=https://www.gstatic.com/mdi-serving/rubidium-adservices-adtech-enrollment/11167/b5d1a96edb6a1f0a4859f71195a3dae118baacfc
08-06 10:09:39.349 13242 31773 I downloader2: Exceeded max concurrent downloads, not running another queued request
08-06 10:09:39.350 471 31677 I dmon : readDataAsElementId
08-06 10:09:39.353 471 471 D WM-Processor: qwz dd7251ec-117e-4356-b6a9-7992687c0230 executed; reschedule = false
08-06 10:09:39.353 471 471 D WM-GreedyScheduler: Stopping tracking for WorkGenerationalId(workSpecId=dd7251ec-117e-4356-b6a9-7992687c0230, generation=10788)
08-06 10:09:39.355 17719 17823 I dmoo : (REDACTED) Setting isLegacySQLite mode to %s.
08-06 10:09:39.355 471 31677 I dmoo : (REDACTED) Deleting with GellerDeleteParams:
08-06 10:09:39.355 471 31677 I dmoo : %s
08-06 10:09:39.360 13242 31773 D downloader2: Response body written. bytesWritten=267, uri=https://www.gstatic.com/mdi-serving/rubidium-adservices-ui-ota-strings/4265/91ac5d17ab9f2445a3462f98f5249a73e9b0e235
08-06 10:09:39.363 13242 31773 D downloader2: Download complete, running queued downloads: https://www.gstatic.com/mdi-serving/rubidium-adservices-ui-ota-strings/4265/91ac5d17ab9f2445a3462f98f5249a73e9b0e235
08-06 10:09:39.363 13242 31773 I downloader2: Exceeded max concurrent downloads, not running another queued request
08-06 10:09:39.364 13242 31687 D downloader2: Queued download completed, running queued downloads: https://www.gstatic.com/mdi-serving/rubidium-adservices-ui-ota-strings/4265/91ac5d17ab9f2445a3462f98f5249a73e9b0e235
08-06 10:09:39.376 471 520 I LPRequestState: (REDACTED) [%s] #resolveUnusedLanguagePacks
08-06 10:09:39.376 471 520 I LPRequestState: (REDACTED) [%s] #resolveDesiredLanguagePacks
08-06 10:09:39.376 471 520 I LPRequestState: (REDACTED) Assigning language pack %s for request %s
08-06 10:09:39.385 471 498 D WM-SystemJobScheduler: Cancelling work ID dd7251ec-117e-4356-b6a9-7992687c0230, Job ID 164094
08-06 10:09:39.388 471 498 D WM-GreedyScheduler: Cancelling work ID dd7251ec-117e-4356-b6a9-7992687c0230
08-06 10:09:39.402 471 513 W ezuv : No available dsp hotword properties, skip geller sync.
08-06 10:09:39.435 471 498 D WM-SystemJobScheduler: Scheduling work ID dd7251ec-117e-4356-b6a9-7992687c0230 (androidx.work.multiprocess.RemoteListenableDelegatingWorker), Job ID 164139
08-06 10:09:39.444 471 498 D WM-GreedyScheduler: Ignoring {WorkSpec: 519b6a05-8660-4fb9-8564-bf3e6c8964da}. Requires ContentUri triggers.
08-06 10:09:39.444 471 498 D WM-GreedyScheduler: Starting tracking for 17164270-7b7a-4eba-99bc-bac5deab8644,3450f1d7-a44b-4b54-a834-6100404da92f,fe9dd1f4-b277-4641-8279-3169e2e3ecc4
08-06 10:09:39.469 471 521 I LPRequestState: (REDACTED) [%s] #resolveUnusedLanguagePacks
08-06 10:09:39.470 471 521 I LPRequestState: (REDACTED) [%s] #resolveDesiredLanguagePacks
08-06 10:09:39.470 471 521 I LPRequestState: (REDACTED) Assigning language pack %s for request %s
08-06 10:09:39.474 471 498 D RemoteListenableDelegatingWorker: Cleaning up
08-06 10:09:39.488 471 31677 I native : I0000 00:00:1785982179.487965 31677 geller_cache.cc:2007] Data size config for ASSISTANT_CONTACT_AFFINITY is 1048576 bytes
08-06 10:09:39.488 471 31677 I native : I0000 00:00:1785982179.488144 31677 geller_cache.cc:2009] Actual data size for ASSISTANT_CONTACT_AFFINITY is 1360 bytes
08-06 10:09:39.499 17719 31741 I dmkg : (REDACTED) The syncToken for corpus %s is %s and the syncRequestReason is %s
08-06 10:09:39.500 17719 31718 I dmkg : (REDACTED) The syncToken for corpus %s is %s and the syncRequestReason is %s
08-06 10:09:39.500 17719 31478 I dmkg : (REDACTED) The syncToken for corpus %s is %s and the syncRequestReason is %s
08-06 10:09:39.501 471 498 I WM-WorkerWrapper: Worker result SUCCESS for Work [ id=860c7a16-6663-4b85-b65c-9c7903fd11bc, class=androidx.work.multiprocess.RemoteListenableDelegatingWorker, tags={ com.google.apps.tiktok.contrib.work.TikTokListenableWorker,com.google.apps.tiktok.sync.impl.workmanager.SyncPeriodicWorker_proc,sync_constraint:charger,TikTokWorker#com.google.apps.tiktok.sync.impl.workmanager.SyncPeriodicWorker } ]
08-06 10:09:39.504 17719 31478 I dmkg : (REDACTED) The syncToken for corpus %s is %s and the syncRequestReason is %s
08-06 10:09:39.505 471 471 D WM-Processor: qwz 860c7a16-6663-4b85-b65c-9c7903fd11bc executed; reschedule = false
08-06 10:09:39.505 471 471 D WM-GreedyScheduler: Stopping tracking for WorkGenerationalId(workSpecId=860c7a16-6663-4b85-b65c-9c7903fd11bc, generation=9391)
08-06 10:09:39.508 471 31677 W native : W0000 00:00:1785982179.508586 31677 geller_cache.cc:1887] Sync timestamp is empty for VOICE_MATCH_AUDIO_METADATA, so cleanup for data_retention_days config cannot run
08-06 10:09:39.520 471 31677 I dmon : readDataAsElementId
08-06 10:09:39.523 13242 23946 D downloader2: New request enqueued, running queue: https://www.gstatic.com/mdi-serving/rubidium-adservices-topics-classifier/1986/9e98784bcdb26a3eb2ab3f65ee811f43177c761f
08-06 10:09:39.523 13242 23946 D downloader2: Connectivity satisfied; running request. uri=https://www.gstatic.com/mdi-serving/rubidium-adservices-topics-classifier/1986/9e98784bcdb26a3eb2ab3f65ee811f43177c761f
08-06 10:09:39.523 13242 23946 I downloader2: Exceeded max concurrent downloads, not running another queued request
08-06 10:09:39.526 471 498 D WM-SystemJobScheduler: Cancelling work ID 860c7a16-6663-4b85-b65c-9c7903fd11bc, Job ID 164095
08-06 10:09:39.534 471 31677 I native : I0000 00:00:1785982179.534598 31677 geller_cache.cc:2007] Data size config for VOICE_MATCH_AUDIO_METADATA is 2097152 bytes
08-06 10:09:39.534 471 31677 I native : I0000 00:00:1785982179.534767 31677 geller_cache.cc:2009] Actual data size for VOICE_MATCH_AUDIO_METADATA is 0 bytes
08-06 10:09:39.541 471 498 D WM-GreedyScheduler: Cancelling work ID 860c7a16-6663-4b85-b65c-9c7903fd11bc
08-06 10:09:39.545 471 31677 I dmon : readDataAsElementId
08-06 10:09:39.551 471 520 I agym : Configuring for the active keyboard. [SD]
08-06 10:09:39.553 471 521 I agym : Configuring for the active keyboard. [SD]
08-06 10:09:39.556 471 31677 I native : I0000 00:00:1785982179.556718 31677 geller_cache.cc:2007] Data size config for ASSISTANT_WHOLE_HOME_STATE_UPLOAD is 2097152 bytes
08-06 10:09:39.556 471 31677 I native : I0000 00:00:1785982179.556874 31677 geller_cache.cc:2009] Actual data size for ASSISTANT_WHOLE_HOME_STATE_UPLOAD is 0 bytes
08-06 10:09:39.560 17719 31477 I dmkg : (REDACTED) The syncToken for corpus %s is %s and the syncRequestReason is %s
08-06 10:09:39.564 17719 17861 W gunl : Failed to create JWT helper. This is unexpected
08-06 10:09:39.564 17719 17861 W gunl : java.lang.NoSuchMethodException: fxpe.getScopes []
08-06 10:09:39.564 17719 17861 W gunl : at java.lang.Class.getMethod(Class.java:2942)
08-06 10:09:39.564 17719 17861 W gunl : at java.lang.Class.getMethod(Class.java:2442)
08-06 10:09:39.564 17719 17861 W gunl : at gunj.(PG:15)
08-06 10:09:39.564 17719 17861 W gunl : at gunl.(PG:27)
08-06 10:09:39.564 17719 17861 W gunl : at dmjn.a(PG:54)
08-06 10:09:39.564 17719 17861 W gunl : at dmkg.d(PG:51)
08-06 10:09:39.564 17719 17861 W gunl : at dmju.a(PG:32)
08-06 10:09:39.564 17719 17861 W gunl : at fpyv.a(PG:22)
08-06 10:09:39.564 17719 17861 W gunl : at gawa.b(PG:8)
08-06 10:09:39.564 17719 17861 W gunl : at gavw.apply(PG:18)
08-06 10:09:39.564 17719 17861 W gunl : at gavg.c(PG:3)
08-06 10:09:39.564 17719 17861 W gunl : at gavi.run(PG:47)
08-06 10:09:39.564 17719 17861 W gunl : at djxf.run(PG:5)
08-06 10:09:39.564 17719 17861 W gunl : at fzsq.run(PG:46)
08-06 10:09:39.564 17719 17861 W gunl : at djwr.run(PG:81)
08-06 10:09:39.564 17719 17861 W gunl : at java.lang.Thread.run(Thread.java:1572)
08-06 10:09:39.564 17719 17861 W gunl : at djyh.run(PG:62)
08-06 10:09:39.567 471 31677 I dmon : readDataAsElementId
08-06 10:09:39.568 471 31677 I native : I0000 00:00:1785982179.568710 31677 geller_cache.cc:2007] Data size config for ASSISTANT_ASPIRE_ACTIVITY is 1048576 bytes
08-06 10:09:39.568 471 31677 I native : I0000 00:00:1785982179.568782 31677 geller_cache.cc:2009] Actual data size for ASSISTANT_ASPIRE_ACTIVITY is 0 bytes
08-06 10:09:39.579 471 31677 I dmon : readDataAsElementId
08-06 10:09:39.581 471 31677 I dmon : readDataAsElementId
08-06 10:09:39.583 471 31677 I native : I0000 00:00:1785982179.583086 31677 geller_cache.cc:2007] Data size config for ASSISTANT_UPDATES_CENTER_POOL is 1048576 bytes
08-06 10:09:39.583 471 31677 I native : I0000 00:00:1785982179.583225 31677 geller_cache.cc:2009] Actual data size for ASSISTANT_UPDATES_CENTER_POOL is 0 bytes
08-06 10:09:39.587 471 31677 I dmon : readDataAsElementId
08-06 10:09:39.588 471 31677 I native : I0000 00:00:1785982179.588180 31677 geller_cache.cc:2007] Data size config for GELLER_CONFIG is 2097152 bytes
08-06 10:09:39.588 471 31677 I native : I0000 00:00:1785982179.588299 31677 geller_cache.cc:2009] Actual data size for GELLER_CONFIG is 3721 bytes
08-06 10:09:39.589 471 31677 I dmon : readDataAsElementId
08-06 10:09:39.593 471 31677 I dmon : readDataAsElementId
08-06 10:09:39.594 471 31677 I native : I0000 00:00:1785982179.594205 31677 geller_cache.cc:2007] Data size config for VOGON_ON_DEVICE_NLU_CACHE is 1048576 bytes
08-06 10:09:39.594 471 31677 I native : I0000 00:00:1785982179.594277 31677 geller_cache.cc:2009] Actual data size for VOGON_ON_DEVICE_NLU_CACHE is 0 bytes
08-06 10:09:39.594 471 31677 W native : W0000 00:00:1785982179.594607 31677 geller_cache.cc:1887] Sync timestamp is empty for FOOTPRINTS_FALSE_ACCEPT, so cleanup for data_retention_days config cannot run
08-06 10:09:39.596 17719 17894 I esce : Running throttled refresh
08-06 10:09:39.597 471 31677 I dmon : readDataAsElementId
08-06 10:09:39.597 471 498 D WM-SystemJobScheduler: Scheduling work ID 860c7a16-6663-4b85-b65c-9c7903fd11bc (androidx.work.multiprocess.RemoteListenableDelegatingWorker), Job ID 164140
08-06 10:09:39.598 471 31677 I native : I0000 00:00:1785982179.598728 31677 geller_cache.cc:2007] Data size config for FOOTPRINTS_FALSE_ACCEPT is 1048576 bytes
08-06 10:09:39.598 471 31677 I native : I0000 00:00:1785982179.598792 31677 geller_cache.cc:2009] Actual data size for FOOTPRINTS_FALSE_ACCEPT is 0 bytes
08-06 10:09:39.599 471 31677 W native : W0000 00:00:1785982179.599178 31677 geller_cache.cc:1887] Sync timestamp is empty for SOUND_SEARCH_VAA2_AUDIO_WAA_METADATA, so cleanup for data_retention_days config cannot run
08-06 10:09:39.602 471 31677 I dmon : readDataAsElementId
08-06 10:09:39.603 471 31677 I native : I0000 00:00:1785982179.603040 31677 geller_cache.cc:2007] Data size config for SOUND_SEARCH_VAA2_AUDIO_WAA_METADATA is 1048576 bytes
08-06 10:09:39.603 471 31677 I native : I0000 00:00:1785982179.603100 31677 geller_cache.cc:2009] Actual data size for SOUND_SEARCH_VAA2_AUDIO_WAA_METADATA is 0 bytes
08-06 10:09:39.603 471 31677 W native : W0000 00:00:1785982179.603394 31677 geller_cache.cc:1887] Sync timestamp is empty for SEARCH_CONSOLE_INSIGHTS, so cleanup for data_retention_days config cannot run
08-06 10:09:39.605 471 31677 I dmon : readDataAsElementId
08-06 10:09:39.605 471 31677 I native : I0000 00:00:1785982179.605669 31677 geller_cache.cc:2007] Data size config for SEARCH_CONSOLE_INSIGHTS is 1048576 bytes
08-06 10:09:39.605 471 31677 I native : I0000 00:00:1785982179.605720 31677 geller_cache.cc:2009] Actual data size for SEARCH_CONSOLE_INSIGHTS is 0 bytes
08-06 10:09:39.607 471 31677 I dmon : readDataAsElementId
08-06 10:09:39.607 471 31677 W native : W0000 00:00:1785982179.607738 31677 geller_cache.cc:1887] Sync timestamp is empty for HOME_AUTOMATION_DISCOVERY, so cleanup for data_retention_days config cannot run
08-06 10:09:39.608 17719 17912 I dmkg : (REDACTED) Starting batch sync for corpora: %s
08-06 10:09:39.609 13242 24110 D downloader2: New request enqueued, running queue: https://www.gstatic.com/mdi-serving/rubidium-adservices-ui-ota-strings/4265/91ac5d17ab9f2445a3462f98f5249a73e9b0e235
08-06 10:09:39.609 13242 24110 I downloader2: Exceeded max concurrent downloads, not running another queued request
08-06 10:09:39.609 471 31677 I dmon : readDataAsElementId
08-06 10:09:39.610 471 31677 I native : I0000 00:00:1785982179.609990 31677 geller_cache.cc:2007] Data size config for HOME_AUTOMATION_DISCOVERY is 2097152 bytes
08-06 10:09:39.610 471 31677 I native : I0000 00:00:1785982179.610076 31677 geller_cache.cc:2009] Actual data size for HOME_AUTOMATION_DISCOVERY is 0 bytes
08-06 10:09:39.610 471 31677 W native : W0000 00:00:1785982179.610327 31677 geller_cache.cc:1887] Sync timestamp is empty for ASSISTANT_ON_DEVICE_ACTIVITY, so cleanup for data_retention_days config cannot run
08-06 10:09:39.611 471 498 D WM-GreedyScheduler: Ignoring {WorkSpec: 519b6a05-8660-4fb9-8564-bf3e6c8964da}. Requires ContentUri triggers.
08-06 10:09:39.611 471 498 D WM-GreedyScheduler: Starting tracking for 17164270-7b7a-4eba-99bc-bac5deab8644,3450f1d7-a44b-4b54-a834-6100404da92f,fe9dd1f4-b277-4641-8279-3169e2e3ecc4
08-06 10:09:39.612 471 31677 I dmoo : (REDACTED) The Geller SyncConfig is not present, defaulting isUploadEnabled for corpus %s to true.
08-06 10:09:39.613 471 31677 I dmon : readDataAsElementId
08-06 10:09:39.615 471 31677 I native : I0000 00:00:1785982179.615264 31677 geller_cache.cc:2007] Data size config for ASSISTANT_ON_DEVICE_ACTIVITY is 1048576 bytes
08-06 10:09:39.615 471 31677 I native : I0000 00:00:1785982179.615350 31677 geller_cache.cc:2009] Actual data size for ASSISTANT_ON_DEVICE_ACTIVITY is 0 bytes
08-06 10:09:39.617 471 31677 I dmon : readDataAsElementId
08-06 10:09:39.618 471 31677 W native : W0000 00:00:1785982179.618133 31677 geller_cache.cc:1887] Sync timestamp is empty for SOUND_SEARCH_VAA2_AUDIO_METADATA, so cleanup for data_retention_days config cannot run
08-06 10:09:39.620 471 31677 I dmon : readDataAsElementId
08-06 10:09:39.621 471 31677 I native : I0000 00:00:1785982179.621057 31677 geller_cache.cc:2007] Data size config for SOUND_SEARCH_VAA2_AUDIO_METADATA is 1048576 bytes
08-06 10:09:39.621 471 31677 I native : I0000 00:00:1785982179.621118 31677 geller_cache.cc:2009] Actual data size for SOUND_SEARCH_VAA2_AUDIO_METADATA is 0 bytes
08-06 10:09:39.623 471 31677 I dmon : readDataAsElementId
08-06 10:09:39.625 471 31677 I dmon : readDataAsElementId
08-06 10:09:39.627 471 31677 I dmon : readDataAsElementId
08-06 10:09:39.628 471 31677 I native : I0000 00:00:1785982179.628011 31677 geller_cache.cc:2007] Data size config for ASSISTANT_ARBITRATION_HOST_IP is 2097152 bytes
08-06 10:09:39.628 471 31677 I native : I0000 00:00:1785982179.628076 31677 geller_cache.cc:2009] Actual data size for ASSISTANT_ARBITRATION_HOST_IP is 0 bytes
08-06 10:09:39.628 471 31677 W native : W0000 00:00:1785982179.628382 31677 geller_cache.cc:1887] Sync timestamp is empty for AUIS, so cleanup for data_retention_days config cannot run
08-06 10:09:39.629 471 31677 I dmon : readDataAsElementId
08-06 10:09:39.631 471 31677 I native : I0000 00:00:1785982179.631128 31677 geller_cache.cc:2007] Data size config for AUIS is 1048576 bytes
08-06 10:09:39.631 471 31677 I native : I0000 00:00:1785982179.631216 31677 geller_cache.cc:2009] Actual data size for AUIS is 0 bytes
08-06 10:09:39.631 17719 17912 W dmkg : (REDACTED) Upload permissions denied for Corpus %s
08-06 10:09:39.632 471 31677 I dmon : readDataAsElementId
08-06 10:09:39.633 471 31677 W native : W0000 00:00:1785982179.633580 31677 geller_cache.cc:1887] Sync timestamp is empty for ASSISTANT_ACCESSIBILITY_SETTINGS, so cleanup for data_retention_days config cannot run
08-06 10:09:39.636 471 31677 I dmon : readDataAsElementId
08-06 10:09:39.636 471 31677 I native : I0000 00:00:1785982179.636842 31677 geller_cache.cc:2007] Data size config for ASSISTANT_ACCESSIBILITY_SETTINGS is 1048576 bytes
08-06 10:09:39.636 471 31677 I native : I0000 00:00:1785982179.636903 31677 geller_cache.cc:2009] Actual data size for ASSISTANT_ACCESSIBILITY_SETTINGS is 0 bytes
08-06 10:09:39.637 471 31677 W native : W0000 00:00:1785982179.637201 31677 geller_cache.cc:1887] Sync timestamp is empty for PKG, so cleanup for data_retention_days config cannot run
08-06 10:09:39.638 26145 18674 W libbinder.Binder: Binder transaction to android.accounts.IAccountAuthenticator, function: UNKNOWN_FUNCTION_NAME, code: 3, took 1500ms. Data bytes: 492 Reply bytes: 0 Flags: 17
08-06 10:09:39.639 471 31677 I dmon : readDataAsElementId
08-06 10:09:39.640 471 31677 I native : I0000 00:00:1785982179.640537 31677 geller_cache.cc:2007] Data size config for PKG is 4194304 bytes
08-06 10:09:39.640 471 31677 I native : I0000 00:00:1785982179.640597 31677 geller_cache.cc:2009] Actual data size for PKG is 0 bytes
08-06 10:09:39.640 471 31677 W native : W0000 00:00:1785982179.640906 31677 geller_cache.cc:1887] Sync timestamp is empty for ASSISTANT_DEVICE_SETTINGS_MUTATIONS, so cleanup for data_retention_days config cannot run
08-06 10:09:39.654 471 31677 I dmon : readDataAsElementId
08-06 10:09:39.656 471 31677 I native : I0000 00:00:1785982179.656556 31677 geller_cache.cc:2007] Data size config for ASSISTANT_DEVICE_SETTINGS_MUTATIONS is 1048576 bytes
08-06 10:09:39.656 471 31677 I native : I0000 00:00:1785982179.656705 31677 geller_cache.cc:2009] Actual data size for ASSISTANT_DEVICE_SETTINGS_MUTATIONS is 0 bytes
08-06 10:09:39.657 471 31677 W native : W0000 00:00:1785982179.657150 31677 geller_cache.cc:1887] Sync timestamp is empty for ASSISTANT_SHELDON_EMAIL_STATUS_SETTINGS, so cleanup for data_retention_days config cannot run
08-06 10:09:39.659 471 31677 I dmon : readDataAsElementId
08-06 10:09:39.660 471 31677 I native : I0000 00:00:1785982179.660159 31677 geller_cache.cc:2007] Data size config for ASSISTANT_SHELDON_EMAIL_STATUS_SETTINGS is 1048576 bytes
08-06 10:09:39.660 471 31677 I native : I0000 00:00:1785982179.660220 31677 geller_cache.cc:2009] Actual data size for ASSISTANT_SHELDON_EMAIL_STATUS_SETTINGS is 0 bytes
08-06 10:09:39.660 471 31677 W native : W0000 00:00:1785982179.660538 31677 geller_cache.cc:1887] Sync timestamp is empty for DEEPLINK, so cleanup for data_retention_days config cannot run
08-06 10:09:39.663 471 31677 I dmon : readDataAsElementId
08-06 10:09:39.663 471 31677 I native : I0000 00:00:1785982179.663860 31677 geller_cache.cc:2007] Data size config for DEEPLINK is 1048576 bytes
08-06 10:09:39.663 471 31677 I native : I0000 00:00:1785982179.663910 31677 geller_cache.cc:2009] Actual data size for DEEPLINK is 0 bytes
08-06 10:09:39.665 471 31677 I dmon : readDataAsElementId
08-06 10:09:39.666 471 31677 W native : W0000 00:00:1785982179.666103 31677 geller_cache.cc:1887] Sync timestamp is empty for DEVICE_INSTALLED_APPS, so cleanup for data_retention_days config cannot run
08-06 10:09:39.667 471 31677 I dmon : readDataAsElementId
08-06 10:09:39.668 471 31677 I native : I0000 00:00:1785982179.668597 31677 geller_cache.cc:2007] Data size config for DEVICE_INSTALLED_APPS is 2097152 bytes
08-06 10:09:39.668 471 31677 I native : I0000 00:00:1785982179.668650 31677 geller_cache.cc:2009] Actual data size for DEVICE_INSTALLED_APPS is 0 bytes
08-06 10:09:39.668 471 31677 W native : W0000 00:00:1785982179.668921 31677 geller_cache.cc:1887] Sync timestamp is empty for CONVERSATIONAL_ACTIONS, so cleanup for data_retention_days config cannot run
08-06 10:09:39.670 471 31677 I dmon : readDataAsElementId
08-06 10:09:39.671 471 31677 I native : I0000 00:00:1785982179.671189 31677 geller_cache.cc:2007] Data size config for CONVERSATIONAL_ACTIONS is 1048576 bytes
08-06 10:09:39.671 471 31677 I native : I0000 00:00:1785982179.671270 31677 geller_cache.cc:2009] Actual data size for CONVERSATIONAL_ACTIONS is 0 bytes
08-06 10:09:39.673 471 31677 I dmon : readDataAsElementId
08-06 10:09:39.674 1761 3907 W ActivityManager: Unable to start service Intent { act=grpc.io.action.BIND xflg=0x4 cmp=com.google.android.inputmethod.latin/com.google.android.apps.inputmethod.libs.nga.impl.KeyboardDictationService } U=0: not found
08-06 10:09:39.674 17719 31477 I dmkg : (REDACTED) The syncToken for corpus %s is %s and the syncRequestReason is %s
08-06 10:09:39.675 1761 4412 W ActivityManager: Unbind failed: could not find connection for android.os.BinderProxy@c72a488
08-06 10:09:39.679 471 520 E foct : (REDACTED) Failed to fetch language tags for data download. [SD]
08-06 10:09:39.679 471 520 E foct : io.grpc.StatusException: UNIMPLEMENTED: bindService(Intent { act=grpc.io.action.BIND xflg=0x4 cmp=com.google.android.inputmethod.latin/com.google.android.apps.inputmethod.libs.nga.impl.KeyboardDictationService }) returned false
08-06 10:09:39.679 471 520 E foct : at gvde.c(PG:17)
08-06 10:09:39.679 471 520 E foct : at gutn.m(PG:1)
08-06 10:09:39.679 471 520 E foct : at gutk.a(PG:28)
08-06 10:09:39.679 471 520 E foct : at guub.run(PG:7)
08-06 10:09:39.679 471 520 E foct : at gvaz.run(PG:12)
08-06 10:09:39.679 471 520 E foct : at djxf.run(PG:5)
08-06 10:09:39.679 471 520 E foct : at fzsq.run(PG:46)
08-06 10:09:39.679 471 520 E foct : at djwr.run(PG:81)
08-06 10:09:39.679 471 520 E foct : at java.lang.Thread.run(Thread.java:1572)
08-06 10:09:39.679 471 520 E foct : at djyh.run(PG:62)
08-06 10:09:39.680 471 31677 I dmoo : (REDACTED) Deleting with GellerDeleteParams:
08-06 10:09:39.680 471 31677 I dmoo : %s
08-06 10:09:39.701 471 519 E foct : (REDACTED) Failed to fetch language tags for data download. [SD]
08-06 10:09:39.701 471 519 E foct : io.grpc.StatusException: UNIMPLEMENTED: bindService(Intent { act=grpc.io.action.BIND xflg=0x4 cmp=com.google.android.inputmethod.latin/com.google.android.apps.inputmethod.libs.nga.impl.KeyboardDictationService }) returned false
08-06 10:09:39.701 471 519 E foct : at gvde.c(PG:17)
