08-06 10:09:39.701 471 519 E foct : at gutn.m(PG:1)
08-06 10:09:39.701 471 519 E foct : at gutk.a(PG:28)
08-06 10:09:39.701 471 519 E foct : at guub.run(PG:7)
08-06 10:09:39.701 471 519 E foct : at gvaz.run(PG:12)
08-06 10:09:39.701 471 519 E foct : at djxf.run(PG:5)
08-06 10:09:39.701 471 519 E foct : at fzsq.run(PG:46)
08-06 10:09:39.701 471 519 E foct : at djwr.run(PG:81)
08-06 10:09:39.701 471 519 E foct : at java.lang.Thread.run(Thread.java:1572)
08-06 10:09:39.701 471 519 E foct : at djyh.run(PG:62)
08-06 10:09:39.713 13242 31683 D downloader2: Got URL response, starting to read response body. uri=https://www.gstatic.com/mdi-serving/rubidium-adservices-adtech-enrollment/11167/b5d1a96edb6a1f0a4859f71195a3dae118baacfc
08-06 10:09:39.720 471 519 I dmkg : (REDACTED) Starting batch sync for corpora: %s
08-06 10:09:39.735 471 519 I dmkg : (REDACTED) Starting batch sync for corpora: %s
08-06 10:09:39.738 471 498 I emgu : (REDACTED) getting App Capabilities %s
08-06 10:09:39.740 471 498 I emdy : Building Device Properties.
08-06 10:09:39.740 471 512 I dmkg : (REDACTED) Starting batch sync for corpora: %s
08-06 10:09:39.742 471 513 I dmkg : (REDACTED) Starting batch sync for corpora: %s
08-06 10:09:39.743 471 513 I dmkg : (REDACTED) Starting batch sync for corpora: %s
08-06 10:09:39.743 13242 31683 D downloader2: Got URL response, starting to read response body. uri=https://www.gstatic.com/mdi-serving/rubidium-adservices-topics-classifier/1986/9e98784bcdb26a3eb2ab3f65ee811f43177c761f
08-06 10:09:39.743 471 513 I dmkg : (REDACTED) Starting batch sync for corpora: %s
08-06 10:09:39.743 471 513 I dmkg : (REDACTED) Starting batch sync for corpora: %s
08-06 10:09:39.746 26145 26153 E gcblocker: too long GC blocking: 5
08-06 10:09:39.746 26145 26153 E gcblocker: gc block end, 412971591,104
08-06 10:09:39.750 471 498 I emgu : (REDACTED) getting App Capabilities %s
08-06 10:09:39.751 471 498 I emdy : Building Device Properties.
08-06 10:09:39.752 471 512 I dmkg : (REDACTED) Starting batch sync for corpora: %s
08-06 10:09:39.752 471 512 I dmkg : (REDACTED) Starting batch sync for corpora: %s
08-06 10:09:39.752 471 512 I dmkg : (REDACTED) Starting batch sync for corpora: %s
08-06 10:09:39.752 471 512 I dmkg : (REDACTED) Starting batch sync for corpora: %s
08-06 10:09:39.752 471 521 I dmkg : (REDACTED) Starting batch sync for corpora: %s
08-06 10:09:39.761 471 498 I emgu : (REDACTED) getting App Capabilities %s
08-06 10:09:39.761 471 498 I emdy : Building Device Properties.
08-06 10:09:39.766 13242 31773 D downloader2: Response body written. bytesWritten=286, uri=https://www.gstatic.com/mdi-serving/rubidium-adservices-adtech-enrollment/11167/b5d1a96edb6a1f0a4859f71195a3dae118baacfc
08-06 10:09:39.766 471 498 I emgu : (REDACTED) getting App Capabilities %s
08-06 10:09:39.766 471 498 I emdy : Building Device Properties.
08-06 10:09:39.767 471 498 I emgu : (REDACTED) getting App Capabilities %s
08-06 10:09:39.767 13242 31688 D downloader2: Queued download completed, running queued downloads: https://www.gstatic.com/mdi-serving/rubidium-adservices-adtech-enrollment/11167/b5d1a96edb6a1f0a4859f71195a3dae118baacfc
08-06 10:09:39.767 13242 31688 D downloader2: Connectivity satisfied; running request. uri=https://www.gstatic.com/mdi-serving/rubidium-adservices-ui-ota-strings/4265/91ac5d17ab9f2445a3462f98f5249a73e9b0e235
08-06 10:09:39.767 471 498 I emgu : (REDACTED) getting App Capabilities %s
08-06 10:09:39.767 13242 31688 I downloader2: Exceeded max concurrent downloads, not running another queued request
08-06 10:09:39.767 471 498 I emdy : Building Device Properties.
08-06 10:09:39.768 471 498 I emgu : (REDACTED) getting App Capabilities %s
08-06 10:09:39.768 471 498 I emdy : Building Device Properties.
08-06 10:09:39.774 1207 3941 W APM::HwModule: getDeviceDescriptor: could not find HW module for device (AUDIO_DEVICE_OUT_WIRED_HEADSET, 00000004) address
08-06 10:09:39.775 1207 3941 W APM::HwModule: getDeviceDescriptor: could not find HW module for device (AUDIO_DEVICE_OUT_WIRED_HEADPHONE, 00000008) address
08-06 10:09:39.788 13242 31773 D downloader2: Download complete, running queued downloads: https://www.gstatic.com/mdi-serving/rubidium-adservices-adtech-enrollment/11167/b5d1a96edb6a1f0a4859f71195a3dae118baacfc
08-06 10:09:39.788 13242 31773 I downloader2: Exceeded max concurrent downloads, not running another queued request
08-06 10:09:39.789 13242 31773 D downloader2: Response body written. bytesWritten=1233, uri=https://www.gstatic.com/mdi-serving/rubidium-adservices-topics-classifier/1986/9e98784bcdb26a3eb2ab3f65ee811f43177c761f
08-06 10:09:39.790 13242 31687 D downloader2: Queued download completed, running queued downloads: https://www.gstatic.com/mdi-serving/rubidium-adservices-topics-classifier/1986/9e98784bcdb26a3eb2ab3f65ee811f43177c761f
08-06 10:09:39.790 13242 31773 D downloader2: Download complete, running queued downloads: https://www.gstatic.com/mdi-serving/rubidium-adservices-topics-classifier/1986/9e98784bcdb26a3eb2ab3f65ee811f43177c761f
08-06 10:09:39.805 471 498 I emgu : (REDACTED) getting App Capabilities %s
08-06 10:09:39.808 471 498 I emgu : (REDACTED) getting App Capabilities %s
08-06 10:09:39.808 471 498 I emdy : Building Device Properties.
08-06 10:09:39.808 471 498 I emgu : (REDACTED) getting App Capabilities %s
08-06 10:09:39.808 471 498 I emdy : Building Device Properties.
08-06 10:09:39.809 471 498 I emgu : (REDACTED) getting App Capabilities %s
08-06 10:09:39.809 471 498 I emdy : Building Device Properties.
08-06 10:09:39.809 471 498 I emgu : (REDACTED) getting App Capabilities %s
08-06 10:09:39.809 471 498 I emdy : Building Device Properties.
08-06 10:09:39.811 471 31677 I native : I0000 00:00:1785982179.810820 31677 geller_cache.cc:2007] Data size config for ACCOUNT_CAPABILITIES is 2097152 bytes
08-06 10:09:39.811 471 31677 I native : I0000 00:00:1785982179.811118 31677 geller_cache.cc:2009] Actual data size for ACCOUNT_CAPABILITIES is 122 bytes
08-06 10:09:39.813 13242 23657 D downloader2: New request enqueued, running queue: https://www.gstatic.com/mdi-serving/rubidium-adservices-topics-classifier/1986/9e98784bcdb26a3eb2ab3f65ee811f43177c761f
08-06 10:09:39.813 13242 23657 D downloader2: Connectivity satisfied; running request. uri=https://www.gstatic.com/mdi-serving/rubidium-adservices-topics-classifier/1986/9e98784bcdb26a3eb2ab3f65ee811f43177c761f
08-06 10:09:39.816 471 31677 W native : W0000 00:00:1785982179.816753 31677 geller_cache.cc:1887] Sync timestamp is empty for ASSISTANT_NOTES_AND_LISTS_SETTINGS, so cleanup for data_retention_days config cannot run
08-06 10:09:39.819 13242 23657 I downloader2: Exceeded max concurrent downloads, not running another queued request
08-06 10:09:39.823 13242 23752 D downloader2: New request enqueued, running queue: https://www.gstatic.com/mdi-serving/rubidium-adservices-adtech-enrollment/11167/b5d1a96edb6a1f0a4859f71195a3dae118baacfc
08-06 10:09:39.823 13242 23752 I downloader2: Exceeded max concurrent downloads, not running another queued request
08-06 10:09:39.828 471 31677 I dmon : readDataAsElementId
08-06 10:09:39.832 471 31677 I native : I0000 00:00:1785982179.832253 31677 geller_cache.cc:2007] Data size config for ASSISTANT_NOTES_AND_LISTS_SETTINGS is 1048576 bytes
08-06 10:09:39.832 471 31677 I native : I0000 00:00:1785982179.832385 31677 geller_cache.cc:2009] Actual data size for ASSISTANT_NOTES_AND_LISTS_SETTINGS is 0 bytes
08-06 10:09:39.836 471 498 I emdy : Building Device Properties.
08-06 10:09:39.836 471 498 I emdy : Building Device Properties.
08-06 10:09:39.843 1207 3941 W APM::HwModule: getDeviceDescriptor: could not find HW module for device (AUDIO_DEVICE_OUT_WIRED_HEADSET, 00000004) address
08-06 10:09:39.844 1207 3941 W APM::HwModule: getDeviceDescriptor: could not find HW module for device (AUDIO_DEVICE_OUT_WIRED_HEADPHONE, 00000008) address
08-06 10:09:39.845 471 31677 I dmon : readDataAsElementId
08-06 10:09:39.847 471 31677 I dmon : readDataAsElementId
08-06 10:09:39.849 471 31677 I dmon : readDataAsElementId
08-06 10:09:39.850 471 31677 W native : W0000 00:00:1785982179.850229 31677 geller_cache.cc:1887] Sync timestamp is empty for CONTRIBUTOR_STUDIO_XGA_ELIGIBILITY, so cleanup for data_retention_days config cannot run
08-06 10:09:39.852 471 31677 I dmon : readDataAsElementId
08-06 10:09:39.862 471 31677 I native : I0000 00:00:1785982179.862746 31677 geller_cache.cc:2007] Data size config for CONTRIBUTOR_STUDIO_XGA_ELIGIBILITY is 1048576 bytes
08-06 10:09:39.862 471 31677 I native : I0000 00:00:1785982179.862950 31677 geller_cache.cc:2009] Actual data size for CONTRIBUTOR_STUDIO_XGA_ELIGIBILITY is 0 bytes
08-06 10:09:39.863 471 31677 W native : W0000 00:00:1785982179.863315 31677 geller_cache.cc:1887] Sync timestamp is empty for PKG_ENTITIES, so cleanup for data_retention_days config cannot run
08-06 10:09:39.864 658 31622 W keystore2: system/security/keystore2/watchdog/src/lib.rs:142 - ### Keystore Watchdog report - BEGIN ###
08-06 10:09:39.864 658 31622 W keystore2: system/security/keystore2/watchdog/src/lib.rs:151 - When extracting from a bug report, please include this header
08-06 10:09:39.864 658 31622 W keystore2: system/security/keystore2/watchdog/src/lib.rs:152 - and all 2 records below.
08-06 10:09:39.864 658 31622 W keystore2: system/security/keystore2/watchdog/src/lib.rs:193 - ThreadId(6943) KeystoreDB::handle_next_superseded_blob Started:
08-06 02:09:39.363 UTC Pending: 500.741658ms Overdue 742.229µs
08-06 10:09:39.864 658 31622 W keystore2: system/security/keystore2/watchdog/src/lib.rs:193 - ThreadId(6943) TX_handle_next_superseded_blob Started:
08-06 02:09:39.364 UTC Pending: 500.578085ms Overdue 578.573µs
08-06 10:09:39.864 658 31622 W keystore2: system/security/keystore2/watchdog/src/lib.rs:205 - ### Keystore Watchdog report - END ###
08-06 10:09:39.865 471 31677 I dmon : readDataAsElementId
08-06 10:09:39.865 471 31677 I native : I0000 00:00:1785982179.865665 31677 geller_cache.cc:2007] Data size config for PKG_ENTITIES is 1048576 bytes
08-06 10:09:39.865 471 31677 I native : I0000 00:00:1785982179.865722 31677 geller_cache.cc:2009] Actual data size for PKG_ENTITIES is 0 bytes
08-06 10:09:39.866 471 31677 W native : W0000 00:00:1785982179.866364 31677 geller_cache.cc:1887] Sync timestamp is empty for ASSISTANT_USER_PROFILE, so cleanup for data_retention_days config cannot run
08-06 10:09:39.867 471 31677 I dmon : readDataAsElementId
08-06 10:09:39.868 471 31677 I native : I0000 00:00:1785982179.868736 31677 geller_cache.cc:2007] Data size config for ASSISTANT_USER_PROFILE is 2097152 bytes
08-06 10:09:39.868 471 31677 I native : I0000 00:00:1785982179.868789 31677 geller_cache.cc:2009] Actual data size for ASSISTANT_USER_PROFILE is 0 bytes
08-06 10:09:39.870 471 31677 I dmon : readDataAsElementId
08-06 10:09:39.871 471 31677 W native : W0000 00:00:1785982179.871485 31677 geller_cache.cc:1887] Sync timestamp is empty for CROSS_DEVICE_TIMER, so cleanup for data_retention_days config cannot run
08-06 10:09:39.873 471 31677 I dmoo : (REDACTED) The Geller SyncConfig is not present, defaulting isUploadEnabled for corpus %s to true.
08-06 10:09:39.873 471 31677 I dmon : readDataAsElementId
08-06 10:09:39.873 471 31677 I native : I0000 00:00:1785982179.873942 31677 geller_cache.cc:2007] Data size config for CROSS_DEVICE_TIMER is 1048576 bytes
08-06 10:09:39.874 471 31677 I native : I0000 00:00:1785982179.874019 31677 geller_cache.cc:2009] Actual data size for CROSS_DEVICE_TIMER is 0 bytes
08-06 10:09:39.874 471 31677 W native : W0000 00:00:1785982179.874345 31677 geller_cache.cc:1887] Sync timestamp is empty for ASSISTANT_USER_DISPLAY_NAME, so cleanup for data_retention_days config cannot run
08-06 10:09:39.876 471 31677 I dmon : readDataAsElementId
08-06 10:09:39.876 471 31677 I native : I0000 00:00:1785982179.876949 31677 geller_cache.cc:2007] Data size config for ASSISTANT_USER_DISPLAY_NAME is 1048576 bytes
08-06 10:09:39.877 471 31677 I native : I0000 00:00:1785982179.876995 31677 geller_cache.cc:2009] Actual data size for ASSISTANT_USER_DISPLAY_NAME is 0 bytes
08-06 10:09:39.878 471 31677 I dmon : readDataAsElementId
08-06 10:09:39.879 471 31677 I native : I0000 00:00:1785982179.879374 31677 geller_cache.cc:2007] Data size config for PLAYBACK is 1048576 bytes
08-06 10:09:39.879 471 31677 I native : I0000 00:00:1785982179.879418 31677 geller_cache.cc:2009] Actual data size for PLAYBACK is 0 bytes
08-06 10:09:39.881 1207 3941 W APM::HwModule: getDeviceDescriptor: could not find HW module for device (AUDIO_DEVICE_OUT_WIRED_HEADSET, 00000004) address
08-06 10:09:39.881 471 31677 I dmon : readDataAsElementId
08-06 10:09:39.882 1207 3941 W APM::HwModule: getDeviceDescriptor: could not find HW module for device (AUDIO_DEVICE_OUT_WIRED_HEADPHONE, 00000008) address
08-06 10:09:39.884 658 31622 W keystore2: system/security/keystore2/watchdog/src/lib.rs:142 - ### Keystore Watchdog report - BEGIN ###
08-06 10:09:39.884 658 31622 W keystore2: system/security/keystore2/watchdog/src/lib.rs:151 - When extracting from a bug report, please include this header
08-06 10:09:39.884 658 31622 W keystore2: system/security/keystore2/watchdog/src/lib.rs:152 - and all 5 records below.
08-06 10:09:39.884 658 31622 W keystore2: system/security/keystore2/watchdog/src/lib.rs:193 - ThreadId(6943) KeystoreDB::handle_next_superseded_blob Started:
08-06 02:09:39.363 UTC Pending: 520.821411ms Overdue 20.822022ms
08-06 10:09:39.884 658 31622 W keystore2: system/security/keystore2/watchdog/src/lib.rs:193 - ThreadId(6943) TX_handle_next_superseded_blob Started:
08-06 02:09:39.364 UTC Pending: 520.648275ms Overdue 20.648763ms
08-06 10:09:39.884 658 31622 W keystore2: system/security/keystore2/watchdog/src/lib.rs:193 - ThreadId(6943) KeystoreDB::handle_next_superseded_blob find_next v2 Started:
08-06 02:09:39.364 UTC Pending: 519.84847ms Overdue 19.848999ms
08-06 10:09:39.884 658 31622 W keystore2: system/security/keystore2/watchdog/src/lib.rs:193 - ThreadId(6943) KeystoreDB::handle_next_superseded_blob load_metadata Started:
08-06 02:09:39.384 UTC Pending: 500.372274ms Overdue 372.64µs
08-06 10:09:39.884 658 31622 W keystore2: system/security/keystore2/watchdog/src/lib.rs:193 - ThreadId(6943) KeystoreDB::handle_next_superseded_blob delete v2 Started:
08-06 02:09:39.384 UTC Pending: 500.325277ms Overdue 325.765µs
08-06 10:09:39.884 658 31622 W keystore2: system/security/keystore2/watchdog/src/lib.rs:205 - ### Keystore Watchdog report - END ###
08-06 10:09:39.899 3849 4150 D SatelliteController: isInCarrierRoamingNbIotNtn: satellite is disabled
08-06 10:09:39.899 3849 4150 D SatelliteController: getCarrierRoamingNtnConnectType: Checking connect type from PLMN config for subId: 3
08-06 10:09:39.899 3849 4150 D TelephonyConfigUpdateInstallReceiver: getConfigParser: domain=satellite
08-06 10:09:39.899 3849 4150 V SatelliteController: satelliteConfigParser is not ready
08-06 10:09:39.899 3849 4150 D SatelliteController: isSatelliteAttachSupportedViaConfigupdater: return null (satelliteConfig is null)
08-06 10:09:39.900 3849 4150 D SatelliteController: getSatellitePerPlmnConfiguration: subId=3 return null
08-06 10:09:39.900 3849 4150 D SatelliteController: getCarrierRoamingNtnConnectType: config: null
08-06 10:09:39.900 3849 4150 D TelephonyConfigUpdateInstallReceiver: getConfigParser: domain=satellite
08-06 10:09:39.900 3849 4150 V SatelliteController: satelliteConfigParser is not ready
08-06 10:09:39.900 3849 4150 D SatelliteController: getCarrierRoamingNtnConnectTypeViaConfigUpdater: return null (satelliteConfig is null)
08-06 10:09:39.901 3849 4150 D SatelliteController: getCarrierRoamingNtnConnectType: Falling back to global carrier config connect type: 0
08-06 10:09:39.901 3849 4150 D TelephonyConfigUpdateInstallReceiver: getConfigParser: domain=satellite
08-06 10:09:39.901 3849 4150 V SatelliteController: satelliteConfigParser is not ready
08-06 10:09:39.901 3849 4150 D SatelliteController: isSatelliteAttachSupportedViaConfigupdater: return null (satelliteConfig is null)
08-06 10:09:39.901 3849 4150 V SatelliteController: getWwanIsInService: return true
08-06 10:09:39.902 3849 4150 D SatelliteController: getCarrierRoamingNtnConnectType: Checking connect type from PLMN config for subId: 3
08-06 10:09:39.902 3849 4150 D TelephonyConfigUpdateInstallReceiver: getConfigParser: domain=satellite
08-06 10:09:39.902 3849 4150 V SatelliteController: satelliteConfigParser is not ready
08-06 10:09:39.902 3849 4150 D SatelliteController: isSatelliteAttachSupportedViaConfigupdater: return null (satelliteConfig is null)
08-06 10:09:39.902 3849 4150 D SatelliteController: getSatellitePerPlmnConfiguration: subId=3 return null
08-06 10:09:39.902 3849 4150 D SatelliteController: getCarrierRoamingNtnConnectType: config: null
08-06 10:09:39.902 3849 4150 D TelephonyConfigUpdateInstallReceiver: getConfigParser: domain=satellite
08-06 10:09:39.902 3849 4150 V SatelliteController: satelliteConfigParser is not ready
08-06 10:09:39.902 3849 4150 D SatelliteController: getCarrierRoamingNtnConnectTypeViaConfigUpdater: return null (satelliteConfig is null)
08-06 10:09:39.904 3807 3807 I SHANNON_IMS: 3850 [PROX] Received onSignalStrengthsChanged [CellSignalStrengthLte: rssi=-87 rsrp=-105 rsrq=-11 rssnr=-2 cqiTableIndex=1 cqi=8 ta=27 level=2 parametersUseForLevel=0] [SLID:0 APM:false] (ImsConnectivityProxyListener$ImsPhoneStateListener%onSignalStrengthsChanged:413)
08-06 10:09:39.906 3849 4150 D SatelliteController: getCarrierRoamingNtnConnectType: Falling back to global carrier config connect type: 0
08-06 10:09:39.906 3849 4150 D TelephonyConfigUpdateInstallReceiver: getConfigParser: domain=satellite
08-06 10:09:39.906 3849 4150 V SatelliteController: satelliteConfigParser is not ready
08-06 10:09:39.906 3849 4150 D SatelliteController: isSatelliteAttachSupportedViaConfigupdater: return null (satelliteConfig is null)
08-06 10:09:39.907 3849 4150 V SatelliteController: getWwanIsInService: return true
08-06 10:09:39.911 4359 4359 D CellularQualityMonitor-0: Signal Strength Changed : SignalStrength:{mCdma=CellSignalStrengthCdma: cdmaDbm=2147483647 cdmaEcio=2147483647 evdoDbm=2147483647 evdoEcio=2147483647 evdoSnr=2147483647 level=0,mGsm=CellSignalStrengthGsm: rssi=2147483647 ber=2147483647 mTa=2147483647 mLevel=0,mWcdma=CellSignalStrengthWcdma: ss=2147483647 ber=2147483647 rscp=2147483647 ecno=2147483647 level=0,mTdscdma=CellSignalStrengthTdscdma: rssi=2147483647 ber=2147483647 rscp=2147483647 level=0,mLte=CellSignalStrengthLte: rssi=-87 rsrp=-105 rsrq=-11 rssnr=-2 cqiTableIndex=1 cqi=8 ta=27 level=2 parametersUseForLevel=0,mNr=CellSignalStrengthNr:{ csiRsrp = 2147483647 csiRsrq = 2147483647 csiCqiTableIndex = 2147483647 csiCqiReport = [] ssRsrp = 2147483647 ssRsrq = 2147483647 ssSinr = 2147483647 level = 0 parametersUseForLevel = 0 timingAdvance = 2147483647 },primary=CellSignalStrengthLte}
08-06 10:09:39.911 4359 4359 D CellularQualityMonitor-0: CellSignalStrength Changed: CellSignalStrengthLte: rssi=-87 rsrp=-105 rsrq=-11 rssnr=-2 cqiTableIndex=1 cqi=8 ta=27 level=2 parametersUseForLevel=0
08-06 10:09:39.923 471 471 D WM-SystemJobService: onStartJob for WorkGenerationalId(workSpecId=aad42fbf-a107-4e8b-a739-92120214feac, generation=82)
08-06 10:09:39.929 13242 31773 D downloader2: Got URL response, starting to read response body. uri=https://www.gstatic.com/mdi-serving/rubidium-adservices-topics-classifier/1986/9e98784bcdb26a3eb2ab3f65ee811f43177c761f
08-06 10:09:39.930 1207 3941 W APM::HwModule: getDeviceDescriptor: could not find HW module for device (AUDIO_DEVICE_OUT_WIRED_HEADSET, 00000004) address
08-06 10:09:39.932 1207 3941 W APM::HwModule: getDeviceDescriptor: could not find HW module for device (AUDIO_DEVICE_OUT_WIRED_HEADPHONE, 00000008) address
08-06 10:09:39.937 13242 31688 D downloader2: Got URL response, starting to read response body. uri=https://www.gstatic.com/mdi-serving/rubidium-adservices-ui-ota-strings/4265/91ac5d17ab9f2445a3462f98f5249a73e9b0e235
08-06 10:09:39.960 13242 31685 D downloader2: Response body written. bytesWritten=267, uri=https://www.gstatic.com/mdi-serving/rubidium-adservices-ui-ota-strings/4265/91ac5d17ab9f2445a3462f98f5249a73e9b0e235
08-06 10:09:39.963 13242 31683 D downloader2: Queued download completed, running queued downloads: https://www.gstatic.com/mdi-serving/rubidium-adservices-ui-ota-strings/4265/91ac5d17ab9f2445a3462f98f5249a73e9b0e235
08-06 10:09:39.963 13242 31683 D downloader2: Connectivity satisfied; running request. uri=https://www.gstatic.com/mdi-serving/rubidium-adservices-adtech-enrollment/11167/b5d1a96edb6a1f0a4859f71195a3dae118baacfc
08-06 10:09:39.963 13242 31683 I downloader2: Exceeded max concurrent downloads, not running another queued request
08-06 10:09:39.964 13242 31683 D downloader2: Response body written. bytesWritten=1233, uri=https://www.gstatic.com/mdi-serving/rubidium-adservices-topics-classifier/1986/9e98784bcdb26a3eb2ab3f65ee811f43177c761f
08-06 10:09:39.964 13242 31685 D downloader2: Download complete, running queued downloads: https://www.gstatic.com/mdi-serving/rubidium-adservices-ui-ota-strings/4265/91ac5d17ab9f2445a3462f98f5249a73e9b0e235
08-06 10:09:39.964 13242 31685 I downloader2: Exceeded max concurrent downloads, not running another queued request
08-06 10:09:39.968 13242 31773 D downloader2: Download complete, running queued downloads: https://www.gstatic.com/mdi-serving/rubidium-adservices-topics-classifier/1986/9e98784bcdb26a3eb2ab3f65ee811f43177c761f
08-06 10:09:39.968 13242 31773 I downloader2: Exceeded max concurrent downloads, not running another queued request
08-06 10:09:39.970 13242 31807 D downloader2: Queued download completed, running queued downloads: https://www.gstatic.com/mdi-serving/rubidium-adservices-topics-classifier/1986/9e98784bcdb26a3eb2ab3f65ee811f43177c761f
08-06 10:09:39.998 13242 22049 D downloader2: New request enqueued, running queue: https://www.gstatic.com/mdi-serving/rubidium-adservices-ui-ota-strings/4265/91ac5d17ab9f2445a3462f98f5249a73e9b0e235
08-06 10:09:39.998 13242 22049 D downloader2: Connectivity satisfied; running request. uri=https://www.gstatic.com/mdi-serving/rubidium-adservices-ui-ota-strings/4265/91ac5d17ab9f2445a3462f98f5249a73e9b0e235
08-06 10:09:39.998 1207 3941 W APM::HwModule: getDeviceDescriptor: could not find HW module for device (AUDIO_DEVICE_OUT_WIRED_HEADSET, 00000004) address
08-06 10:09:39.999 1207 3941 W APM::HwModule: getDeviceDescriptor: could not find HW module for device (AUDIO_DEVICE_OUT_WIRED_HEADPHONE, 00000008) address
08-06 10:09:40.000 471 31677 I native : I0000 00:00:1785982179.993931 31677 geller_cache.cc:1950] Removing additional copies for PRIVACY_SETTINGS
08-06 10:09:40.001 471 31677 I dmoo : (REDACTED) Deleting with GellerDeleteParams:
08-06 10:09:40.001 471 31677 I dmoo : %s
08-06 10:09:40.008 13242 22049 I downloader2: Exceeded max concurrent downloads, not running another queued request
08-06 10:09:40.008 13242 23946 D downloader2: New request enqueued, running queue: https://www.gstatic.com/mdi-serving/rubidium-adservices-topics-classifier/1986/9e98784bcdb26a3eb2ab3f65ee811f43177c761f
08-06 10:09:40.008 13242 23946 I downloader2: Exceeded max concurrent downloads, not running another queued request
08-06 10:09:40.026 1207 3941 W APM::HwModule: getDeviceDescriptor: could not find HW module for device (AUDIO_DEVICE_OUT_WIRED_HEADSET, 00000004) address
08-06 10:09:40.026 1207 3941 W APM::HwModule: getDeviceDescriptor: could not find HW module for device (AUDIO_DEVICE_OUT_WIRED_HEADPHONE, 00000008) address
08-06 10:09:40.039 26005 31463 I SQLiteConnection: Long db operation: /data/user/0/com.google.android.gms/databases/phenotype.db
08-06 10:09:40.059 1207 3941 W APM::HwModule: getDeviceDescriptor: could not find HW module for device (AUDIO_DEVICE_OUT_WIRED_HEADSET, 00000004) address
08-06 10:09:40.061 1207 3941 W APM::HwModule: getDeviceDescriptor: could not find HW module for device (AUDIO_DEVICE_OUT_WIRED_HEADPHONE, 00000008) address
08-06 10:09:40.064 13242 31684 D downloader2: Got URL response, starting to read response body. uri=https://www.gstatic.com/mdi-serving/rubidium-adservices-adtech-enrollment/11167/b5d1a96edb6a1f0a4859f71195a3dae118baacfc
08-06 10:09:40.071 24905 24905 I pixel-thermal: VIRTUAL-USB-UI:0 raw data: USB-MINUS-CHARGER:-2827 VIRTUAL-USB-UI:0 charger_therm:31416 usb_conn_therm:28589
08-06 10:09:40.071 24905 24905 I pixel-thermal: VIRTUAL-USB-THROTTLING:0 raw data: USB-MINUS-CHARGER:-2827 VIRTUAL-USB-THROTTLING:0 usb_conn_therm:28589
08-06 10:09:40.073 24905 24905 I pixel-thermal: VIRTUAL-SKIN-SPEAKER:34.1442 raw data: IS_VSKIN_SPEAKER_MODEL_WITHIN_RANGE:1 IS_VSKIN_SPEAKER_MODEL_WITHIN_RANGE_CHECK:2 NO_VSKIN_SPEAKER_MODEL_WITHIN_RANGE:0 VIRTUAL-SKIN-SPEAKER:34144.2 VIRTUAL-SKIN-SPEAKER-LEGACY:34144.2 VIRTUAL-SKIN-SPEAKER-MODEL:34144.2 maxfg_base:27400 usb_conn_therm:28589
08-06 10:09:40.078 24905 24905 I pixel-thermal: VIRTUAL-SKIN:29.3734 raw data: CLOSE_WEIGHT:1 OPEN_WEIGHT:0 VIRTUAL-SKIN:29373.4 VIRTUAL-SKIN-CLOSE:29373.4 VIRTUAL-SKIN-CLOSE-SUB-1:29373.4 VIRTUAL-SKIN-CLOSE-SUB-2:29313 VIRTUAL-SKIN-CLOSE-SUB-3:28116.1 VIRTUAL-SKIN-CLOSE-SUB-4:27265.5 VIRTUAL-SKIN-LEGACY:29373.4 VIRTUAL-SKIN-OPEN:30466.4 VIRTUAL-SKIN-OPEN-SUB-1:27600.4 VIRTUAL-SKIN-OPEN-SUB-2:30466.4 charger_therm:31416 display_therm:27454 gnss_tcxo_therm:29724 inner_brightness:0 inner_display_therm:29101 maxfg_base:27400 maxfg_secondary:26100 modem_therm:30058 rffe_therm:30036 soc_therm:30548 usb_conn_therm:28589
08-06 10:09:40.079 24905 24905 I pixel-thermal: rffe_therm:30.036 raw data: rffe_therm:30036
08-06 10:09:40.079 24905 24905 I pixel-thermal: VIRTUAL-SKIN-CHARGE-WIRED:29.5181 raw data: CLOSE_WEIGHT:1 IS_WLC:0 NO_WLC:1 OPEN_WEIGHT:0 VIRTUAL-SKIN-CHARGE-WIRED:29518.1 VIRTUAL-SKIN-CHARGE-WIRED-CLOSE:29518.1 VIRTUAL-SKIN-CHARGE-WIRED-EQ:29518.1 VIRTUAL-SKIN-CHARGE-WIRED-OPEN:29544.3 WLC_CHECK:1 gnss_tcxo_therm:29724 modem_therm:30058 rffe_therm:30036 soc_therm:30548 thb_hda:53
08-06 10:09:40.080 24905 24905 I pixel-thermal: VIRTUAL-SKIN-OUTER-DISPLAY:27.348 raw data: VIRTUAL-SKIN-OUTER-DISPLAY:27348 display_therm:27454
08-06 10:09:40.080 24905 24905 I pixel-thermal: cellular-emergency:29.3734 raw data: VIRTUAL-SKIN:29373.4 cellular-emergency:29373.4
08-06 10:09:40.080 24905 24905 I pixel-thermal: soc_therm:30.548 raw data: soc_therm:30548
08-06 10:09:40.080 471 497 I eger : (REDACTED) Recache due to %s
08-06 10:09:40.080 24905 24905 I pixel-thermal: VIRTUAL-SKIN-CHARGE-PERSIST:29.5181 raw data: IS_WLC:0 NO_WLC:1 VIRTUAL-SKIN-CHARGE-PERSIST:29518.1 VIRTUAL-SKIN-CHARGE-WIRED-EQ:29518.1 VIRTUAL-SKIN-CHARGE-WLC-EQ:29617.2 charger_therm:31416 gnss_tcxo_therm:29724 rffe_therm:30036
08-06 10:09:40.080 24905 24905 I pixel-thermal: VIRTUAL-SKIN-INNER-DISPLAY:30.4664 raw data: VIRTUAL-SKIN-INNER-DISPLAY:30466.4 VIRTUAL-SKIN-OPEN:30466.4
08-06 10:09:40.084 24905 24905 I pixel-thermal: battery:27.4 raw data: battery:27400
08-06 10:09:40.085 24905 24905 I pixel-thermal: gnss_tcxo_therm:29.724 raw data: gnss_tcxo_therm:29724
08-06 10:09:40.085 24905 24905 I pixel-thermal: charger_therm:31.416 raw data: charger_therm:31416
08-06 10:09:40.085 24905 24905 I pixel-thermal: usb_conn_therm:28.589 raw data: usb_conn_therm:28589
08-06 10:09:40.085 24905 24905 I pixel-thermal: modem_therm:30.058 raw data: modem_therm:30058
08-06 10:09:40.085 13242 31684 D downloader2: Response body written. bytesWritten=286, uri=https://www.gstatic.com/mdi-serving/rubidium-adservices-adtech-enrollment/11167/b5d1a96edb6a1f0a4859f71195a3dae118baacfc
08-06 10:09:40.087 13242 31685 D downloader2: Queued download completed, running queued downloads: https://www.gstatic.com/mdi-serving/rubidium-adservices-adtech-enrollment/11167/b5d1a96edb6a1f0a4859f71195a3dae118baacfc
08-06 10:09:40.087 13242 31685 D downloader2: Connectivity satisfied; running request. uri=https://www.gstatic.com/mdi-serving/rubidium-adservices-topics-classifier/1986/9e98784bcdb26a3eb2ab3f65ee811f43177c761f
08-06 10:09:40.088 13242 31685 I downloader2: Exceeded max concurrent downloads, not running another queued request
08-06 10:09:40.090 13242 31684 D downloader2: Download complete, running queued downloads: https://www.gstatic.com/mdi-serving/rubidium-adservices-adtech-enrollment/11167/b5d1a96edb6a1f0a4859f71195a3dae118baacfc
08-06 10:09:40.090 13242 31684 I downloader2: Exceeded max concurrent downloads, not running another queued request
08-06 10:09:40.100 471 497 I eger : (REDACTED) Recache due to %s
08-06 10:09:40.101 1207 3941 W APM::HwModule: getDeviceDescriptor: could not find HW module for device (AUDIO_DEVICE_OUT_WIRED_HEADSET, 00000004) address
08-06 10:09:40.103 1207 3941 W APM::HwModule: getDeviceDescriptor: could not find HW module for device (AUDIO_DEVICE_OUT_WIRED_HEADPHONE, 00000008) address
08-06 10:09:40.110 13242 31684 D downloader2: Got URL response, starting to read response body. uri=https://www.gstatic.com/mdi-serving/rubidium-adservices-ui-ota-strings/4265/91ac5d17ab9f2445a3462f98f5249a73e9b0e235
08-06 10:09:40.119 1128 1166 E statsd : regex_error: subexpressions are not allowed, pattern: (\.[0-9a-fA-F]{4,})+$
08-06 10:09:40.126 13242 24110 D downloader2: New request enqueued, running queue: https://www.gstatic.com/mdi-serving/rubidium-adservices-adtech-enrollment/11167/b5d1a96edb6a1f0a4859f71195a3dae118baacfc
08-06 10:09:40.126 13242 24110 I downloader2: Exceeded max concurrent downloads, not running another queued request
08-06 10:09:40.133 28776 28925 W libc : Access denied finding property "persist.adb.tls_server.enable"
08-06 10:09:40.135 28776 28925 W libc : Access denied finding property "service.adb.tls.port"
08-06 10:09:40.140 471 497 I eger : (REDACTED) Recache due to %s
08-06 10:09:40.147 471 491 I eger : (REDACTED) Recache due to %s
08-06 10:09:40.152 471 497 I eger : (REDACTED) Recache due to %s
08-06 10:09:40.156 13242 31807 D downloader2: Got URL response, starting to read response body. uri=https://www.gstatic.com/mdi-serving/rubidium-adservices-topics-classifier/1986/9e98784bcdb26a3eb2ab3f65ee811f43177c761f
08-06 10:09:40.160 13242 31683 D downloader2: Response body written. bytesWritten=267, uri=https://www.gstatic.com/mdi-serving/rubidium-adservices-ui-ota-strings/4265/91ac5d17ab9f2445a3462f98f5249a73e9b0e235
08-06 10:09:40.161 13242 31773 D downloader2: Queued download completed, running queued downloads: https://www.gstatic.com/mdi-serving/rubidium-adservices-ui-ota-strings/4265/91ac5d17ab9f2445a3462f98f5249a73e9b0e235
08-06 10:09:40.161 13242 31773 D downloader2: Connectivity satisfied; running request. uri=https://www.gstatic.com/mdi-serving/rubidium-adservices-adtech-enrollment/11167/b5d1a96edb6a1f0a4859f71195a3dae118baacfc
08-06 10:09:40.162 13242 31773 I downloader2: Exceeded max concurrent downloads, not running another queued request
08-06 10:09:40.164 13242 31683 D downloader2: Download complete, running queued downloads: https://www.gstatic.com/mdi-serving/rubidium-adservices-ui-ota-strings/4265/91ac5d17ab9f2445a3462f98f5249a73e9b0e235
08-06 10:09:40.164 13242 31683 I downloader2: Exceeded max concurrent downloads, not running another queued request
08-06 10:09:40.181 471 491 I eger : (REDACTED) Updated cache size from %d to %d
08-06 10:09:40.181 1207 3941 W APM::HwModule: getDeviceDescriptor: could not find HW module for device (AUDIO_DEVICE_OUT_WIRED_HEADSET, 00000004) address
08-06 10:09:40.183 1207 3941 W APM::HwModule: getDeviceDescriptor: could not find HW module for device (AUDIO_DEVICE_OUT_WIRED_HEADPHONE, 00000008) address
08-06 10:09:40.187 13242 31688 D ErrorCodeSampler: Logging error code: 17 for the sample interval 10000: false
08-06 10:09:40.189 13242 31773 D downloader2: Response body written. bytesWritten=1233, uri=https://www.gstatic.com/mdi-serving/rubidium-adservices-topics-classifier/1986/9e98784bcdb26a3eb2ab3f65ee811f43177c761f
08-06 10:09:40.193 13242 31684 D downloader2: Queued download completed, running queued downloads: https://www.gstatic.com/mdi-serving/rubidium-adservices-topics-classifier/1986/9e98784bcdb26a3eb2ab3f65ee811f43177c761f
08-06 10:09:40.197 471 471 D WM-SystemJobService: onStartJob for WorkGenerationalId(workSpecId=868ced06-a392-4580-bfcb-e4f9bc217496, generation=82)
08-06 10:09:40.203 13242 31773 D downloader2: Download complete, running queued downloads: https://www.gstatic.com/mdi-serving/rubidium-adservices-topics-classifier/1986/9e98784bcdb26a3eb2ab3f65ee811f43177c761f
08-06 10:09:40.218 1207 3941 W APM::HwModule: getDeviceDescriptor: could not find HW module for device (AUDIO_DEVICE_OUT_WIRED_HEADSET, 00000004) address
08-06 10:09:40.219 1207 3941 W APM::HwModule: getDeviceDescriptor: could not find HW module for device (AUDIO_DEVICE_OUT_WIRED_HEADPHONE, 00000008) address
08-06 10:09:40.224 1207 3941 W APM::HwModule: getDeviceDescriptor: could not find HW module for device (AUDIO_DEVICE_OUT_WIRED_HEADSET, 00000004) address
08-06 10:09:40.225 1207 3941 W APM::HwModule: getDeviceDescriptor: could not find HW module for device (AUDIO_DEVICE_OUT_WIRED_HEADPHONE, 00000008) address
08-06 10:09:40.242 471 497 I eger : (REDACTED) Recache due to %s
08-06 10:09:40.243 1450 1450 I adbd : adbd service requested 'shell,v2,TERM=xterm:export ANDROID_LOG_TAGS=''; exec logcat '-d' '-v' 'brief''
08-06 10:09:40.252 13242 31688 D downloader2: Got URL response, starting to read response body. uri=https://www.gstatic.com/mdi-serving/rubidium-adservices-adtech-enrollment/11167/b5d1a96edb6a1f0a4859f71195a3dae118baacfc
08-06 10:09:40.257 1207 3941 W APM::HwModule: getDeviceDescriptor: could not find HW module for device (AUDIO_DEVICE_OUT_WIRED_HEADSET, 00000004) address
08-06 10:09:40.257 1207 3941 W APM::HwModule: getDeviceDescriptor: could not find HW module for device (AUDIO_DEVICE_OUT_WIRED_HEADPHONE, 00000008) address
08-06 10:09:40.257 13242 24110 D downloader2: New request enqueued, running queue: https://www.gstatic.com/mdi-serving/rubidium-adservices-ui-ota-strings/4265/91ac5d17ab9f2445a3462f98f5249a73e9b0e235
08-06 10:09:40.258 13242 24110 D downloader2: Connectivity satisfied; running request. uri=https://www.gstatic.com/mdi-serving/rubidium-adservices-ui-ota-strings/4265/91ac5d17ab9f2445a3462f98f5249a73e9b0e235
08-06 10:09:40.258 13242 24110 I downloader2: Exceeded max concurrent downloads, not running another queued request
08-06 10:09:40.259 471 491 D WM-Processor: Work WorkGenerationalId(workSpecId=aad42fbf-a107-4e8b-a739-92120214feac, generation=82) is already enqueued for processing
08-06 10:09:40.270 13242 31684 D downloader2: Response body written. bytesWritten=286, uri=https://www.gstatic.com/mdi-serving/rubidium-adservices-adtech-enrollment/11167/b5d1a96edb6a1f0a4859f71195a3dae118baacfc
08-06 10:09:40.273 13242 31683 D downloader2: Queued download completed, running queued downloads: https://www.gstatic.com/mdi-serving/rubidium-adservices-adtech-enrollment/11167/b5d1a96edb6a1f0a4859f71195a3dae118baacfc
08-06 10:09:40.273 471 497 I eger : (REDACTED) Recache due to %s
08-06 10:09:40.277 471 497 I eger : (REDACTED) Recache due to %s
08-06 10:09:40.277 13242 31684 D downloader2: Download complete, running queued downloads: https://www.gstatic.com/mdi-serving/rubidium-adservices-adtech-enrollment/11167/b5d1a96edb6a1f0a4859f71195a3dae118baacfc
08-06 10:09:40.280 471 498 D WM-Processor: Work WorkGenerationalId(workSpecId=868ced06-a392-4580-bfcb-e4f9bc217496, generation=82) is already enqueued for processing
08-06 10:09:40.304 471 497 I eger : (REDACTED) Recache due to %s
08-06 10:09:40.336 13242 15114 D downloader2: New request enqueued, running queue: https://www.gstatic.com/mdi-serving/rubidium-adservices-topics-classifier/1986/9e98784bcdb26a3eb2ab3f65ee811f43177c761f
08-06 10:09:40.336 13242 15114 D downloader2: Connectivity satisfied; running request. uri=https://www.gstatic.com/mdi-serving/rubidium-adservices-topics-classifier/1986/9e98784bcdb26a3eb2ab3f65ee811f43177c761f
08-06 10:09:40.336 13242 15114 I downloader2: Exceeded max concurrent downloads, not running another queued request
08-06 10:09:40.338 13242 23752 D downloader2: New request enqueued, running queue: https://www.gstatic.com/mdi-serving/rubidium-adservices-adtech-enrollment/11167/b5d1a96edb6a1f0a4859f71195a3dae118baacfc
08-06 10:09:40.338 13242 23752 I downloader2: Exceeded max concurrent downloads, not running another queued request
08-06 10:09:40.358 13242 31685 D downloader2: Got URL response, starting to read response body. uri=https://www.gstatic.com/mdi-serving/rubidium-adservices-ui-ota-strings/4265/91ac5d17ab9f2445a3462f98f5249a73e9b0e235
08-06 10:09:40.360 471 499 I eger : (REDACTED) Recache due to %s
08-06 10:09:40.361 471 499 I eger : (REDACTED) Recache due to %s
08-06 10:09:40.363 471 499 I eger : (REDACTED) Recache due to %s
08-06 10:09:40.365 13242 31687 D downloader2: Response body written. bytesWritten=267, uri=https://www.gstatic.com/mdi-serving/rubidium-adservices-ui-ota-strings/4265/91ac5d17ab9f2445a3462f98f5249a73e9b0e235
08-06 10:09:40.366 13242 31688 D downloader2: Queued download completed, running queued downloads: https://www.gstatic.com/mdi-serving/rubidium-adservices-ui-ota-strings/4265/91ac5d17ab9f2445a3462f98f5249a73e9b0e235
08-06 10:09:40.366 13242 31688 D downloader2: Connectivity satisfied; running request. uri=https://www.gstatic.com/mdi-serving/rubidium-adservices-adtech-enrollment/11167/b5d1a96edb6a1f0a4859f71195a3dae118baacfc
08-06 10:09:40.366 13242 31688 I downloader2: Exceeded max concurrent downloads, not running another queued request
08-06 10:09:40.367 471 499 I eger : (REDACTED) Recache due to %s
08-06 10:09:40.368 13242 31687 D downloader2: Download complete, running queued downloads: https://www.gstatic.com/mdi-serving/rubidium-adservices-ui-ota-strings/4265/91ac5d17ab9f2445a3462f98f5249a73e9b0e235
08-06 10:09:40.368 13242 31687 I downloader2: Exceeded max concurrent downloads, not running another queued request
08-06 10:09:40.369 471 499 I eger : (REDACTED) Recache due to %s
08-06 10:09:40.376 13242 16495 D downloader2: New request enqueued, running queue: https://www.gstatic.com/mdi-serving/rubidium-adservices-ui-ota-strings/4265/91ac5d17ab9f2445a3462f98f5249a73e9b0e235
08-06 10:09:40.376 13242 16495 I downloader2: Exceeded max concurrent downloads, not running another queued request
08-06 10:09:40.377 471 499 I eger : (REDACTED) Recache due to %s
08-06 10:09:40.380 471 499 I eger : (REDACTED) Recache due to %s
08-06 10:09:40.384 471 499 I eger : (REDACTED) Recache due to %s
08-06 10:09:40.426 13242 31687 D downloader2: Got URL response, starting to read response body. uri=https://www.gstatic.com/mdi-serving/rubidium-adservices-topics-classifier/1986/9e98784bcdb26a3eb2ab3f65ee811f43177c761f
08-06 10:09:40.432 13242 31684 D downloader2: Response body written. bytesWritten=1233, uri=https://www.gstatic.com/mdi-serving/rubidium-adservices-topics-classifier/1986/9e98784bcdb26a3eb2ab3f65ee811f43177c761f
08-06 10:09:40.432 13242 31683 D downloader2: Queued download completed, running queued downloads: https://www.gstatic.com/mdi-serving/rubidium-adservices-topics-classifier/1986/9e98784bcdb26a3eb2ab3f65ee811f43177c761f
08-06 10:09:40.433 13242 31683 D downloader2: Connectivity satisfied; running request. uri=https://www.gstatic.com/mdi-serving/rubidium-adservices-ui-ota-strings/4265/91ac5d17ab9f2445a3462f98f5249a73e9b0e235
08-06 10:09:40.433 13242 31683 I downloader2: Exceeded max concurrent downloads, not running another queued request
08-06 10:09:40.434 13242 31684 D downloader2: Download complete, running queued downloads: https://www.gstatic.com/mdi-serving/rubidium-adservices-topics-classifier/1986/9e98784bcdb26a3eb2ab3f65ee811f43177c761f
08-06 10:09:40.434 13242 31684 I downloader2: Exceeded max concurrent downloads, not running another queued request
08-06 10:09:40.464 13242 31687 D downloader2: Got URL response, starting to read response body. uri=https://www.gstatic.com/mdi-serving/rubidium-adservices-adtech-enrollment/11167/b5d1a96edb6a1f0a4859f71195a3dae118baacfc
08-06 10:09:40.469 13242 31773 D downloader2: Response body written. bytesWritten=286, uri=https://www.gstatic.com/mdi-serving/rubidium-adservices-adtech-enrollment/11167/b5d1a96edb6a1f0a4859f71195a3dae118baacfc
08-06 10:09:40.470 13242 31685 D downloader2: Queued download completed, running queued downloads: https://www.gstatic.com/mdi-serving/rubidium-adservices-adtech-enrollment/11167/b5d1a96edb6a1f0a4859f71195a3dae118baacfc
08-06 10:09:40.470 13242 31773 D downloader2: Download complete, running queued downloads: https://www.gstatic.com/mdi-serving/rubidium-adservices-adtech-enrollment/11167/b5d1a96edb6a1f0a4859f71195a3dae118baacfc
08-06 10:09:40.483 13242 31773 D ErrorCodeSampler: Logging error code: 17 for the sample interval 10000: false
08-06 10:09:40.487 13242 23946 D downloader2: New request enqueued, running queue: https://www.gstatic.com/mdi-serving/rubidium-adservices-adtech-enrollment/11167/b5d1a96edb6a1f0a4859f71195a3dae118baacfc
08-06 10:09:40.487 13242 23946 D downloader2: Connectivity satisfied; running request. uri=https://www.gstatic.com/mdi-serving/rubidium-adservices-adtech-enrollment/11167/b5d1a96edb6a1f0a4859f71195a3dae118baacfc
08-06 10:09:40.498 13242 23946 I downloader2: Exceeded max concurrent downloads, not running another queued request
08-06 10:09:40.501 471 471 D WM-SystemJobService: onStartJob for WorkGenerationalId(workSpecId=603114ff-5510-4f83-a829-5aac21aef50b, generation=82)
08-06 10:09:40.503 471 498 D WM-Processor: Work WorkGenerationalId(workSpecId=603114ff-5510-4f83-a829-5aac21aef50b, generation=82) is already enqueued for processing
08-06 10:09:40.527 13242 31687 D downloader2: Got URL response, starting to read response body. uri=https://www.gstatic.com/mdi-serving/rubidium-adservices-ui-ota-strings/4265/91ac5d17ab9f2445a3462f98f5249a73e9b0e235
08-06 10:09:40.542 13242 31688 D downloader2: Response body written. bytesWritten=267, uri=https://www.gstatic.com/mdi-serving/rubidium-adservices-ui-ota-strings/4265/91ac5d17ab9f2445a3462f98f5249a73e9b0e235
08-06 10:09:40.548 13242 31688 D downloader2: Download complete, running queued downloads: https://www.gstatic.com/mdi-serving/rubidium-adservices-ui-ota-strings/4265/91ac5d17ab9f2445a3462f98f5249a73e9b0e235
08-06 10:09:40.548 13242 31688 I downloader2: Exceeded max concurrent downloads, not running another queued request
08-06 10:09:40.548 13242 31684 D downloader2: Queued download completed, running queued downloads: https://www.gstatic.com/mdi-serving/rubidium-adservices-ui-ota-strings/4265/91ac5d17ab9f2445a3462f98f5249a73e9b0e235
08-06 10:09:40.575 13242 31684 D downloader2: Got URL response, starting to read response body. uri=https://www.gstatic.com/mdi-serving/rubidium-adservices-adtech-enrollment/11167/b5d1a96edb6a1f0a4859f71195a3dae118baacfc
08-06 10:09:40.582 13242 31773 D downloader2: Response body written. bytesWritten=286, uri=https://www.gstatic.com/mdi-serving/rubidium-adservices-adtech-enrollment/11167/b5d1a96edb6a1f0a4859f71195a3dae118baacfc
08-06 10:09:40.582 13242 31773 D downloader2: Download complete, running queued downloads: https://www.gstatic.com/mdi-serving/rubidium-adservices-adtech-enrollment/11167/b5d1a96edb6a1f0a4859f71195a3dae118baacfc
08-06 10:09:40.583 13242 31683 D downloader2: Queued download completed, running queued downloads: https://www.gstatic.com/mdi-serving/rubidium-adservices-adtech-enrollment/11167/b5d1a96edb6a1f0a4859f71195a3dae118baacfc
08-06 10:09:40.596 13242 31683 D ErrorCodeSampler: Logging error code: 17 for the sample interval 10000: false
08-06 10:09:40.630 471 497 I eger : (REDACTED) Recache due to %s
08-06 10:09:40.632 471 499 I eger : (REDACTED) Recache due to %s
08-06 10:09:40.680 471 499 I eger : (REDACTED) Recache due to %s
08-06 10:09:40.680 471 497 I eger : (REDACTED) Recache due to %s
08-06 10:09:40.693 471 499 I eger : (REDACTED) Recache due to %s
08-06 10:09:40.695 471 497 I eger : (REDACTED) Recache due to %s
08-06 10:09:40.703 471 499 I eger : (REDACTED) Recache due to %s
08-06 10:09:40.705 471 497 I eger : (REDACTED) Recache due to %s
08-06 10:09:40.705 471 499 I eger : (REDACTED) Recache due to %s
08-06 10:09:40.708 471 497 I eger : (REDACTED) Recache due to %s
08-06 10:09:40.787 471 31677 I native : I0000 00:00:1785982180.787724 31677 geller_cache.cc:2007] Data size config for PRIVACY_SETTINGS is 1048576 bytes
08-06 10:09:40.796 471 31677 I native : I0000 00:00:1785982180.796138 31677 geller_cache.cc:2009] Actual data size for PRIVACY_SETTINGS is 2701 bytes
08-06 10:09:40.796 471 497 I eger : (REDACTED) Recache due to %s
08-06 10:09:40.797 471 31677 W native : W0000 00:00:1785982180.797491 31677 geller_cache.cc:1887] Sync timestamp is empty for ASSISTANT_EPHEMERAL_AUDIO, so cleanup for data_retention_days config cannot run
08-06 10:09:40.800 471 499 I eger : (REDACTED) Recache due to %s
08-06 10:09:40.801 471 497 I eger : (REDACTED) Recache due to %s
08-06 10:09:40.803 471 499 I eger : (REDACTED) Recache due to %s
08-06 10:09:40.806 471 31677 I dmon : readDataAsElementId
08-06 10:09:40.807 471 31677 I native : I0000 00:00:1785982180.807576 31677 geller_cache.cc:2007] Data size config for ASSISTANT_EPHEMERAL_AUDIO is 1048576 bytes
08-06 10:09:40.807 471 31677 I native : I0000 00:00:1785982180.807686 31677 geller_cache.cc:2009] Actual data size for ASSISTANT_EPHEMERAL_AUDIO is 0 bytes
08-06 10:09:40.810 471 497 I eger : (REDACTED) Recache due to %s
08-06 10:09:40.810 471 31677 I dmon : readDataAsElementId
08-06 10:09:40.811 471 31677 W native : W0000 00:00:1785982180.811411 31677 geller_cache.cc:1887] Sync timestamp is empty for ASSISTANT_DRIVING_SETTINGS_MUTATIONS, so cleanup for data_retention_days config cannot run
08-06 10:09:40.815 471 31677 I dmon : readDataAsElementId
08-06 10:09:40.816 471 499 I eger : (REDACTED) Recache due to %s
08-06 10:09:40.817 471 31677 I native : I0000 00:00:1785982180.816972 31677 geller_cache.cc:2007] Data size config for ASSISTANT_DRIVING_SETTINGS_MUTATIONS is 1048576 bytes
08-06 10:09:40.817 471 31677 I native : I0000 00:00:1785982180.817077 31677 geller_cache.cc:2009] Actual data size for ASSISTANT_DRIVING_SETTINGS_MUTATIONS is 0 bytes
08-06 10:09:40.821 471 31677 I dmoo : (REDACTED) The Geller SyncConfig is not present, defaulting isUploadEnabled for corpus %s to true.
08-06 10:09:40.821 471 31677 I dmon : readDataAsElementId
08-06 10:09:40.822 471 499 I eger : (REDACTED) Recache due to %s
08-06 10:09:40.822 471 497 I eger : (REDACTED) Recache due to %s
08-06 10:09:40.824 471 31677 I native : I0000 00:00:1785982180.823987 31677 geller_cache.cc:2007] Data size config for ASSISTANT_HISTORY_ON_DEVICE_UNREDACTED is 1048576 bytes
08-06 10:09:40.824 471 31677 I native : I0000 00:00:1785982180.824227 31677 geller_cache.cc:2009] Actual data size for ASSISTANT_HISTORY_ON_DEVICE_UNREDACTED is 0 bytes
08-06 10:09:40.826 471 31677 I dmon : readDataAsElementId
08-06 10:09:40.827 471 31677 I native : I0000 00:00:1785982180.827847 31677 geller_cache.cc:2007] Data size config for AMBIENT_ASSISTANT_LOCATION_FEEDBACK is 1048576 bytes
08-06 10:09:40.827 471 31677 I native : I0000 00:00:1785982180.827960 31677 geller_cache.cc:2009] Actual data size for AMBIENT_ASSISTANT_LOCATION_FEEDBACK is 0 bytes
08-06 10:09:40.830 471 31677 I dmon : readDataAsElementId
08-06 10:09:40.833 471 31677 I dmon : readDataAsElementId
08-06 10:09:40.834 471 31677 I native : I0000 00:00:1785982180.834647 31677 geller_cache.cc:2007] Data size config for LENS_HISTORY_QUERY is 1048576 bytes
08-06 10:09:40.834 471 31677 I native : I0000 00:00:1785982180.834937 31677 geller_cache.cc:2009] Actual data size for LENS_HISTORY_QUERY is 164 bytes
08-06 10:09:40.835 471 31677 W native : W0000 00:00:1785982180.835309 31677 geller_cache.cc:1887] Sync timestamp is empty for ASSISTANT_LOCKSCREEN_SETTINGS_MUTATIONS, so cleanup for data_retention_days config cannot run
08-06 10:09:40.837 471 31677 I dmon : readDataAsElementId
08-06 10:09:40.837 471 31677 I native : I0000 00:00:1785982180.837629 31677 geller_cache.cc:2007] Data size config for ASSISTANT_LOCKSCREEN_SETTINGS_MUTATIONS is 1048576 bytes
08-06 10:09:40.837 471 31677 I native : I0000 00:00:1785982180.837685 31677 geller_cache.cc:2009] Actual data size for ASSISTANT_LOCKSCREEN_SETTINGS_MUTATIONS is 0 bytes
08-06 10:09:40.838 471 31677 W native : W0000 00:00:1785982180.837997 31677 geller_cache.cc:1887] Sync timestamp is empty for VAAV2_BLUE_BAR, so cleanup for data_retention_days config cannot run
08-06 10:09:40.840 471 31677 I dmon : readDataAsElementId
08-06 10:09:40.841 471 31677 I native : I0000 00:00:1785982180.841560 31677 geller_cache.cc:2007] Data size config for VAAV2_BLUE_BAR is 1048576 bytes
08-06 10:09:40.841 471 31677 I native : I0000 00:00:1785982180.841646 31677 geller_cache.cc:2009] Actual data size for VAAV2_BLUE_BAR is 0 bytes
08-06 10:09:40.843 471 31677 I dmon : readDataAsElementId
08-06 10:09:40.846 471 31677 I dmon : readDataAsElementId
08-06 10:09:40.848 471 31677 I dmon : readDataAsElementId
08-06 10:09:40.848 471 31677 W native : W0000 00:00:1785982180.848915 31677 geller_cache.cc:1887] Sync timestamp is empty for ASSISTANT_VOICE_SETTINGS, so cleanup for data_retention_days config cannot run
08-06 10:09:40.851 471 31677 I dmon : readDataAsElementId
08-06 10:09:40.851 471 31677 I native : I0000 00:00:1785982180.851911 31677 geller_cache.cc:2007] Data size config for ASSISTANT_VOICE_SETTINGS is 1048576 bytes
08-06 10:09:40.851 471 31677 I native : I0000 00:00:1785982180.851977 31677 geller_cache.cc:2009] Actual data size for ASSISTANT_VOICE_SETTINGS is 0 bytes
08-06 10:09:40.852 471 31677 W native : W0000 00:00:1785982180.852290 31677 geller_cache.cc:1887] Sync timestamp is empty for SONG_SEARCH_HISTORY, so cleanup for data_retention_days config cannot run
08-06 10:09:40.854 471 31677 I dmon : readDataAsElementId
08-06 10:09:40.855 471 31677 I native : I0000 00:00:1785982180.855528 31677 geller_cache.cc:2007] Data size config for SONG_SEARCH_HISTORY is 1048576 bytes
