08-06 10:09:44.702 3849 4150 D SatelliteController: handleServiceStateForSatelliteConnectionViaCarrier: resetCarrierRoamingSatelliteModeParams: device is connected to terrestrial service or radio is off
08-06 10:09:44.702 1761 31571 W PackageConfigPersister: App-specific configuration not found for packageName: com.cxsw.sdprinter and userId: 0
08-06 10:09:44.702 3849 4150 D SatelliteController: handleServiceStateForSatelliteConnectionViaCarrier: clearing current satellite per plmn configs for subId: 3
08-06 10:09:44.702 1761 31571 W PackageConfigPersister: App-specific configuration not found for packageName: com.android.musicfx and userId: 0
08-06 10:09:44.702 1761 31571 W PackageConfigPersister: App-specific configuration not found for packageName: com.android.devicediagnostics.auto_generated_rro_vendor__ and userId: 0
08-06 10:09:44.702 3849 4150 D SatelliteController: getCarrierRoamingNtnConnectType: Checking connect type from PLMN config for subId: 3
08-06 10:09:44.702 1761 31571 W PackageConfigPersister: App-specific configuration not found for packageName: com.etsy.android and userId: 0
08-06 10:09:44.702 3849 4150 D TelephonyConfigUpdateInstallReceiver: getConfigParser: domain=satellite
08-06 10:09:44.702 1761 31571 W PackageConfigPersister: App-specific configuration not found for packageName: com.google.android.apps.bard and userId: 0
08-06 10:09:44.702 3849 4150 V SatelliteController: satelliteConfigParser is not ready
08-06 10:09:44.702 3849 4150 D SatelliteController: isSatelliteAttachSupportedViaConfigupdater: return null (satelliteConfig is null)
08-06 10:09:44.702 1761 31571 W PackageConfigPersister: App-specific configuration not found for packageName: com.google.android.apps.docs and userId: 0
08-06 10:09:44.702 1761 31571 W PackageConfigPersister: App-specific configuration not found for packageName: com.google.android.apps.maps and userId: 0
08-06 10:09:44.702 1761 31571 W PackageConfigPersister: App-specific configuration not found for packageName: com.google.android.apps.tips and userId: 0
08-06 10:09:44.702 1761 31571 W PackageConfigPersister: App-specific configuration not found for packageName: com.google.android.documentsui.theme.pixel and userId: 0
08-06 10:09:44.702 1761 31571 W PackageConfigPersister: App-specific configuration not found for packageName: intl.costco.com.mobile.australia and userId: 0
08-06 10:09:44.702 1761 31571 W PackageConfigPersister: App-specific configuration not found for packageName: com.google.android.modulemetadata and userId: 0
08-06 10:09:44.702 1761 31571 W PackageConfigPersister: App-specific configuration not found for packageName: com.oculus.twilight and userId: 0
08-06 10:09:44.702 1761 31571 W PackageConfigPersister: App-specific configuration not found for packageName: com.ubercab.eats and userId: 0
08-06 10:09:44.702 1761 31571 W PackageConfigPersister: App-specific configuration not found for packageName: com.google.android.avatarpicker and userId: 0
08-06 10:09:44.702 1761 31571 W PackageConfigPersister: App-specific configuration not found for packageName: com.clearscore.mobile and userId: 0
08-06 10:09:44.702 1761 31571 W PackageConfigPersister: App-specific configuration not found for packageName: com.google.android.overlay.sfpsoverlay and userId: 0
08-06 10:09:44.702 1761 31571 W PackageConfigPersister: App-specific configuration not found for packageName: com.google.android.microdroid.empty_payload and userId: 0
08-06 10:09:44.702 1761 31571 W PackageConfigPersister: App-specific configuration not found for packageName: com.google.android.crossdeviceaccessservice.auto_generated_rro_vendor__ and userId: 0
08-06 10:09:44.702 1761 31571 W PackageConfigPersister: App-specific configuration not found for packageName: com.google.android.markup and userId: 0
08-06 10:09:44.702 1761 31571 W PackageConfigPersister: App-specific configuration not found for packageName: com.android.providers.settings.auto_generated_rro_vendor__ and userId: 0
08-06 10:09:44.702 1761 31571 W PackageConfigPersister: App-specific configuration not found for packageName: com.android.cellbroadcastreceiver and userId: 0
08-06 10:09:44.702 1761 31571 W PackageConfigPersister: App-specific configuration not found for packageName: com.google.android.webview and userId: 0
08-06 10:09:44.702 1761 31571 W PackageConfigPersister: App-specific configuration not found for packageName: com.google.android.apps.carrier.log and userId: 0
08-06 10:09:44.702 1761 31571 W PackageConfigPersister: App-specific configuration not found for packageName: com.google.android.networkstack and userId: 0
08-06 10:09:44.702 1761 31571 W PackageConfigPersister: App-specific configuration not found for packageName: host.exp.exponent and userId: 0
08-06 10:09:44.702 1761 31571 W PackageConfigPersister: App-specific configuration not found for packageName: com.google.android.rkpdapp and userId: 0
08-06 10:09:44.702 1761 31571 W PackageConfigPersister: App-specific configuration not found for packageName: com.google.android.contactkeys and userId: 0
08-06 10:09:44.702 1761 31571 W PackageConfigPersister: App-specific configuration not found for packageName: com.google.android.contacts and userId: 0
08-06 10:09:44.702 1761 31571 W PackageConfigPersister: App-specific configuration not found for packageName: bbl.intl.bambulab.com and userId: 0
08-06 10:09:44.702 1761 31571 W PackageConfigPersister: App-specific configuration not found for packageName: com.google.android.apps.nexuslauncher.auto_generated_rro_vendor__ and userId: 0
08-06 10:09:44.702 1761 31571 W PackageConfigPersister: App-specific configuration not found for packageName: com.google.android.apps.fitness and userId: 0
08-06 10:09:44.702 1761 31571 W PackageConfigPersister: App-specific configuration not found for packageName: com.android.server.telecom and userId: 0
08-06 10:09:44.702 1761 31571 W PackageConfigPersister: App-specific configuration not found for packageName: com.server.auditor.ssh.client and userId: 0
08-06 10:09:44.702 1761 31571 W PackageConfigPersister: App-specific configuration not found for packageName: com.android.keychain and userId: 0
08-06 10:09:44.702 1761 31571 W PackageConfigPersister: App-specific configuration not found for packageName: com.android.phone.auto_generated_characteristics_rro and userId: 0
08-06 10:09:44.702 1761 31571 W PackageConfigPersister: App-specific configuration not found for packageName: com.google.android.overlay.googleconfig and userId: 0
08-06 10:09:44.702 1761 31571 W PackageConfigPersister: App-specific configuration not found for packageName: com.android.systemui.clocks.inflate and userId: 0
08-06 10:09:44.702 1761 31571 W PackageConfigPersister: App-specific configuration not found for packageName: com.landr.mobile.app and userId: 0
08-06 10:09:44.702 1761 31571 W PackageConfigPersister: App-specific configuration not found for packageName: com.google.android.calculator and userId: 0
08-06 10:09:44.702 1761 31571 W PackageConfigPersister: App-specific configuration not found for packageName: com.android.chrome and userId: 0
08-06 10:09:44.702 1761 31571 W PackageConfigPersister: App-specific configuration not found for packageName: com.aftership.AfterShip and userId: 0
08-06 10:09:44.702 1761 31571 W PackageConfigPersister: App-specific configuration not found for packageName: com.android.bips.auto_generated_rro_product__ and userId: 0
08-06 10:09:44.702 1761 31571 W PackageConfigPersister: App-specific configuration not found for packageName: com.google.android.packageinstaller and userId: 0
08-06 10:09:44.702 1761 31571 W PackageConfigPersister: App-specific configuration not found for packageName: com.google.android.apps.customization.pixel and userId: 0
08-06 10:09:44.702 1761 31571 W PackageConfigPersister: App-specific configuration not found for packageName: com.bandlab.audiostretch and userId: 0
08-06 10:09:44.702 1761 31571 W PackageConfigPersister: App-specific configuration not found for packageName: com.google.android.gms and userId: 0
08-06 10:09:44.702 1761 31571 W PackageConfigPersister: App-specific configuration not found for packageName: com.google.android.gsf and userId: 0
08-06 10:09:44.702 1761 31571 W PackageConfigPersister: App-specific configuration not found for packageName: com.google.android.nfc and userId: 0
08-06 10:09:44.702 1761 31571 W PackageConfigPersister: App-specific configuration not found for packageName: com.google.android.pcs and userId: 0
08-06 10:09:44.702 1761 31571 W PackageConfigPersister: App-specific configuration not found for packageName: com.google.android.tag and userId: 0
08-06 10:09:44.702 1761 31571 W PackageConfigPersister: App-specific configuration not found for packageName: com.google.android.tts and userId: 0
08-06 10:09:44.702 1761 31571 W PackageConfigPersister: App-specific configuration not found for packageName: tv.twitch.android.app and userId: 0
08-06 10:09:44.702 1761 31571 W PackageConfigPersister: App-specific configuration not found for packageName: com.google.android.overlay.permissioncontroller and userId: 0
08-06 10:09:44.702 1761 31571 W PackageConfigPersister: App-specific configuration not found for packageName: com.google.android.apps.walletnfcrel and userId: 0
08-06 10:09:44.702 1761 31571 W PackageConfigPersister: App-specific configuration not found for packageName: com.android.calllogbackup and userId: 0
08-06 10:09:44.702 1761 31571 W PackageConfigPersister: App-specific configuration not found for packageName: com.google.android.partnersetup and userId: 0
08-06 10:09:44.702 1761 31571 W PackageConfigPersister: App-specific configuration not found for packageName: com.android.safetyregulatoryinfo and userId: 0
08-06 10:09:44.702 1761 31571 W PackageConfigPersister: App-specific configuration not found for packageName: com.android.cameraextensions and userId: 0
08-06 10:09:44.702 1761 31571 W PackageConfigPersister: App-specific configuration not found for packageName: com.nordvpn.android and userId: 0
08-06 10:09:44.702 1761 31571 W PackageConfigPersister: App-specific configuration not found for packageName: au.gov.wa.digital.service.mobile.servicewa.citizen and userId: 0
08-06 10:09:44.702 1761 31571 W PackageConfigPersister: App-specific configuration not found for packageName: com.google.android.apps.wallpaper.pixel and userId: 0
08-06 10:09:44.702 1761 31571 W PackageConfigPersister: App-specific configuration not found for packageName: com.epicgames.portal and userId: 0
08-06 10:09:44.702 1761 31571 W PackageConfigPersister: App-specific configuration not found for packageName: com.android.localtransport and userId: 0
08-06 10:09:44.702 1761 31571 W PackageConfigPersister: App-specific configuration not found for packageName: io.invideo.ai and userId: 0
08-06 10:09:44.702 1761 31571 W PackageConfigPersister: App-specific configuration not found for packageName: com.google.android.videos and userId: 0
08-06 10:09:44.702 1761 31571 W PackageConfigPersister: App-specific configuration not found for packageName: com.GybeGames.ColorBlockJam and userId: 0
08-06 10:09:44.702 1761 31571 W PackageConfigPersister: App-specific configuration not found for packageName: com.google.android.nfc.overlay and userId: 0
08-06 10:09:44.702 1761 31571 W PackageConfigPersister: App-specific configuration not found for packageName: com.loomgames.pixelflow and userId: 0
08-06 10:09:44.702 1761 31571 W PackageConfigPersister: App-specific configuration not found for packageName: com.google.android.satellite and userId: 0
08-06 10:09:44.702 1761 31571 W PackageConfigPersister: App-specific configuration not found for packageName: com.google.android.wallpaper.effects and userId: 0
08-06 10:09:44.702 3849 4150 D SatelliteController: getSatellitePerPlmnConfiguration: subId=3 return null
08-06 10:09:44.702 3849 4150 D SatelliteController: getCarrierRoamingNtnConnectType: config: null
08-06 10:09:44.702 3849 4150 D TelephonyConfigUpdateInstallReceiver: getConfigParser: domain=satellite
08-06 10:09:44.702 1761 31571 W PackageConfigPersister: App-specific configuration not found for packageName: com.google.android.apps.nexuslauncher and userId: 0
08-06 10:09:44.702 3849 4150 V SatelliteController: satelliteConfigParser is not ready
08-06 10:09:44.702 3849 4150 D SatelliteController: getCarrierRoamingNtnConnectTypeViaConfigUpdater: return null (satelliteConfig is null)
08-06 10:09:44.702 1761 31571 W PackageConfigPersister: App-specific configuration not found for packageName: com.telstra.mobile.android.mytelstra and userId: 0
08-06 10:09:44.703 1761 31571 W PackageConfigPersister: App-specific configuration not found for packageName: com.android.carrierdefaultapp and userId: 0
08-06 10:09:44.703 1761 31571 W PackageConfigPersister: App-specific configuration not found for packageName: com.google.android.virtualmachine.res and userId: 0
08-06 10:09:44.703 1761 31571 W PackageConfigPersister: App-specific configuration not found for packageName: com.google.android.grilservice.overlay.comet and userId: 0
08-06 10:09:44.703 1761 31571 W PackageConfigPersister: App-specific configuration not found for packageName: com.android.credentialmanager and userId: 0
08-06 10:09:44.703 1761 31571 W PackageConfigPersister: App-specific configuration not found for packageName: com.android.theme.font.notoserifsource and userId: 0
08-06 10:09:44.703 1761 31571 W PackageConfigPersister: App-specific configuration not found for packageName: com.android.DeviceAsWebcam and userId: 0
08-06 10:09:44.703 1761 31571 W PackageConfigPersister: App-specific configuration not found for packageName: com.shophumm and userId: 0
08-06 10:09:44.703 1761 31571 W PackageConfigPersister: App-specific configuration not found for packageName: com.ourpact.androidparent and userId: 0
08-06 10:09:44.703 1761 31571 W PackageConfigPersister: App-specific configuration not found for packageName: au.com.stjohnambulance.stjohnappprod and userId: 0
08-06 10:09:44.703 1761 31571 W PackageConfigPersister: App-specific configuration not found for packageName: com.android.proxyhandler and userId: 0
08-06 10:09:44.703 1761 31571 W PackageConfigPersister: App-specific configuration not found for packageName: com.google.android.safetycenter.resources and userId: 0
08-06 10:09:44.703 1761 31571 W PackageConfigPersister: App-specific configuration not found for packageName: com.google.android.compos.payload and userId: 0
08-06 10:09:44.703 1761 31571 W PackageConfigPersister: App-specific configuration not found for packageName: com.android.internal.display.cutout.emulation.waterfall and userId: 0
08-06 10:09:44.703 1761 31571 W PackageConfigPersister: App-specific configuration not found for packageName: com.android.intentresolver and userId: 0
08-06 10:09:44.703 1761 31571 W PackageConfigPersister: App-specific configuration not found for packageName: com.google.SSRestartDetector and userId: 0
08-06 10:09:44.703 1761 31571 W PackageConfigPersister: App-specific configuration not found for packageName: com.google.android.storagemanager.auto_generated_rro_vendor__ and userId: 0
08-06 10:09:44.703 1761 31571 W PackageConfigPersister: App-specific configuration not found for packageName: com.netflix.mediaclient and userId: 0
08-06 10:09:44.703 1761 31571 W PackageConfigPersister: App-specific configuration not found for packageName: org.videolan.vlc and userId: 0
08-06 10:09:44.703 1761 31571 W PackageConfigPersister: App-specific configuration not found for packageName: com.android.internal.systemui.navbar.transparent and userId: 0
08-06 10:09:44.703 1761 31571 W PackageConfigPersister: App-specific configuration not found for packageName: com.android.providers.contactkeys and userId: 0
08-06 10:09:44.703 1761 31571 W PackageConfigPersister: App-specific configuration not found for packageName: com.android.virtualgamepad and userId: 0
08-06 10:09:44.703 1761 31571 W PackageConfigPersister: App-specific configuration not found for packageName: com.zhiliaoapp.musically and userId: 0
08-06 10:09:44.703 1761 31571 W PackageConfigPersister: App-specific configuration not found for packageName: com.google.android.connectivity.resources and userId: 0
08-06 10:09:44.703 1761 31571 W PackageConfigPersister: App-specific configuration not found for packageName: com.dd.doordash and userId: 0
08-06 10:09:44.703 1761 31571 W PackageConfigPersister: App-specific configuration not found for packageName: com.android.providers.contacts.auto_generated_rro_product__ and userId: 0
08-06 10:09:44.703 1761 31571 W PackageConfigPersister: App-specific configuration not found for packageName: com.google.android.feedback and userId: 0
08-06 10:09:44.703 1761 31571 W PackageConfigPersister: App-specific configuration not found for packageName: com.google.android.printservice.recommendation and userId: 0
08-06 10:09:44.703 1761 31571 W PackageConfigPersister: App-specific configuration not found for packageName: com.google.android.apps.photos and userId: 0
08-06 10:09:44.703 1761 31571 W PackageConfigPersister: App-specific configuration not found for packageName: com.android.uwb.resources.pixel and userId: 0
08-06 10:09:44.703 1761 31571 W PackageConfigPersister: App-specific configuration not found for packageName: com.google.android.calendar and userId: 0
08-06 10:09:44.703 1761 31571 W PackageConfigPersister: App-specific configuration not found for packageName: com.android.managedprovisioning and userId: 0
08-06 10:09:44.703 1761 31571 W PackageConfigPersister: App-specific configuration not found for packageName: com.bandlegame.bandleguessasong and userId: 0
08-06 10:09:44.703 1761 31571 W PackageConfigPersister: App-specific configuration not found for packageName: com.candywriter.bitlife and userId: 0
08-06 10:09:44.703 1761 31571 W PackageConfigPersister: App-specific configuration not found for packageName: au.gov.ato.ATOTax and userId: 0
08-06 10:09:44.703 1761 31571 W PackageConfigPersister: App-specific configuration not found for packageName: com.google.android.overlay.devicelockcontroller and userId: 0
08-06 10:09:44.703 1761 31571 W PackageConfigPersister: App-specific configuration not found for packageName: com.spotify.music and userId: 0
08-06 10:09:44.703 1761 31571 W PackageConfigPersister: App-specific configuration not found for packageName: com.google.android.pixelnfc and userId: 0
08-06 10:09:44.703 1761 31571 W PackageConfigPersister: App-specific configuration not found for packageName: com.jotform.v2 and userId: 0
08-06 10:09:44.703 1761 31571 W PackageConfigPersister: App-specific configuration not found for packageName: com.google.android.apps.pixel.nowplaying and userId: 0
08-06 10:09:44.703 1761 31571 W PackageConfigPersister: App-specific configuration not found for packageName: com.android.soundpicker and userId: 0
08-06 10:09:44.703 1761 31571 W PackageConfigPersister: App-specific configuration not found for packageName: com.ubercab and userId: 0
08-06 10:09:44.703 1761 31571 W PackageConfigPersister: App-specific configuration not found for packageName: com.google.android.documentsui and userId: 0
08-06 10:09:44.703 1761 31571 W PackageConfigPersister: App-specific configuration not found for packageName: com.google.android.overlay.glanceablehubconfig and userId: 0
08-06 10:09:44.703 1761 31571 W PackageConfigPersister: App-specific configuration not found for packageName: com.udemy.android and userId: 0
08-06 10:09:44.703 1761 31571 W PackageConfigPersister: App-specific configuration not found for packageName: com.eurosport and userId: 0
08-06 10:09:44.703 1761 31571 W PackageConfigPersister: App-specific configuration not found for packageName: com.whatnot_mobile and userId: 0
08-06 10:09:44.703 1761 31571 W PackageConfigPersister: App-specific configuration not found for packageName: com.google.android.accessibility.switchaccess and userId: 0
08-06 10:09:44.703 1761 31571 W PackageConfigPersister: App-specific configuration not found for packageName: org.toshi and userId: 0
08-06 10:09:44.703 1761 31571 W PackageConfigPersister: App-specific configuration not found for packageName: com.google.mainline.telemetry and userId: 0
08-06 10:09:44.703 1761 31571 W PackageConfigPersister: App-specific configuration not found for packageName: com.google.android.systemui.gxoverlay and userId: 0
08-06 10:09:44.703 1761 31571 W PackageConfigPersister: App-specific configuration not found for packageName: com.facebook.katana and userId: 0
08-06 10:09:44.703 1761 31571 W PackageConfigPersister: App-specific configuration not found for packageName: com.google.android.apps.internal.betterbug and userId: 0
08-06 10:09:44.703 1761 31571 W PackageConfigPersister: App-specific configuration not found for packageName: com.android.cellbroadcastservice.overlay.pixel and userId: 0
08-06 10:09:44.703 1761 31571 W PackageConfigPersister: App-specific configuration not found for packageName: com.amazon.avod.thirdpartyclient and userId: 0
08-06 10:09:44.703 1761 31571 W PackageConfigPersister: App-specific configuration not found for packageName: com.android.sdm.plugins.dcmo and userId: 0
08-06 10:09:44.703 3849 4150 D SatelliteController: getCarrierRoamingNtnConnectType: Falling back to global carrier config connect type: 0
08-06 10:09:44.703 1761 31571 W PackageConfigPersister: App-specific configuration not found for packageName: com.google.android.nfc.overlay.common and userId: 0
08-06 10:09:44.703 1761 31571 W PackageConfigPersister: App-specific configuration not found for packageName: com.google.android.overlay.faceenroll and userId: 0
08-06 10:09:44.703 3849 4150 D TelephonyConfigUpdateInstallReceiver: getConfigParser: domain=satellite
08-06 10:09:44.703 1761 31571 W PackageConfigPersister: App-specific configuration not found for packageName: com.android.devicediagnostics.auto_generated_rro_product__ and userId: 0
08-06 10:09:44.703 1761 31571 W PackageConfigPersister: App-specific configuration not found for packageName: com.google.android.apps.camera.services and userId: 0
08-06 10:09:44.703 3849 4150 V SatelliteController: satelliteConfigParser is not ready
08-06 10:09:44.703 1761 31571 W PackageConfigPersister: App-specific configuration not found for packageName: com.android.devicediagnostics and userId: 0
08-06 10:09:44.703 3849 4150 D SatelliteController: isSatelliteAttachSupportedViaConfigupdater: return null (satelliteConfig is null)
08-06 10:09:44.703 1761 31571 W PackageConfigPersister: App-specific configuration not found for packageName: com.redcat.PeriPerks and userId: 0
08-06 10:09:44.703 1761 31571 W PackageConfigPersister: App-specific configuration not found for packageName: com.Hypnosis and userId: 0
08-06 10:09:44.703 1761 31571 W PackageConfigPersister: App-specific configuration not found for packageName: com.google.android.overlay.largescreensettingsprovider and userId: 0
08-06 10:09:44.703 1761 31571 W PackageConfigPersister: App-specific configuration not found for packageName: com.swm.live and userId: 0
08-06 10:09:44.703 1761 31571 W PackageConfigPersister: App-specific configuration not found for packageName: com.teamviewer.teamviewer.market.mobile and userId: 0
08-06 10:09:44.703 1761 31571 W PackageConfigPersister: App-specific configuration not found for packageName: com.android.providers.partnerbookmarks and userId: 0
08-06 10:09:44.703 1761 31571 W PackageConfigPersister: App-specific configuration not found for packageName: com.facebook.pages.app and userId: 0
08-06 10:09:44.703 1761 31571 W PackageConfigPersister: App-specific configuration not found for packageName: com.google.android.pixel.setupwizard.overlay2024 and userId: 0
08-06 10:09:44.703 1761 31571 W PackageConfigPersister: App-specific configuration not found for packageName: com.google.android.apps.kids.familylink and userId: 0
08-06 10:09:44.703 1761 31571 W PackageConfigPersister: App-specific configuration not found for packageName: com.crossclip and userId: 0
08-06 10:09:44.703 1761 31571 W PackageConfigPersister: App-specific configuration not found for packageName: com.breathwrk.android and userId: 0
08-06 10:09:44.703 1761 31571 W PackageConfigPersister: App-specific configuration not found for packageName: com.android.role.notes.enabled and userId: 0
08-06 10:09:44.703 1761 31571 W PackageConfigPersister: App-specific configuration not found for packageName: com.valvesoftware.android.steam.community and userId: 0
08-06 10:09:44.703 1761 31571 W PackageConfigPersister: App-specific configuration not found for packageName: app.zeely.android and userId: 0
08-06 10:09:44.703 1761 31571 W PackageConfigPersister: App-specific configuration not found for packageName: com.shannon.imsservice and userId: 0
08-06 10:09:44.703 1761 31571 W PackageConfigPersister: App-specific configuration not found for packageName: com.woolworths.rewards and userId: 0
08-06 10:09:44.703 1761 31571 W PackageConfigPersister: App-specific configuration not found for packageName: com.android.wallpaper.livepicker and userId: 0
08-06 10:09:44.703 1761 31571 W PackageConfigPersister: App-specific configuration not found for packageName: com.android.providers.telephony.auto_generated_rro_product__ and userId: 0
08-06 10:09:44.703 1761 31571 W PackageConfigPersister: App-specific configuration not found for packageName: com.playstation.remoteplay and userId: 0
08-06 10:09:44.703 1761 31571 W PackageConfigPersister: App-specific configuration not found for packageName: com.android.phone.auto_generated_rro_vendor__ and userId: 0
08-06 10:09:44.703 1761 31571 W PackageConfigPersister: App-specific configuration not found for packageName: com.wondershare.pdfelement and userId: 0
08-06 10:09:44.703 1761 31571 W PackageConfigPersister: App-specific configuration not found for packageName: com.facebook.orca and userId: 0
08-06 10:09:44.703 1761 31571 W PackageConfigPersister: App-specific configuration not found for packageName: com.escooterapp and userId: 0
08-06 10:09:44.703 1761 31571 W PackageConfigPersister: App-specific configuration not found for packageName: com.google.mainline.adservices and userId: 0
08-06 10:09:44.703 1761 31571 W PackageConfigPersister: App-specific configuration not found for packageName: com.plarium.raidlegends and userId: 0
08-06 10:09:44.703 1761 31571 W PackageConfigPersister: App-specific configuration not found for packageName: com.android.imsserviceentitlement and userId: 0
08-06 10:09:44.703 1761 31571 W PackageConfigPersister: App-specific configuration not found for packageName: com.scee.psxandroid and userId: 0
08-06 10:09:44.703 1761 31571 W PackageConfigPersister: App-specific configuration not found for packageName: com.tangibleplay.osmo.parent and userId: 0
08-06 10:09:44.703 1761 31571 W PackageConfigPersister: App-specific configuration not found for packageName: com.google.assistant.hubui and userId: 0
08-06 10:09:44.703 1761 31571 W PackageConfigPersister: App-specific configuration not found for packageName: jcutting.ghosttubesls and userId: 0
08-06 10:09:44.703 1761 31571 W PackageConfigPersister: App-specific configuration not found for packageName: com.android.traceur.auto_generated_rro_vendor__ and userId: 0
08-06 10:09:44.703 1761 31571 W PackageConfigPersister: App-specific configuration not found for packageName: com.getpaired.app and userId: 0
08-06 10:09:44.703 1761 31571 W PackageConfigPersister: App-specific configuration not found for packageName: com.samsung.android.oneconnect and userId: 0
08-06 10:09:44.703 1761 31571 W PackageConfigPersister: App-specific configuration not found for packageName: com.google.android.telecomresources and userId: 0
08-06 10:09:44.703 1761 31571 W PackageConfigPersister: App-specific configuration not found for packageName: com.headway.books and userId: 0
08-06 10:09:44.703 1761 31571 W PackageConfigPersister: App-specific configuration not found for packageName: com.depop and userId: 0
08-06 10:09:44.703 1761 31571 W PackageConfigPersister: App-specific configuration not found for packageName: com.google.android.healthconnect.controller and userId: 0
08-06 10:09:44.703 1761 31571 W PackageConfigPersister: App-specific configuration not found for packageName: org.mozilla.firefox and userId: 0
08-06 10:09:44.703 1761 31571 W PackageConfigPersister: App-specific configuration not found for packageName: com.coinspot.app and userId: 0
08-06 10:09:44.703 1761 31571 W PackageConfigPersister: App-specific configuration not found for packageName: com.kogan and userId: 0
08-06 10:09:44.703 1761 31571 W PackageConfigPersister: App-specific configuration not found for packageName: com.google.android.apps.cbrsnetworkmonitor and userId: 0
08-06 10:09:44.703 1761 31571 W PackageConfigPersister: App-specific configuration not found for packageName: com.sec.android.app.shealth and userId: 0
08-06 10:09:44.703 1761 31571 W PackageConfigPersister: App-specific configuration not found for packageName: com.ozrunways.marvin and userId: 0
08-06 10:09:44.704 1761 31571 W PackageConfigPersister: App-specific configuration not found for packageName: com.android.wifi.resources.pixel and userId: 0
08-06 10:09:44.704 1761 31571 W PackageConfigPersister: App-specific configuration not found for packageName: com.kiriengine.app and userId: 0
08-06 10:09:44.704 1761 31571 W PackageConfigPersister: App-specific configuration not found for packageName: com.playstation.ohana.android and userId: 0
08-06 10:09:44.704 1761 31571 W PackageConfigPersister: App-specific configuration not found for packageName: com.google.android.apps.translate and userId: 0
08-06 10:09:44.704 1761 31571 W PackageConfigPersister: App-specific configuration not found for packageName: com.google.android.gms.supervision and userId: 0
08-06 10:09:44.704 1761 31571 W PackageConfigPersister: App-specific configuration not found for packageName: org.chromium.webapk.a3e290019259cbe34_v2 and userId: 0
08-06 10:09:44.704 4312 5060 D StateService: Country ISO: au
08-06 10:09:44.704 1761 31571 W PackageConfigPersister: App-specific configuration not found for packageName: com.android.omadm.service and userId: 0
08-06 10:09:44.704 1761 31571 W PackageConfigPersister: App-specific configuration not found for packageName: com.samsung.slsi.telephony.satelliteservice and userId: 0
08-06 10:09:44.704 1761 31571 W PackageConfigPersister: App-specific configuration not found for packageName: com.google.android.uwb.resources and userId: 0
08-06 10:09:44.704 1761 31571 W PackageConfigPersister: App-specific configuration not found for packageName: com.ire.tenantapp and userId: 0
08-06 10:09:44.704 1761 31571 W PackageConfigPersister: App-specific configuration not found for packageName: com.google.android.apps.chromecast.app and userId: 0
08-06 10:09:44.704 1761 31571 W PackageConfigPersister: App-specific configuration not found for packageName: com.wonder and userId: 0
08-06 10:09:44.704 1761 31571 W PackageConfigPersister: App-specific configuration not found for packageName: com.google.android.overlay.glanceablehubsettings and userId: 0
08-06 10:09:44.704 1761 31571 W PackageConfigPersister: App-specific configuration not found for packageName: com.google.android.wifi.resources and userId: 0
08-06 10:09:44.704 1761 31571 W PackageConfigPersister: App-specific configuration not found for packageName: rest.com.rest and userId: 0
08-06 10:09:44.704 1761 31571 W PackageConfigPersister: App-specific configuration not found for packageName: com.google.android.apps.pixel.support and userId: 0
08-06 10:09:44.704 1761 31571 W PackageConfigPersister: App-specific configuration not found for packageName: com.google.android.apps.pixel.customizationbundle and userId: 0
08-06 10:09:44.704 1761 31571 W PackageConfigPersister: App-specific configuration not found for packageName: com.coinbase.android and userId: 0
08-06 10:09:44.704 1761 31571 W PackageConfigPersister: App-specific configuration not found for packageName: com.healthengine.android and userId: 0
08-06 10:09:44.704 1761 31571 W PackageConfigPersister: App-specific configuration not found for packageName: com.einnovation.temu and userId: 0
08-06 10:09:44.704 1761 31571 W PackageConfigPersister: App-specific configuration not found for packageName: com.audible.application and userId: 0
08-06 10:09:44.704 1761 31571 W PackageConfigPersister: App-specific configuration not found for packageName: app.kitchenhero.mobile and userId: 0
08-06 10:09:44.704 1761 31571 W PackageConfigPersister: App-specific configuration not found for packageName: com.google.android.connectivitythermalpowermanager and userId: 0
08-06 10:09:44.704 1761 31571 W PackageConfigPersister: App-specific configuration not found for packageName: com.android.vpndialogs and userId: 0
08-06 10:09:44.704 1761 31571 W PackageConfigPersister: App-specific configuration not found for packageName: com.google.android.apps.wallpaper and userId: 0
08-06 10:09:44.704 1761 31571 W PackageConfigPersister: App-specific configuration not found for packageName: com.google.android.keep and userId: 0
08-06 10:09:44.704 1761 31571 W PackageConfigPersister: App-specific configuration not found for packageName: com.google.android.odad and userId: 0
08-06 10:09:44.704 1761 31571 W PackageConfigPersister: App-specific configuration not found for packageName: com.ebay.gumtree.au and userId: 0
08-06 10:09:44.704 1761 31571 W PackageConfigPersister: App-specific configuration not found for packageName: com.android.angle and userId: 0
08-06 10:09:44.704 1761 31571 W PackageConfigPersister: App-specific configuration not found for packageName: com.android.phone and userId: 0
08-06 10:09:44.704 1761 31571 W PackageConfigPersister: App-specific configuration not found for packageName: com.android.shell and userId: 0
08-06 10:09:44.704 1761 31571 W PackageConfigPersister: App-specific configuration not found for packageName: com.google.android.apps.recorder and userId: 0
08-06 10:09:44.704 1761 31571 W PackageConfigPersister: App-specific configuration not found for packageName: com.android.wallpaperbackup and userId: 0
08-06 10:09:44.704 1761 31571 W PackageConfigPersister: App-specific configuration not found for packageName: com.android.providers.blockednumber and userId: 0
08-06 10:09:44.704 1761 31571 W PackageConfigPersister: App-specific configuration not found for packageName: com.google.android.pixel.setupwizard.overlay.expressive and userId: 0
08-06 10:09:44.704 1761 31571 W PackageConfigPersister: App-specific configuration not found for packageName: com.android.settings.auto_generated_rro_product__ and userId: 0
08-06 10:09:44.704 1761 31571 W PackageConfigPersister: App-specific configuration not found for packageName: com.google.android.apps.work.clouddpc and userId: 0
08-06 10:09:44.704 1761 31571 W PackageConfigPersister: App-specific configuration not found for packageName: com.king.candycrushsaga and userId: 0
08-06 10:09:44.704 1761 31571 W PackageConfigPersister: App-specific configuration not found for packageName: com.android.providers.userdictionary and userId: 0
08-06 10:09:44.704 1761 31571 W PackageConfigPersister: App-specific configuration not found for packageName: com.google.android.apps.setupwizard.searchselector and userId: 0
08-06 10:09:44.704 1761 31571 W PackageConfigPersister: App-specific configuration not found for packageName: com.google.android.overlay.permissioncontroller.safetycenter and userId: 0
08-06 10:09:44.704 1761 31571 W PackageConfigPersister: App-specific configuration not found for packageName: com.android.emergency and userId: 0
08-06 10:09:44.704 1761 31571 W PackageConfigPersister: App-specific configuration not found for packageName: com.adsk.sketchbook and userId: 0
08-06 10:09:44.704 1761 31571 W PackageConfigPersister: App-specific configuration not found for packageName: com.android.providers.media.overlay.pixel and userId: 0
08-06 10:09:44.704 1761 31571 W PackageConfigPersister: App-specific configuration not found for packageName: com.android.captiveportallogin.overlay and userId: 0
08-06 10:09:44.704 3566 3566 D GlobalActionsDialogLite: Service changed before actions created
08-06 10:09:44.704 1761 31571 W PackageConfigPersister: App-specific configuration not found for packageName: com.laybuy.laybuy and userId: 0
08-06 10:09:44.704 1761 31571 W PackageConfigPersister: App-specific configuration not found for packageName: au.gov.wa.lotterywest.lwpo and userId: 0
08-06 10:09:44.704 3566 3566 D GlobalActionsDialogLite: Service changed before actions created
08-06 10:09:44.705 1761 31571 W PackageConfigPersister: App-specific configuration not found for packageName: com.azure.authenticator and userId: 0
08-06 10:09:44.705 1761 31571 W PackageConfigPersister: App-specific configuration not found for packageName: com.android.companiondevicemanager.auto_generated_characteristics_rro and userId: 0
08-06 10:09:44.705 1761 31571 W PackageConfigPersister: App-specific configuration not found for packageName: com.google.android.gms.location.history and userId: 0
08-06 10:09:44.705 1761 31571 W PackageConfigPersister: App-specific configuration not found for packageName: com.android.internal.systemui.navbar.gestural and userId: 0
08-06 10:09:44.705 1761 31571 W PackageConfigPersister: App-specific configuration not found for packageName: com.google.android.overlay.gazeoverlay and userId: 0
08-06 10:09:44.705 1761 31571 W PackageConfigPersister: App-specific configuration not found for packageName: com.ss.android.tt.creator and userId: 0
08-06 10:09:44.710 4312 4464 I SconeRelayMetricsApCollectorDataPlugin: SubId 3: Using API 34+ ServiceState parsing.
08-06 10:09:44.710 4312 5070 D ConnectivityEventWriter: Event filtered: SERVICE_STATE_CHANGED
08-06 10:09:44.711 4312 5070 D ImsPreconditionCheck: {subId=3} handleMessage: { when=-3ms what=9 obj={mVoiceRegState=0(IN_SERVICE), mDataRegState=0(IN_SERVICE), mChannelNumber=100, duplexMode()=1, mCellBandwidths=[20000, 20000, 20000, 20000], mOperatorAlphaLong=null, mOperatorAlphaShort=null, isManualNetworkSelection=false(automatic), getRilVoiceRadioTechnology=14(LTE), getRilDataRadioTechnology=14(LTE), mCssIndicator=unsupported, mIsEmergencyOnly=false, isUsingCarrierAggregation=true, mArfcnRsrpBoost=0, mNetworkRegistrationInfos=[NetworkRegistrationInfo{ domain=PS transportType=WLAN registrationState=HOME networkRegistrationState=HOME roamingType=NOT_ROAMING accessNetworkTechnology=IWLAN rejectCause=0 emergencyEnabled=false availableServices=[DATA] cellIdentity=null voiceSpecificInfo=null dataSpecificInfo=null nrState=**** rRplmn= isUsingCarrierAggregation=false isNonTerrestrialNetwork=TERRESTRIAL satelliteTechnology=NT_RADIO_TECHNOLOGY_UNKNOWN}, NetworkRegistrationInfo{ domain=CS transportType=WWAN registrationState=HOME networkRegistrationState=HOME roamingType=NOT_ROAMING accessNetworkTechnology=LTE rejectCause=0 emergencyEnabled=false availableServices=[VOICE,SMS,VIDEO] cellIdentity=CellIdentityLte:{ mCi=[****] mPci=[****] mTac=[****] mEarfcn=[****] mBands=[1] mBandwidth=2147483647 mMcc=505 mMnc=01 mAlphaLong=Telstra mAlphaShort=Telstra mAdditionalPlmns={} mCsgInfo=null} voiceSpecificInfo=VoiceSpecificRegistrationInfo { mCssSupported=false mRoamingIndicator=0 mSystemIsInPrl=0 mDefaultRoamingIndicator=0} dataSpecificInfo=null nrState=**** rRplmn=50501 isUsingCarrierAggregation=false isNonTerrestrialNetwork=TERRESTRIAL satelliteTechnology=NT_RADIO_TECHNOLOGY_UNKNOWN}, NetworkRegistrationInfo{ domain=PS transportType=WWAN registrationState=HOME networkRegistrationState=HOME roamingType=NOT_ROAMING accessNetworkTechnology=LTE rejectCause=0 emergencyEnabled=false availableServices=[DATA,MMS] cellIdentity=CellIdentityLte:{ mCi=[****] mPci=[****] mTac=[****] mEarfcn=[****] mBands=[1] mBandwidth=2147483647 mMcc=505 mMnc=01 mAlphaLong=Telstra mAlphaShort=Telstra mAdditionalPlmns={} mCsgInfo=null} voiceSpecificInfo=null dataSpecificInfo=android.telephony.DataSpecificRegistrationInfo :{ maxDataCalls = 16 isDcNrRestricted = false isNrAvailable = true isEnDcAvailable = true mLteAttachResultType = 2 mLteAttachExtraInfo = 0 LteVopsSupportInfo : mVopsSupport = 2 mEmcBearerSupport = 2 } nrState=**** rRplmn=50501 isUsingCarrierAggregation=false isNonTerrestrialNetwork=TERRESTRIAL satelliteTechnology=NT_RADIO_TECHNOLOGY_UNKNOWN}], mNrFrequencyRange=0, mOperatorAlphaLongRaw=Telstra, mOperatorAlphaShortRaw=Telstra, mIsDataRoamingFromRegistration=false, mIsIwlanPreferred=false, mIsUsingNonTerrestrialNetwork=false} target=emf async=false heapIndex=-1 }
08-06 10:09:44.711 1761 3907 I LocationAccessPolicy: com.instagram.android is aware of fine but the app-ops permission is specifically denied.
08-06 10:09:44.711 4312 4464 I SconeRelayMetricsApCollectorDataPlugin: SubId 3: Data InService, Roaming=false
08-06 10:09:44.711 1761 3907 I LocationAccessPolicy: com.instagram.android is aware of coarse but the app-ops permission is specifically denied.
08-06 10:09:44.712 1761 3907 I LocationAccessPolicy: com.oculus.twilight is aware of fine but the app-ops permission is specifically denied.
08-06 10:09:44.712 1761 3907 I LocationAccessPolicy: com.oculus.twilight is aware of coarse but the app-ops permission is specifically denied.
08-06 10:09:44.713 1761 3907 I LocationAccessPolicy: com.zhiliaoapp.musically is aware of fine but the app-ops permission is specifically denied.
08-06 10:09:44.713 1761 3907 I LocationAccessPolicy: com.zhiliaoapp.musically is aware of coarse but the app-ops permission is specifically denied.
08-06 10:09:44.714 28776 28792 W Looper : Drained
08-06 10:09:44.714 1761 31571 W PackageConfigPersister: App-specific configuration not found for packageName: com.google.android.uvexposurereporter and userId: 0
08-06 10:09:44.714 1761 31571 W PackageConfigPersister: App-specific configuration not found for packageName: com.google.android.networkstack.tethering and userId: 0
08-06 10:09:44.715 4312 5060 D StateService: Country ISO: au
08-06 10:09:44.715 1761 31571 W PackageConfigPersister: App-specific configuration not found for packageName: com.amazon.mShop.android.shopping and userId: 0
08-06 10:09:44.715 1761 31571 W PackageConfigPersister: App-specific configuration not found for packageName: com.google.android.uwb.resources.pixel and userId: 0
08-06 10:09:44.715 1761 31571 W PackageConfigPersister: App-specific configuration not found for packageName: com.google.android.overlay.trafficlightfaceoverlay and userId: 0
08-06 10:09:44.715 1761 31571 W PackageConfigPersister: App-specific configuration not found for packageName: com.google.omadm.trigger and userId: 0
08-06 10:09:44.715 1761 31571 W PackageConfigPersister: App-specific configuration not found for packageName: com.google.android.carriersetup and userId: 0
08-06 10:09:44.715 1761 31571 W PackageConfigPersister: App-specific configuration not found for packageName: com.google.android.settings.overlay.pixelvpnconfig and userId: 0
08-06 10:09:44.715 1761 31571 W PackageConfigPersister: App-specific configuration not found for packageName: au.gov.ndis.dbresults.myndis and userId: 0
08-06 10:09:44.716 1761 31571 W PackageConfigPersister: App-specific configuration not found for packageName: com.android.systemui.clocks.metro and userId: 0
08-06 10:09:44.716 1761 31571 W PackageConfigPersister: App-specific configuration not found for packageName: com.lightricks.videoleap and userId: 0
08-06 10:09:44.716 1761 31571 W PackageConfigPersister: App-specific configuration not found for packageName: com.google.android.apps.subscriptions.red and userId: 0
08-06 10:09:44.716 1761 31571 W PackageConfigPersister: App-specific configuration not found for packageName: com.skype.raider and userId: 0
08-06 10:09:44.716 3849 4150 V SatelliteController: getWwanIsInService: return true
08-06 10:09:44.716 3849 4150 D SatelliteController: updateLastNotifiedNtnModeAndNotify: subId=3 initialized=true lastNotifiedNtnMode=false currNtnMode=false
08-06 10:09:44.716 3849 4150 D SatelliteController: updateLastNotifiedNtnModeAndNotify: not in NTN mode, clear per plmn configs
08-06 10:09:44.716 3849 4150 D SatelliteController: isInCarrierRoamingNbIotNtn: satellite is disabled
08-06 10:09:44.716 3849 4150 D SatelliteController: getCarrierRoamingNtnConnectType: Checking connect type from PLMN config for subId: 3
08-06 10:09:44.716 3849 4150 D TelephonyConfigUpdateInstallReceiver: getConfigParser: domain=satellite
08-06 10:09:44.716 3849 4150 V SatelliteController: satelliteConfigParser is not ready
08-06 10:09:44.716 3849 4150 D SatelliteController: isSatelliteAttachSupportedViaConfigupdater: return null (satelliteConfig is null)
08-06 10:09:44.716 1761 31571 W PackageConfigPersister: App-specific configuration not found for packageName: com.menulog.m and userId: 0
08-06 10:09:44.717 1761 31571 W PackageConfigPersister: App-specific configuration not found for packageName: com.android.cts.priv.ctsshim and userId: 0
08-06 10:09:44.717 1761 31571 W PackageConfigPersister: App-specific configuration not found for packageName: au.com.signonsitenew and userId: 0
08-06 10:09:44.717 3849 4150 D SatelliteController: getSatellitePerPlmnConfiguration: subId=3 return null
08-06 10:09:44.717 3849 4150 D SatelliteController: getCarrierRoamingNtnConnectType: config: null
08-06 10:09:44.717 3849 4150 D TelephonyConfigUpdateInstallReceiver: getConfigParser: domain=satellite
08-06 10:09:44.717 1761 31571 W PackageConfigPersister: App-specific configuration not found for packageName: com.google.android.youtube and userId: 0
08-06 10:09:44.717 3849 4150 V SatelliteController: satelliteConfigParser is not ready
08-06 10:09:44.717 3849 4150 D SatelliteController: getCarrierRoamingNtnConnectTypeViaConfigUpdater: return null (satelliteConfig is null)
08-06 10:09:44.717 1761 31571 W PackageConfigPersister: App-specific configuration not found for packageName: com.vzw.apnlib and userId: 0
08-06 10:09:44.717 1761 31571 W PackageConfigPersister: App-specific configuration not found for packageName: au.gov.mygov.mygovapp and userId: 0
08-06 10:09:44.717 1761 31571 W PackageConfigPersister: App-specific configuration not found for packageName: com.android.internal.display.cutout.emulation.corner and userId: 0
08-06 10:09:44.717 1761 31571 W PackageConfigPersister: App-specific configuration not found for packageName: com.tailscale.ipn and userId: 0
08-06 10:09:44.717 3849 4150 D SatelliteController: getCarrierRoamingNtnConnectType: Falling back to global carrier config connect type: 0
08-06 10:09:44.717 1761 31571 W PackageConfigPersister: App-specific configuration not found for packageName: com.google.android.ext.services and userId: 0
08-06 10:09:44.717 3849 4150 D TelephonyConfigUpdateInstallReceiver: getConfigParser: domain=satellite
08-06 10:09:44.717 3849 4150 V SatelliteController: satelliteConfigParser is not ready
08-06 10:09:44.717 3849 4150 D SatelliteController: isSatelliteAttachSupportedViaConfigupdater: return null (satelliteConfig is null)
08-06 10:09:44.717 1761 31571 W PackageConfigPersister: App-specific configuration not found for packageName: com.google.euiccpixel.overlay.zumapro and userId: 0
08-06 10:09:44.718 1761 31571 W PackageConfigPersister: App-specific configuration not found for packageName: io.metamask and userId: 0
08-06 10:09:44.718 1761 31571 W PackageConfigPersister: App-specific configuration not found for packageName: com.google.android.apps.weather and userId: 0
08-06 10:09:44.718 1761 31571 W PackageConfigPersister: App-specific configuration not found for packageName: com.android.internal.display.cutout.emulation.double and userId: 0
08-06 10:09:44.718 1761 31571 W PackageConfigPersister: App-specific configuration not found for packageName: com.google.android.overlay.pixelconfig2018 and userId: 0
08-06 10:09:44.718 1761 31571 W PackageConfigPersister: App-specific configuration not found for packageName: com.google.android.overlay.pixelconfig2019 and userId: 0
08-06 10:09:44.718 3849 4150 V SatelliteController: getWwanIsInService: return true
08-06 10:09:44.718 3849 4150 D SatelliteController: getCarrierRoamingNtnConnectType: Checking connect type from PLMN config for subId: 3
08-06 10:09:44.718 3849 4150 D TelephonyConfigUpdateInstallReceiver: getConfigParser: domain=satellite
08-06 10:09:44.718 3849 4150 V SatelliteController: satelliteConfigParser is not ready
08-06 10:09:44.718 3849 4150 D SatelliteController: isSatelliteAttachSupportedViaConfigupdater: return null (satelliteConfig is null)
08-06 10:09:44.718 1761 31571 W PackageConfigPersister: App-specific configuration not found for packageName: com.google.android.overlay.pixelconfig2021 and userId: 0
08-06 10:09:44.718 1761 31571 W PackageConfigPersister: App-specific configuration not found for packageName: au.com.macquarie.banking and userId: 0
08-06 10:09:44.718 1761 31571 W PackageConfigPersister: App-specific configuration not found for packageName: com.android.providers.telephony and userId: 0
08-06 10:09:44.719 3849 4150 D SatelliteController: getSatellitePerPlmnConfiguration: subId=3 return null
08-06 10:09:44.719 3849 4150 D SatelliteController: getCarrierRoamingNtnConnectType: config: null
08-06 10:09:44.719 1761 31571 W PackageConfigPersister: App-specific configuration not found for packageName: com.google.android.carrierlocation and userId: 0
08-06 10:09:44.719 3849 4150 D TelephonyConfigUpdateInstallReceiver: getConfigParser: domain=satellite
08-06 10:09:44.719 3849 4150 V SatelliteController: satelliteConfigParser is not ready
08-06 10:09:44.719 3849 4150 D SatelliteController: getCarrierRoamingNtnConnectTypeViaConfigUpdater: return null (satelliteConfig is null)
08-06 10:09:44.719 1761 31571 W PackageConfigPersister: App-specific configuration not found for packageName: com.fiverr.fiverr and userId: 0
08-06 10:09:44.719 1761 31571 W PackageConfigPersister: App-specific configuration not found for packageName: com.android.dynsystem and userId: 0
