--------- beginning of main
08-06 10:09:16.869 1165 1165 W TracingMuxer: type=1400 audit(0.0:739997): avc: denied { write } for name="traced_producer" dev="tmpfs" ino=1402 scontext=u:r:hal_neuralnetworks_darwinn:s0 tcontext=u:object_r:traced_producer_socket:s0 tclass=sock_file permissive=0
08-06 10:09:17.016 1450 1450 I adbd : adbd service requested 'shell,v2,TERM=xterm:export ANDROID_LOG_TAGS=''; exec logcat '-d' '-v' 'brief''
08-06 10:09:17.368 1177 1907 D usf_sensor_hal: accelerometer: Enter Batch. Period = 20000000, latency = 0.
08-06 10:09:17.369 1177 1907 D usf_sensor_hal: IMU temperature: Enter Batch. Period = 666667000, latency = 0.
08-06 10:09:17.370 1177 1907 D usf_sensor_hal: accelerometer: Enter Flush
08-06 10:09:17.370 1177 1907 E usf_sensor_hal: accelerometer: Requested flush on inactive sensor.
08-06 10:09:17.370 1177 1907 I sensor-suez: Reporting HAL call [4] error [-22] on sensor [0x00000001].
08-06 10:09:17.371 1177 1907 D usf_sensor_hal: accelerometer: Enter Activate. Enable = 1.
08-06 10:09:17.373 1417 1417 D AOC : A3:MSG: usf_sensor.cc, 1866: USF: Received start sampling request for ICM45631 Accelerometer 0 (active:2).
08-06 10:09:17.374 1177 1907 D usf_sensor_hal: IMU temperature: Enter Activate. Enable = 1.
08-06 10:09:17.375 1417 1417 D AOC : A3:MSG: usf_sensor.cc, 1866: USF: Received start sampling request for ICM45631 Temperature 0 (active:4).
08-06 10:09:17.389 26005 31345 I GmsCoreXrpcWrapper: (REDACTED) Returning a channel provider with trafficStatsTag=%d trafficStatsUid=%d
08-06 10:09:18.133 26145 18675 W libbinder.Binder: Binder transaction to android.accounts.IAccountAuthenticator, function: UNKNOWN_FUNCTION_NAME, code: 3, took 1501ms. Data bytes: 492 Reply bytes: 0 Flags: 17
08-06 10:09:18.240 26005 26771 I cn_CronetUrlRequestContext: destroyNativeStreamLocked org.chromium.net.impl.CronetBidirectionalStream@ce31288
08-06 10:09:18.240 26145 26153 E gcblocker: too long GC blocking: 5
08-06 10:09:18.240 26145 26153 E gcblocker: gc block end, 412950089,100
08-06 10:09:19.113 1450 1450 I adbd : adbd service requested 'shell,v2,TERM=xterm:export ANDROID_LOG_TAGS=''; exec logcat '-d' '-v' 'brief''
08-06 10:09:19.668 26145 18675 W libbinder.Binder: Binder transaction to android.accounts.IAccountAuthenticator, function: UNKNOWN_FUNCTION_NAME, code: 3, took 1501ms. Data bytes: 492 Reply bytes: 0 Flags: 17
08-06 10:09:19.777 26145 26153 E gcblocker: too long GC blocking: 5
08-06 10:09:19.777 26145 26153 E gcblocker: gc block end, 412951626,100
08-06 10:09:19.893 26005 26005 D BoundBrokerSvc: onUnbind: Intent { act=com.google.android.gms.common.telemetry.service.START dat=chimera-action:/... xflg=0x4 cmp=com.google.android.gms/.chimera.PersistentApiService }
08-06 10:09:21.202 1450 1450 I adbd : adbd service requested 'shell,v2,TERM=xterm:export ANDROID_LOG_TAGS=''; exec logcat '-d' '-v' 'brief''
08-06 10:09:21.227 26145 18675 W libbinder.Binder: Binder transaction to android.accounts.IAccountAuthenticator, function: UNKNOWN_FUNCTION_NAME, code: 3, took 1501ms. Data bytes: 492 Reply bytes: 0 Flags: 17
08-06 10:09:21.338 26145 26153 E gcblocker: too long GC blocking: 5
08-06 10:09:21.338 26145 26153 E gcblocker: gc block end, 412953187,100
08-06 10:09:22.500 3762 4765 D TemperatureStateSource: sequence=41202 actualDelay=10001
08-06 10:09:22.501 3762 4765 D TemperatureStateSource: Reading temperature: sequence=41203
08-06 10:09:22.509 24905 24905 I pixel-thermal: VIRTUAL-SKIN:29.4239 raw data: CLOSE_WEIGHT:1 OPEN_WEIGHT:0 VIRTUAL-SKIN:29423.9 VIRTUAL-SKIN-CLOSE:29423.9 VIRTUAL-SKIN-CLOSE-SUB-1:29423.9 VIRTUAL-SKIN-CLOSE-SUB-2:29355.2 VIRTUAL-SKIN-CLOSE-SUB-3:28176.5 VIRTUAL-SKIN-CLOSE-SUB-4:27291 VIRTUAL-SKIN-LEGACY:29423.9 VIRTUAL-SKIN-OPEN:30534.7 VIRTUAL-SKIN-OPEN-SUB-1:27667.3 VIRTUAL-SKIN-OPEN-SUB-2:30534.7 charger_therm:31438 display_therm:27454 gnss_tcxo_therm:29813 inner_brightness:0 inner_display_therm:29235 maxfg_base:27400 maxfg_secondary:26200 modem_therm:30103 rffe_therm:30080 soc_therm:30592 usb_conn_therm:28678
08-06 10:09:22.510 3762 4765 D TemperatureStateSource: getDeviceTemperatures: sequence=41203 deviceTemperatureType=3 temperatureSource=0 temperatures=[29.423853]
08-06 10:09:22.510 3762 4765 D TemperatureStateSource: sequence=41203 waitTime=10000
08-06 10:09:22.511 3762 4038 D ImpulseStateSource: Notify clients: 43227
08-06 10:09:22.763 26145 26166 W libbinder.Binder: Binder transaction to android.accounts.IAccountAuthenticator, function: UNKNOWN_FUNCTION_NAME, code: 3, took 1501ms. Data bytes: 492 Reply bytes: 0 Flags: 17
08-06 10:09:22.869 26145 26153 E gcblocker: too long GC blocking: 5
08-06 10:09:22.869 26145 26153 E gcblocker: gc block end, 412954718,100
08-06 10:09:23.291 1450 1450 I adbd : adbd service requested 'shell,v2,TERM=xterm:export ANDROID_LOG_TAGS=''; exec logcat '-d' '-v' 'brief''
08-06 10:09:24.299 26145 18675 W libbinder.Binder: Binder transaction to android.accounts.IAccountAuthenticator, function: UNKNOWN_FUNCTION_NAME, code: 3, took 1501ms. Data bytes: 492 Reply bytes: 0 Flags: 17
08-06 10:09:24.409 26145 26153 E gcblocker: too long GC blocking: 5
08-06 10:09:24.409 26145 26153 E gcblocker: gc block end, 412956258,100
08-06 10:09:24.871 1177 1907 D usf_sensor_hal: linear acceleration: Enter Activate. Enable = 0.
08-06 10:09:24.872 1417 1417 D AOC : A3:MSG: usf_sensor.cc, 1881: USF: Received stop sampling request for Linear Acceleration Sensor (active:0).
08-06 10:09:24.872 1417 1417 D AOC : A3:MSG: vsc_sensor.cc, 68: VSC: [Linear Acceleration Sensor] disable.
08-06 10:09:24.878 1177 1907 D usf_sensor_hal: rotation vector: Enter Batch. Period = 20000000, latency = 0.
08-06 10:09:25.376 1450 1450 I adbd : adbd service requested 'shell,v2,TERM=xterm:export ANDROID_LOG_TAGS=''; exec logcat '-d' '-v' 'brief''
08-06 10:09:25.835 26145 26166 W libbinder.Binder: Binder transaction to android.accounts.IAccountAuthenticator, function: UNKNOWN_FUNCTION_NAME, code: 3, took 1501ms. Data bytes: 492 Reply bytes: 0 Flags: 17
08-06 10:09:25.942 26145 26153 E gcblocker: too long GC blocking: 5
08-06 10:09:25.942 26145 26153 E gcblocker: gc block end, 412957791,100
08-06 10:09:26.961 31456 31456 W ip : type=1400 audit(0.0:739998): avc: denied { bind } for scontext=u:r:untrusted_app_34:s0:c124,c258,c512,c768 tcontext=u:r:untrusted_app_34:s0:c124,c258,c512,c768 tclass=netlink_route_socket permissive=0 app=com.tailscale.ipn
08-06 10:09:26.975 8200 20398 D gojni : App: bindSocketToActiveNetwork: binding fd=107 to net=165 iface=wlan0
08-06 10:09:27.009 31457 31457 W ip : type=1400 audit(0.0:739999): avc: denied { bind } for scontext=u:r:untrusted_app_34:s0:c124,c258,c512,c768 tcontext=u:r:untrusted_app_34:s0:c124,c258,c512,c768 tclass=netlink_route_socket permissive=0 app=com.tailscale.ipn
08-06 10:09:27.233 31458 31458 W ip : type=1400 audit(0.0:740000): avc: denied { bind } for scontext=u:r:untrusted_app_34:s0:c124,c258,c512,c768 tcontext=u:r:untrusted_app_34:s0:c124,c258,c512,c768 tclass=netlink_route_socket permissive=0 app=com.tailscale.ipn
08-06 10:09:27.378 26145 18675 W libbinder.Binder: Binder transaction to android.accounts.IAccountAuthenticator, function: UNKNOWN_FUNCTION_NAME, code: 3, took 1501ms. Data bytes: 492 Reply bytes: 0 Flags: 17
08-06 10:09:27.463 1450 1450 I adbd : adbd service requested 'shell,v2,TERM=xterm:export ANDROID_LOG_TAGS=''; exec logcat '-d' '-v' 'brief''
08-06 10:09:27.487 26145 26153 E gcblocker: too long GC blocking: 5
08-06 10:09:27.487 26145 26153 E gcblocker: gc block end, 412959335,101
08-06 10:09:28.231 4312 4423 I PhenotypeProcessReaper: Memory state is: 200
08-06 10:09:28.233 12986 13421 I PhenotypeProcessReaper: Memory state is: 200
08-06 10:09:28.432 26005 31417 I AlarmManager: setExactAndAllowWhileIdle [name: GCM_HB_ALARM type: 2 triggerAtMillis: 584088224]
08-06 10:09:28.457 26005 31462 I AlarmManager: setExactAndAllowWhileIdle [name: FcmRetry type: 2 triggerAtMillis: 583308246]
08-06 10:09:28.466 1761 4412 W ApplicationInfo: Large ApplicationInfo parcel: size=23476 package=com.google.android.googlequicksearchbox splits=7 sharedLibs=5 resDirs=1 overlayPaths=1
08-06 10:09:28.466 1761 4412 W ApplicationInfo: Large ApplicationInfo parcel: size=23476 package=com.google.android.googlequicksearchbox splits=7 sharedLibs=5 resDirs=1 overlayPaths=1
08-06 10:09:28.470 1761 4412 W ApplicationInfo: Large ApplicationInfo parcel: size=23476 package=com.google.android.googlequicksearchbox splits=7 sharedLibs=5 resDirs=1 overlayPaths=1 --------- beginning of system
08-06 10:09:28.496 1761 1985 D ActivityManager: sync unfroze 17719 com.google.android.googlequicksearchbox:googleapp for 3
08-06 10:09:28.517 1761 1985 W ProcessStats: Tracking association SourceState{3756c5f com.google.android.gms.persistent/10139 BFgs #2786589} whose proc state 4 is better than process ProcessState{9c7e53a com.google.android.gms.unstable/10139 pkg=com.google.android.gms} proc state 14 (14 skipped)
08-06 10:09:28.546 26005 31462 I AlarmManager: setExactAndAllowWhileIdle [name: GCM_HB_ALARM type: 2 triggerAtMillis: 584088338]
08-06 10:09:28.600 26005 26005 D BoundBrokerSvc: onRebind: Intent { act=com.google.android.gms.clearcut.sampler.service.START dat=chimera-action:/... xflg=0x4 cmp=com.google.android.gms/.chimera.PersistentDirectBootAwareApiService }
08-06 10:09:28.615 17719 31474 E FirebaseMessaging: Default FirebaseApp has not been initialized. Skip logging event to GA.
08-06 10:09:28.616 17719 31474 I FirebaseMessaging: FirebaseApp has not being initialized. Device might be in direct boot mode. Skip exporting delivery metrics to Big Query
08-06 10:09:28.730 17719 17823 D WM-SystemJobScheduler: Scheduling work ID a3a6fa2d-70b6-4d35-82db-4a683981bccb (androidx.work.multiprocess.RemoteListenableDelegatingWorker), Job ID 164136
08-06 10:09:28.734 17719 17892 I ciup : (REDACTED) Count changed: counts=%s, shown=%s
08-06 10:09:28.738 17719 17823 I WM-GreedyScheduler: Ignoring schedule request in a secondary process
08-06 10:09:28.772 17719 17867 I cjqk : Chime Filter is invoked.
08-06 10:09:28.831 17719 17892 I cjqk : Notification was not filtered.
08-06 10:09:28.903 17719 17892 I GnpSdk : (REDACTED) Setting channel Id: '%s'
08-06 10:09:28.915 26145 18674 W libbinder.Binder: Binder transaction to android.accounts.IAccountAuthenticator, function: UNKNOWN_FUNCTION_NAME, code: 3, took 1501ms. Data bytes: 492 Reply bytes: 0 Flags: 17
08-06 10:09:28.993 17719 17894 I GnpSdk : (REDACTED) Setting channel Id: '%s'
08-06 10:09:29.030 26145 26153 E gcblocker: too long GC blocking: 5
08-06 10:09:29.030 26145 26153 E gcblocker: gc block end, 412960878,101
08-06 10:09:29.077 30171 30397 I AiAiSmartNotification: AI Organizer ExemptionFilter: ignore group message
08-06 10:09:29.079 30171 30397 I AiAiSmartNotification: AI Organizer Exemption applied: Notification is newer than cutoffTime.
08-06 10:09:29.105 17719 17823 D WM-Processor: Processor cancelling a3a6fa2d-70b6-4d35-82db-4a683981bccb
08-06 10:09:29.105 17719 17823 D WM-Processor: WorkerWrapper could not be found for a3a6fa2d-70b6-4d35-82db-4a683981bccb
08-06 10:09:29.113 17719 17823 D WM-SystemJobScheduler: Cancelling work ID a3a6fa2d-70b6-4d35-82db-4a683981bccb, Job ID 164136
08-06 10:09:29.128 17719 17823 I WM-GreedyScheduler: Ignoring schedule request in non-main process
08-06 10:09:29.138 17719 17823 I WM-GreedyScheduler: Ignoring schedule request in a secondary process
08-06 10:09:29.140 17719 31474 I GnpSdk : Message handled by GNP Firebase handler.
08-06 10:09:29.154 1128 1166 E statsd : regex_error: subexpressions are not allowed, pattern: (\.[0-9a-fA-F]{4,})+$
08-06 10:09:29.179 17719 17892 I eqhw : Received an intent for GNP, won't process
08-06 10:09:29.183 1128 1166 E statsd : regex_error: subexpressions are not allowed, pattern: (\.[0-9a-fA-F]{4,})+$
08-06 10:09:29.218 471 521 I eqhw : Received an intent for GNP, won't process
08-06 10:09:29.227 1128 1166 E statsd : regex_error: subexpressions are not allowed, pattern: (\.[0-9a-fA-F]{4,})+$
08-06 10:09:29.290 30171 30294 I AiAiEcho: SmartspaceNotificationPredictor no parser can handle this notification or notification is invalid
08-06 10:09:29.300 30171 30294 I AiAiEcho: SmartspaceNotificationPredictor no parser can handle this notification or notification is invalid
08-06 10:09:29.562 1450 1450 I adbd : adbd service requested 'shell,v2,TERM=xterm:export ANDROID_LOG_TAGS=''; exec logcat '-d' '-v' 'brief''
08-06 10:09:29.740 11130 11130 D BoundBrokerSvc: onUnbind: Intent { act=com.google.android.gms.checkin.START xflg=0x4 pkg=com.google.android.gms }
08-06 10:09:29.943 26005 26005 D BoundBrokerSvc: onUnbind: Intent { act=com.google.android.gms.libs.gmscorelogger.service.START dat=chimera-action:/... xflg=0x4 cmp=com.google.android.gms/.chimera.PersistentDirectBootAwareApiService }
08-06 10:09:30.467 26145 18674 W libbinder.Binder: Binder transaction to android.accounts.IAccountAuthenticator, function: UNKNOWN_FUNCTION_NAME, code: 3, took 1501ms. Data bytes: 492 Reply bytes: 0 Flags: 17
08-06 10:09:30.578 26145 26153 E gcblocker: too long GC blocking: 5
08-06 10:09:30.578 26145 26153 E gcblocker: gc block end, 412962427,100
08-06 10:09:31.634 1450 1450 I adbd : adbd service requested 'shell,v2,TERM=xterm:export ANDROID_LOG_TAGS=''; exec logcat '-d' '-v' 'brief''
08-06 10:09:31.689 1416 1416 W TracingMuxer: type=1400 audit(0.0:740001): avc: denied { write } for name="traced_producer" dev="tmpfs" ino=1402 scontext=u:r:gxp_logging:s0 tcontext=u:object_r:traced_producer_socket:s0 tclass=sock_file permissive=0
08-06 10:09:32.000 26145 18675 W libbinder.Binder: Binder transaction to android.accounts.IAccountAuthenticator, function: UNKNOWN_FUNCTION_NAME, code: 3, took 1501ms. Data bytes: 492 Reply bytes: 0 Flags: 17
08-06 10:09:32.107 26145 26153 E gcblocker: too long GC blocking: 5
08-06 10:09:32.107 26145 26153 E gcblocker: gc block end, 412963956,101
08-06 10:09:32.490 3762 4038 D ImpulseConnection: timeout happen: com.google.android.apps.turbo
08-06 10:09:32.490 3762 4038 D ImpulseConnection: unbindService for releasing a CONNECTED connection com.google.android.apps.turbo
08-06 10:09:32.511 3762 4033 D TemperatureStateSource: sequence=41203 actualDelay=10001
08-06 10:09:32.512 3762 4033 D TemperatureStateSource: Reading temperature: sequence=41204
08-06 10:09:32.524 24905 24905 I pixel-thermal: VIRTUAL-SKIN:29.3502 raw data: CLOSE_WEIGHT:1 OPEN_WEIGHT:0 VIRTUAL-SKIN:29350.2 VIRTUAL-SKIN-CLOSE:29350.2 VIRTUAL-SKIN-CLOSE-SUB-1:29350.2 VIRTUAL-SKIN-CLOSE-SUB-2:29309.6 VIRTUAL-SKIN-CLOSE-SUB-3:28033.7 VIRTUAL-SKIN-CLOSE-SUB-4:27265.5 VIRTUAL-SKIN-LEGACY:29350.2 VIRTUAL-SKIN-OPEN:30469.8 VIRTUAL-SKIN-OPEN-SUB-1:27520.6 VIRTUAL-SKIN-OPEN-SUB-2:30469.8 charger_therm:31416 display_therm:27454 gnss_tcxo_therm:29613 inner_brightness:0 inner_display_therm:29168 maxfg_base:27400 maxfg_secondary:26100 modem_therm:29991 rffe_therm:30080 soc_therm:30437 usb_conn_therm:28589
08-06 10:09:32.525 3762 4033 D TemperatureStateSource: getDeviceTemperatures: sequence=41204 deviceTemperatureType=3 temperatureSource=0 temperatures=[29.35021]
08-06 10:09:32.525 3762 4033 D TemperatureStateSource: sequence=41204 waitTime=10000
08-06 10:09:32.526 3762 4079 D ImpulseStateSource: Notify clients: 43228
08-06 10:09:33.541 26145 18675 W libbinder.Binder: Binder transaction to android.accounts.IAccountAuthenticator, function: UNKNOWN_FUNCTION_NAME, code: 3, took 1501ms. Data bytes: 492 Reply bytes: 0 Flags: 17
08-06 10:09:33.651 26145 26153 E gcblocker: too long GC blocking: 5
08-06 10:09:33.651 26145 26153 E gcblocker: gc block end, 412965500,100
08-06 10:09:33.724 1450 1450 I adbd : adbd service requested 'shell,v2,TERM=xterm:export ANDROID_LOG_TAGS=''; exec logcat '-d' '-v' 'brief''
08-06 10:09:34.155 24905 24918 I pixel-thermal: VIRTUAL-SKIN-CPU-HIGH:29.3502 raw data: VIRTUAL-SKIN:29350.2 VIRTUAL-SKIN-CPU-HIGH:29350.2
08-06 10:09:34.156 24905 24918 I pixel-thermal: gnss_tcxo_therm:29.613 raw data: gnss_tcxo_therm:29613
08-06 10:09:34.156 24905 24918 I pixel-thermal: VIRTUAL-SKIN-INNER-DISPLAY:30.4698 raw data: VIRTUAL-SKIN-INNER-DISPLAY:30469.8 VIRTUAL-SKIN-OPEN:30469.8
08-06 10:09:34.156 24905 24918 I pixel-thermal: VIRTUAL-SKIN-HINT:29.3502 raw data: VIRTUAL-SKIN:29350.2 VIRTUAL-SKIN-HINT:29350.2
08-06 10:09:34.157 24905 24918 I pixel-thermal: VIRTUAL-SKIN-CHARGE-PERSIST:29.468 raw data: CLOSE_WEIGHT:1 IS_WLC:0 NO_WLC:1 OPEN_WEIGHT:0 VIRTUAL-SKIN-CHARGE-PERSIST:29468 VIRTUAL-SKIN-CHARGE-WIRED-CLOSE:29468 VIRTUAL-SKIN-CHARGE-WIRED-EQ:29468 VIRTUAL-SKIN-CHARGE-WIRED-OPEN:29471.5 VIRTUAL-SKIN-CHARGE-WLC-EQ:29609.1 WLC_CHECK:1 charger_therm:31416 gnss_tcxo_therm:29613 modem_therm:29991 rffe_therm:30080 soc_therm:30437 thb_hda:53
08-06 10:09:34.157 24905 24918 I pixel-thermal: VIRTUAL-SKIN-CPU-LIGHT-ODPM:29.3502 raw data: VIRTUAL-SKIN:29350.2 VIRTUAL-SKIN-CPU-LIGHT-ODPM:29350.2
08-06 10:09:34.157 24905 24918 I pixel-thermal: VIRTUAL-SKIN-CPU-MID:29.3502 raw data: VIRTUAL-SKIN:29350.2 VIRTUAL-SKIN-CPU-MID:29350.2
08-06 10:09:34.157 24905 24918 I pixel-thermal: VIRTUAL-SKIN-CPU-ODPM:29.3502 raw data: VIRTUAL-SKIN:29350.2 VIRTUAL-SKIN-CPU-ODPM:29350.2
08-06 10:09:34.157 24905 24918 I pixel-thermal: VIRTUAL-SKIN-GPU:29.3502 raw data: VIRTUAL-SKIN:29350.2 VIRTUAL-SKIN-GPU:29350.2
08-06 10:09:34.157 24905 24918 I pixel-thermal: cellular-emergency:29.3502 raw data: VIRTUAL-SKIN:29350.2 cellular-emergency:29350.2
08-06 10:09:34.157 24905 24918 I pixel-thermal: VIRTUAL-SKIN-MODEL: model_input: [30437.00 30080.00 31416.00 28589.00 29991.00 29168.00 27454.00 29613.00 27400.00 26100.00 0.00 ]
08-06 10:09:34.157 24905 24918 I pixel-thermal: Ignoring stale previous samples for VIRTUAL-SKIN-MODEL
08-06 10:09:34.157 24905 24918 I pixel-thermal: VT Estimator returned (ret: 6) for VIRTUAL-SKIN-MODEL. Reading backup sensor [VIRTUAL-SKIN-LEGACY] data to use
08-06 10:09:34.158 24905 24918 I pixel-thermal: VIRTUAL-SKIN-SPEAKER-MODEL: model_input: [30437.00 30080.00 31416.00 28589.00 29991.00 29168.00 27454.00 29613.00 27400.00 26100.00 0.00 ]
08-06 10:09:34.158 24905 24918 I pixel-thermal: Ignoring stale previous samples for VIRTUAL-SKIN-SPEAKER-MODEL
08-06 10:09:34.158 24905 24918 I pixel-thermal: VT Estimator returned (ret: 6) for VIRTUAL-SKIN-SPEAKER-MODEL. Reading backup sensor [VIRTUAL-SKIN-SPEAKER-LEGACY] data to use
08-06 10:09:34.158 24905 24918 I pixel-thermal: STATS-UPDATOR:0 raw data: STATS-UPDATOR:0 VIRTUAL-SKIN-LEGACY:29350.2 VIRTUAL-SKIN-MODEL:29350.2 VIRTUAL-SKIN-MODEL-LEGACY-DIFF:0 VIRTUAL-SKIN-SPEAKER-LEGACY:34144.2 VIRTUAL-SKIN-SPEAKER-MODEL:34144.2 VIRTUAL-SKIN-SPEAKER-MODEL-LEGACY-DIFF:0 charger_therm:31416 display_therm:27454 gnss_tcxo_therm:29613 inner_brightness:0 inner_display_therm:29168 maxfg_base:27400 maxfg_secondary:26100 modem_therm:29991 rffe_therm:30080 soc_therm:30437 usb_conn_therm:28589
08-06 10:09:34.159 24905 24918 I pixel-thermal: CHARGING-STATS-UPDATOR:0 raw data: CHARGING-STATS-UPDATOR:0 IS_WIRED_15W:0 IS_WIRED_15W_CHECK:1 IS_WIRED_18W:0 IS_WIRED_18W_CHECK:1 IS_WIRED_5W:0 IS_WIRED_5W_CHECK:1 IS_WIRED_7_5W:1 IS_WIRED_7_5W_CHECK:2 IS_WIRED_GT18W:0 IS_WIRED_GT18W_CHECK:1 IS_WIRED_SUB5W:0 IS_WIRED_SUB5W_CHECK:1 IS_WLC_WITHOUT_STEP_RATIO:0 NO_WIRED_15W:1 NO_WIRED_18W:1 NO_WIRED_5W:1 NO_WIRED_7_5W:0 NO_WIRED_GT18W:1 NO_WIRED_SUB5W:1 NO_WLC_WITHOUT_STEP_RATIO:1 VIRTUAL-SKIN-CHARGE-DURING-WIRED-15W-STATS:-1e+06 VIRTUAL-SKIN-CHARGE-DURING-WIRED-18W-STATS:-1e+06 VIRTUAL-SKIN-CHARGE-DURING-WIRED-5W-STATS:-1e+06 VIRTUAL-SKIN-CHARGE-DURING-WIRED-7-5W-STATS:29468 VIRTUAL-SKIN-CHARGE-DURING-WIRED-GT18W-STATS:-1e+06 VIRTUAL-SKIN-CHARGE-DURING-WIRED-SUB5W-STATS:-1e+06 VIRTUAL-SKIN-CHARGE-DURING-WLC-STATS:-1e+06 VIRTUAL-SKIN-CHARGE-WIRED-EQ:29468 VIRTUAL-SKIN-CHARGE-WLC-EQ:29609.1 WLC_CHECK:1 thb_hda:53
08-06 10:09:34.159 24905 24918 I pixel-thermal: VIRTUAL-SKIN:29.3502 raw data: VIRTUAL-SKIN:29350.2
08-06 10:09:34.159 24905 24918 I pixel-thermal: VIRTUAL-SKIN-SOC:29.3502 raw data: VIRTUAL-SKIN:29350.2 VIRTUAL-SKIN-SOC:29350.2
08-06 10:09:34.159 24905 24918 I pixel-thermal: VIRTUAL-SKIN-OUTER-DISPLAY:27.348 raw data: VIRTUAL-SKIN-OUTER-DISPLAY:27348 display_therm:27454
08-06 10:09:34.361 1338 1359 I WPKTRT : process_address_event: 2405:6e00:2651:c23f:f064:3ff:fede:2b4f added to wlan0
08-06 10:09:34.367 1338 1359 I WPKTRT : process_address_event: 2405:6e00:2651:c23f:e3ee:577b:2d5d:8762 added to wlan0
08-06 10:09:34.368 3708 18925 D IpClient/wlan0: addressUpdated: 2405:6e00:2651:c23f:f064:3ff:fede:2b4f/64 on ifindex 47 flags 0x00000100 scope 0
08-06 10:09:34.368 3708 18925 D IpClient/wlan0: addressUpdated: 2405:6e00:2651:c23f:e3ee:577b:2d5d:8762/64 on ifindex 47 flags 0x00000001 scope 0
08-06 10:09:34.369 3708 18925 W AlarmManager: Unrecognized alarm listener com.android.networkstack.android.net.ip.IpClientLinkObserver$Dhcp6PdPreferredPrefixAlarmListener@ec304be
08-06 10:09:34.370 3708 18925 D ApfFilter: (wlan0): Adding RA fe80::8e90:2dff:fe4e:36d2 -> ff02::1 30s 2405:6e00:2651:c23f::/64 300s/120s RIO 30s 2405:6e00:2651:c23f::/64
08-06 10:09:34.383 1202 1202 E WifiHAL : Setting APF program, halHandle = 0xb4000077e618d4d0
08-06 10:09:34.383 1202 1202 E WifiHAL : Set apf filter for iface = wlan0
08-06 10:09:34.383 1202 1202 I WifiHAL : createRequest: APF set program request
08-06 10:09:34.383 1202 1202 I WifiHAL : mProgramLen : 1693
08-06 10:09:35.080 26145 18675 W libbinder.Binder: Binder transaction to android.accounts.IAccountAuthenticator, function: UNKNOWN_FUNCTION_NAME, code: 3, took 1501ms. Data bytes: 492 Reply bytes: 0 Flags: 17
08-06 10:09:35.187 26145 26153 E gcblocker: too long GC blocking: 5
08-06 10:09:35.187 26145 26153 E gcblocker: gc block end, 412967036,100
08-06 10:09:35.812 1207 1798 D AudioFlinger: onStateChanged: pid:15953 uid:10466 state:unfrozen - no freeze activity
08-06 10:09:35.813 1207 3934 D AAudioClientTracker: onStateChanged: pid:15953 state:unfrozen
08-06 10:09:35.817 1450 1450 I adbd : adbd service requested 'shell,v2,TERM=xterm:export ANDROID_LOG_TAGS=''; exec logcat '-d' '-v' 'brief''
08-06 10:09:35.845 1761 1985 D ActivityManager: sync unfroze 15953 com.facebook.katana for 3
08-06 10:09:35.848 1761 1985 D ActivityManager: sync unfroze 23320 com.facebook.katana:zygote_warmer:com.facebook.browser.helium.preload.AppZygoteWarmerService for 3
08-06 10:09:35.853 1761 1985 D ActivityManager: sync unfroze 17226 com.facebook.katana:sandboxed_process0:com.facebook.browser.helium.content.SandboxedProcessService0:3 for 3
08-06 10:09:35.858 1761 1985 D ActivityManager: sync unfroze 15132 com.facebook.katana:sandboxed_process0:com.facebook.browser.helium.content.SandboxedProcessService0:1 for 3
08-06 10:09:35.859 1761 1985 D ActivityManager: sync unfroze 23083 com.facebook.katana:sandboxed_process0:com.facebook.browser.helium.content.SandboxedProcessService0:5 for 3
08-06 10:09:35.861 1761 1985 D ActivityManager: sync unfroze 17311 com.facebook.katana:sandboxed_process0:com.facebook.browser.helium.content.SandboxedProcessService0:4 for 3
08-06 10:09:35.862 1761 1985 D ActivityManager: sync unfroze 23366 com.facebook.katana:sandboxed_process0:com.facebook.browser.helium.content.SandboxedProcessService0:0 for 3
08-06 10:09:35.894 3849 4150 D SatelliteSessionController: isInEnablingState: getCurrentState=com.android.internal.telephony.satellite.SatelliteSessionController$PowerOffState@a614138
08-06 10:09:35.895 3849 4150 D SatelliteController: handleCmdUpdateNtnSignalStrengthReporting: ignore request, satellite is disabled
08-06 10:09:35.895 3849 4150 D SatelliteController: handleEventChargingStateChangedEvent: true
08-06 10:09:35.911 31878 32529 I ezea : (REDACTED) HDM. appOpsListener %s %s
08-06 10:09:35.912 31878 32529 I ezea : (REDACTED) HDM. Ignoring irrelevant audio permission changes for package %s
08-06 10:09:35.917 15953 23164 E fb4a.msys: E[N MQTT]onConnectError(562)=>Connect Error: folly::AsyncSocketException: AsyncSocketException: connect timed out after 199996ms, type = Timed out
08-06 10:09:35.920 1761 1985 D ActivityManager: sync unfroze 30836 com.whatsapp for 3
08-06 10:09:35.956 1371 1422 D RILClient: [OemClient]IND: (clientId = 0, msgId = 5104, dataLength = 7, channel = 0)
08-06 10:09:35.957 4312 5070 I ConnectivityMonitorStateMachineController: Alarm fired
08-06 10:09:35.959 1371 1422 D RILClient: [OemClient]IND: (clientId = 0, msgId = 2015, dataLength = 148, channel = 0)
08-06 10:09:35.964 1761 5814 D ConnectivityService: Returning UNBLOCKED NetworkInfo to uid=10466
08-06 10:09:35.969 31878 32529 I ezea : (REDACTED) HDM. appOpsListener %s %s
08-06 10:09:35.969 31878 32529 I ezea : (REDACTED) HDM. Ignoring irrelevant audio permission changes for package %s
08-06 10:09:35.977 3849 4150 D SatelliteController: isInCarrierRoamingNbIotNtn: satellite is disabled
08-06 10:09:35.977 3849 4150 D SatelliteController: getCarrierRoamingNtnConnectType: Checking connect type from PLMN config for subId: 3
08-06 10:09:35.977 3849 4150 D TelephonyConfigUpdateInstallReceiver: getConfigParser: domain=satellite
08-06 10:09:35.977 3849 4150 V SatelliteController: satelliteConfigParser is not ready
08-06 10:09:35.977 3849 4150 D SatelliteController: isSatelliteAttachSupportedViaConfigupdater: return null (satelliteConfig is null)
08-06 10:09:35.981 3807 3807 I SHANNON_IMS: 3786 [PROX] Received onSignalStrengthsChanged [CellSignalStrengthLte: rssi=-87 rsrp=-105 rsrq=-11 rssnr=0 cqiTableIndex=1 cqi=8 ta=27 level=2 parametersUseForLevel=0] [SLID:0 APM:false] (ImsConnectivityProxyListener$ImsPhoneStateListener%onSignalStrengthsChanged:413)
08-06 10:09:35.982 4312 5070 I SconeConnectivityMonitorStateMachine: [Default] {subId=3} Heart Beat
08-06 10:09:35.983 4359 4359 D CellularQualityMonitor-0: Signal Strength Changed : SignalStrength:{mCdma=CellSignalStrengthCdma: cdmaDbm=2147483647 cdmaEcio=2147483647 evdoDbm=2147483647 evdoEcio=2147483647 evdoSnr=2147483647 level=0,mGsm=CellSignalStrengthGsm: rssi=2147483647 ber=2147483647 mTa=2147483647 mLevel=0,mWcdma=CellSignalStrengthWcdma: ss=2147483647 ber=2147483647 rscp=2147483647 ecno=2147483647 level=0,mTdscdma=CellSignalStrengthTdscdma: rssi=2147483647 ber=2147483647 rscp=2147483647 level=0,mLte=CellSignalStrengthLte: rssi=-87 rsrp=-105 rsrq=-11 rssnr=0 cqiTableIndex=1 cqi=8 ta=27 level=2 parametersUseForLevel=0,mNr=CellSignalStrengthNr:{ csiRsrp = 2147483647 csiRsrq = 2147483647 csiCqiTableIndex = 2147483647 csiCqiReport = [] ssRsrp = 2147483647 ssRsrq = 2147483647 ssSinr = 2147483647 level = 0 parametersUseForLevel = 0 timingAdvance = 2147483647 },primary=CellSignalStrengthLte}
08-06 10:09:35.983 4359 4359 D CellularQualityMonitor-0: CellSignalStrength Changed: CellSignalStrengthLte: rssi=-87 rsrp=-105 rsrq=-11 rssnr=0 cqiTableIndex=1 cqi=8 ta=27 level=2 parametersUseForLevel=0
08-06 10:09:35.983 3849 4150 D SatelliteController: getSatellitePerPlmnConfiguration: subId=3 return null
08-06 10:09:35.983 3849 4150 D SatelliteController: getCarrierRoamingNtnConnectType: config: null
08-06 10:09:35.983 3849 4150 D TelephonyConfigUpdateInstallReceiver: getConfigParser: domain=satellite
08-06 10:09:35.983 3849 4150 V SatelliteController: satelliteConfigParser is not ready
08-06 10:09:35.983 3849 4150 D SatelliteController: getCarrierRoamingNtnConnectTypeViaConfigUpdater: return null (satelliteConfig is null)
08-06 10:09:35.984 3849 4150 D SatelliteController: getCarrierRoamingNtnConnectType: Falling back to global carrier config connect type: 0
08-06 10:09:35.984 3849 4150 D TelephonyConfigUpdateInstallReceiver: getConfigParser: domain=satellite
08-06 10:09:35.984 3849 4150 V SatelliteController: satelliteConfigParser is not ready
08-06 10:09:35.984 3849 4150 D SatelliteController: isSatelliteAttachSupportedViaConfigupdater: return null (satelliteConfig is null)
08-06 10:09:35.984 3849 4150 V SatelliteController: getWwanIsInService: return true
08-06 10:09:35.984 3849 4150 D SatelliteController: getCarrierRoamingNtnConnectType: Checking connect type from PLMN config for subId: 3
08-06 10:09:35.984 3849 4150 D TelephonyConfigUpdateInstallReceiver: getConfigParser: domain=satellite
08-06 10:09:35.984 3849 4150 V SatelliteController: satelliteConfigParser is not ready
08-06 10:09:35.984 3849 4150 D SatelliteController: isSatelliteAttachSupportedViaConfigupdater: return null (satelliteConfig is null)
08-06 10:09:35.984 3849 4150 D SatelliteController: getSatellitePerPlmnConfiguration: subId=3 return null
08-06 10:09:35.984 3849 4150 D SatelliteController: getCarrierRoamingNtnConnectType: config: null
08-06 10:09:35.984 3849 4150 D TelephonyConfigUpdateInstallReceiver: getConfigParser: domain=satellite
08-06 10:09:35.984 3849 4150 V SatelliteController: satelliteConfigParser is not ready
08-06 10:09:35.984 3849 4150 D SatelliteController: getCarrierRoamingNtnConnectTypeViaConfigUpdater: return null (satelliteConfig is null)
08-06 10:09:35.985 3849 4150 D SatelliteController: getCarrierRoamingNtnConnectType: Falling back to global carrier config connect type: 0
08-06 10:09:35.985 3849 4150 D TelephonyConfigUpdateInstallReceiver: getConfigParser: domain=satellite
08-06 10:09:35.985 3849 4150 V SatelliteController: satelliteConfigParser is not ready
08-06 10:09:35.985 3849 4150 D SatelliteController: isSatelliteAttachSupportedViaConfigupdater: return null (satelliteConfig is null)
08-06 10:09:35.986 3849 4150 V SatelliteController: getWwanIsInService: return true
08-06 10:09:35.998 4189 4392 D IwlanNetworkService[1]: : reg state REGISTRATION_STATE_HOME
08-06 10:09:36.000 1761 2505 D ActivityManager: sync unfroze 27949 com.google.android.contacts for 6
08-06 10:09:36.014 1371 1422 D RILClient: [OemClient]IND: (clientId = 0, msgId = 3005, dataLength = 24, channel = 1)
08-06 10:09:36.016 3807 3807 I SHANNON_IMS: 3788 [NETW] #:PURP:# UNSOL {RILC_UNSOL_IMS_SUPPORT_SERVICE} : VoPS : 0 EMC : 0 SIM_IDX : 1 RAT : 0 REG_STATE : 0 CELL_ID : 0 LAC/TAC : 0 PLMN : (NetworkAdaptor$AdaptorChannel%onMessage:306)
08-06 10:09:36.016 3807 3807 I SHANNON_IMS: 3789 [CONN] #:ORNG:# supportService [VoPS : 0/ EMC : 0/ RAT_INFO : 0/ REG_STATE : 0/ CELL_ID : 0/ LAC-TAC Info : 0/ PLMN : ] [SLID:1 ] (ImsConnectivityMgr$RegistrationListener%supportService:2897)
08-06 10:09:36.024 4189 4392 D IwlanNetworkService[0]: : reg state REGISTRATION_STATE_HOME
08-06 10:09:36.024 3849 4150 D SatelliteController: isInCarrierRoamingNbIotNtn: satellite is disabled
08-06 10:09:36.024 3849 4150 D SatelliteController: getCarrierRoamingNtnConnectType: Checking connect type from PLMN config for subId: 3
08-06 10:09:36.024 3849 4150 D TelephonyConfigUpdateInstallReceiver: getConfigParser: domain=satellite
08-06 10:09:36.024 3849 4150 V SatelliteController: satelliteConfigParser is not ready
08-06 10:09:36.024 3849 4150 D SatelliteController: isSatelliteAttachSupportedViaConfigupdater: return null (satelliteConfig is null)
08-06 10:09:36.025 3849 4150 D SatelliteController: getSatellitePerPlmnConfiguration: subId=3 return null
08-06 10:09:36.025 3849 4150 D SatelliteController: getCarrierRoamingNtnConnectType: config: null
08-06 10:09:36.025 3849 4150 D TelephonyConfigUpdateInstallReceiver: getConfigParser: domain=satellite
08-06 10:09:36.025 3849 4150 V SatelliteController: satelliteConfigParser is not ready
08-06 10:09:36.025 3849 4150 D SatelliteController: getCarrierRoamingNtnConnectTypeViaConfigUpdater: return null (satelliteConfig is null)
08-06 10:09:36.025 3849 4150 D SatelliteController: getCarrierRoamingNtnConnectType: Falling back to global carrier config connect type: 0
08-06 10:09:36.025 3849 4150 D TelephonyConfigUpdateInstallReceiver: getConfigParser: domain=satellite
08-06 10:09:36.025 3849 4150 V SatelliteController: satelliteConfigParser is not ready
08-06 10:09:36.025 3849 4150 D SatelliteController: isSatelliteAttachSupportedViaConfigupdater: return null (satelliteConfig is null)
08-06 10:09:36.026 3849 4150 V SatelliteController: getWwanIsInService: return true
08-06 10:09:36.026 3849 4150 D SatelliteController: getCarrierRoamingNtnConnectType: Checking connect type from PLMN config for subId: 3
08-06 10:09:36.026 3849 4150 D TelephonyConfigUpdateInstallReceiver: getConfigParser: domain=satellite
08-06 10:09:36.026 3849 4150 V SatelliteController: satelliteConfigParser is not ready
08-06 10:09:36.026 3849 4150 D SatelliteController: isSatelliteAttachSupportedViaConfigupdater: return null (satelliteConfig is null)
08-06 10:09:36.026 4359 4359 D CellularQualityMonitor-0: Signal Strength Changed : SignalStrength:{mCdma=CellSignalStrengthCdma: cdmaDbm=2147483647 cdmaEcio=2147483647 evdoDbm=2147483647 evdoEcio=2147483647 evdoSnr=2147483647 level=0,mGsm=CellSignalStrengthGsm: rssi=2147483647 ber=2147483647 mTa=2147483647 mLevel=0,mWcdma=CellSignalStrengthWcdma: ss=2147483647 ber=2147483647 rscp=2147483647 ecno=2147483647 level=0,mTdscdma=CellSignalStrengthTdscdma: rssi=2147483647 ber=2147483647 rscp=2147483647 level=0,mLte=CellSignalStrengthLte: rssi=-87 rsrp=-105 rsrq=-11 rssnr=-1 cqiTableIndex=1 cqi=8 ta=27 level=2 parametersUseForLevel=0,mNr=CellSignalStrengthNr:{ csiRsrp = 2147483647 csiRsrq = 2147483647 csiCqiTableIndex = 2147483647 csiCqiReport = [] ssRsrp = 2147483647 ssRsrq = 2147483647 ssSinr = 2147483647 level = 0 parametersUseForLevel = 0 timingAdvance = 2147483647 },primary=CellSignalStrengthLte}
08-06 10:09:36.026 4359 4359 D CellularQualityMonitor-0: CellSignalStrength Changed: CellSignalStrengthLte: rssi=-87 rsrp=-105 rsrq=-11 rssnr=-1 cqiTableIndex=1 cqi=8 ta=27 level=2 parametersUseForLevel=0
08-06 10:09:36.028 3849 4150 D SatelliteController: getSatellitePerPlmnConfiguration: subId=3 return null
08-06 10:09:36.028 3849 4150 D SatelliteController: getCarrierRoamingNtnConnectType: config: null
08-06 10:09:36.028 3849 4150 D TelephonyConfigUpdateInstallReceiver: getConfigParser: domain=satellite
08-06 10:09:36.028 3849 4150 V SatelliteController: satelliteConfigParser is not ready
08-06 10:09:36.028 3849 4150 D SatelliteController: getCarrierRoamingNtnConnectTypeViaConfigUpdater: return null (satelliteConfig is null)
08-06 10:09:36.029 3849 4150 D SatelliteController: getCarrierRoamingNtnConnectType: Falling back to global carrier config connect type: 0
08-06 10:09:36.029 3849 4150 D TelephonyConfigUpdateInstallReceiver: getConfigParser: domain=satellite
08-06 10:09:36.029 3849 4150 V SatelliteController: satelliteConfigParser is not ready
08-06 10:09:36.029 3849 4150 D SatelliteController: isSatelliteAttachSupportedViaConfigupdater: return null (satelliteConfig is null)
08-06 10:09:36.029 3849 4150 V SatelliteController: getWwanIsInService: return true
08-06 10:09:36.033 3807 3807 W SHANNON_IMS: 3790 [SIM#] Invalid sub id : -1 with slot id : 1 (SubscriptionWrapper%getSubId:55)
08-06 10:09:36.033 3807 3807 I SHANNON_IMS: 3796 [PROX] Received onSignalStrengthsChanged [CellSignalStrengthLte: rssi=-87 rsrp=-105 rsrq=-11 rssnr=-1 cqiTableIndex=1 cqi=8 ta=27 level=2 parametersUseForLevel=0] [SLID:0 APM:false] (ImsConnectivityProxyListener$ImsPhoneStateListener%onSignalStrengthsChanged:413)
08-06 10:09:36.036 1761 2505 D ActivityManager: sync unfroze 26223 com.google.android.apps.nbu.files for 6
08-06 10:09:36.041 3849 3849 D NtnCapabilityResolver: Registered PLMN is empty, skip NTN capability resolution
08-06 10:09:36.041 3849 3849 D NtnCapabilityResolver: Registered PLMN is empty, skip NTN capability resolution
08-06 10:09:36.041 1761 2505 V GrammaticalInflectionUtils: AttributionSource: android.content.AttributionSource@838390bf does not have READ_SYSTEM_GRAMMATICAL_GENDER permission.
08-06 10:09:36.048 1761 2505 D ActivityManager: sync unfroze 2778 com.twitter.android for 6
08-06 10:09:36.057 1761 2505 D ActivityManager: sync unfroze 29674 com.instagram.android for 6
08-06 10:09:36.060 31878 32529 I ezea : (REDACTED) HDM. appOpsListener %s %s
08-06 10:09:36.060 31878 32529 I ezea : (REDACTED) HDM. Ignoring irrelevant audio permission changes for package %s
08-06 10:09:36.062 1129 1129 D Zygote : Forked child process 31503
08-06 10:09:36.064 1761 1986 I ActivityManager: Start proc 31503:com.google.android.apps.pixel.agent/u0a163 for bound-service {com.google.android.apps.pixel.agent/androidx.work.impl.background.systemjob.SystemJobService}
08-06 10:09:36.078 1761 5046 D ConnectivityService: requestNetwork for uid/pid:10466/15953 activeRequest: null callbackRequest: 50029 [NetworkRequest [ REQUEST id=50030, [ Capabilities: INTERNET&NOT_RESTRICTED&TRUSTED&NOT_VCN_MANAGED&NOT_BANDWIDTH_CONSTRAINED Uid: 10466 RequestorUid: 10466 RequestorPkg: com.facebook.katana UnderlyingNetworks: Null] ]] callback flags: 0 order: 2147483647 isUidTracked: false declaredMethods: AVAIL|LOST|NC|BLK
08-06 10:09:36.080 1761 3444 D UntrustedWifiNetworkFactory: got request NetworkRequest [ REQUEST id=50030, [ Capabilities: INTERNET&NOT_RESTRICTED&TRUSTED&NOT_VCN_MANAGED&NOT_BANDWIDTH_CONSTRAINED Uid: 10466 RequestorUid: 10466 RequestorPkg: com.facebook.katana UnderlyingNetworks: Null] ]
08-06 10:09:36.084 1761 3444 D OemPaidWifiNetworkFactory: got request NetworkRequest [ REQUEST id=50030, [ Capabilities: INTERNET&NOT_RESTRICTED&TRUSTED&NOT_VCN_MANAGED&NOT_BANDWIDTH_CONSTRAINED Uid: 10466 RequestorUid: 10466 RequestorPkg: com.facebook.katana UnderlyingNetworks: Null] ]
08-06 10:09:36.084 1761 3444 D MultiInternetWifiNetworkFactory: got request NetworkRequest [ REQUEST id=50030, [ Capabilities: INTERNET&NOT_RESTRICTED&TRUSTED&NOT_VCN_MANAGED&NOT_BANDWIDTH_CONSTRAINED Uid: 10466 RequestorUid: 10466 RequestorPkg: com.facebook.katana UnderlyingNetworks: Null] ]
08-06 10:09:36.084 1761 3451 D ConnectivityService: NetReassign [50030 : null → 161] [c 0] [a 1] [i 5]
08-06 10:09:36.087 1128 1166 E statsd : regex_error: subexpressions are not allowed, pattern: (\.[0-9a-fA-F]{4,})+$
08-06 10:09:36.088 15953 23157 E fb4a.msys: E[N WCCConnectionMEM]_WCCConnectionMEMShouldSendOrErrorCreate(770)=>connection/send should-send error: not connected, internalState=0
08-06 10:09:36.088 15953 23157 E fb4a.msys: E[N WCCConnectionMEM]_WCCConnectionMEMSendSyncWithFlags(819)=>connection/send should-send error: Error Domain=WCCConnectionSendErrorDomain Code=7 UserInfo=0x23a6c6a4c0 {MCFErrorDirectDescriptionKey=not connected, }
08-06 10:09:36.088 15953 23157 E fb4a.msys: E[N WA]_WCSConnectionSendCompletion(404)=>connection/send connection-id -1 send error: Error Domain=WhatsAppCoreFoundation Code=-1062207485 UserInfo=0x23a6c6a500 {MCFErrorDirectDescriptionKey=Connection error: not connected}
08-06 10:09:36.088 15953 23157 E fb4a.msys: E[N WCCConnectionMEM]_WCCConnectionMEMSendSyncWithFlags(873)=>connection/send error/7: Error Domain=WCCConnectionSendErrorDomain Code=7 UserInfo=0x23a6c6a4c0 {MCFErrorDirectDescriptionKey=not connected, }
08-06 10:09:36.088 30836 31024 D WM-NetworkStateTracker: Network capabilities changed: [ Transports: WIFI|VPN Capabilities: NOT_METERED&INTERNET&NOT_RESTRICTED&TRUSTED&VALIDATED&NOT_ROAMING&FOREGROUND&NOT_CONGESTED&NOT_SUSPENDED&NOT_VCN_MANAGED&NOT_BANDWIDTH_CONSTRAINED LinkUpBandwidth>=26811Kbps LinkDnBandwidth>=38724Kbps TransportInfo: UnderlyingNetworks: Null]
08-06 10:09:36.088 15953 23157 E fb4a.msys: E[C MEMConnectionManager]__DisconnectIfNeededOnNetworkContextAsyncImpl(1364)=>[Critical] Call WCCConnectionMEMDisconnectImmediately with event id: 3
08-06 10:09:36.099 31503 31503 I libprocessgroup: Created cgroup /sys/fs/cgroup/apps/uid_10163/pid_31503
08-06 10:09:36.104 1761 2505 W JobServiceContext: Sending onNetworkChanged for a job that isn't started. JobStatus{a94109a #u0a207/1007999 com.google.android.contacts/com.google.android.libraries.notifications.entrypoints.scheduled.ScheduledTaskService u=0 s=10207 TIME=-36m29s569ms:+23h23m30s431ms NET PERIODIC PERSISTED READY}
08-06 10:09:36.105 1761 2505 W JobServiceContext: Sending onNetworkChanged for a job that isn't started. JobStatus{e4a876d androidx.work.systemjobscheduler:u0a339/123823 #EmergencyPushPeriodicFetchWorker#@androidx.work.systemjobscheduler@com.instagram.android/androidx.work.impl.background.systemjob.SystemJobService u=0 s=10339 TIME=-35m52s176ms:none NET READY}
08-06 10:09:36.108 1761 5046 D ConnectivityService: Returning UNBLOCKED NetworkInfo to uid=10521
08-06 10:09:36.109 1761 5046 W ActivityManager: Skipping manifest association check for null package. SourceUid: 10466, SourcePkg: null, TargetUid: 10466, TargetPkg: com.facebook.katana
08-06 10:09:36.109 2778 2887 D WM-WorkConstraintsTrack: NetworkRequestConstraintController onCapabilitiesChanged callback
08-06 10:09:36.109 15953 15953 E fb4a.FbReactPrerenderRegistry: Dropping 0 surfaces due to memory pressure
08-06 10:09:36.115 1128 1166 E statsd : regex_error: subexpressions are not allowed, pattern: (\.[0-9a-fA-F]{4,})+$
08-06 10:09:36.117 31503 31503 I Zygote : Process 31503 created for com.google.android.apps.pixel.agent
08-06 10:09:36.117 31503 31503 I pps.pixel.agent: Using generational CollectorTypeCMC GC.
08-06 10:09:36.127 1371 1422 D RILClient: [OemClient]IND: (clientId = 0, msgId = 3005, dataLength = 24, channel = 0)
08-06 10:09:36.129 3807 3807 I SHANNON_IMS: 3798 [NETW] #:PURP:# UNSOL {RILC_UNSOL_IMS_SUPPORT_SERVICE} : VoPS : 1 EMC : 1 SIM_IDX : 0 RAT : 14 REG_STATE : 1 CELL_ID : 151108118 LAC/TAC : 36912 PLMN : 50501 (NetworkAdaptor$AdaptorChannel%onMessage:306)
08-06 10:09:36.129 3807 3807 I SHANNON_IMS: 3799 [CONN] #:ORNG:# supportService [VoPS : 1/ EMC : 1/ RAT_INFO : 14/ REG_STATE : 1/ CELL_ID : 151108118/ LAC-TAC Info : 36912/ PLMN : 50501] [SLID:0 ] (ImsConnectivityMgr$RegistrationListener%supportService:2897)
08-06 10:09:36.134 31503 31503 D nativeloader: Load libframework-connectivity-tiramisu-jni.so using APEX ns com_android_tethering for caller /apex/com.android.tethering/javalib/framework-connectivity-t.jar: ok
08-06 10:09:36.145 30836 30945 E msys : E[N WA]_WAJMNSStreamImplMNSTCPStreamCreate(396)=>[LogLevel:I] WAJMNSStream/impl/tcpStreamCreate/MNSStreamRaw/p=0xb400006f656d2d30
08-06 10:09:36.147 3849 3849 D TelephonyConfigUpdateInstallReceiver: getConfigParser: domain=satellite
08-06 10:09:36.147 3849 3849 V SatelliteController: satelliteConfigParser is not ready
08-06 10:09:36.147 3849 3849 D SatelliteController: getDeviceSatellitePlmnListFromConfigUpdater: return empty list
08-06 10:09:36.147 3849 3849 D SatelliteController: getCarrierRoamingNtnAllSatellitePlmnSetFromStorage: [302723, 44026, 73029, 44055, 312190, 44025, 313210, 23402, 310210, 310830, 53013, 255707, 50511, 771688, 50559]
08-06 10:09:36.147 3849 3849 D SatelliteController: getAllPlmnList: [302723, 44026, 73029, 44055, 312190, 44025, 313210, 23402, 310210, 310830, 53013, 255707, 50511, 771688, 50559]
08-06 10:09:36.147 3849 3849 D SatelliteController: isDtcSatelliteTechnologySupported: subId=3, plmn=50501
08-06 10:09:36.148 3849 3849 D TelephonyConfigUpdateInstallReceiver: getConfigParser: domain=satellite
08-06 10:09:36.148 3849 3849 V SatelliteController: satelliteConfigParser is not ready
08-06 10:09:36.148 3849 3849 D SatelliteController: getDeviceSatellitePlmnListFromConfigUpdater: return empty list
08-06 10:09:36.148 3849 3849 D SatelliteController: getCarrierRoamingNtnAllSatellitePlmnSetFromStorage: [302723, 44026, 73029, 44055, 312190, 44025, 313210, 23402, 310210, 310830, 53013, 255707, 50511, 771688, 50559]
08-06 10:09:36.148 3849 3849 D SatelliteController: getAllPlmnList: [302723, 44026, 73029, 44055, 312190, 44025, 313210, 23402, 310210, 310830, 53013, 255707, 50511, 771688, 50559]
08-06 10:09:36.148 3849 3849 D SatelliteController: isDtcSatelliteTechnologySupported: the plmn=50501 is not contained in satellite provider
08-06 10:09:36.148 3849 3849 D NtnCapabilityResolver: isNtn=false
08-06 10:09:36.148 3849 3849 D NtnCapabilityResolver: isDtcSupported=false
08-06 10:09:36.148 3849 3849 D TelephonyConfigUpdateInstallReceiver: getConfigParser: domain=satellite
08-06 10:09:36.148 3849 3849 V SatelliteController: satelliteConfigParser is not ready
08-06 10:09:36.148 3849 3849 D SatelliteController: getDeviceSatellitePlmnListFromConfigUpdater: return empty list
08-06 10:09:36.148 3849 3849 D SatelliteController: getCarrierRoamingNtnAllSatellitePlmnSetFromStorage: [302723, 44026, 73029, 44055, 312190, 44025, 313210, 23402, 310210, 310830, 53013, 255707, 50511, 771688, 50559]
08-06 10:09:36.148 3849 3849 D SatelliteController: getAllPlmnList: [302723, 44026, 73029, 44055, 312190, 44025, 313210, 23402, 310210, 310830, 53013, 255707, 50511, 771688, 50559]
08-06 10:09:36.148 3849 3849 D SatelliteController: isDtcSatelliteTechnologySupported: subId=3, plmn=50501
08-06 10:09:36.148 3849 3849 D TelephonyConfigUpdateInstallReceiver: getConfigParser: domain=satellite
08-06 10:09:36.148 3849 3849 V SatelliteController: satelliteConfigParser is not ready
08-06 10:09:36.148 3849 3849 D SatelliteController: getDeviceSatellitePlmnListFromConfigUpdater: return empty list
08-06 10:09:36.148 3849 3849 D SatelliteController: getCarrierRoamingNtnAllSatellitePlmnSetFromStorage: [302723, 44026, 73029, 44055, 312190, 44025, 313210, 23402, 310210, 310830, 53013, 255707, 50511, 771688, 50559]
08-06 10:09:36.148 3849 3849 D SatelliteController: getAllPlmnList: [302723, 44026, 73029, 44055, 312190, 44025, 313210, 23402, 310210, 310830, 53013, 255707, 50511, 771688, 50559]
08-06 10:09:36.148 3849 3849 D SatelliteController: isDtcSatelliteTechnologySupported: the plmn=50501 is not contained in satellite provider
08-06 10:09:36.148 3849 3849 D NtnCapabilityResolver: isNtn=false
08-06 10:09:36.148 3849 3849 D NtnCapabilityResolver: isDtcSupported=false
08-06 10:09:36.154 30836 30945 E msys : E[N WA]WAJMNSStreamImplCreate(472)=>[LogLevel:I] WAJMNSStream/impl/create/p=0xb400006f656d2d30 (mnsConn=0xb400006fe5680220)
08-06 10:09:36.155 30836 30945 E msys : E[N WA]_WAJMNSStreamCreateMnsIpsFromIpAddressStrings(93)=>[LogLevel:I] no ip addresses provided, using DNS resolution
08-06 10:09:36.155 30836 30945 E msys : E[N WA]WAJMNSStreamImplConnect(501)=>[LogLevel:I] WAJMNSStream/impl/connect/p=0xb400006f656d2d30 (endpoint=g.whatsapp.net:443)(ipAddressCount=0)
08-06 10:09:36.156 30836 30945 E msys : E[N WA]_WAJMNSStreamImplUpdateStreamState(236)=>[LogLevel:I] WAJMNSStream/impl/state-changed/p=0xb400006f656d2d30 (initial=>connecting)
08-06 10:09:36.167 30836 30992 E msys : E[I wam]_WAMTransportPrivateLogUploadMessageWithDefaultLevel(55)=>privatestats/wameta/transport/credential/sync/renewing/failed - not connected or not ready to send realtime events
08-06 10:09:36.170 30836 30992 E msys : E[N WCIHTTPImplNetworkSession]WCIHTTPTaskImplCreateRegular(556)=>[I] http/task/regular/create/start
08-06 10:09:36.171 30836 30992 E msys : E[N WCIHTTPImplNetworkSession]WCIHTTPTaskImplCreateRegular(591)=>[I] http/task/regular/create/execute
08-06 10:09:36.172 30836 30992 E msys : E[N WCIHTTPImplNetworkSession]WCIHTTPTaskImplCreateRegular(614)=>[I] http/task/regular/create/success
08-06 10:09:36.190 31503 31503 D ApplicationLoaders: Returning zygote-cached class loader: /system_ext/framework/androidx.window.extensions.jar
08-06 10:09:36.190 31503 31503 D ApplicationLoaders: Returning zygote-cached class loader: /system_ext/framework/androidx.window.sidecar.jar
08-06 10:09:36.219 31503 31503 W pps.pixel.agent: Failed to find entry 'classes.dex': Entry not found
08-06 10:09:36.220 31503 31503 W pps.pixel.agent: Failed to find entry 'classes.dex': Entry not found
08-06 10:09:36.221 15953 15953 E fb4a.FbReactPrerenderRegistry: Dropping 0 surfaces due to memory pressure
08-06 10:09:36.221 31503 31503 W pps.pixel.agent: Failed to find entry 'classes.dex': Entry not found
08-06 10:09:36.222 31503 31503 D nativeloader: Configuring clns-9 for other apk /data/app/~~19DQF5ZN5gvR6vx7LMCKeQ==/com.google.android.apps.pixel.agent-5ToxVbbqTCHkymSKeg3Djw==/base.apk:/data/app/~~19DQF5ZN5gvR6vx7LMCKeQ==/com.google.android.apps.pixel.agent-5ToxVbbqTCHkymSKeg3Djw==/split_config.arm64_v8a.apk:/data/app/~~19DQF5ZN5gvR6vx7LMCKeQ==/com.google.android.apps.pixel.agent-5ToxVbbqTCHkymSKeg3Djw==/split_config.en.apk:/data/app/~~19DQF5ZN5gvR6vx7LMCKeQ==/com.google.android.apps.pixel.agent-5ToxVbbqTCHkymSKeg3Djw==/split_config.xxhdpi.apk. target_sdk_version=36, uses_libraries=libedgetpu_util.so:libedgetpu_client.google.so, library_path=/data/app/~~19DQF5ZN5gvR6vx7LMCKeQ==/com.google.android.apps.pixel.agent-5ToxVbbqTCHkymSKeg3Djw==/lib/arm64:/data/app/~~19DQF5ZN5gvR6vx7LMCKeQ==/com.google.android.apps.pixel.agent-5ToxVbbqTCHkymSKeg3Djw==/base.apk!/lib/arm64-v8a:/data/app/~~19DQF5ZN5gvR6vx7LMCKeQ==/com.google.android.apps.pixel.agent-5ToxVbbqTCHkymSKeg3Djw==/split_config.arm64_v8a.apk!/lib/arm64-v8a:/data/app/~~19DQF5ZN5gvR6vx7LMCKeQ==/com.google.
08-06 10:09:36.225 15953 23261 E fb4a.msys: E[C 1]_MCCLogErrorInternal(331)=>8/391/1573/-1062207485
08-06 10:09:36.230 15953 23157 E fb4a.msys: E[C MEMConnectionManager]__ConnectIfNeededOnNetworkContextAsyncImpl(1274)=>[Critical] Call WCCConnectionConnect with event id: 11
08-06 10:09:36.233 31503 31503 V GraphicsEnvironment: Currently set values for:
08-06 10:09:36.233 31503 31503 V GraphicsEnvironment: angle_gl_driver_selection_pkgs=[com.android.angle]
08-06 10:09:36.233 31503 31503 V GraphicsEnvironment: angle_gl_driver_selection_values=[angle]
08-06 10:09:36.233 31503 31503 V GraphicsEnvironment: com.google.android.apps.pixel.agent is not listed in per-application setting
08-06 10:09:36.233 31503 31503 V GraphicsEnvironment: No special selections for ANGLE, returning default driver choice
08-06 10:09:36.233 31503 31503 V GraphicsEnvironment: Neither updatable production driver nor prerelease driver is supported.
08-06 10:09:36.234 3807 3807 W SHANNON_IMS: 3804 [SIM#] Invalid sub id : -1 with slot id : 1 (SubscriptionWrapper%getSubId:55)
08-06 10:09:36.236 30836 31000 E msys : E[N WA]_WAJMNSStreamImplOnMNSReady(265)=>[LogLevel:I] WAJMNSStream/impl/callback/onMNSReady/p=0xb400006f656d2d30
