08-06 02:09:39.363 UTC Pending: 2.339110434s Overdue 1.839111004s
08-06 10:09:41.702 658 31622 W keystore2: system/security/keystore2/watchdog/src/lib.rs:193 - ThreadId(6943) TX_handle_next_superseded_blob Started:
08-06 02:09:39.364 UTC Pending: 2.338946127s Overdue 1.838946616s
08-06 10:09:41.702 658 31622 W keystore2: system/security/keystore2/watchdog/src/lib.rs:193 - ThreadId(6943) KeystoreDB::handle_next_superseded_blob find_next v2 Started:
08-06 02:09:39.364 UTC Pending: 2.338152345s Overdue 1.838152833s
08-06 10:09:41.703 658 31622 W keystore2: system/security/keystore2/watchdog/src/lib.rs:193 - ThreadId(6943) KeystoreDB::handle_next_superseded_blob load_metadata Started:
08-06 02:09:39.384 UTC Pending: 2.318660523s Overdue 1.818660849s
08-06 10:09:41.703 658 31622 W keystore2: system/security/keystore2/watchdog/src/lib.rs:193 - ThreadId(6943) KeystoreDB::handle_next_superseded_blob delete v2 Started:
08-06 02:09:39.384 UTC Pending: 2.318620688s Overdue 1.818621136s
08-06 10:09:41.703 658 31622 W keystore2: system/security/keystore2/watchdog/src/lib.rs:205 - ### Keystore Watchdog report - END ###
08-06 10:09:41.703 471 499 I eger : (REDACTED) Updated cache size from %d to %d
08-06 10:09:41.787 2778 2900 W JobInfo : Requested important-while-foreground flag for job23089 is ignored and takes no effect
08-06 10:09:41.788 2778 2900 D WM-SystemJobScheduler: Scheduling work ID 5b715095-35d3-42fc-9d90-867a8fc8e2c3Job ID 23089
08-06 10:09:41.802 2778 2900 D WM-GreedyScheduler: Starting tracking for 5b715095-35d3-42fc-9d90-867a8fc8e2c3
08-06 10:09:41.806 2778 2900 D WM-WorkConstraintsTrack: NetworkRequestConstraintController register shared callback
08-06 10:09:41.808 1761 3905 D ConnectivityService: requestNetwork for uid/pid:10427/2778 activeRequest: null callbackRequest: 50039 [NetworkRequest [ TRACK_DEFAULT id=50040, [ Capabilities: INTERNET&NOT_RESTRICTED&TRUSTED&NOT_VCN_MANAGED&NOT_BANDWIDTH_CONSTRAINED Uid: 10427 RequestorUid: 10427 RequestorPkg: com.twitter.android UnderlyingNetworks: Null] ], NetworkRequest [ REQUEST id=50041, [ Transports: SATELLITE Capabilities: INTERNET&NOT_RESTRICTED&TRUSTED&NOT_VCN_MANAGED Uid: 10427 RequestorUid: 10427 RequestorPkg: com.twitter.android UnderlyingNetworks: Null] ]] callback flags: 0 order: 2147483647 isUidTracked: false declaredMethods: AVAIL|LOST|NC|BLK
08-06 10:09:41.812 2778 2887 D WM-WorkConstraintsTrack: NetworkRequestConstraintController onCapabilitiesChanged callback
08-06 10:09:41.812 2778 2887 D WM-WorkConstraintsTrack: Not dispatching constraint state yet: isBlocked=null, capabilitiesInitialized=true
08-06 10:09:41.812 2778 2887 D WM-WorkConstraintsTrack: NetworkRequestConstraintController onBlockedStatusChanged callback false
08-06 10:09:41.813 2778 2902 D WM-GreedyScheduler: Constraints met: Scheduling work ID WorkGenerationalId(workSpecId=5b715095-35d3-42fc-9d90-867a8fc8e2c3, generation=0)
08-06 10:09:41.815 2778 2902 D WM-Processor: s: processing WorkGenerationalId(workSpecId=5b715095-35d3-42fc-9d90-867a8fc8e2c3, generation=0)
08-06 10:09:41.822 1761 3451 D ConnectivityService: NetReassign [50040 : null → 161] [c 0] [a 4] [i 9]
08-06 10:09:41.841 2778 2778 D WM-WorkerWrapper: Starting work for com.x.scribing.workmanager.ScribesWorker
08-06 10:09:41.862 658 31622 W keystore2: system/security/keystore2/watchdog/src/lib.rs:142 - ### Keystore Watchdog report - BEGIN ###
08-06 10:09:41.862 658 31622 W keystore2: system/security/keystore2/watchdog/src/lib.rs:151 - When extracting from a bug report, please include this header
08-06 10:09:41.862 658 31622 W keystore2: system/security/keystore2/watchdog/src/lib.rs:152 - and all 5 records below.
08-06 10:09:41.862 658 31622 W keystore2: system/security/keystore2/watchdog/src/lib.rs:193 - ThreadId(6943) KeystoreDB::handle_next_superseded_blob Started:
08-06 02:09:39.363 UTC Pending: 2.499117677s Overdue 1.999118532s
08-06 10:09:41.863 658 31622 W keystore2: system/security/keystore2/watchdog/src/lib.rs:193 - ThreadId(6943) TX_handle_next_superseded_blob Started:
08-06 02:09:39.364 UTC Pending: 2.498986045s Overdue 1.998986573s
08-06 10:09:41.863 658 31622 W keystore2: system/security/keystore2/watchdog/src/lib.rs:193 - ThreadId(6943) KeystoreDB::handle_next_superseded_blob find_next v2 Started:
08-06 02:09:39.364 UTC Pending: 2.498201621s Overdue 1.998202149s
08-06 10:09:41.863 658 31622 W keystore2: system/security/keystore2/watchdog/src/lib.rs:193 - ThreadId(6943) KeystoreDB::handle_next_superseded_blob load_metadata Started:
08-06 02:09:39.384 UTC Pending: 2.478717693s Overdue 1.97871806s
08-06 10:09:41.863 658 31622 W keystore2: system/security/keystore2/watchdog/src/lib.rs:193 - ThreadId(6943) KeystoreDB::handle_next_superseded_blob delete v2 Started:
08-06 02:09:39.384 UTC Pending: 2.478686484s Overdue 1.978687013s
08-06 10:09:41.863 658 31622 W keystore2: system/security/keystore2/watchdog/src/lib.rs:205 - ### Keystore Watchdog report - END ###
08-06 10:09:41.881 658 31622 W keystore2: system/security/keystore2/watchdog/src/lib.rs:142 - ### Keystore Watchdog report - BEGIN ###
08-06 10:09:41.881 658 31622 W keystore2: system/security/keystore2/watchdog/src/lib.rs:151 - When extracting from a bug report, please include this header
08-06 10:09:41.881 658 31622 W keystore2: system/security/keystore2/watchdog/src/lib.rs:152 - and all 5 records below.
08-06 10:09:41.882 658 31622 W keystore2: system/security/keystore2/watchdog/src/lib.rs:193 - ThreadId(6943) KeystoreDB::handle_next_superseded_blob Started:
08-06 02:09:39.363 UTC Pending: 2.518255453s Overdue 2.018256064s
08-06 10:09:41.882 658 31622 W keystore2: system/security/keystore2/watchdog/src/lib.rs:193 - ThreadId(6943) TX_handle_next_superseded_blob Started:
08-06 02:09:39.364 UTC Pending: 2.518161012s Overdue 2.018161581s
08-06 10:09:41.882 658 31622 W keystore2: system/security/keystore2/watchdog/src/lib.rs:193 - ThreadId(6943) KeystoreDB::handle_next_superseded_blob find_next v2 Started:
08-06 02:09:39.364 UTC Pending: 2.51737435s Overdue 2.01737492s
08-06 10:09:41.882 658 31622 W keystore2: system/security/keystore2/watchdog/src/lib.rs:193 - ThreadId(6943) KeystoreDB::handle_next_superseded_blob load_metadata Started:
08-06 02:09:39.384 UTC Pending: 2.498048707s Overdue 1.998049155s
08-06 10:09:41.882 658 31622 W keystore2: system/security/keystore2/watchdog/src/lib.rs:193 - ThreadId(6943) KeystoreDB::handle_next_superseded_blob delete v2 Started:
08-06 02:09:39.384 UTC Pending: 2.498020713s Overdue 1.998021201s
08-06 10:09:41.882 658 31622 W keystore2: system/security/keystore2/watchdog/src/lib.rs:205 - ### Keystore Watchdog report - END ###
08-06 10:09:41.884 1761 3451 D InetDiagMessage: Destroyed 0 sockets, proto=IPPROTO_TCP, family=AF_INET, states=14
08-06 10:09:41.889 1761 3451 D InetDiagMessage: Destroyed 0 sockets, proto=IPPROTO_TCP, family=AF_INET6, states=14
08-06 10:09:41.889 1761 3451 D InetDiagMessage: Destroyed live tcp sockets for uids={10339} in 10ms
08-06 10:09:41.890 1761 3451 W AppOps : Noting op not finished: uid 1000 pkg android code 169 startTime of in progress event=1785980966021
08-06 10:09:41.893 658 31622 W keystore2: system/security/keystore2/watchdog/src/lib.rs:142 - ### Keystore Watchdog report - BEGIN ###
08-06 10:09:41.893 658 31622 W keystore2: system/security/keystore2/watchdog/src/lib.rs:151 - When extracting from a bug report, please include this header
08-06 10:09:41.893 658 31622 W keystore2: system/security/keystore2/watchdog/src/lib.rs:152 - and all 5 records below.
08-06 10:09:41.893 658 31622 W keystore2: system/security/keystore2/watchdog/src/lib.rs:193 - ThreadId(6943) KeystoreDB::handle_next_superseded_blob Started:
08-06 02:09:39.363 UTC Pending: 2.529657472s Overdue 2.029658123s
08-06 10:09:41.893 658 31622 W keystore2: system/security/keystore2/watchdog/src/lib.rs:193 - ThreadId(6943) TX_handle_next_superseded_blob Started:
08-06 02:09:39.364 UTC Pending: 2.52950757s Overdue 2.029508139s
08-06 10:09:41.893 658 31622 W keystore2: system/security/keystore2/watchdog/src/lib.rs:193 - ThreadId(6943) KeystoreDB::handle_next_superseded_blob find_next v2 Started:
08-06 02:09:39.364 UTC Pending: 2.528724733s Overdue 2.028725261s
08-06 10:09:41.893 658 31622 W keystore2: system/security/keystore2/watchdog/src/lib.rs:193 - ThreadId(6943) KeystoreDB::handle_next_superseded_blob load_metadata Started:
08-06 02:09:39.384 UTC Pending: 2.509241375s Overdue 2.009241782s
08-06 10:09:41.893 658 31622 W keystore2: system/security/keystore2/watchdog/src/lib.rs:193 - ThreadId(6943) KeystoreDB::handle_next_superseded_blob delete v2 Started:
08-06 02:09:39.384 UTC Pending: 2.509208945s Overdue 2.009209433s
08-06 10:09:41.893 658 31622 W keystore2: system/security/keystore2/watchdog/src/lib.rs:205 - ### Keystore Watchdog report - END ###
08-06 10:09:41.894 1761 3451 D InetDiagMessage: Destroyed 0 sockets, proto=IPPROTO_TCP, family=AF_INET, states=14
08-06 10:09:41.897 1761 3451 D InetDiagMessage: Destroyed 0 sockets, proto=IPPROTO_TCP, family=AF_INET6, states=14
08-06 10:09:41.897 1761 3451 D InetDiagMessage: Destroyed live tcp sockets for uids={20339} in 6ms
08-06 10:09:41.900 658 31622 W keystore2: system/security/keystore2/watchdog/src/lib.rs:142 - ### Keystore Watchdog report - BEGIN ###
08-06 10:09:41.900 658 31622 W keystore2: system/security/keystore2/watchdog/src/lib.rs:151 - When extracting from a bug report, please include this header
08-06 10:09:41.900 658 31622 W keystore2: system/security/keystore2/watchdog/src/lib.rs:152 - and all 5 records below.
08-06 10:09:41.900 658 31622 W keystore2: system/security/keystore2/watchdog/src/lib.rs:193 - ThreadId(6943) KeystoreDB::handle_next_superseded_blob Started:
08-06 02:09:39.363 UTC Pending: 2.536839438s Overdue 2.036840049s
08-06 10:09:41.900 658 31622 W keystore2: system/security/keystore2/watchdog/src/lib.rs:193 - ThreadId(6943) TX_handle_next_superseded_blob Started:
08-06 02:09:39.364 UTC Pending: 2.536684897s Overdue 2.036685467s
08-06 10:09:41.900 658 31622 W keystore2: system/security/keystore2/watchdog/src/lib.rs:193 - ThreadId(6943) KeystoreDB::handle_next_superseded_blob find_next v2 Started:
08-06 02:09:39.364 UTC Pending: 2.535898072s Overdue 2.035898601s
08-06 10:09:41.900 658 31622 W keystore2: system/security/keystore2/watchdog/src/lib.rs:193 - ThreadId(6943) KeystoreDB::handle_next_superseded_blob load_metadata Started:
08-06 02:09:39.384 UTC Pending: 2.516412395s Overdue 2.016412803s
08-06 10:09:41.900 658 31622 W keystore2: system/security/keystore2/watchdog/src/lib.rs:193 - ThreadId(6943) KeystoreDB::handle_next_superseded_blob delete v2 Started:
08-06 02:09:39.384 UTC Pending: 2.516381431s Overdue 2.016381918s
08-06 10:09:41.900 658 31622 W keystore2: system/security/keystore2/watchdog/src/lib.rs:205 - ### Keystore Watchdog report - END ###
08-06 10:09:41.921 2778 2887 D WM-WorkConstraintsTrack: NetworkRequestConstraintController onBlockedStatusChanged callback true
08-06 10:09:41.922 2778 2902 D WM-GreedyScheduler: Constraints not met: Cancelling work ID WorkGenerationalId(workSpecId=5b715095-35d3-42fc-9d90-867a8fc8e2c3, generation=0)
08-06 10:09:41.925 1761 3451 D InetDiagMessage: Destroyed 0 sockets, proto=IPPROTO_TCP, family=AF_INET, states=14
08-06 10:09:41.927 2778 2902 D WM-Processor: WorkerWrapper interrupted for 5b715095-35d3-42fc-9d90-867a8fc8e2c3
08-06 10:09:41.928 2778 2902 D WM-StopWorkRunnable: StopWorkRunnable for 5b715095-35d3-42fc-9d90-867a8fc8e2c3; Processor.stopWork = true
08-06 10:09:41.929 1761 3451 D InetDiagMessage: Destroyed 1 sockets, proto=IPPROTO_TCP, family=AF_INET6, states=14
08-06 10:09:41.929 1761 3451 D InetDiagMessage: Destroyed live tcp sockets for uids={10427} in 8ms
08-06 10:09:41.929 2778 2901 I WM-WorkerWrapper: Work [ id=5b715095-35d3-42fc-9d90-867a8fc8e2c3, tags={ com.x.scribing.workmanager.ScribesWorker,xlite-user-1693172505601859584 } ] was cancelled
08-06 10:09:41.929 2778 2901 I WM-WorkerWrapper: androidx.work.impl.WorkerStoppedException
08-06 10:09:41.929 2778 2901 I WM-WorkerWrapper: at androidx.work.impl.s.d(SourceFile:8)
08-06 10:09:41.929 2778 2901 I WM-WorkerWrapper: at androidx.work.impl.utils.c0.run(SourceFile:113)
08-06 10:09:41.929 2778 2901 I WM-WorkerWrapper: at androidx.work.impl.utils.b0$a.run(SourceFile:2)
08-06 10:09:41.929 2778 2901 I WM-WorkerWrapper: at java.util.concurrent.ThreadPoolExecutor.runWorker(ThreadPoolExecutor.java:1100)
08-06 10:09:41.929 2778 2901 I WM-WorkerWrapper: at java.util.concurrent.ThreadPoolExecutor$Worker.run(ThreadPoolExecutor.java:624)
08-06 10:09:41.929 2778 2901 I WM-WorkerWrapper: at java.lang.Thread.run(Thread.java:1572)
08-06 10:09:41.932 1761 3451 D InetDiagMessage: Destroyed 0 sockets, proto=IPPROTO_TCP, family=AF_INET, states=14
08-06 10:09:41.935 1761 3451 D InetDiagMessage: Destroyed 0 sockets, proto=IPPROTO_TCP, family=AF_INET6, states=14
08-06 10:09:41.935 1761 3451 D InetDiagMessage: Destroyed live tcp sockets for uids={20427} in 6ms
08-06 10:09:41.942 2778 2901 D WM-WorkerWrapper: Status for 5b715095-35d3-42fc-9d90-867a8fc8e2c3 is RUNNING; not doing any work and rescheduling for later execution
08-06 10:09:41.948 2778 2778 D WM-Processor: s 5b715095-35d3-42fc-9d90-867a8fc8e2c3 executed; reschedule = true
08-06 10:09:41.948 2778 2778 D WM-GreedyScheduler: Stopping tracking for WorkGenerationalId(workSpecId=5b715095-35d3-42fc-9d90-867a8fc8e2c3, generation=0)
08-06 10:09:41.959 2778 2901 D WM-GreedyScheduler: Cancelling work ID 5b715095-35d3-42fc-9d90-867a8fc8e2c3
08-06 10:09:41.968 2778 2901 D WM-SystemJobScheduler: Scheduling work ID 5b715095-35d3-42fc-9d90-867a8fc8e2c3Job ID 23090
08-06 10:09:42.024 2778 2901 D WM-WorkConstraintsTrack: NetworkRequestConstraintController unregister shared callback
08-06 10:09:42.098 17719 31819 I dmoo : (REDACTED) Writing metadata key: %s, corpus: %s
08-06 10:09:42.108 11130 23680 I AndroidBackupEventsLogg: (REDACTED) Logging with sampling event %s
08-06 10:09:42.140 11130 23680 W libbinder.Binder: Binder transaction to com.android.internal.backup.IBackupTransport, function: UNKNOWN_FUNCTION_NAME, code: 9, took 5656ms. Data bytes: 376 Reply bytes: 0 Flags: 17
08-06 10:09:42.152 17719 31819 I dmoo : (REDACTED) Writing metadata key: %s, corpus: %s
08-06 10:09:42.173 1128 1166 E statsd : regex_error: subexpressions are not allowed, pattern: (\.[0-9a-fA-F]{4,})+$
08-06 10:09:42.176 17719 17943 I dmkg : (REDACTED) Starting batch sync for corpora: %s
08-06 10:09:42.180 17719 31819 I dmoo : (REDACTED) Writing metadata key: %s, corpus: %s
08-06 10:09:42.183 17719 31819 I dmoo : (REDACTED) Writing metadata key: %s, corpus: %s
08-06 10:09:42.186 17719 31819 I dmoo : (REDACTED) Writing metadata key: %s, corpus: %s
08-06 10:09:42.190 17719 31819 I dmoo : (REDACTED) Writing metadata key: %s, corpus: %s
08-06 10:09:42.195 1128 1166 E statsd : regex_error: subexpressions are not allowed, pattern: (\.[0-9a-fA-F]{4,})+$
08-06 10:09:42.212 17719 17895 I dmkg : (REDACTED) Starting batch sync for corpora: %s
08-06 10:09:42.212 17719 17895 I dmkg : (REDACTED) Starting batch sync for corpora: %s
08-06 10:09:42.215 17719 31478 I dmoo : The GellerConfig is not present, returning null.
08-06 10:09:42.215 17719 31478 I dmoo : (REDACTED) The GellerConfig is not present, defaulting isUploadEnabled for corpus %s to true.
08-06 10:09:42.215 11130 23680 I Backup : [GmsBackupTransport] Backup finished for @pm@
08-06 10:09:42.216 11130 23680 I AndroidBackupEventsLogg: (REDACTED) Logging with sampling event %s
08-06 10:09:42.221 17719 31802 I dmkg : (REDACTED) No previous syncToken for corpus %s found.
08-06 10:09:42.225 17719 31478 I dmoo : (REDACTED) Writing metadata key: %s, corpus: %s
08-06 10:09:42.226 17719 31478 I dmoo : (REDACTED) Writing metadata key: %s, corpus: %s
08-06 10:09:42.226 17719 31478 I dmoo : The GellerConfig is not present, returning null.
08-06 10:09:42.228 17719 31478 I dmoo : (REDACTED) The GellerConfig is not present, defaulting isUploadEnabled for corpus %s to true.
08-06 10:09:42.228 1761 31571 D KeyValueBackupTask: Starting key-value backup of com.google.android.apps.turbo
08-06 10:09:42.236 17719 31478 I dmoo : The GellerConfig is not present, returning null.
08-06 10:09:42.236 17719 31478 I dmoo : (REDACTED) The GellerConfig is not present, defaulting isUploadEnabled for corpus %s to true.
08-06 10:09:42.237 17719 31819 I dmkg : (REDACTED) No previous syncToken for corpus %s found.
08-06 10:09:42.238 17719 31478 I dmkg : (REDACTED) No previous syncToken for corpus %s found.
08-06 10:09:42.241 1761 31571 D BackupManagerService: [UserID:0] awaiting agent for com.google.android.apps.turbo agentRunsInPcc= false
08-06 10:09:42.247 1761 5814 D BackupManagerService: [UserID:0] agentConnected pkg=com.google.android.apps.turbo agent=android.os.BinderProxy@931265d
08-06 10:09:42.248 1761 31571 D KeyValueBackupTask: Invoking agent on com.google.android.apps.turbo
08-06 10:09:42.273 17719 31802 I dmoo : (REDACTED) Writing metadata key: %s, corpus: %s
08-06 10:09:42.276 17719 31802 I dmoo : (REDACTED) Writing metadata key: %s, corpus: %s
08-06 10:09:42.281 17719 17894 I dmkg : (REDACTED) Starting batch sync for corpora: %s
08-06 10:09:42.282 5778 20709 W brella.TrainingJob: Training ended with error (hasRetryWindow=true).
08-06 10:09:42.312 1761 4412 W JobScheduler: Job didn't exist in JobStore: 64fcf4e #u0a170/-1458638241 com.google.android.as.oss/com.google.android.gms.learning.internal.training.InAppJobService
08-06 10:09:42.317 17719 31802 I dmoo : The GellerConfig is not present, returning null.
08-06 10:09:42.317 17719 31802 I dmoo : (REDACTED) The GellerConfig is not present, defaulting isUploadEnabled for corpus %s to true.
08-06 10:09:42.321 17719 31834 I dmkg : (REDACTED) No previous syncToken for corpus %s found.
08-06 10:09:42.338 17719 31476 I dmoo : (REDACTED) Writing metadata key: %s, corpus: %s
08-06 10:09:42.343 17719 31476 I dmoo : (REDACTED) Writing metadata key: %s, corpus: %s
08-06 10:09:42.348 1761 31571 D BackupManagerConstants: getBackupFinishedNotificationReceivers(...) returns
08-06 10:09:42.356 11130 23680 I AndroidBackupEventsLogg: (REDACTED) Logging with sampling event %s
08-06 10:09:42.358 1450 1450 I adbd : adbd service requested 'shell,v2,TERM=xterm:export ANDROID_LOG_TAGS=''; exec logcat '-d' '-v' 'brief''
08-06 10:09:42.363 17719 17943 I dmkg : (REDACTED) Starting batch sync for corpora: %s
08-06 10:09:42.363 11130 23680 W Backup : [GmsBackupTransport] Error logging monitor event
08-06 10:09:42.370 1761 31571 D KeyValueBackupTask: Starting key-value backup of com.google.android.apps.wellbeing
08-06 10:09:42.372 1761 4412 W ActivityManager: Unable to start service Intent { act=grpc.io.action.BIND xflg=0x4 cmp=com.google.android.inputmethod.latin/com.google.android.apps.inputmethod.libs.nga.impl.KeyboardDictationService } U=0: not found
08-06 10:09:42.376 1761 4412 W ActivityManager: Unbind failed: could not find connection for android.os.BinderProxy@35edd82
08-06 10:09:42.383 1761 31571 D ActivityManager: sync unfroze 19384 com.google.android.apps.wellbeing for 22
08-06 10:09:42.385 1761 31571 D BackupManagerService: [UserID:0] awaiting agent for com.google.android.apps.wellbeing agentRunsInPcc= false
08-06 10:09:42.395 17719 31476 I dmoo : The GellerConfig is not present, returning null.
08-06 10:09:42.395 17719 31476 I dmoo : (REDACTED) The GellerConfig is not present, defaulting isUploadEnabled for corpus %s to true.
08-06 10:09:42.401 17719 31839 I dmkg : (REDACTED) No previous syncToken for corpus %s found.
08-06 10:09:42.526 3762 4038 D TemperatureStateSource: sequence=41204 actualDelay=10001
08-06 10:09:42.526 3762 4038 D TemperatureStateSource: Reading temperature: sequence=41205
08-06 10:09:42.539 24905 24905 I pixel-thermal: VIRTUAL-SKIN:29.7127 raw data: CLOSE_WEIGHT:1 OPEN_WEIGHT:0 VIRTUAL-SKIN:29712.7 VIRTUAL-SKIN-CLOSE:29712.7 VIRTUAL-SKIN-CLOSE-SUB-1:29712.7 VIRTUAL-SKIN-CLOSE-SUB-2:29704.1 VIRTUAL-SKIN-CLOSE-SUB-3:28297.4 VIRTUAL-SKIN-CLOSE-SUB-4:27269.8 VIRTUAL-SKIN-LEGACY:29712.7 VIRTUAL-SKIN-OPEN:30632.8 VIRTUAL-SKIN-OPEN-SUB-1:27998.3 VIRTUAL-SKIN-OPEN-SUB-2:30632.8 charger_therm:32173 display_therm:27454 gnss_tcxo_therm:30036 inner_brightness:0 inner_display_therm:29168 maxfg_base:27400 maxfg_secondary:26100 modem_therm:30169 rffe_therm:30014 soc_therm:31928 usb_conn_therm:28522
08-06 10:09:42.541 3762 4038 D TemperatureStateSource: getDeviceTemperatures: sequence=41205 deviceTemperatureType=3 temperatureSource=0 temperatures=[29.712717]
08-06 10:09:42.541 3762 4038 D TemperatureStateSource: sequence=41205 waitTime=10000
08-06 10:09:42.547 24905 24905 I pixel-thermal: VIRTUAL-SKIN:29.7127 raw data: VIRTUAL-SKIN:29712.7
08-06 10:09:42.547 3762 4033 I TemperatureStateSource: temperature was set
08-06 10:09:42.548 3762 4033 D ImpulseStateSource: Notify clients: 43229
08-06 10:09:42.550 3762 4765 D ImpulseConnection: bindService: com.google.android.apps.turbo
08-06 10:09:42.560 658 31772 I keystore2: system/security/keystore2/watchdog/src/lib.rs:224 - Watchdog complete for: ThreadId(6943) KeystoreDB::handle_next_superseded_blob delete v2 Started:
08-06 02:09:39.384 UTC Pending: 3.176339805s Overdue 2.676340334s
08-06 10:09:42.561 658 31772 I keystore2: system/security/keystore2/watchdog/src/lib.rs:224 - Watchdog complete for: ThreadId(6943) KeystoreDB::handle_next_superseded_blob load_metadata Started:
08-06 02:09:39.384 UTC Pending: 3.176720094s Overdue 2.676720501s
08-06 10:09:42.561 658 31772 I keystore2: system/security/keystore2/watchdog/src/lib.rs:224 - Watchdog complete for: ThreadId(6943) KeystoreDB::handle_next_superseded_blob find_next v2 Started:
08-06 02:09:39.364 UTC Pending: 3.19627999s Overdue 2.69628056s
08-06 10:09:42.561 658 31772 I keystore2: system/security/keystore2/watchdog/src/lib.rs:224 - Watchdog complete for: ThreadId(6943) TX_handle_next_superseded_blob Started:
08-06 02:09:39.364 UTC Pending: 3.197134523s Overdue 2.697135052s
08-06 10:09:42.580 658 31772 I keystore2: system/security/keystore2/watchdog/src/lib.rs:224 - Watchdog complete for: ThreadId(6943) KeystoreDB::handle_next_superseded_blob Started:
08-06 02:09:39.363 UTC Pending: 3.216661948s Overdue 2.716662559s
08-06 10:09:42.582 3762 3762 D ImpulseConnection: onServiceConnected: ComponentInfo{com.google.android.apps.turbo/com.google.android.apps.turbo.adaptiveplatform.impulse.ImpulseClientService} service is null false
08-06 10:09:42.592 1761 4412 D BackupManagerService: [UserID:0] agentConnected pkg=com.google.android.apps.wellbeing agent=android.os.BinderProxy@d0471df
08-06 10:09:42.595 1761 31571 D KeyValueBackupTask: Invoking agent on com.google.android.apps.wellbeing
08-06 10:09:42.608 19384 27943 D BackupHelperDispatcher: handling existing helper 'composite_backup' gwz@bc94e4e
08-06 10:09:42.654 658 31622 W keystore2: system/security/keystore2/watchdog/src/lib.rs:142 - ### Keystore Watchdog report - BEGIN ###
08-06 10:09:42.654 658 31622 W keystore2: system/security/keystore2/watchdog/src/lib.rs:151 - When extracting from a bug report, please include this header
08-06 10:09:42.654 658 31622 W keystore2: system/security/keystore2/watchdog/src/lib.rs:152 - and all 1 records below.
08-06 10:09:42.654 658 31622 W keystore2: system/security/keystore2/watchdog/src/lib.rs:193 - ThreadId(30) KeystoreDB::store_new_key Started:
08-06 02:09:41.706 UTC Pending: 947.551351ms Overdue 447.551921ms
08-06 10:09:42.654 658 31622 W keystore2: system/security/keystore2/watchdog/src/lib.rs:205 - ### Keystore Watchdog report - END ###
08-06 10:09:42.664 658 11910 I keystore2: system/security/keystore2/watchdog/src/lib.rs:224 - Watchdog complete for: ThreadId(30) KeystoreDB::store_new_key Started:
08-06 02:09:41.706 UTC Pending: 957.781616ms Overdue 457.782227ms
08-06 10:09:42.665 658 11910 W libbinder.Binder: Binder transaction to android.system.keystore2.IKeystoreSecurityLevel, function: generateKey, code: 2, took 1032ms. Data bytes: 932 Reply bytes: 3812 Flags: 50
08-06 10:09:42.685 26145 18675 W libbinder.Binder: Binder transaction to android.accounts.IAccountAuthenticator, function: UNKNOWN_FUNCTION_NAME, code: 3, took 1501ms. Data bytes: 492 Reply bytes: 0 Flags: 17
08-06 10:09:42.795 26145 26153 E gcblocker: too long GC blocking: 5
08-06 10:09:42.795 26145 26153 E gcblocker: gc block end, 412974644,100
08-06 10:09:42.807 1761 3451 D InetDiagMessage: Destroyed 2 sockets, proto=IPPROTO_TCP, family=AF_INET, states=14
08-06 10:09:42.810 1761 3451 D InetDiagMessage: Destroyed 0 sockets, proto=IPPROTO_TCP, family=AF_INET6, states=14
08-06 10:09:42.810 1761 3451 D InetDiagMessage: Destroyed live tcp sockets for uids={10466} in 10ms
08-06 10:09:42.811 15953 23157 E fb4a.msys: E[N 1283]errorHandlerDispatched(198)=>262/1283/3347/-1
08-06 10:09:42.813 1761 3451 D InetDiagMessage: Destroyed 0 sockets, proto=IPPROTO_TCP, family=AF_INET, states=14
08-06 10:09:42.813 15953 23157 E fb4a.msys: E[N WA]_WCCXMPPStreamDisconnectHandler(344)=>xmpp/disconnect - WCIStreamStateErrorCode: 2, domain: WCIStreamState, subdomain: MCCWDGWStream: Error Domain=WCIStreamState Code=2 UserInfo=0x23a6c6ae00 {MCFErrorDirectUnderlyingErrorKey=0xb400006ff6fad950 "Error Domain=MCCWDGWStream Code=0 UserInfo=0x23a6c6aa40 {MCFErrorDirectLocalizedFailureReasonKey=TRANSPORT_FAILURE:Error Domain=MNSSecureTCP Code=0 UserInfo=0x23a6c6b0c0 {MCFErrorDirectLocalizedFailureReasonKey=mbedtls_ssl_read(): NET - Reading information from the socket failed (-0x004C), error = Software caused connection abort}|tcp_phase_ended|tls_hs_started|tls_hs_sent|tls_waiting_for_server|tls_server_responded}"}
08-06 10:09:42.814 15953 23157 E fb4a.msys: E[N WCCConnectionMEM]_WCCConnectionMEMLifecycleEventHandler(2214)=>[INFO] connection/xmpp/lifecycle_event/not-connected, [4.4398s]
08-06 10:09:42.814 15953 23157 E fb4a.msys: E[N WA]_WCCXMPPStreamDoDisconnect(1319)=>xmpp/disconnect - flags: 256
08-06 10:09:42.814 15953 23157 E fb4a.msys: E[N WCCConnectionMEM]_WCCConnectionMEMDisconnectHandler(2325)=>connection/disconnected, peer reset
08-06 10:09:42.814 15953 23157 E fb4a.msys: E[N WCCConnectionMEM]_WCCConnectionMEMEmitStateChange(3230)=>[INFO] connection/new_state/not-connected [connection_id=14571978, wcc_source=0, wcc_reason=18]
08-06 10:09:42.815 1761 3451 D InetDiagMessage: Destroyed 0 sockets, proto=IPPROTO_TCP, family=AF_INET6, states=14
08-06 10:09:42.815 1761 3451 D InetDiagMessage: Destroyed live tcp sockets for uids={20466} in 5ms
08-06 10:09:42.818 15953 23164 E fb4a.msys: E[N MQTT]readErr(151)=>TCPStreamTransport readErr
08-06 10:09:42.818 15953 23164 E fb4a.msys: E[N MQTT]onReadError(657)=>Read Error: AsyncSocketException: recv() failed (peer=57.145.8.144:443), type = Internal error, errno = 103 (Software caused connection abort)
08-06 10:09:42.818 15953 23157 E fb4a.msys: E[C MEMConnectionManager]_MEMConnectionManagerStateChangeHandler(638)=>[Critical] MEMConnectionState updated to ID: 0 with connectionId: 14571978
08-06 10:09:42.820 15953 23157 E fb4a.msys: E[C 1]_MCCLogErrorInternal(331)=>8/374/3970/65536
08-06 10:09:42.820 15953 23157 E fb4a.msys: E[C 1]_MCCLogErrorInternal(331)=>8/374/3972/18
08-06 10:09:42.821 15953 23157 E fb4a.msys: E[C mem.context]_LogConnectFailure(4888)=>Establishing connection failure reason and flags: disconnect/Doze/-1/reason/18/flags/65536/[-, -, -, -, -, -, -, -, -, peer_reset, -, -, -, -]
08-06 10:09:42.821 15953 23157 E fb4a.msys: E[C mem.context]_LogConnectFailure(4920)=>[Happy Eyeball] Connect failed with source=0, winner stream ip=57.145.8.8, port=5222, dnsResolutionMethod=1, combined_ip_addresses=57.145.8.8
08-06 10:09:42.829 1761 3905 D ConnectivityService: Returning BLOCKED NetworkInfo to uid=10466
08-06 10:09:42.830 15953 23261 E fb4a.msys: E[C mem.context]_NetworkStateChangedCallbackOnExecutionContext(7952)=>[INFO]skip the network state change source=4
08-06 10:09:42.831 11130 23680 I AndroidBackupEventsLogg: (REDACTED) Logging with sampling event %s
08-06 10:09:42.855 15953 15953 E fb4a.Execution: Redirecting MSYS Execution scheduling from the UI thread to a custom executor
08-06 10:09:42.871 11130 23680 I AndroidBackupEventsLogg: (REDACTED) Logging with sampling event %s
08-06 10:09:42.880 1761 31571 D KeyValueBackupTask: Starting key-value backup of com.android.calllogbackup
08-06 10:09:42.883 1761 31571 D ActivityManager: sync unfroze 24508 com.android.calllogbackup for 22
08-06 10:09:42.886 1761 31571 D BackupManagerService: [UserID:0] awaiting agent for com.android.calllogbackup agentRunsInPcc= false
08-06 10:09:42.925 24508 24508 D CallLogBackupAgent: onCreate
08-06 10:09:42.926 1761 3905 D BackupManagerService: [UserID:0] agentConnected pkg=com.android.calllogbackup agent=android.os.BinderProxy@922f81d
08-06 10:09:42.926 1761 31571 D KeyValueBackupTask: Invoking agent on com.android.calllogbackup
08-06 10:09:42.933 17719 31839 I dmoo : (REDACTED) Writing metadata key: %s, corpus: %s
08-06 10:09:42.933 17719 31839 I dmoo : (REDACTED) Writing metadata key: %s, corpus: %s
08-06 10:09:42.943 17719 17912 I dmkg : (REDACTED) Starting batch sync for corpora: %s
08-06 10:09:42.957 17719 31839 I dmoo : (REDACTED) Writing metadata key: %s, corpus: %s
08-06 10:09:42.958 17719 31476 I dmkg : (REDACTED) The syncToken for corpus %s is %s and the syncRequestReason is %s
08-06 10:09:42.962 17719 31839 I dmoo : (REDACTED) Writing metadata key: %s, corpus: %s
08-06 10:09:42.980 1761 4412 D ActivityManager: sync unfroze 16938 android.process.acore for 7
08-06 10:09:42.985 17719 17943 I dmkg : (REDACTED) Starting batch sync for corpora: %s
08-06 10:09:42.986 24508 24517 W d.calllogbackup: Reducing the number of considered missed Gc histogram windows from 442 to 100
08-06 10:09:43.017 24508 31903 I CallLogBackupAgent: Call logs to be backed up before capping: 1000
08-06 10:09:43.018 17719 31839 I dmkg : (REDACTED) The syncToken for corpus %s is %s and the syncRequestReason is %s
08-06 10:09:43.019 17719 31839 I dmoo : (REDACTED) Writing metadata key: %s, corpus: %s
08-06 10:09:43.020 24508 31903 I CallLogBackupAgent: Processing PhoneAccountMigration Backup accountId: 3
08-06 10:09:43.020 24508 31903 I CallLogBackupAgent: processing PhoneAccountMigration Found Subid during Backup: 3
08-06 10:09:43.020 24508 31903 I CallLogBackupAgent: Processing PhoneAccountMigration Backup accountId: 3
08-06 10:09:43.020 24508 31903 I CallLogBackupAgent: processing PhoneAccountMigration Found Subid during Backup: 3
08-06 10:09:43.020 24508 31903 I CallLogBackupAgent: Processing PhoneAccountMigration Backup accountId: 3
08-06 10:09:43.020 24508 31903 I CallLogBackupAgent: processing PhoneAccountMigration Found Subid during Backup: 3
08-06 10:09:43.020 24508 31903 I CallLogBackupAgent: Processing PhoneAccountMigration Backup accountId: 3
08-06 10:09:43.020 17719 31839 I dmoo : (REDACTED) Writing metadata key: %s, corpus: %s
08-06 10:09:43.020 24508 31903 I CallLogBackupAgent: processing PhoneAccountMigration Found Subid during Backup: 3
08-06 10:09:43.020 24508 31903 I CallLogBackupAgent: Processing PhoneAccountMigration Backup accountId: 3
08-06 10:09:43.020 24508 31903 I CallLogBackupAgent: processing PhoneAccountMigration Found Subid during Backup: 3
08-06 10:09:43.020 24508 31903 I CallLogBackupAgent: Processing PhoneAccountMigration Backup accountId: 3
08-06 10:09:43.020 24508 31903 I CallLogBackupAgent: processing PhoneAccountMigration Found Subid during Backup: 3
08-06 10:09:43.020 24508 31903 I CallLogBackupAgent: Processing PhoneAccountMigration Backup accountId: 3
08-06 10:09:43.020 24508 31903 I CallLogBackupAgent: processing PhoneAccountMigration Found Subid during Backup: 3
08-06 10:09:43.020 24508 31903 I CallLogBackupAgent: Processing PhoneAccountMigration Backup accountId: 3
08-06 10:09:43.020 24508 31903 I CallLogBackupAgent: processing PhoneAccountMigration Found Subid during Backup: 3
08-06 10:09:43.021 24508 31903 I CallLogBackupAgent: Processing PhoneAccountMigration Backup accountId: 3
08-06 10:09:43.021 24508 31903 I CallLogBackupAgent: processing PhoneAccountMigration Found Subid during Backup: 3
08-06 10:09:43.021 24508 31903 I CallLogBackupAgent: Processing PhoneAccountMigration Backup accountId: 3
08-06 10:09:43.021 24508 31903 I CallLogBackupAgent: processing PhoneAccountMigration Found Subid during Backup: 3
08-06 10:09:43.021 24508 31903 I CallLogBackupAgent: Processing PhoneAccountMigration Backup accountId: 3
08-06 10:09:43.021 24508 31903 I CallLogBackupAgent: processing PhoneAccountMigration Found Subid during Backup: 3
08-06 10:09:43.021 24508 31903 I CallLogBackupAgent: Processing PhoneAccountMigration Backup accountId: 3
08-06 10:09:43.021 24508 31903 I CallLogBackupAgent: processing PhoneAccountMigration Found Subid during Backup: 3
08-06 10:09:43.021 24508 31903 I CallLogBackupAgent: Processing PhoneAccountMigration Backup accountId: 3
08-06 10:09:43.021 24508 31903 I CallLogBackupAgent: processing PhoneAccountMigration Found Subid during Backup: 3
08-06 10:09:43.021 24508 31903 I CallLogBackupAgent: Processing PhoneAccountMigration Backup accountId: 3
08-06 10:09:43.021 24508 31903 I CallLogBackupAgent: processing PhoneAccountMigration Found Subid during Backup: 3
08-06 10:09:43.021 24508 31903 I CallLogBackupAgent: Processing PhoneAccountMigration Backup accountId: 3
08-06 10:09:43.021 24508 31903 I CallLogBackupAgent: processing PhoneAccountMigration Found Subid during Backup: 3
08-06 10:09:43.021 24508 31903 I CallLogBackupAgent: Processing PhoneAccountMigration Backup accountId: 3
08-06 10:09:43.021 24508 31903 I CallLogBackupAgent: processing PhoneAccountMigration Found Subid during Backup: 3
08-06 10:09:43.021 24508 31903 I CallLogBackupAgent: Processing PhoneAccountMigration Backup accountId: 3
08-06 10:09:43.021 24508 31903 I CallLogBackupAgent: processing PhoneAccountMigration Found Subid during Backup: 3
08-06 10:09:43.021 24508 31903 I CallLogBackupAgent: Processing PhoneAccountMigration Backup accountId: 3
08-06 10:09:43.021 24508 31903 I CallLogBackupAgent: processing PhoneAccountMigration Found Subid during Backup: 3
08-06 10:09:43.022 24508 31903 I CallLogBackupAgent: Processing PhoneAccountMigration Backup accountId: 3
08-06 10:09:43.022 24508 31903 I CallLogBackupAgent: processing PhoneAccountMigration Found Subid during Backup: 3
08-06 10:09:43.022 24508 31903 I CallLogBackupAgent: Processing PhoneAccountMigration Backup accountId: 3
08-06 10:09:43.022 24508 31903 I CallLogBackupAgent: processing PhoneAccountMigration Found Subid during Backup: 3
08-06 10:09:43.022 24508 31903 I CallLogBackupAgent: Processing PhoneAccountMigration Backup accountId: 3
08-06 10:09:43.022 24508 31903 I CallLogBackupAgent: processing PhoneAccountMigration Found Subid during Backup: 3
08-06 10:09:43.022 24508 31903 I CallLogBackupAgent: Processing PhoneAccountMigration Backup accountId: 3
08-06 10:09:43.022 24508 31903 I CallLogBackupAgent: processing PhoneAccountMigration Found Subid during Backup: 3
08-06 10:09:43.022 24508 31903 I CallLogBackupAgent: Processing PhoneAccountMigration Backup accountId: 3
08-06 10:09:43.022 24508 31903 I CallLogBackupAgent: processing PhoneAccountMigration Found Subid during Backup: 3
08-06 10:09:43.022 24508 31903 I CallLogBackupAgent: Processing PhoneAccountMigration Backup accountId: 3
08-06 10:09:43.022 24508 31903 I CallLogBackupAgent: processing PhoneAccountMigration Found Subid during Backup: 3
08-06 10:09:43.022 24508 31903 I CallLogBackupAgent: Processing PhoneAccountMigration Backup accountId: 3
08-06 10:09:43.022 24508 31903 I CallLogBackupAgent: processing PhoneAccountMigration Found Subid during Backup: 3
08-06 10:09:43.022 24508 31903 I CallLogBackupAgent: Processing PhoneAccountMigration Backup accountId: 3
08-06 10:09:43.022 24508 31903 I CallLogBackupAgent: processing PhoneAccountMigration Found Subid during Backup: 3
08-06 10:09:43.022 24508 31903 I CallLogBackupAgent: Processing PhoneAccountMigration Backup accountId: 3
08-06 10:09:43.022 24508 31903 I CallLogBackupAgent: processing PhoneAccountMigration Found Subid during Backup: 3
08-06 10:09:43.022 24508 31903 I CallLogBackupAgent: Processing PhoneAccountMigration Backup accountId: 3
08-06 10:09:43.022 24508 31903 I CallLogBackupAgent: processing PhoneAccountMigration Found Subid during Backup: 3
08-06 10:09:43.022 24508 31903 I CallLogBackupAgent: Processing PhoneAccountMigration Backup accountId: 3
08-06 10:09:43.022 24508 31903 I CallLogBackupAgent: processing PhoneAccountMigration Found Subid during Backup: 3
08-06 10:09:43.024 24508 31903 I CallLogBackupAgent: Processing PhoneAccountMigration Backup accountId: 3
08-06 10:09:43.024 24508 31903 I CallLogBackupAgent: processing PhoneAccountMigration Found Subid during Backup: 3
08-06 10:09:43.024 24508 31903 I CallLogBackupAgent: Processing PhoneAccountMigration Backup accountId: 3
08-06 10:09:43.024 24508 31903 I CallLogBackupAgent: processing PhoneAccountMigration Found Subid during Backup: 3
08-06 10:09:43.024 24508 31903 I CallLogBackupAgent: Processing PhoneAccountMigration Backup accountId: 3
08-06 10:09:43.024 24508 31903 I CallLogBackupAgent: processing PhoneAccountMigration Found Subid during Backup: 3
08-06 10:09:43.024 24508 31903 I CallLogBackupAgent: Processing PhoneAccountMigration Backup accountId: 3
08-06 10:09:43.024 24508 31903 I CallLogBackupAgent: processing PhoneAccountMigration Found Subid during Backup: 3
08-06 10:09:43.024 24508 31903 I CallLogBackupAgent: Processing PhoneAccountMigration Backup accountId: 3
08-06 10:09:43.024 24508 31903 I CallLogBackupAgent: processing PhoneAccountMigration Found Subid during Backup: 3
08-06 10:09:43.024 24508 31903 I CallLogBackupAgent: Processing PhoneAccountMigration Backup accountId: 3
08-06 10:09:43.024 24508 31903 I CallLogBackupAgent: processing PhoneAccountMigration Found Subid during Backup: 3
08-06 10:09:43.024 24508 31903 I CallLogBackupAgent: Processing PhoneAccountMigration Backup accountId: 3
08-06 10:09:43.024 24508 31903 I CallLogBackupAgent: processing PhoneAccountMigration Found Subid during Backup: 3
08-06 10:09:43.024 24508 31903 I CallLogBackupAgent: Processing PhoneAccountMigration Backup accountId: 3
08-06 10:09:43.024 24508 31903 I CallLogBackupAgent: processing PhoneAccountMigration Found Subid during Backup: 3
08-06 10:09:43.024 24508 31903 I CallLogBackupAgent: Processing PhoneAccountMigration Backup accountId: 3
08-06 10:09:43.024 24508 31903 I CallLogBackupAgent: processing PhoneAccountMigration Found Subid during Backup: 3
08-06 10:09:43.025 24508 31903 I CallLogBackupAgent: Processing PhoneAccountMigration Backup accountId: 3
08-06 10:09:43.025 24508 31903 I CallLogBackupAgent: processing PhoneAccountMigration Found Subid during Backup: 3
08-06 10:09:43.025 24508 31903 I CallLogBackupAgent: Processing PhoneAccountMigration Backup accountId: 3
08-06 10:09:43.025 24508 31903 I CallLogBackupAgent: processing PhoneAccountMigration Found Subid during Backup: 3
08-06 10:09:43.025 24508 31903 I CallLogBackupAgent: Processing PhoneAccountMigration Backup accountId: 3
08-06 10:09:43.025 24508 31903 I CallLogBackupAgent: processing PhoneAccountMigration Found Subid during Backup: 3
08-06 10:09:43.025 24508 31903 I CallLogBackupAgent: Processing PhoneAccountMigration Backup accountId: 3
08-06 10:09:43.025 24508 31903 I CallLogBackupAgent: processing PhoneAccountMigration Found Subid during Backup: 3
08-06 10:09:43.025 24508 31903 I CallLogBackupAgent: Processing PhoneAccountMigration Backup accountId: 3
08-06 10:09:43.025 24508 31903 I CallLogBackupAgent: processing PhoneAccountMigration Found Subid during Backup: 3
08-06 10:09:43.025 24508 31903 I CallLogBackupAgent: Processing PhoneAccountMigration Backup accountId: 3
08-06 10:09:43.025 24508 31903 I CallLogBackupAgent: processing PhoneAccountMigration Found Subid during Backup: 3
08-06 10:09:43.025 24508 31903 I CallLogBackupAgent: Processing PhoneAccountMigration Backup accountId: 3
08-06 10:09:43.025 24508 31903 I CallLogBackupAgent: processing PhoneAccountMigration Found Subid during Backup: 3
08-06 10:09:43.025 24508 31903 I CallLogBackupAgent: Processing PhoneAccountMigration Backup accountId: 3
08-06 10:09:43.025 24508 31903 I CallLogBackupAgent: processing PhoneAccountMigration Found Subid during Backup: 3
08-06 10:09:43.025 24508 31903 I CallLogBackupAgent: Processing PhoneAccountMigration Backup accountId: 3
08-06 10:09:43.025 24508 31903 I CallLogBackupAgent: processing PhoneAccountMigration Found Subid during Backup: 3
08-06 10:09:43.025 24508 31903 I CallLogBackupAgent: Processing PhoneAccountMigration Backup accountId: 3
08-06 10:09:43.025 24508 31903 I CallLogBackupAgent: processing PhoneAccountMigration Found Subid during Backup: 3
08-06 10:09:43.025 24508 31903 I CallLogBackupAgent: Processing PhoneAccountMigration Backup accountId: 3
08-06 10:09:43.025 24508 31903 I CallLogBackupAgent: processing PhoneAccountMigration Found Subid during Backup: 3
08-06 10:09:43.025 24508 31903 I CallLogBackupAgent: Processing PhoneAccountMigration Backup accountId: 3
08-06 10:09:43.025 24508 31903 I CallLogBackupAgent: processing PhoneAccountMigration Found Subid during Backup: 3
08-06 10:09:43.025 24508 31903 I CallLogBackupAgent: Processing PhoneAccountMigration Backup accountId: 3
08-06 10:09:43.025 24508 31903 I CallLogBackupAgent: processing PhoneAccountMigration Found Subid during Backup: 3
08-06 10:09:43.025 24508 31903 I CallLogBackupAgent: Processing PhoneAccountMigration Backup accountId: 3
08-06 10:09:43.025 24508 31903 I CallLogBackupAgent: processing PhoneAccountMigration Found Subid during Backup: 3
08-06 10:09:43.025 24508 31903 I CallLogBackupAgent: Processing PhoneAccountMigration Backup accountId: 3
08-06 10:09:43.026 24508 31903 I CallLogBackupAgent: processing PhoneAccountMigration Found Subid during Backup: 3
08-06 10:09:43.026 24508 31903 I CallLogBackupAgent: Processing PhoneAccountMigration Backup accountId: 3
08-06 10:09:43.026 24508 31903 I CallLogBackupAgent: processing PhoneAccountMigration Found Subid during Backup: 3
08-06 10:09:43.026 24508 31903 I CallLogBackupAgent: Processing PhoneAccountMigration Backup accountId: 3
08-06 10:09:43.026 24508 31903 I CallLogBackupAgent: processing PhoneAccountMigration Found Subid during Backup: 3
08-06 10:09:43.026 24508 31903 I CallLogBackupAgent: Processing PhoneAccountMigration Backup accountId: 3
08-06 10:09:43.026 24508 31903 I CallLogBackupAgent: processing PhoneAccountMigration Found Subid during Backup: 3
08-06 10:09:43.026 24508 31903 I CallLogBackupAgent: Processing PhoneAccountMigration Backup accountId: 3
08-06 10:09:43.026 24508 31903 I CallLogBackupAgent: processing PhoneAccountMigration Found Subid during Backup: 3
08-06 10:09:43.026 24508 31903 I CallLogBackupAgent: Processing PhoneAccountMigration Backup accountId: 3
08-06 10:09:43.026 24508 31903 I CallLogBackupAgent: processing PhoneAccountMigration Found Subid during Backup: 3
08-06 10:09:43.026 24508 31903 I CallLogBackupAgent: Processing PhoneAccountMigration Backup accountId: 3
08-06 10:09:43.026 24508 31903 I CallLogBackupAgent: processing PhoneAccountMigration Found Subid during Backup: 3
08-06 10:09:43.026 24508 31903 I CallLogBackupAgent: Processing PhoneAccountMigration Backup accountId: 3
08-06 10:09:43.026 24508 31903 I CallLogBackupAgent: processing PhoneAccountMigration Found Subid during Backup: 3
08-06 10:09:43.026 24508 31903 I CallLogBackupAgent: Processing PhoneAccountMigration Backup accountId: 3
08-06 10:09:43.026 24508 31903 I CallLogBackupAgent: processing PhoneAccountMigration Found Subid during Backup: 3
08-06 10:09:43.026 24508 31903 I CallLogBackupAgent: Processing PhoneAccountMigration Backup accountId: 3
08-06 10:09:43.026 24508 31903 I CallLogBackupAgent: processing PhoneAccountMigration Found Subid during Backup: 3
08-06 10:09:43.026 24508 31903 I CallLogBackupAgent: Processing PhoneAccountMigration Backup accountId: 3
08-06 10:09:43.026 24508 31903 I CallLogBackupAgent: processing PhoneAccountMigration Found Subid during Backup: 3
08-06 10:09:43.027 24508 31903 I CallLogBackupAgent: Processing PhoneAccountMigration Backup accountId: 3
08-06 10:09:43.027 24508 31903 I CallLogBackupAgent: processing PhoneAccountMigration Found Subid during Backup: 3
08-06 10:09:43.027 24508 31903 I CallLogBackupAgent: Processing PhoneAccountMigration Backup accountId: 3
08-06 10:09:43.027 24508 31903 I CallLogBackupAgent: processing PhoneAccountMigration Found Subid during Backup: 3
08-06 10:09:43.027 24508 31903 I CallLogBackupAgent: Processing PhoneAccountMigration Backup accountId: 3
08-06 10:09:43.027 24508 31903 I CallLogBackupAgent: processing PhoneAccountMigration Found Subid during Backup: 3
08-06 10:09:43.027 24508 31903 I CallLogBackupAgent: Processing PhoneAccountMigration Backup accountId: 3
08-06 10:09:43.027 24508 31903 I CallLogBackupAgent: processing PhoneAccountMigration Found Subid during Backup: 3
08-06 10:09:43.027 24508 31903 I CallLogBackupAgent: Processing PhoneAccountMigration Backup accountId: 3
08-06 10:09:43.027 24508 31903 I CallLogBackupAgent: processing PhoneAccountMigration Found Subid during Backup: 3
08-06 10:09:43.027 24508 31903 I CallLogBackupAgent: Processing PhoneAccountMigration Backup accountId: 3
08-06 10:09:43.027 24508 31903 I CallLogBackupAgent: processing PhoneAccountMigration Found Subid during Backup: 3
08-06 10:09:43.027 24508 31903 I CallLogBackupAgent: Processing PhoneAccountMigration Backup accountId: 3
08-06 10:09:43.027 24508 31903 I CallLogBackupAgent: processing PhoneAccountMigration Found Subid during Backup: 3
08-06 10:09:43.027 24508 31903 I CallLogBackupAgent: Processing PhoneAccountMigration Backup accountId: 3
08-06 10:09:43.027 24508 31903 I CallLogBackupAgent: processing PhoneAccountMigration Found Subid during Backup: 3
08-06 10:09:43.027 24508 31903 I CallLogBackupAgent: Processing PhoneAccountMigration Backup accountId: 3
08-06 10:09:43.027 24508 31903 I CallLogBackupAgent: processing PhoneAccountMigration Found Subid during Backup: 3
08-06 10:09:43.027 24508 31903 I CallLogBackupAgent: Processing PhoneAccountMigration Backup accountId: 3
08-06 10:09:43.027 24508 31903 I CallLogBackupAgent: processing PhoneAccountMigration Found Subid during Backup: 3
08-06 10:09:43.027 24508 31903 I CallLogBackupAgent: Processing PhoneAccountMigration Backup accountId: 3
08-06 10:09:43.027 24508 31903 I CallLogBackupAgent: processing PhoneAccountMigration Found Subid during Backup: 3
08-06 10:09:43.028 24508 31903 I CallLogBackupAgent: Processing PhoneAccountMigration Backup accountId: 3
08-06 10:09:43.028 24508 31903 I CallLogBackupAgent: processing PhoneAccountMigration Found Subid during Backup: 3
08-06 10:09:43.028 24508 31903 I CallLogBackupAgent: Processing PhoneAccountMigration Backup accountId: 3
08-06 10:09:43.028 24508 31903 I CallLogBackupAgent: processing PhoneAccountMigration Found Subid during Backup: 3
08-06 10:09:43.028 24508 31903 I CallLogBackupAgent: Processing PhoneAccountMigration Backup accountId: 3
08-06 10:09:43.028 24508 31903 I CallLogBackupAgent: processing PhoneAccountMigration Found Subid during Backup: 3
08-06 10:09:43.028 24508 31903 I CallLogBackupAgent: Processing PhoneAccountMigration Backup accountId: 3
08-06 10:09:43.028 24508 31903 I CallLogBackupAgent: processing PhoneAccountMigration Found Subid during Backup: 3
08-06 10:09:43.028 24508 31903 I CallLogBackupAgent: Processing PhoneAccountMigration Backup accountId: 3
08-06 10:09:43.028 24508 31903 I CallLogBackupAgent: processing PhoneAccountMigration Found Subid during Backup: 3
08-06 10:09:43.028 24508 31903 I CallLogBackupAgent: Processing PhoneAccountMigration Backup accountId: 3
08-06 10:09:43.028 24508 31903 I CallLogBackupAgent: processing PhoneAccountMigration Found Subid during Backup: 3
08-06 10:09:43.028 24508 31903 I CallLogBackupAgent: Processing PhoneAccountMigration Backup accountId: 3
08-06 10:09:43.028 24508 31903 I CallLogBackupAgent: processing PhoneAccountMigration Found Subid during Backup: 3
08-06 10:09:43.028 17719 17912 I dmkg : (REDACTED) Starting batch sync for corpora: %s
08-06 10:09:43.028 24508 31903 I CallLogBackupAgent: Processing PhoneAccountMigration Backup accountId: 3
08-06 10:09:43.028 24508 31903 I CallLogBackupAgent: processing PhoneAccountMigration Found Subid during Backup: 3
08-06 10:09:43.029 24508 31903 I CallLogBackupAgent: Processing PhoneAccountMigration Backup accountId: 3
08-06 10:09:43.029 24508 31903 I CallLogBackupAgent: processing PhoneAccountMigration Found Subid during Backup: 3
08-06 10:09:43.029 24508 31903 I CallLogBackupAgent: Processing PhoneAccountMigration Backup accountId: 3
08-06 10:09:43.029 24508 31903 I CallLogBackupAgent: processing PhoneAccountMigration Found Subid during Backup: 3
08-06 10:09:43.029 24508 31903 I CallLogBackupAgent: Processing PhoneAccountMigration Backup accountId: 3
08-06 10:09:43.029 24508 31903 I CallLogBackupAgent: processing PhoneAccountMigration Found Subid during Backup: 3
08-06 10:09:43.029 24508 31903 I CallLogBackupAgent: Processing PhoneAccountMigration Backup accountId: 3
08-06 10:09:43.029 24508 31903 I CallLogBackupAgent: processing PhoneAccountMigration Found Subid during Backup: 3
08-06 10:09:43.029 24508 31903 I CallLogBackupAgent: Processing PhoneAccountMigration Backup accountId: 3
08-06 10:09:43.029 24508 31903 I CallLogBackupAgent: processing PhoneAccountMigration Found Subid during Backup: 3
08-06 10:09:43.029 24508 31903 I CallLogBackupAgent: Processing PhoneAccountMigration Backup accountId: 3
08-06 10:09:43.029 24508 31903 I CallLogBackupAgent: processing PhoneAccountMigration Found Subid during Backup: 3
08-06 10:09:43.029 24508 31903 I CallLogBackupAgent: Processing PhoneAccountMigration Backup accountId: 3
08-06 10:09:43.029 24508 31903 I CallLogBackupAgent: processing PhoneAccountMigration Found Subid during Backup: 3
08-06 10:09:43.029 24508 31903 I CallLogBackupAgent: Processing PhoneAccountMigration Backup accountId: 3
08-06 10:09:43.029 24508 31903 I CallLogBackupAgent: processing PhoneAccountMigration Found Subid during Backup: 3
