08-06 09:53:09.048 1761 2548 V AccessibilityUserState: updateShortcutTargets: type:accessibility_top_row_key_targets, current:{}, new:{}
08-06 09:53:09.048 1761 2548 V AccessibilityUserState: updateShortcutTargets: type:accessibility_quick_access_targets, current:{}, new:{}
08-06 09:53:09.048 1761 2548 V AccessibilityManagerService: onUserStateChangedLocked for userId: 0, forceUpdate: false
08-06 09:53:09.049 1761 2548 V AccessibilityUserState: updateShortcutTargets: type:accessibility_shortcut_target_service, current:{}, new:{}
08-06 09:53:09.049 1761 2548 V AccessibilityUserState: updateShortcutTargets: type:accessibility_button_targets, current:{}, new:{}
08-06 09:53:09.049 1761 2548 V AccessibilityUserState: updateShortcutTargets: type:accessibility_gesture_targets, current:{}, new:{}
08-06 09:53:09.049 1761 2548 V AccessibilityUserState: updateShortcutTargets: type:accessibility_qs_targets, current:{}, new:{}
08-06 09:53:09.049 1761 2548 V AccessibilityUserState: updateShortcutTargets: type:accessibility_key_gesture_targets, current:{}, new:{}
08-06 09:53:09.049 1761 2548 V AccessibilityUserState: updateShortcutTargets: type:accessibility_top_row_key_targets, current:{}, new:{}
08-06 09:53:09.049 1761 2548 V AccessibilityUserState: updateShortcutTargets: type:accessibility_quick_access_targets, current:{}, new:{}
08-06 09:53:09.049 1761 2548 W MagnificationConnectionManager: requestConnection duplicated request: connect=false, mConnectionState=DISCONNECTED
08-06 09:53:09.049 1761 1761 V AccessibilityManagerService: onUserStateChangedLocked for userId: 0, forceUpdate: false
08-06 09:53:09.049 1761 1761 V AccessibilityUserState: updateShortcutTargets: type:accessibility_shortcut_target_service, current:{}, new:{}
08-06 09:53:09.049 1761 1761 V AccessibilityUserState: updateShortcutTargets: type:accessibility_button_targets, current:{}, new:{}
08-06 09:53:09.049 1761 1761 V AccessibilityUserState: updateShortcutTargets: type:accessibility_gesture_targets, current:{}, new:{}
08-06 09:53:09.049 1761 1761 V AccessibilityUserState: updateShortcutTargets: type:accessibility_qs_targets, current:{}, new:{}
08-06 09:53:09.049 1761 1761 V AccessibilityUserState: updateShortcutTargets: type:accessibility_key_gesture_targets, current:{}, new:{}
08-06 09:53:09.049 1761 1761 V AccessibilityUserState: updateShortcutTargets: type:accessibility_top_row_key_targets, current:{}, new:{}
08-06 09:53:09.049 1761 1761 V AccessibilityUserState: updateShortcutTargets: type:accessibility_quick_access_targets, current:{}, new:{}
08-06 09:53:09.049 1761 1761 W MagnificationConnectionManager: requestConnection duplicated request: connect=false, mConnectionState=DISCONNECTED
08-06 09:53:09.057 8200 23349 D gojni : 14.3M/125.3M magicsock: disco: node [NCKUH] d:b0c46301cd6eea5d now using 192.168.1.144:41641 mtu=1360 tx=f25564ac2b57
08-06 09:53:09.059 17719 17719 I fpqh : #sync(). Running Synclets and scheduling next sync.
08-06 09:53:09.066 17719 17719 I fpqh : #sync(). Running Synclets and scheduling next sync.
08-06 09:53:09.093 27754 27754 I om.shire.mobile: hiddenapi: Accessing hidden method Landroid/os/SystemProperties;->addChangeCallback(Ljava/lang/Runnable;)V (runtime_flags=0, domain=platform, api=unsupported) from Landroidx/compose/ui/platform/AndroidComposeView$Companion; (domain=app, TargetSdkVersion=36) using reflection: allowed
08-06 09:53:09.121 27754 27754 D VRI[MainActivity]: WindowInsets changed: 1080x2424 statusBars:[0,152,0,0] navigationBars:[0,0,0,59] mandatorySystemGestures:[0,181,0,78]
08-06 09:53:09.130 1761 2015 V DisplayPowerController[0]: Brightness [0.044230655] reason changing to: 'automatic [ dim ]', previous reason: 'automatic [ dim hdr ]'.
08-06 09:53:09.130 1761 2015 I DisplayPowerController[0]: BrightnessEvent: brt=0.044230655(61.0%), nits=81.04597, lux=60.051525, reason=automatic [ dim ], strat=AutomaticBrightnessStrategy, state=ON, stateReason=DEFAULT_POLICY, policy=DIM, flags=, initBrt=0.044230655, rcmdBrt=0.084230654, preBrt=NaN, preLux=99.09622, lastReadLux=57.6779, wasShortTermModelActive=false, autoBrightness=true (default), unclampedBrt=0.084230654, brtRange=[0.0, 0.33444074], hbmMax=0.67, hbmMode=off, thrmMax=1.0, rbcStrength=35, powerFactor=1.0, physDisp=Outer Display(local:4619827677550801153), logicalId=0, slowChange=false, rampSpeed=0.7047244, colorTemp=NaN, thermalStatus=none
08-06 09:53:09.132 3836 4969 I PixelDisplayManager: onDisplayChanged(Inner Display, 1, local:4619827677550801152): screenOn=false, hbmMode=0, br=0.0, product=DeviceProductInfo{name=Common Panel, manufacturerPnpId=GGL, productId=0, modelYear=null, manufactureDate=ManufactureDate{week=1, year=1990}, connectionToSinkType=1, edidStructureMetadata=EdidStructureMetadata{version=0, revision=0}, videoInputType=0}
08-06 09:53:09.132 3836 4969 I PixelDisplayManager: onDisplayChanged(Outer Display, 0, local:4619827677550801153): screenOn=true, hbmMode=0, br=0.044230655, product=DeviceProductInfo{name=Common Panel, manufacturerPnpId=GGL, productId=0, modelYear=null, manufactureDate=ManufactureDate{week=1, year=1990}, connectionToSinkType=1, edidStructureMetadata=EdidStructureMetadata{version=0, revision=0}, videoInputType=0}
08-06 09:53:09.139 30171 30336 I AiAiVC : (REDACTED) Centralized allowlist: requested package %s is in the allowlist
08-06 09:53:09.139 30171 30336 I AiAiVC : (REDACTED) Centralized allowlist: requested package %s is in the allowlist
08-06 09:53:09.139 30171 30336 I AiAiVC : (REDACTED) Centralized allowlist: requested package %s is in the allowlist
08-06 09:53:09.139 30171 30336 I AiAiVC : (REDACTED) Centralized allowlist: requested package %s is in the allowlist
08-06 09:53:09.139 30171 30336 I AiAiVC : (REDACTED) Centralized allowlist: requested package %s is in the allowlist
08-06 09:53:09.139 30171 30336 I AiAiVC : (REDACTED) Centralized allowlist: requested package %s is in the allowlist
08-06 09:53:09.140 30171 30336 I AiAiVC : (REDACTED) Centralized allowlist: requested package %s is in the allowlist
08-06 09:53:09.140 30171 30336 I AiAiVC : (REDACTED) Centralized allowlist: requested package %s is in the allowlist
08-06 09:53:09.140 30171 30336 I AiAiVC : (REDACTED) Centralized allowlist: requested package %s is in the allowlist
08-06 09:53:09.140 30171 30336 I AiAiVC : (REDACTED) Centralized allowlist: requested package %s is in the allowlist
08-06 09:53:09.140 30171 30336 I AiAiVC : (REDACTED) Centralized allowlist: requested package %s is in the allowlist
08-06 09:53:09.140 30171 30336 I AiAiVC : (REDACTED) Centralized allowlist: requested package %s is in the allowlist
08-06 09:53:09.140 30171 30336 I AiAiVC : (REDACTED) Centralized allowlist: requested package %s is in the allowlist
08-06 09:53:09.140 30171 30336 I AiAiVC : (REDACTED) Centralized allowlist: requested package %s is in the allowlist
08-06 09:53:09.140 30171 30336 I AiAiVC : (REDACTED) Centralized allowlist: requested package %s is in the allowlist
08-06 09:53:09.140 30171 30336 I AiAiVC : (REDACTED) Centralized allowlist: requested package %s is in the allowlist
08-06 09:53:09.140 30171 30336 I AiAiVC : (REDACTED) Centralized allowlist: requested package %s is in the allowlist
08-06 09:53:09.140 30171 30336 I AiAiVC : (REDACTED) Centralized allowlist: requested package %s is in the allowlist
08-06 09:53:09.140 30171 30336 I AiAiVC : (REDACTED) Centralized allowlist: requested package %s is in the allowlist
08-06 09:53:09.140 30171 30336 I AiAiVC : (REDACTED) Centralized allowlist: requested package %s is in the allowlist
08-06 09:53:09.140 30171 30336 I AiAiVC : (REDACTED) Centralized allowlist: requested package %s is not in the allowlist
08-06 09:53:09.140 30171 30336 I AiAiVC : (REDACTED) Centralized allowlist: requested package %s is in the allowlist
08-06 09:53:09.140 30171 30336 I AiAiVC : (REDACTED) Centralized allowlist: requested package %s is in the allowlist
08-06 09:53:09.140 30171 30336 I AiAiVC : (REDACTED) Centralized allowlist: requested package %s is in the allowlist
08-06 09:53:09.140 30171 30336 I AiAiVC : (REDACTED) Centralized allowlist: requested package %s is not in the allowlist
08-06 09:53:09.140 30171 30336 I AiAiVC : (REDACTED) Centralized allowlist: requested package %s is in the allowlist
08-06 09:53:09.140 30171 30336 I AiAiVC : (REDACTED) Centralized allowlist: requested component %s is in the allowlist
08-06 09:53:09.140 30171 30336 I AiAiVC : (REDACTED) Centralized allowlist: requested component %s is in the allowlist
08-06 09:53:09.140 30171 30336 I AiAiVC : (REDACTED) Centralized allowlist: requested component %s is in the allowlist
08-06 09:53:09.140 30171 30336 I AiAiVC : (REDACTED) Centralized allowlist: requested component %s is in the allowlist
08-06 09:53:09.140 30171 30336 I AiAiVC : (REDACTED) Centralized allowlist: requested component %s is not in the allowlist
08-06 09:53:09.140 30171 30336 I AiAiVC : (REDACTED) Centralized allowlist: requested component %s is not in the allowlist
08-06 09:53:09.140 30171 30336 I AiAiVC : (REDACTED) Centralized allowlist: requested component %s is not in the allowlist
08-06 09:53:09.140 30171 30336 I AiAiVC : (REDACTED) Centralized allowlist: requested component %s is not in the allowlist
08-06 09:53:09.140 30171 30336 I AiAiVC : (REDACTED) Centralized allowlist: requested component %s is in the allowlist
08-06 09:53:09.140 30171 30336 I AiAiVC : (REDACTED) Centralized allowlist: requested component %s is in the allowlist
08-06 09:53:09.140 30171 30336 I AiAiVC : (REDACTED) Centralized allowlist: requested component %s is in the allowlist
08-06 09:53:09.140 30171 30336 I AiAiVC : (REDACTED) Centralized allowlist: requested component %s is in the allowlist
08-06 09:53:09.140 30171 30336 I AiAiVC : (REDACTED) Centralized allowlist: requested component %s is in the allowlist
08-06 09:53:09.140 30171 30336 I AiAiVC : (REDACTED) Centralized allowlist: requested component %s is in the allowlist
08-06 09:53:09.140 30171 30336 I AiAiVC : (REDACTED) Centralized allowlist: requested component %s is in the allowlist
08-06 09:53:09.140 30171 30336 I AiAiVC : (REDACTED) Centralized allowlist: requested component %s is in the allowlist
08-06 09:53:09.147 671 14064 I hwc-display: path=drm, id=1, level=2766, nits=396.051178, brightness=0.220372, DimmingOn=0, Hbm=0, LhbmOn=0, OpRate=120
08-06 09:53:09.149 1761 2536 W ApplicationInfo: Large ApplicationInfo parcel: size=20140 package=com.zhiliaoapp.musically splits=57 sharedLibs=8 resDirs=1 overlayPaths=1
08-06 09:53:09.149 1761 2536 W ParceledListSlice: Element #309 is 20504 bytes.
08-06 09:53:09.153 671 14064 I hwc-display: path=drm, id=1, level=2741, nits=384.674805, brightness=0.214009, DimmingOn=0, Hbm=0, LhbmOn=0, OpRate=120
08-06 09:53:09.162 671 14064 I hwc-display: path=drm, id=1, level=2716, nits=373.692688, brightness=0.207867, DimmingOn=0, Hbm=0, LhbmOn=0, OpRate=120
08-06 09:53:09.167 8200 14181 D gojni : 14.3M/125.3M magicsock: disco: node [NCKUH] d:b0c46301cd6eea5d now using 10.109.219.125:9240 mtu=1360 tx=e2dd6c82ad30
08-06 09:53:09.168 30171 30336 I AiAiVC : (REDACTED) Centralized allowlist: requested package %s is in the allowlist
08-06 09:53:09.168 30171 30336 I AiAiVC : (REDACTED) Centralized allowlist: requested package %s is in the allowlist
08-06 09:53:09.168 30171 30336 I AiAiVC : (REDACTED) Centralized allowlist: requested package %s is in the allowlist
08-06 09:53:09.168 30171 30336 I AiAiVC : (REDACTED) Centralized allowlist: requested package %s is in the allowlist
08-06 09:53:09.168 30171 30336 I AiAiVC : (REDACTED) Centralized allowlist: requested package %s is in the allowlist
08-06 09:53:09.168 30171 30336 I AiAiVC : (REDACTED) Centralized allowlist: requested package %s is in the allowlist
08-06 09:53:09.168 30171 30336 I AiAiVC : (REDACTED) Centralized allowlist: requested package %s is in the allowlist
08-06 09:53:09.168 30171 30336 I AiAiVC : (REDACTED) Centralized allowlist: requested package %s is in the allowlist
08-06 09:53:09.168 30171 30336 I AiAiVC : (REDACTED) Centralized allowlist: requested package %s is in the allowlist
08-06 09:53:09.168 30171 30336 I AiAiVC : (REDACTED) Centralized allowlist: requested package %s is in the allowlist
08-06 09:53:09.168 30171 30336 I AiAiVC : (REDACTED) Centralized allowlist: requested package %s is in the allowlist
08-06 09:53:09.168 30171 30336 I AiAiVC : (REDACTED) Centralized allowlist: requested package %s is in the allowlist
08-06 09:53:09.168 30171 30336 I AiAiVC : (REDACTED) Centralized allowlist: requested package %s is in the allowlist
08-06 09:53:09.168 30171 30336 I AiAiVC : (REDACTED) Centralized allowlist: requested package %s is in the allowlist
08-06 09:53:09.168 30171 30336 I AiAiVC : (REDACTED) Centralized allowlist: requested package %s is in the allowlist
08-06 09:53:09.168 30171 30336 I AiAiVC : (REDACTED) Centralized allowlist: requested package %s is in the allowlist
08-06 09:53:09.168 30171 30336 I AiAiVC : (REDACTED) Centralized allowlist: requested package %s is in the allowlist
08-06 09:53:09.168 30171 30336 I AiAiVC : (REDACTED) Centralized allowlist: requested package %s is in the allowlist
08-06 09:53:09.168 30171 30336 I AiAiVC : (REDACTED) Centralized allowlist: requested package %s is in the allowlist
08-06 09:53:09.168 30171 30336 I AiAiVC : (REDACTED) Centralized allowlist: requested package %s is in the allowlist
08-06 09:53:09.168 30171 30336 I AiAiVC : (REDACTED) Centralized allowlist: requested package %s is not in the allowlist
08-06 09:53:09.170 671 14064 I hwc-display: path=drm, id=1, level=2692, nits=363.063293, brightness=0.201922, DimmingOn=0, Hbm=0, LhbmOn=0, OpRate=120
08-06 09:53:09.168 30171 30336 I AiAiVC : (REDACTED) Centralized allowlist: requested package %s is in the allowlist
08-06 09:53:09.171 30171 30336 I AiAiVC : (REDACTED) Centralized allowlist: requested package %s is in the allowlist
08-06 09:53:09.171 30171 30336 I AiAiVC : (REDACTED) Centralized allowlist: requested package %s is in the allowlist
08-06 09:53:09.171 30171 30336 I AiAiVC : (REDACTED) Centralized allowlist: requested package %s is not in the allowlist
08-06 09:53:09.171 30171 30336 I AiAiVC : (REDACTED) Centralized allowlist: requested package %s is in the allowlist
08-06 09:53:09.171 30171 30336 I AiAiVC : (REDACTED) Centralized allowlist: requested component %s is in the allowlist
08-06 09:53:09.171 30171 30336 I AiAiVC : (REDACTED) Centralized allowlist: requested component %s is in the allowlist
08-06 09:53:09.171 30171 30336 I AiAiVC : (REDACTED) Centralized allowlist: requested component %s is in the allowlist
08-06 09:53:09.171 30171 30336 I AiAiVC : (REDACTED) Centralized allowlist: requested component %s is in the allowlist
08-06 09:53:09.171 30171 30336 I AiAiVC : (REDACTED) Centralized allowlist: requested component %s is not in the allowlist
08-06 09:53:09.171 30171 30336 I AiAiVC : (REDACTED) Centralized allowlist: requested component %s is not in the allowlist
08-06 09:53:09.171 30171 30336 I AiAiVC : (REDACTED) Centralized allowlist: requested component %s is not in the allowlist
08-06 09:53:09.171 30171 30336 I AiAiVC : (REDACTED) Centralized allowlist: requested component %s is not in the allowlist
08-06 09:53:09.171 30171 30336 I AiAiVC : (REDACTED) Centralized allowlist: requested component %s is in the allowlist
08-06 09:53:09.171 30171 30336 I AiAiVC : (REDACTED) Centralized allowlist: requested component %s is in the allowlist
08-06 09:53:09.171 30171 30336 I AiAiVC : (REDACTED) Centralized allowlist: requested component %s is in the allowlist
08-06 09:53:09.171 30171 30336 I AiAiVC : (REDACTED) Centralized allowlist: requested component %s is in the allowlist
08-06 09:53:09.171 30171 30336 I AiAiVC : (REDACTED) Centralized allowlist: requested component %s is in the allowlist
08-06 09:53:09.171 30171 30336 I AiAiVC : (REDACTED) Centralized allowlist: requested component %s is in the allowlist
08-06 09:53:09.171 30171 30336 I AiAiVC : (REDACTED) Centralized allowlist: requested component %s is in the allowlist
08-06 09:53:09.171 30171 30336 I AiAiVC : (REDACTED) Centralized allowlist: requested component %s is in the allowlist
08-06 09:53:09.178 671 14064 I hwc-display: path=drm, id=1, level=2669, nits=352.781097, brightness=0.196172, DimmingOn=0, Hbm=0, LhbmOn=0, OpRate=120
08-06 09:53:09.186 671 14064 I hwc-display: path=drm, id=1, level=2646, nits=342.828125, brightness=0.190605, DimmingOn=0, Hbm=0, LhbmOn=0, OpRate=120
08-06 09:53:09.187 27754 27754 D DesktopExperienceFlags: Toggle override initialized to: false
08-06 09:53:09.190 27754 27754 I TextToSpeech: Sucessfully bound to com.google.android.tts
08-06 09:53:09.190 1761 5812 D TextToSpeechManagerPerUserService: Trying to start connection to TTS engine: com.google.android.tts
08-06 09:53:09.191 1761 1761 D TextToSpeechManagerPerUserService: Connected successfully to TTS engine: com.google.android.tts
08-06 09:53:09.192 27754 27773 I TextToSpeech: Connected to TTS engine
08-06 09:53:09.195 671 671 I hwc-display: path=drm, id=1, level=2624, nits=333.197540, brightness=0.185219, DimmingOn=0, Hbm=0, LhbmOn=0, OpRate=120
08-06 09:53:09.203 671 671 I hwc-display: path=drm, id=1, level=2601, nits=323.873047, brightness=0.180004, DimmingOn=0, Hbm=0, LhbmOn=0, OpRate=120
08-06 09:53:09.211 671 14064 I hwc-display: path=drm, id=1, level=2577, nits=314.848358, brightness=0.174957, DimmingOn=0, Hbm=0, LhbmOn=0, OpRate=120
08-06 09:53:09.212 1417 1417 D AOC : A3:MSG: tmd3733_device.cc, 3258: USF: TMD3733: dbv:2624 luma:26 leak:2.62 rr:120 te2:0 ctx:0x0 status:1 op_hz:0 [0]
08-06 09:53:09.220 671 14064 I hwc-display: path=drm, id=1, level=2552, nits=306.119354, brightness=0.170075, DimmingOn=0, Hbm=0, LhbmOn=0, OpRate=120
08-06 09:53:09.228 671 14064 I hwc-display: path=drm, id=1, level=2528, nits=297.672363, brightness=0.165351, DimmingOn=0, Hbm=0, LhbmOn=0, OpRate=120
08-06 09:53:09.236 671 14064 I hwc-display: path=drm, id=1, level=2504, nits=289.497101, brightness=0.160779, DimmingOn=0, Hbm=0, LhbmOn=0, OpRate=120
08-06 09:53:09.245 671 671 I hwc-display: path=drm, id=1, level=2482, nits=281.584991, brightness=0.156354, DimmingOn=0, Hbm=0, LhbmOn=0, OpRate=120
08-06 09:53:09.247 1417 1417 D AOC : A3:MSG: tmd3733_device.cc, 3258: USF: TMD3733: dbv:2528 luma:27 leak:2.58 rr:120 te2:0 ctx:0x0 status:1 op_hz:0 [1]
08-06 09:53:09.248 1417 1417 D AOC : A3:MSG: tmd3733_device.cc, 3186: USF: TMD3733: vsync_delay_usec: 4800
08-06 09:53:09.253 671 671 I hwc-display: path=drm, id=1, level=2460, nits=273.914337, brightness=0.152064, DimmingOn=0, Hbm=0, LhbmOn=0, OpRate=120
08-06 09:53:09.260 30171 30336 I AiAiVC : (REDACTED) Centralized allowlist: requested package %s is in the allowlist
08-06 09:53:09.260 30171 30336 I AiAiVC : (REDACTED) Centralized allowlist: requested package %s is in the allowlist
08-06 09:53:09.260 30171 30336 I AiAiVC : (REDACTED) Centralized allowlist: requested package %s is in the allowlist
08-06 09:53:09.260 30171 30336 I AiAiVC : (REDACTED) Centralized allowlist: requested package %s is in the allowlist
08-06 09:53:09.260 30171 30336 I AiAiVC : (REDACTED) Centralized allowlist: requested package %s is in the allowlist
08-06 09:53:09.260 30171 30336 I AiAiVC : (REDACTED) Centralized allowlist: requested package %s is in the allowlist
08-06 09:53:09.260 30171 30336 I AiAiVC : (REDACTED) Centralized allowlist: requested package %s is in the allowlist
08-06 09:53:09.260 30171 30336 I AiAiVC : (REDACTED) Centralized allowlist: requested package %s is in the allowlist
08-06 09:53:09.260 30171 30336 I AiAiVC : (REDACTED) Centralized allowlist: requested package %s is in the allowlist
08-06 09:53:09.260 30171 30336 I AiAiVC : (REDACTED) Centralized allowlist: requested package %s is in the allowlist
08-06 09:53:09.260 30171 30336 I AiAiVC : (REDACTED) Centralized allowlist: requested package %s is in the allowlist
08-06 09:53:09.260 30171 30336 I AiAiVC : (REDACTED) Centralized allowlist: requested package %s is in the allowlist
08-06 09:53:09.260 30171 30336 I AiAiVC : (REDACTED) Centralized allowlist: requested package %s is in the allowlist
08-06 09:53:09.260 30171 30336 I AiAiVC : (REDACTED) Centralized allowlist: requested package %s is in the allowlist
08-06 09:53:09.260 30171 30336 I AiAiVC : (REDACTED) Centralized allowlist: requested package %s is in the allowlist
08-06 09:53:09.260 30171 30336 I AiAiVC : (REDACTED) Centralized allowlist: requested package %s is in the allowlist
08-06 09:53:09.260 30171 30336 I AiAiVC : (REDACTED) Centralized allowlist: requested package %s is in the allowlist
08-06 09:53:09.260 30171 30336 I AiAiVC : (REDACTED) Centralized allowlist: requested package %s is in the allowlist
08-06 09:53:09.260 30171 30336 I AiAiVC : (REDACTED) Centralized allowlist: requested package %s is in the allowlist
08-06 09:53:09.260 30171 30336 I AiAiVC : (REDACTED) Centralized allowlist: requested package %s is in the allowlist
08-06 09:53:09.260 30171 30336 I AiAiVC : (REDACTED) Centralized allowlist: requested package %s is not in the allowlist
08-06 09:53:09.260 30171 30336 I AiAiVC : (REDACTED) Centralized allowlist: requested package %s is in the allowlist
08-06 09:53:09.260 30171 30336 I AiAiVC : (REDACTED) Centralized allowlist: requested package %s is in the allowlist
08-06 09:53:09.260 30171 30336 I AiAiVC : (REDACTED) Centralized allowlist: requested package %s is in the allowlist
08-06 09:53:09.260 30171 30336 I AiAiVC : (REDACTED) Centralized allowlist: requested package %s is not in the allowlist
08-06 09:53:09.260 30171 30336 I AiAiVC : (REDACTED) Centralized allowlist: requested package %s is in the allowlist
08-06 09:53:09.260 30171 30336 I AiAiVC : (REDACTED) Centralized allowlist: requested component %s is in the allowlist
08-06 09:53:09.260 30171 30336 I AiAiVC : (REDACTED) Centralized allowlist: requested component %s is in the allowlist
08-06 09:53:09.260 30171 30336 I AiAiVC : (REDACTED) Centralized allowlist: requested component %s is in the allowlist
08-06 09:53:09.260 30171 30336 I AiAiVC : (REDACTED) Centralized allowlist: requested component %s is in the allowlist
08-06 09:53:09.260 30171 30336 I AiAiVC : (REDACTED) Centralized allowlist: requested component %s is not in the allowlist
08-06 09:53:09.260 30171 30336 I AiAiVC : (REDACTED) Centralized allowlist: requested component %s is not in the allowlist
08-06 09:53:09.260 30171 30336 I AiAiVC : (REDACTED) Centralized allowlist: requested component %s is not in the allowlist
08-06 09:53:09.260 30171 30336 I AiAiVC : (REDACTED) Centralized allowlist: requested component %s is not in the allowlist
08-06 09:53:09.260 30171 30336 I AiAiVC : (REDACTED) Centralized allowlist: requested component %s is in the allowlist
08-06 09:53:09.260 30171 30336 I AiAiVC : (REDACTED) Centralized allowlist: requested component %s is in the allowlist
08-06 09:53:09.260 30171 30336 I AiAiVC : (REDACTED) Centralized allowlist: requested component %s is in the allowlist
08-06 09:53:09.260 30171 30336 I AiAiVC : (REDACTED) Centralized allowlist: requested component %s is in the allowlist
08-06 09:53:09.260 30171 30336 I AiAiVC : (REDACTED) Centralized allowlist: requested component %s is in the allowlist
08-06 09:53:09.260 30171 30336 I AiAiVC : (REDACTED) Centralized allowlist: requested component %s is in the allowlist
08-06 09:53:09.260 30171 30336 I AiAiVC : (REDACTED) Centralized allowlist: requested component %s is in the allowlist
08-06 09:53:09.260 30171 30336 I AiAiVC : (REDACTED) Centralized allowlist: requested component %s is in the allowlist
08-06 09:53:09.261 671 671 I hwc-display: path=drm, id=1, level=2437, nits=266.507080, brightness=0.147921, DimmingOn=0, Hbm=0, LhbmOn=0, OpRate=120
08-06 09:53:09.269 671 671 I hwc-display: path=drm, id=1, level=2413, nits=259.337921, brightness=0.143911, DimmingOn=0, Hbm=0, LhbmOn=0, OpRate=120
08-06 09:53:09.272 1417 1417 D AOC : CHRE: DRAM vote count begins
08-06 09:53:09.272 1417 1417 D AOC : F1:MSG: controller.cc, 275: AudioInCtrl: cmd ID: 0x00f4, tag: 0x58 [cntr = 46337]
08-06 09:53:09.272 1417 1417 D AOC : F1:MSG: controller_audio_input.cc, 4385: Got Chre audio start cmd (input path = 0)
08-06 09:53:09.272 1417 1417 D AOC : F1:MSG: audio_capture_pdm.cc, 448: Reconfig seamless
08-06 09:53:09.272 1417 1417 D AOC : F1:Stream 1: mask 0x5, rings {1, 0}, pipe 0x1, sr 16000, il {0,2,0,0}, en 1, mc 0, ni 1, fpo 0, ru 1, hq 0
08-06 09:53:09.273 1417 1417 D AOC : F1:Stream 4: mask 0x1, rings {7, 0}, pipe 0x10, sr 16000, il {0,0,0,0}, en 1, mc 0, ni 10, fpo 0, ru 1, hq 0
08-06 09:53:09.273 1417 1417 D AOC : F1:MSG: audio_capture_pdm.cc, 580: Stream 4 restarted (ramp ON)
08-06 09:53:09.273 1417 1417 D AOC : F1:MSG: chre_src.cc, 427: Set input source to 0
08-06 09:53:09.273 1417 1417 D AOC : F1:TRC: hotword_input_processor.cc, 1008: Receive cmd: 0x84 (132)
08-06 09:53:09.273 1417 1417 D AOC : F1:TRC: hotword_input_processor.cc, 1504: Finished cmd: 0x84 (132)
08-06 09:53:09.274 1417 1417 D AOC : F1:MSG: controller.cc, 919: AudioInCtrl: ipc: C-Ch-AI, cmd ID: 0x00f4, tag: 0x58, rc: 0
08-06 09:53:09.274 1160 1205 I CHRE : @ 582220.076: [vice_ambient_volume] SendMessageToAmbientVolume, message_type: 33281 to instance_id: 0x3
08-06 09:53:09.274 1160 1205 I CHRE : @ 582220.076: [vice_ambient_volume] Ambient Volume enabled
08-06 09:53:09.274 1160 1205 I CHRE : @ 582220.076: [AV] Client info registered: client endpoint 0x19, include_volume_history_seconds: transition=0 exposure=0
08-06 09:53:09.274 1160 1205 D CHRE : @ 582220.078: request audio send: 0
08-06 09:53:09.275 27754 27795 I SHiRESentinel: POLL_SEEDED alerts=9
08-06 09:53:09.276 1417 1417 D AOC : CHRE: DRAM vote count ends: 0 ms
08-06 09:53:09.276 1417 1417 D AOC : CHRE: DRAM vote count begins
08-06 09:53:09.276 1160 1205 I CHRE : @ 582220.078: [AV] Requested audio from handle 0, status: 1
08-06 09:53:09.276 1417 1417 D AOC : CHRE: DRAM vote count ends: 0 ms
08-06 09:53:09.276 1417 1417 D AOC : CHRE: DRAM vote count begins
08-06 09:53:09.277 1417 1417 D AOC : CHRE: DRAM vote count ends: 0 ms
08-06 09:53:09.278 671 671 I hwc-display: path=drm, id=1, level=2388, nits=252.399323, brightness=0.140031, DimmingOn=0, Hbm=0, LhbmOn=0, OpRate=120
08-06 09:53:09.280 1160 1205 I CHRE : @ 582220.080: [vice_ambient_volume] Received ACK from Ambient Volume for enable request
08-06 09:53:09.280 1417 1417 D AOC : F1:MSG: chre_src.cc, 152: CHRE SRC Reset Requested
08-06 09:53:09.286 1761 2537 W ApplicationInfo: Large ApplicationInfo parcel: size=20140 package=com.zhiliaoapp.musically splits=57 sharedLibs=8 resDirs=1 overlayPaths=1
08-06 09:53:09.286 1761 2537 W ParceledListSlice: Element #309 is 20504 bytes.
08-06 09:53:09.286 671 671 I hwc-display: path=drm, id=1, level=2364, nits=245.684174, brightness=0.136275, DimmingOn=0, Hbm=0, LhbmOn=0, OpRate=120
08-06 09:53:09.291 1128 1166 E statsd : regex_error: subexpressions are not allowed, pattern: (\.[0-9a-fA-F]{4,})+$
08-06 09:53:09.295 671 671 I hwc-display: path=drm, id=1, level=2341, nits=239.181213, brightness=0.132638, DimmingOn=0, Hbm=0, LhbmOn=0, OpRate=120
08-06 09:53:09.295 27754 27754 I HWUI : Using FreeType backend (prop=Auto)
08-06 09:53:09.303 671 14064 I hwc-display: path=drm, id=1, level=2318, nits=232.894852, brightness=0.129122, DimmingOn=0, Hbm=0, LhbmOn=0, OpRate=120
08-06 09:53:09.305 1417 1417 D AOC : A3:MSG: tmd3733_device.cc, 3258: USF: TMD3733: dbv:2364 luma:30 leak:2.52 rr:120 te2:0 ctx:0x0 status:1 op_hz:0 [0]
08-06 09:53:09.311 671 14064 I hwc-display: path=drm, id=1, level=2296, nits=226.812241, brightness=0.125721, DimmingOn=0, Hbm=0, LhbmOn=0, OpRate=120
08-06 09:53:09.317 1761 3907 W ApplicationInfo: Large ApplicationInfo parcel: size=20140 package=com.zhiliaoapp.musically splits=57 sharedLibs=8 resDirs=1 overlayPaths=1
08-06 09:53:09.317 1761 3907 W ParceledListSlice: Element #309 is 20504 bytes.
08-06 09:53:09.320 671 14064 I hwc-display: path=drm, id=1, level=2274, nits=220.917603, brightness=0.122424, DimmingOn=0, Hbm=0, LhbmOn=0, OpRate=120
08-06 09:53:09.325 28077 28585 I VoiceDataManager: checkExternalData: Refreshing list of available externally downloaded voices...
08-06 09:53:09.328 671 14064 I hwc-display: path=drm, id=1, level=2250, nits=215.219589, brightness=0.119237, DimmingOn=0, Hbm=0, LhbmOn=0, OpRate=120
08-06 09:53:09.332 28077 28157 I VoiceDataDownloader: No VoiceLM voicepack found.
08-06 09:53:09.333 28077 28157 I VoiceDataDownloader: No VoiceLM voicepack found.
08-06 09:53:09.333 28077 28157 I VoiceDataDownloader: No VoiceLM voicepack found.
08-06 09:53:09.333 28077 28157 I VoiceDataDownloader: No VoiceLM voicepack found.
08-06 09:53:09.333 28077 28157 I VoiceDataDownloader: No VoiceLM voicepack found.
08-06 09:53:09.333 28077 28157 I VoiceDataDownloader: No VoiceLM voicepack found.
08-06 09:53:09.333 28077 28157 I VoiceDataDownloader: No VoiceLM voicepack found.
08-06 09:53:09.333 28077 28157 I VoiceDataDownloader: No VoiceLM voicepack found.
08-06 09:53:09.333 28077 28157 I VoiceDataDownloader: No VoiceLM voicepack found.
08-06 09:53:09.333 28077 28157 I VoiceDataDownloader: No VoiceLM voicepack found.
08-06 09:53:09.333 28077 28157 I VoiceDataDownloader: No VoiceLM voicepack found.
08-06 09:53:09.333 28077 28157 I VoiceDataDownloader: No VoiceLM voicepack found.
08-06 09:53:09.333 28077 28157 I VoiceDataDownloader: No VoiceLM voicepack found.
08-06 09:53:09.333 28077 28157 I VoiceDataDownloader: No VoiceLM voicepack found.
08-06 09:53:09.333 28077 28157 I VoiceDataDownloader: No VoiceLM voicepack found.
08-06 09:53:09.333 28077 28157 I VoiceDataDownloader: No VoiceLM voicepack found.
08-06 09:53:09.333 28077 28157 I VoiceDataDownloader: No VoiceLM voicepack found.
08-06 09:53:09.333 28077 28157 I VoiceDataDownloader: No VoiceLM voicepack found.
08-06 09:53:09.333 28077 28157 I VoiceDataDownloader: No VoiceLM voicepack found.
08-06 09:53:09.336 671 14064 I hwc-display: path=drm, id=1, level=2226, nits=209.706406, brightness=0.116154, DimmingOn=0, Hbm=0, LhbmOn=0, OpRate=120
08-06 09:53:09.345 30171 30336 I AiAiVC : (REDACTED) Centralized allowlist: requested package %s is in the allowlist
08-06 09:53:09.345 30171 30336 I AiAiVC : (REDACTED) Centralized allowlist: requested package %s is in the allowlist
08-06 09:53:09.345 30171 30336 I AiAiVC : (REDACTED) Centralized allowlist: requested package %s is in the allowlist
08-06 09:53:09.345 30171 30336 I AiAiVC : (REDACTED) Centralized allowlist: requested package %s is in the allowlist
08-06 09:53:09.345 30171 30336 I AiAiVC : (REDACTED) Centralized allowlist: requested package %s is in the allowlist
08-06 09:53:09.345 30171 30336 I AiAiVC : (REDACTED) Centralized allowlist: requested package %s is in the allowlist
08-06 09:53:09.345 30171 30336 I AiAiVC : (REDACTED) Centralized allowlist: requested package %s is in the allowlist
08-06 09:53:09.345 30171 30336 I AiAiVC : (REDACTED) Centralized allowlist: requested package %s is in the allowlist
08-06 09:53:09.345 30171 30336 I AiAiVC : (REDACTED) Centralized allowlist: requested package %s is in the allowlist
08-06 09:53:09.345 30171 30336 I AiAiVC : (REDACTED) Centralized allowlist: requested package %s is in the allowlist
08-06 09:53:09.345 30171 30336 I AiAiVC : (REDACTED) Centralized allowlist: requested package %s is in the allowlist
08-06 09:53:09.345 671 14064 I hwc-display: path=drm, id=1, level=2202, nits=204.372330, brightness=0.113171, DimmingOn=0, Hbm=0, LhbmOn=0, OpRate=120
08-06 09:53:09.345 30171 30336 I AiAiVC : (REDACTED) Centralized allowlist: requested package %s is in the allowlist
08-06 09:53:09.345 30171 30336 I AiAiVC : (REDACTED) Centralized allowlist: requested package %s is in the allowlist
08-06 09:53:09.345 30171 30336 I AiAiVC : (REDACTED) Centralized allowlist: requested package %s is in the allowlist
08-06 09:53:09.345 30171 30336 I AiAiVC : (REDACTED) Centralized allowlist: requested package %s is in the allowlist
08-06 09:53:09.345 30171 30336 I AiAiVC : (REDACTED) Centralized allowlist: requested package %s is in the allowlist
08-06 09:53:09.345 30171 30336 I AiAiVC : (REDACTED) Centralized allowlist: requested package %s is in the allowlist
08-06 09:53:09.345 30171 30336 I AiAiVC : (REDACTED) Centralized allowlist: requested package %s is in the allowlist
08-06 09:53:09.352 3566 3610 V WindowManagerShell: Transition animation finished (aborted=false), notifying core (#12094) android.os.BinderProxy@2e3a4@0
08-06 09:53:09.353 671 14064 I hwc-display: path=drm, id=1, level=2179, nits=199.209564, brightness=0.110283, DimmingOn=0, Hbm=0, LhbmOn=0, OpRate=120
08-06 09:53:09.354 3566 3610 V WindowManagerShell: Track 0 became idle
08-06 09:53:09.354 3566 3610 V WindowManagerShell: All active transition animations finished
08-06 09:53:09.355 1761 1972 V WindowManager: Finish Transition (#12094): created at
08-06 09:53:08.737 collect-started=0.019ms request-sent=11.775ms started=14.418ms ready=49.61ms sent=51.918ms commit=41.349ms finished=616.445ms
08-06 09:53:09.355 15953 15953 D VRI[LoginActivity]: visibilityChanged oldVisibility=true newVisibility=false
08-06 09:53:09.361 671 14064 I hwc-display: path=drm, id=1, level=2156, nits=194.213623, brightness=0.107489, DimmingOn=0, Hbm=0, LhbmOn=0, OpRate=120
08-06 09:53:09.370 671 671 I hwc-display: path=drm, id=1, level=2134, nits=189.377411, brightness=0.104784, DimmingOn=0, Hbm=0, LhbmOn=0, OpRate=120
08-06 09:53:09.345 30171 30336 I AiAiVC : (REDACTED) Centralized allowlist: requested package %s is in the allowlist
08-06 09:53:09.370 30171 30336 I AiAiVC : (REDACTED) Centralized allowlist: requested package %s is in the allowlist
08-06 09:53:09.370 30171 30336 I AiAiVC : (REDACTED) Centralized allowlist: requested package %s is not in the allowlist
08-06 09:53:09.370 30171 30336 I AiAiVC : (REDACTED) Centralized allowlist: requested package %s is in the allowlist
08-06 09:53:09.370 30171 30336 I AiAiVC : (REDACTED) Centralized allowlist: requested package %s is in the allowlist
08-06 09:53:09.370 30171 30336 I AiAiVC : (REDACTED) Centralized allowlist: requested package %s is in the allowlist
08-06 09:53:09.371 30171 30336 I AiAiVC : (REDACTED) Centralized allowlist: requested package %s is not in the allowlist
08-06 09:53:09.371 30171 30336 I AiAiVC : (REDACTED) Centralized allowlist: requested package %s is in the allowlist
08-06 09:53:09.371 30171 30336 I AiAiVC : (REDACTED) Centralized allowlist: requested component %s is in the allowlist
08-06 09:53:09.371 30171 30336 I AiAiVC : (REDACTED) Centralized allowlist: requested component %s is in the allowlist
08-06 09:53:09.371 30171 30336 I AiAiVC : (REDACTED) Centralized allowlist: requested component %s is in the allowlist
08-06 09:53:09.371 30171 30336 I AiAiVC : (REDACTED) Centralized allowlist: requested component %s is in the allowlist
08-06 09:53:09.372 30171 30336 I AiAiVC : (REDACTED) Centralized allowlist: requested component %s is not in the allowlist
08-06 09:53:09.372 30171 30336 I AiAiVC : (REDACTED) Centralized allowlist: requested component %s is not in the allowlist
08-06 09:53:09.372 30171 30336 I AiAiVC : (REDACTED) Centralized allowlist: requested component %s is not in the allowlist
08-06 09:53:09.372 30171 30336 I AiAiVC : (REDACTED) Centralized allowlist: requested component %s is not in the allowlist
08-06 09:53:09.372 30171 30336 I AiAiVC : (REDACTED) Centralized allowlist: requested component %s is in the allowlist
08-06 09:53:09.372 30171 30336 I AiAiVC : (REDACTED) Centralized allowlist: requested component %s is in the allowlist
08-06 09:53:09.372 30171 30336 I AiAiVC : (REDACTED) Centralized allowlist: requested component %s is in the allowlist
08-06 09:53:09.372 30171 30336 I AiAiVC : (REDACTED) Centralized allowlist: requested component %s is in the allowlist
08-06 09:53:09.372 30171 30336 I AiAiVC : (REDACTED) Centralized allowlist: requested component %s is in the allowlist
08-06 09:53:09.372 30171 30336 I AiAiVC : (REDACTED) Centralized allowlist: requested component %s is in the allowlist
08-06 09:53:09.372 30171 30336 I AiAiVC : (REDACTED) Centralized allowlist: requested component %s is in the allowlist
08-06 09:53:09.372 30171 30336 I AiAiVC : (REDACTED) Centralized allowlist: requested component %s is in the allowlist
08-06 09:53:09.372 1417 1417 D AOC : A3:MSG: tmd3733_device.cc, 3258: USF: TMD3733: dbv:2179 luma:33 leak:2.40 rr:120 te2:0 ctx:0x0 status:1 op_hz:0 [0]
08-06 09:53:09.378 671 671 I hwc-display: path=drm, id=1, level=2113, nits=184.698608, brightness=0.102168, DimmingOn=0, Hbm=0, LhbmOn=0, OpRate=120
08-06 09:53:09.383 1761 3525 I Surface : Creating surface for consumer unnamed-1761-3506 with slotExpansion=1 for 64 slots
08-06 09:53:09.383 1761 3525 I Surface : Creating surface for consumer ImageReader-864x1939f1m1-1761-1632 with slotExpansion=1 for 64 slots
08-06 09:53:09.386 671 671 I hwc-display: path=drm, id=1, level=2087, nits=180.169769, brightness=0.099635, DimmingOn=0, Hbm=0, LhbmOn=0, OpRate=120
08-06 09:53:09.387 1761 3525 W ImageReader_JNI: Unable to acquire a buffer item, very likely client tried to acquire more than maxImages buffers
08-06 09:53:09.392 1761 2537 D WindowManager: setClientSurface Surface(name=VRI-com.shire.mobile/com.shire.mobile.MainActivity#63564)/@0xe74df81 for a49d54d com.shire.mobile/com.shire.mobile.MainActivity
08-06 09:53:09.394 1761 3525 E ConsumerBase: [ImageReader-864x1939f1m1-1761-1632] abandonLocked: ConsumerBase is abandoned!
08-06 09:53:09.394 671 671 I hwc-display: path=drm, id=1, level=2063, nits=175.786804, brightness=0.097183, DimmingOn=0, Hbm=0, LhbmOn=0, OpRate=120
08-06 09:53:09.395 27754 27754 I Surface : Creating surface for consumer unnamed-27754-0 with slotExpansion=1 for 64 slots
08-06 09:53:09.396 27754 27754 I Surface : Creating surface for consumer VRI[MainActivity]#0(BLAST Consumer)0 with slotExpansion=1 for 64 slots
08-06 09:53:09.396 658 27516 I keystore2: system/security/keystore2/watchdog/src/lib.rs:371 - Watchdog thread idle -> terminating. Have a great day.
08-06 09:53:09.403 671 671 I hwc-display: path=drm, id=1, level=2039, nits=171.545670, brightness=0.094811, DimmingOn=0, Hbm=0, LhbmOn=0, OpRate=120
08-06 09:53:09.411 671 671 I hwc-display: path=drm, id=1, level=2016, nits=167.441162, brightness=0.092516, DimmingOn=0, Hbm=0, LhbmOn=0, OpRate=120
08-06 09:53:09.419 671 671 I hwc-display: path=drm, id=1, level=1993, nits=163.470062, brightness=0.090295, DimmingOn=0, Hbm=0, LhbmOn=0, OpRate=120
08-06 09:53:09.427 671 14064 I hwc-display: path=drm, id=1, level=1972, nits=159.621368, brightness=0.088142, DimmingOn=0, Hbm=0, LhbmOn=0, OpRate=120
08-06 09:53:09.429 1417 1417 D AOC : A3:MSG: tmd3733_device.cc, 3258: USF: TMD3733: dbv:2016 luma:36 leak:2.24 rr:120 te2:0 ctx:0x0 status:1 op_hz:0 [0]
08-06 09:53:09.436 671 14064 I hwc-display: path=drm, id=1, level=1951, nits=155.901886, brightness=0.086062, DimmingOn=0, Hbm=0, LhbmOn=0, OpRate=120
08-06 09:53:09.444 671 14064 I hwc-display: path=drm, id=1, level=1930, nits=152.303024, brightness=0.084050, DimmingOn=0, Hbm=0, LhbmOn=0, OpRate=120
08-06 09:53:09.452 671 14064 I hwc-display: path=drm, id=1, level=1901, nits=148.805878, brightness=0.082094, DimmingOn=0, Hbm=0, LhbmOn=0, OpRate=120
08-06 09:53:09.456 840 21775 W powerhal-libperfmgr: The actual duration is way far from the target (422111817 >> 11620000)
08-06 09:53:09.461 671 14064 I hwc-display: path=drm, id=1, level=1873, nits=145.350937, brightness=0.080161, DimmingOn=0, Hbm=0, LhbmOn=0, OpRate=120
08-06 09:53:09.462 30171 30336 I AiAiVC : (REDACTED) Centralized allowlist: requested package %s is in the allowlist
08-06 09:53:09.462 30171 30336 I AiAiVC : (REDACTED) Centralized allowlist: requested package %s is in the allowlist
08-06 09:53:09.462 30171 30336 I AiAiVC : (REDACTED) Centralized allowlist: requested package %s is in the allowlist
08-06 09:53:09.462 30171 30336 I AiAiVC : (REDACTED) Centralized allowlist: requested package %s is in the allowlist
08-06 09:53:09.462 30171 30336 I AiAiVC : (REDACTED) Centralized allowlist: requested package %s is in the allowlist
08-06 09:53:09.462 30171 30336 I AiAiVC : (REDACTED) Centralized allowlist: requested package %s is in the allowlist
08-06 09:53:09.462 30171 30336 I AiAiVC : (REDACTED) Centralized allowlist: requested package %s is in the allowlist
08-06 09:53:09.462 30171 30336 I AiAiVC : (REDACTED) Centralized allowlist: requested package %s is in the allowlist
08-06 09:53:09.462 30171 30336 I AiAiVC : (REDACTED) Centralized allowlist: requested package %s is in the allowlist
08-06 09:53:09.462 30171 30336 I AiAiVC : (REDACTED) Centralized allowlist: requested package %s is in the allowlist
08-06 09:53:09.462 30171 30336 I AiAiVC : (REDACTED) Centralized allowlist: requested package %s is in the allowlist
08-06 09:53:09.462 30171 30336 I AiAiVC : (REDACTED) Centralized allowlist: requested package %s is in the allowlist
08-06 09:53:09.462 30171 30336 I AiAiVC : (REDACTED) Centralized allowlist: requested package %s is in the allowlist
08-06 09:53:09.462 30171 30336 I AiAiVC : (REDACTED) Centralized allowlist: requested package %s is in the allowlist
08-06 09:53:09.462 30171 30336 I AiAiVC : (REDACTED) Centralized allowlist: requested package %s is in the allowlist
08-06 09:53:09.462 30171 30336 I AiAiVC : (REDACTED) Centralized allowlist: requested package %s is in the allowlist
08-06 09:53:09.462 30171 30336 I AiAiVC : (REDACTED) Centralized allowlist: requested package %s is in the allowlist
08-06 09:53:09.462 30171 30336 I AiAiVC : (REDACTED) Centralized allowlist: requested package %s is in the allowlist
08-06 09:53:09.462 30171 30336 I AiAiVC : (REDACTED) Centralized allowlist: requested package %s is in the allowlist
08-06 09:53:09.462 30171 30336 I AiAiVC : (REDACTED) Centralized allowlist: requested package %s is in the allowlist
08-06 09:53:09.462 30171 30336 I AiAiVC : (REDACTED) Centralized allowlist: requested package %s is not in the allowlist
08-06 09:53:09.462 30171 30336 I AiAiVC : (REDACTED) Centralized allowlist: requested package %s is in the allowlist
08-06 09:53:09.462 30171 30336 I AiAiVC : (REDACTED) Centralized allowlist: requested package %s is in the allowlist
08-06 09:53:09.462 30171 30336 I AiAiVC : (REDACTED) Centralized allowlist: requested package %s is in the allowlist
08-06 09:53:09.462 30171 30336 I AiAiVC : (REDACTED) Centralized allowlist: requested package %s is not in the allowlist
08-06 09:53:09.462 30171 30336 I AiAiVC : (REDACTED) Centralized allowlist: requested package %s is in the allowlist
08-06 09:53:09.462 30171 30336 I AiAiVC : (REDACTED) Centralized allowlist: requested component %s is in the allowlist
08-06 09:53:09.462 30171 30336 I AiAiVC : (REDACTED) Centralized allowlist: requested component %s is in the allowlist
08-06 09:53:09.462 30171 30336 I AiAiVC : (REDACTED) Centralized allowlist: requested component %s is in the allowlist
08-06 09:53:09.462 30171 30336 I AiAiVC : (REDACTED) Centralized allowlist: requested component %s is in the allowlist
08-06 09:53:09.462 30171 30336 I AiAiVC : (REDACTED) Centralized allowlist: requested component %s is not in the allowlist
08-06 09:53:09.462 30171 30336 I AiAiVC : (REDACTED) Centralized allowlist: requested component %s is not in the allowlist
08-06 09:53:09.462 30171 30336 I AiAiVC : (REDACTED) Centralized allowlist: requested component %s is not in the allowlist
08-06 09:53:09.462 30171 30336 I AiAiVC : (REDACTED) Centralized allowlist: requested component %s is not in the allowlist
08-06 09:53:09.462 30171 30336 I AiAiVC : (REDACTED) Centralized allowlist: requested component %s is in the allowlist
08-06 09:53:09.462 30171 30336 I AiAiVC : (REDACTED) Centralized allowlist: requested component %s is in the allowlist
08-06 09:53:09.462 30171 30336 I AiAiVC : (REDACTED) Centralized allowlist: requested component %s is in the allowlist
08-06 09:53:09.462 30171 30336 I AiAiVC : (REDACTED) Centralized allowlist: requested component %s is in the allowlist
08-06 09:53:09.462 30171 30336 I AiAiVC : (REDACTED) Centralized allowlist: requested component %s is in the allowlist
08-06 09:53:09.462 30171 30336 I AiAiVC : (REDACTED) Centralized allowlist: requested component %s is in the allowlist
08-06 09:53:09.462 30171 30336 I AiAiVC : (REDACTED) Centralized allowlist: requested component %s is in the allowlist
08-06 09:53:09.462 30171 30336 I AiAiVC : (REDACTED) Centralized allowlist: requested component %s is in the allowlist
08-06 09:53:09.465 1761 1972 I ActivityTaskManager: Displayed com.shire.mobile/.MainActivity for user 0: +724ms
08-06 09:53:09.468 27754 27754 I Choreographer: Skipped 49 frames! The application may be doing too much work on its main thread.
08-06 09:53:09.468 30171 30288 I AiAiSmartNotification: (REDACTED) playStoreCategoriesMap size: %d
08-06 09:53:09.470 671 14064 I hwc-display: path=drm, id=1, level=1845, nits=141.937256, brightness=0.078252, DimmingOn=0, Hbm=0, LhbmOn=0, OpRate=120
08-06 09:53:09.477 671 14064 I hwc-display: path=drm, id=1, level=1817, nits=138.567215, brightness=0.076367, DimmingOn=0, Hbm=0, LhbmOn=0, OpRate=120
08-06 09:53:09.486 671 14064 I hwc-display: path=drm, id=1, level=1790, nits=135.238968, brightness=0.074506, DimmingOn=0, Hbm=0, LhbmOn=0, OpRate=120
08-06 09:53:09.493 30171 30336 I AiAiVC : (REDACTED) Centralized allowlist: requested package %s is in the allowlist
08-06 09:53:09.493 30171 30336 I AiAiVC : (REDACTED) Centralized allowlist: requested package %s is in the allowlist
08-06 09:53:09.493 30171 30336 I AiAiVC : (REDACTED) Centralized allowlist: requested package %s is in the allowlist
08-06 09:53:09.493 30171 30336 I AiAiVC : (REDACTED) Centralized allowlist: requested package %s is in the allowlist
08-06 09:53:09.493 30171 30336 I AiAiVC : (REDACTED) Centralized allowlist: requested package %s is in the allowlist
08-06 09:53:09.493 30171 30336 I AiAiVC : (REDACTED) Centralized allowlist: requested package %s is in the allowlist
08-06 09:53:09.493 30171 30336 I AiAiVC : (REDACTED) Centralized allowlist: requested package %s is in the allowlist
08-06 09:53:09.493 30171 30336 I AiAiVC : (REDACTED) Centralized allowlist: requested package %s is in the allowlist
08-06 09:53:09.493 30171 30336 I AiAiVC : (REDACTED) Centralized allowlist: requested package %s is in the allowlist
08-06 09:53:09.493 30171 30336 I AiAiVC : (REDACTED) Centralized allowlist: requested package %s is in the allowlist
08-06 09:53:09.493 30171 30336 I AiAiVC : (REDACTED) Centralized allowlist: requested package %s is in the allowlist
08-06 09:53:09.493 30171 30336 I AiAiVC : (REDACTED) Centralized allowlist: requested package %s is in the allowlist
08-06 09:53:09.493 30171 30336 I AiAiVC : (REDACTED) Centralized allowlist: requested package %s is in the allowlist
08-06 09:53:09.493 30171 30336 I AiAiVC : (REDACTED) Centralized allowlist: requested package %s is in the allowlist
08-06 09:53:09.493 30171 30336 I AiAiVC : (REDACTED) Centralized allowlist: requested package %s is in the allowlist
08-06 09:53:09.493 30171 30336 I AiAiVC : (REDACTED) Centralized allowlist: requested package %s is in the allowlist
08-06 09:53:09.493 30171 30336 I AiAiVC : (REDACTED) Centralized allowlist: requested package %s is in the allowlist
08-06 09:53:09.493 30171 30336 I AiAiVC : (REDACTED) Centralized allowlist: requested package %s is in the allowlist
08-06 09:53:09.493 30171 30336 I AiAiVC : (REDACTED) Centralized allowlist: requested package %s is in the allowlist
08-06 09:53:09.493 30171 30336 I AiAiVC : (REDACTED) Centralized allowlist: requested package %s is in the allowlist
08-06 09:53:09.493 30171 30336 I AiAiVC : (REDACTED) Centralized allowlist: requested package %s is not in the allowlist
08-06 09:53:09.493 30171 30336 I AiAiVC : (REDACTED) Centralized allowlist: requested package %s is in the allowlist
08-06 09:53:09.493 30171 30336 I AiAiVC : (REDACTED) Centralized allowlist: requested package %s is in the allowlist
08-06 09:53:09.494 671 14064 I hwc-display: path=drm, id=1, level=1763, nits=131.951111, brightness=0.072667, DimmingOn=0, Hbm=0, LhbmOn=0, OpRate=120
08-06 09:53:09.503 671 14064 I hwc-display: path=drm, id=1, level=1737, nits=128.704453, brightness=0.070851, DimmingOn=0, Hbm=0, LhbmOn=0, OpRate=120
08-06 09:53:09.505 1417 1417 D AOC : A3:MSG: tmd3733_device.cc, 3258: USF: TMD3733: dbv:1790 luma:39 leak:1.92 rr:120 te2:0 ctx:0x0 status:1 op_hz:0 [0]
08-06 09:53:09.507 1761 2543 I ImeTracker: com.shire.mobile:f4a818a5: onRequestHide at ORIGIN_SERVER reason HIDE_UNSPECIFIED_WINDOW fromUser false userId 0 displayId 0
08-06 09:53:09.511 671 14064 I hwc-display: path=drm, id=1, level=1711, nits=125.499260, brightness=0.069059, DimmingOn=0, Hbm=0, LhbmOn=0, OpRate=120
08-06 09:53:09.513 1761 3910 D InputMethodManagerService: Attach new input but force hide
08-06 09:53:09.514 1761 3910 I ImeTracker: com.shire.mobile:5fe649a4: onRequestHide at ORIGIN_SERVER reason HIDE_SOFT_INPUT fromUser false userId 0 displayId 0
08-06 09:53:09.514 1761 3910 I ImeTracker: com.shire.mobile:5fe649a4: onCancelled at PHASE_SERVER_SHOULD_HIDE
08-06 09:53:09.514 12986 12986 I GoogleInputMethodService: GoogleInputMethodService.onFinishInput():2276
08-06 09:53:09.514 12986 12986 I GoogleInputMethodService: GoogleInputMethodService.onStartInput():1460 onStartInput(EditorInfo{EditorInfo{packageName=com.shire.mobile, inputType=0, inputTypeString=NULL, enableLearning=false, autoCorrection=false, autoComplete=false, imeOptions=0, privateImeOptions=null, actionName=UNSPECIFIED, actionLabel=null, initialSelStart=-1, initialSelEnd=-1, initialCapsMode=0, label=null, fieldId=0, fieldName=null, extras=null, hintText=null, hintLocales=[]}}, false)
08-06 09:53:09.514 12986 12986 I LatinIMEBase: LatinIMEBase.updateInputViewCoverNavigation():317 Update input view padding, isNavbarOverInputWindow=true, bottom inset=117
08-06 09:53:09.514 12986 26975 I Module : DeviceLockedStatusModuleProvider$Module.updateDeviceLockedStatusInternal():129 repeatCheckTimes = 0, locked = false
