08-06 09:53:09.515 12986 26979 I Module : DeviceLockedStatusModuleProvider$Module.updateDeviceLockedStatusInternal():129 repeatCheckTimes = 1, locked = false
08-06 09:53:09.515 1761 3907 W PackageConfigPersister: App-specific configuration not found for packageName: com.shire.mobile and userId: 0
08-06 09:53:09.515 1761 3910 W InputChannel-JNI: Channel already disposed.
08-06 09:53:09.516 1761 3901 I ImeTracker: system_server:f13aca80: onRequestHide at ORIGIN_SERVER reason IME_REQUESTED_CHANGED_LISTENER fromUser false displayId 0
08-06 09:53:09.493 30171 30336 I AiAiVC : (REDACTED) Centralized allowlist: requested package %s is in the allowlist
08-06 09:53:09.517 1761 1975 I ImeTracker: system_server:f13aca80: onCancelled at PHASE_SERVER_SHOULD_HIDE
08-06 09:53:09.517 30171 30336 I AiAiVC : (REDACTED) Centralized allowlist: requested package %s is not in the allowlist
08-06 09:53:09.517 30171 30336 I AiAiVC : (REDACTED) Centralized allowlist: requested package %s is in the allowlist
08-06 09:53:09.517 30171 30336 I AiAiVC : (REDACTED) Centralized allowlist: requested component %s is in the allowlist
08-06 09:53:09.517 30171 30336 I AiAiVC : (REDACTED) Centralized allowlist: requested component %s is in the allowlist
08-06 09:53:09.517 30171 30336 I AiAiVC : (REDACTED) Centralized allowlist: requested component %s is in the allowlist
08-06 09:53:09.517 30171 30336 I AiAiVC : (REDACTED) Centralized allowlist: requested component %s is in the allowlist
08-06 09:53:09.517 30171 30336 I AiAiVC : (REDACTED) Centralized allowlist: requested component %s is not in the allowlist
08-06 09:53:09.517 30171 30336 I AiAiVC : (REDACTED) Centralized allowlist: requested component %s is not in the allowlist
08-06 09:53:09.517 30171 30336 I AiAiVC : (REDACTED) Centralized allowlist: requested component %s is not in the allowlist
08-06 09:53:09.517 30171 30336 I AiAiVC : (REDACTED) Centralized allowlist: requested component %s is not in the allowlist
08-06 09:53:09.517 30171 30336 I AiAiVC : (REDACTED) Centralized allowlist: requested component %s is in the allowlist
08-06 09:53:09.517 30171 30336 I AiAiVC : (REDACTED) Centralized allowlist: requested component %s is in the allowlist
08-06 09:53:09.517 30171 30336 I AiAiVC : (REDACTED) Centralized allowlist: requested component %s is in the allowlist
08-06 09:53:09.517 30171 30336 I AiAiVC : (REDACTED) Centralized allowlist: requested component %s is in the allowlist
08-06 09:53:09.517 30171 30336 I AiAiVC : (REDACTED) Centralized allowlist: requested component %s is in the allowlist
08-06 09:53:09.517 30171 30336 I AiAiVC : (REDACTED) Centralized allowlist: requested component %s is in the allowlist
08-06 09:53:09.517 30171 30336 I AiAiVC : (REDACTED) Centralized allowlist: requested component %s is in the allowlist
08-06 09:53:09.517 30171 30336 I AiAiVC : (REDACTED) Centralized allowlist: requested component %s is in the allowlist
08-06 09:53:09.517 27754 27754 D InsetsController: hide(ime())
08-06 09:53:09.517 27754 27754 I ImeTracker: com.shire.mobile:f4a818a5: onCancelled at PHASE_CLIENT_ALREADY_HIDDEN
08-06 09:53:09.520 671 14064 I hwc-display: path=drm, id=1, level=1685, nits=122.334686, brightness=0.067289, DimmingOn=0, Hbm=0, LhbmOn=0, OpRate=120
08-06 09:53:09.527 1761 1972 D HintManagerService: Sent cleanup message for uid 10466
08-06 09:53:09.528 671 14064 I hwc-display: path=drm, id=1, level=1659, nits=119.212227, brightness=0.065543, DimmingOn=0, Hbm=0, LhbmOn=0, OpRate=120
08-06 09:53:09.530 15953 16088 W fb4a.MultiSignalANRDetectorLacrima: Moving to background
08-06 09:53:09.531 15953 22995 W ExperimentConfigurator: onAppEnterBackground completed: 0 optimizations processed.
08-06 09:53:09.533 15953 22994 W fb4a.3Hq: onUserLeftApp mSweepFuture=null
08-06 09:53:09.533 15953 22994 W fb4a.3Hq: Scheduling memory leak check in 5000 ms
08-06 09:53:09.536 671 14064 I hwc-display: path=drm, id=1, level=1634, nits=116.130119, brightness=0.063819, DimmingOn=0, Hbm=0, LhbmOn=0, OpRate=120
08-06 09:53:09.537 15953 15953 W fb4a.BackgroundStartupDetector: bgMode=BACKGROUND reason=LAST_ACTIVITY_STOPPED
08-06 09:53:09.538 15953 15953 I AutofillManager: onInvisibleForAutofill(): expiringResponse
08-06 09:53:09.540 1177 1177 D usf_sensor_hal: linear acceleration: Enter Activate. Enable = 0.
08-06 09:53:09.541 1417 1417 D AOC : A3:MSG: usf_sensor.cc, 1881: USF: Received stop sampling request for Linear Acceleration Sensor (active:0).
08-06 09:53:09.541 1417 1417 D AOC : A3:MSG: vsc_sensor.cc, 68: VSC: [Linear Acceleration Sensor] disable.
08-06 09:53:09.544 671 14064 I hwc-display: path=drm, id=1, level=1609, nits=113.088852, brightness=0.062118, DimmingOn=0, Hbm=0, LhbmOn=0, OpRate=120
08-06 09:53:09.545 26005 26056 I FontLog : (REDACTED) Received query %s, URI %s
08-06 09:53:09.545 26005 26056 I FontLog : (REDACTED) Query [%s] resolved to %s
08-06 09:53:09.546 15953 16611 W JobInfo : Requested important-while-foreground flag for job35488 is ignored and takes no effect
08-06 09:53:09.547 26005 26056 I FontLog : (REDACTED) Fetch %s end status %s
08-06 09:53:09.548 26005 26056 I FontLog : (REDACTED) Pulling font file for id = %d, cache size = %d
08-06 09:53:09.553 671 14064 I hwc-display: path=drm, id=1, level=1585, nits=110.088707, brightness=0.060440, DimmingOn=0, Hbm=0, LhbmOn=0, OpRate=120
08-06 09:53:09.555 15953 15953 D WindowOnBackDispatcher: setTopOnBackInvokedCallback (unwrapped): android.app.Activity$$ExternalSyntheticLambda0@5bf38a1
08-06 09:53:09.555 1761 2537 D CoreBackPreview: Window{5de4082 u0 com.facebook.katana/com.facebook.katana.LoginActivity}: Setting back callback OnBackInvokedCallbackInfo{mCallback=android.window.IOnBackInvokedCallback$Stub$Proxy@75b533c, mPriority=-1, mIsAnimationCallback=false, mOverrideBehavior=0}
08-06 09:53:09.555 30171 30336 I AiAiVC : (REDACTED) Centralized allowlist: requested package %s is in the allowlist
08-06 09:53:09.556 30171 30336 I AiAiVC : (REDACTED) Centralized allowlist: requested package %s is in the allowlist
08-06 09:53:09.556 30171 30336 I AiAiVC : (REDACTED) Centralized allowlist: requested package %s is in the allowlist
08-06 09:53:09.556 30171 30336 I AiAiVC : (REDACTED) Centralized allowlist: requested package %s is in the allowlist
08-06 09:53:09.556 30171 30336 I AiAiVC : (REDACTED) Centralized allowlist: requested package %s is in the allowlist
08-06 09:53:09.556 30171 30336 I AiAiVC : (REDACTED) Centralized allowlist: requested package %s is in the allowlist
08-06 09:53:09.556 30171 30336 I AiAiVC : (REDACTED) Centralized allowlist: requested package %s is in the allowlist
08-06 09:53:09.556 30171 30336 I AiAiVC : (REDACTED) Centralized allowlist: requested package %s is in the allowlist
08-06 09:53:09.556 30171 30336 I AiAiVC : (REDACTED) Centralized allowlist: requested package %s is in the allowlist
08-06 09:53:09.556 30171 30336 I AiAiVC : (REDACTED) Centralized allowlist: requested package %s is in the allowlist
08-06 09:53:09.556 30171 30336 I AiAiVC : (REDACTED) Centralized allowlist: requested package %s is in the allowlist
08-06 09:53:09.556 30171 30336 I AiAiVC : (REDACTED) Centralized allowlist: requested package %s is in the allowlist
08-06 09:53:09.556 30171 30336 I AiAiVC : (REDACTED) Centralized allowlist: requested package %s is in the allowlist
08-06 09:53:09.556 30171 30336 I AiAiVC : (REDACTED) Centralized allowlist: requested package %s is in the allowlist
08-06 09:53:09.556 30171 30336 I AiAiVC : (REDACTED) Centralized allowlist: requested package %s is in the allowlist
08-06 09:53:09.556 30171 30336 I AiAiVC : (REDACTED) Centralized allowlist: requested package %s is in the allowlist
08-06 09:53:09.556 30171 30336 I AiAiVC : (REDACTED) Centralized allowlist: requested package %s is in the allowlist
08-06 09:53:09.556 30171 30336 I AiAiVC : (REDACTED) Centralized allowlist: requested package %s is in the allowlist
08-06 09:53:09.556 30171 30336 I AiAiVC : (REDACTED) Centralized allowlist: requested package %s is in the allowlist
08-06 09:53:09.556 30171 30336 I AiAiVC : (REDACTED) Centralized allowlist: requested package %s is in the allowlist
08-06 09:53:09.556 30171 30336 I AiAiVC : (REDACTED) Centralized allowlist: requested package %s is not in the allowlist
08-06 09:53:09.556 30171 30336 I AiAiVC : (REDACTED) Centralized allowlist: requested package %s is in the allowlist
08-06 09:53:09.556 30171 30336 I AiAiVC : (REDACTED) Centralized allowlist: requested package %s is in the allowlist
08-06 09:53:09.556 30171 30336 I AiAiVC : (REDACTED) Centralized allowlist: requested package %s is in the allowlist
08-06 09:53:09.556 30171 30336 I AiAiVC : (REDACTED) Centralized allowlist: requested package %s is not in the allowlist
08-06 09:53:09.556 30171 30336 I AiAiVC : (REDACTED) Centralized allowlist: requested package %s is in the allowlist
08-06 09:53:09.556 30171 30336 I AiAiVC : (REDACTED) Centralized allowlist: requested component %s is in the allowlist
08-06 09:53:09.556 30171 30336 I AiAiVC : (REDACTED) Centralized allowlist: requested component %s is in the allowlist
08-06 09:53:09.556 30171 30336 I AiAiVC : (REDACTED) Centralized allowlist: requested component %s is in the allowlist
08-06 09:53:09.556 30171 30336 I AiAiVC : (REDACTED) Centralized allowlist: requested component %s is in the allowlist
08-06 09:53:09.556 30171 30336 I AiAiVC : (REDACTED) Centralized allowlist: requested component %s is not in the allowlist
08-06 09:53:09.556 30171 30336 I AiAiVC : (REDACTED) Centralized allowlist: requested component %s is not in the allowlist
08-06 09:53:09.556 30171 30336 I AiAiVC : (REDACTED) Centralized allowlist: requested component %s is not in the allowlist
08-06 09:53:09.556 30171 30336 I AiAiVC : (REDACTED) Centralized allowlist: requested component %s is not in the allowlist
08-06 09:53:09.556 30171 30336 I AiAiVC : (REDACTED) Centralized allowlist: requested component %s is in the allowlist
08-06 09:53:09.556 30171 30336 I AiAiVC : (REDACTED) Centralized allowlist: requested component %s is in the allowlist
08-06 09:53:09.556 30171 30336 I AiAiVC : (REDACTED) Centralized allowlist: requested component %s is in the allowlist
08-06 09:53:09.556 30171 30336 I AiAiVC : (REDACTED) Centralized allowlist: requested component %s is in the allowlist
08-06 09:53:09.556 30171 30336 I AiAiVC : (REDACTED) Centralized allowlist: requested component %s is in the allowlist
08-06 09:53:09.556 30171 30336 I AiAiVC : (REDACTED) Centralized allowlist: requested component %s is in the allowlist
08-06 09:53:09.556 30171 30336 I AiAiVC : (REDACTED) Centralized allowlist: requested component %s is in the allowlist
08-06 09:53:09.556 30171 30336 I AiAiVC : (REDACTED) Centralized allowlist: requested component %s is in the allowlist
08-06 09:53:09.556 26005 26056 I FontLog : (REDACTED) Pulling font file for id = %d, cache size = %d
08-06 09:53:09.557 30171 30336 I AiAiVC : (REDACTED) Centralized allowlist: requested package %s is in the allowlist
08-06 09:53:09.557 30171 30336 I AiAiVC : (REDACTED) Centralized allowlist: requested package %s is in the allowlist
08-06 09:53:09.557 30171 30336 I AiAiVC : (REDACTED) Centralized allowlist: requested package %s is in the allowlist
08-06 09:53:09.557 30171 30336 I AiAiVC : (REDACTED) Centralized allowlist: requested package %s is in the allowlist
08-06 09:53:09.557 30171 30336 I AiAiVC : (REDACTED) Centralized allowlist: requested package %s is in the allowlist
08-06 09:53:09.557 30171 30336 I AiAiVC : (REDACTED) Centralized allowlist: requested package %s is in the allowlist
08-06 09:53:09.557 30171 30336 I AiAiVC : (REDACTED) Centralized allowlist: requested package %s is in the allowlist
08-06 09:53:09.558 30171 30336 I AiAiVC : (REDACTED) Centralized allowlist: requested package %s is in the allowlist
08-06 09:53:09.558 30171 30336 I AiAiVC : (REDACTED) Centralized allowlist: requested package %s is in the allowlist
08-06 09:53:09.558 30171 30336 I AiAiVC : (REDACTED) Centralized allowlist: requested package %s is in the allowlist
08-06 09:53:09.558 30171 30336 I AiAiVC : (REDACTED) Centralized allowlist: requested package %s is in the allowlist
08-06 09:53:09.558 30171 30336 I AiAiVC : (REDACTED) Centralized allowlist: requested package %s is in the allowlist
08-06 09:53:09.558 30171 30336 I AiAiVC : (REDACTED) Centralized allowlist: requested package %s is in the allowlist
08-06 09:53:09.558 30171 30336 I AiAiVC : (REDACTED) Centralized allowlist: requested package %s is in the allowlist
08-06 09:53:09.558 30171 30336 I AiAiVC : (REDACTED) Centralized allowlist: requested package %s is in the allowlist
08-06 09:53:09.558 30171 30336 I AiAiVC : (REDACTED) Centralized allowlist: requested package %s is in the allowlist
08-06 09:53:09.558 30171 30336 I AiAiVC : (REDACTED) Centralized allowlist: requested package %s is in the allowlist
08-06 09:53:09.558 30171 30336 I AiAiVC : (REDACTED) Centralized allowlist: requested package %s is in the allowlist
08-06 09:53:09.558 30171 30336 I AiAiVC : (REDACTED) Centralized allowlist: requested package %s is in the allowlist
08-06 09:53:09.558 30171 30336 I AiAiVC : (REDACTED) Centralized allowlist: requested package %s is in the allowlist
08-06 09:53:09.558 30171 30336 I AiAiVC : (REDACTED) Centralized allowlist: requested package %s is not in the allowlist
08-06 09:53:09.558 30171 30336 I AiAiVC : (REDACTED) Centralized allowlist: requested package %s is in the allowlist
08-06 09:53:09.558 30171 30336 I AiAiVC : (REDACTED) Centralized allowlist: requested package %s is in the allowlist
08-06 09:53:09.558 30171 30336 I AiAiVC : (REDACTED) Centralized allowlist: requested package %s is in the allowlist
08-06 09:53:09.558 30171 30336 I AiAiVC : (REDACTED) Centralized allowlist: requested package %s is not in the allowlist
08-06 09:53:09.558 30171 30336 I AiAiVC : (REDACTED) Centralized allowlist: requested package %s is in the allowlist
08-06 09:53:09.558 30171 30336 I AiAiVC : (REDACTED) Centralized allowlist: requested component %s is in the allowlist
08-06 09:53:09.558 30171 30336 I AiAiVC : (REDACTED) Centralized allowlist: requested component %s is in the allowlist
08-06 09:53:09.558 30171 30336 I AiAiVC : (REDACTED) Centralized allowlist: requested component %s is in the allowlist
08-06 09:53:09.558 30171 30336 I AiAiVC : (REDACTED) Centralized allowlist: requested component %s is in the allowlist
08-06 09:53:09.558 30171 30336 I AiAiVC : (REDACTED) Centralized allowlist: requested component %s is not in the allowlist
08-06 09:53:09.558 30171 30336 I AiAiVC : (REDACTED) Centralized allowlist: requested component %s is not in the allowlist
08-06 09:53:09.558 30171 30336 I AiAiVC : (REDACTED) Centralized allowlist: requested component %s is not in the allowlist
08-06 09:53:09.558 30171 30336 I AiAiVC : (REDACTED) Centralized allowlist: requested component %s is not in the allowlist
08-06 09:53:09.558 30171 30336 I AiAiVC : (REDACTED) Centralized allowlist: requested component %s is in the allowlist
08-06 09:53:09.558 30171 30336 I AiAiVC : (REDACTED) Centralized allowlist: requested component %s is in the allowlist
08-06 09:53:09.558 30171 30336 I AiAiVC : (REDACTED) Centralized allowlist: requested component %s is in the allowlist
08-06 09:53:09.558 30171 30336 I AiAiVC : (REDACTED) Centralized allowlist: requested component %s is in the allowlist
08-06 09:53:09.558 30171 30336 I AiAiVC : (REDACTED) Centralized allowlist: requested component %s is in the allowlist
08-06 09:53:09.558 30171 30336 I AiAiVC : (REDACTED) Centralized allowlist: requested component %s is in the allowlist
08-06 09:53:09.558 30171 30336 I AiAiVC : (REDACTED) Centralized allowlist: requested component %s is in the allowlist
08-06 09:53:09.558 30171 30336 I AiAiVC : (REDACTED) Centralized allowlist: requested component %s is in the allowlist
08-06 09:53:09.559 30171 30336 I AiAiVC : (REDACTED) Centralized allowlist: requested package %s is in the allowlist
08-06 09:53:09.559 30171 30336 I AiAiVC : (REDACTED) Centralized allowlist: requested package %s is in the allowlist
08-06 09:53:09.559 30171 30336 I AiAiVC : (REDACTED) Centralized allowlist: requested package %s is in the allowlist
08-06 09:53:09.559 30171 30336 I AiAiVC : (REDACTED) Centralized allowlist: requested package %s is in the allowlist
08-06 09:53:09.559 30171 30336 I AiAiVC : (REDACTED) Centralized allowlist: requested package %s is in the allowlist
08-06 09:53:09.559 30171 30336 I AiAiVC : (REDACTED) Centralized allowlist: requested package %s is in the allowlist
08-06 09:53:09.559 30171 30336 I AiAiVC : (REDACTED) Centralized allowlist: requested package %s is in the allowlist
08-06 09:53:09.559 30171 30336 I AiAiVC : (REDACTED) Centralized allowlist: requested package %s is in the allowlist
08-06 09:53:09.559 30171 30336 I AiAiVC : (REDACTED) Centralized allowlist: requested package %s is in the allowlist
08-06 09:53:09.559 30171 30336 I AiAiVC : (REDACTED) Centralized allowlist: requested package %s is in the allowlist
08-06 09:53:09.559 30171 30336 I AiAiVC : (REDACTED) Centralized allowlist: requested package %s is in the allowlist
08-06 09:53:09.559 30171 30336 I AiAiVC : (REDACTED) Centralized allowlist: requested package %s is in the allowlist
08-06 09:53:09.559 30171 30336 I AiAiVC : (REDACTED) Centralized allowlist: requested package %s is in the allowlist
08-06 09:53:09.559 30171 30336 I AiAiVC : (REDACTED) Centralized allowlist: requested package %s is in the allowlist
08-06 09:53:09.559 30171 30336 I AiAiVC : (REDACTED) Centralized allowlist: requested package %s is in the allowlist
08-06 09:53:09.560 30171 30336 I AiAiVC : (REDACTED) Centralized allowlist: requested package %s is in the allowlist
08-06 09:53:09.561 671 14064 I hwc-display: path=drm, id=1, level=1561, nits=107.130318, brightness=0.058786, DimmingOn=0, Hbm=0, LhbmOn=0, OpRate=120
08-06 09:53:09.564 30171 30336 I AiAiVC : (REDACTED) Centralized allowlist: requested package %s is in the allowlist
08-06 09:53:09.564 30171 30336 I AiAiVC : (REDACTED) Centralized allowlist: requested package %s is in the allowlist
08-06 09:53:09.564 30171 30336 I AiAiVC : (REDACTED) Centralized allowlist: requested package %s is in the allowlist
08-06 09:53:09.564 30171 30336 I AiAiVC : (REDACTED) Centralized allowlist: requested package %s is in the allowlist
08-06 09:53:09.564 30171 30336 I AiAiVC : (REDACTED) Centralized allowlist: requested package %s is not in the allowlist
08-06 09:53:09.564 30171 30336 I AiAiVC : (REDACTED) Centralized allowlist: requested package %s is in the allowlist
08-06 09:53:09.564 30171 30336 I AiAiVC : (REDACTED) Centralized allowlist: requested package %s is in the allowlist
08-06 09:53:09.564 30171 30336 I AiAiVC : (REDACTED) Centralized allowlist: requested package %s is in the allowlist
08-06 09:53:09.564 30171 30336 I AiAiVC : (REDACTED) Centralized allowlist: requested package %s is not in the allowlist
08-06 09:53:09.564 30171 30336 I AiAiVC : (REDACTED) Centralized allowlist: requested package %s is in the allowlist
08-06 09:53:09.564 30171 30336 I AiAiVC : (REDACTED) Centralized allowlist: requested component %s is in the allowlist
08-06 09:53:09.564 30171 30336 I AiAiVC : (REDACTED) Centralized allowlist: requested component %s is in the allowlist
08-06 09:53:09.564 30171 30336 I AiAiVC : (REDACTED) Centralized allowlist: requested component %s is in the allowlist
08-06 09:53:09.564 30171 30336 I AiAiVC : (REDACTED) Centralized allowlist: requested component %s is in the allowlist
08-06 09:53:09.564 30171 30336 I AiAiVC : (REDACTED) Centralized allowlist: requested component %s is not in the allowlist
08-06 09:53:09.564 30171 30336 I AiAiVC : (REDACTED) Centralized allowlist: requested component %s is not in the allowlist
08-06 09:53:09.564 30171 30336 I AiAiVC : (REDACTED) Centralized allowlist: requested component %s is not in the allowlist
08-06 09:53:09.564 30171 30336 I AiAiVC : (REDACTED) Centralized allowlist: requested component %s is not in the allowlist
08-06 09:53:09.564 30171 30336 I AiAiVC : (REDACTED) Centralized allowlist: requested component %s is in the allowlist
08-06 09:53:09.564 30171 30336 I AiAiVC : (REDACTED) Centralized allowlist: requested component %s is in the allowlist
08-06 09:53:09.564 30171 30336 I AiAiVC : (REDACTED) Centralized allowlist: requested component %s is in the allowlist
08-06 09:53:09.564 30171 30336 I AiAiVC : (REDACTED) Centralized allowlist: requested component %s is in the allowlist
08-06 09:53:09.564 30171 30336 I AiAiVC : (REDACTED) Centralized allowlist: requested component %s is in the allowlist
08-06 09:53:09.564 30171 30336 I AiAiVC : (REDACTED) Centralized allowlist: requested component %s is in the allowlist
08-06 09:53:09.564 30171 30336 I AiAiVC : (REDACTED) Centralized allowlist: requested component %s is in the allowlist
08-06 09:53:09.564 30171 30336 I AiAiVC : (REDACTED) Centralized allowlist: requested component %s is in the allowlist
08-06 09:53:09.569 671 14064 I hwc-display: path=drm, id=1, level=1537, nits=104.211456, brightness=0.057153, DimmingOn=0, Hbm=0, LhbmOn=0, OpRate=120
08-06 09:53:09.570 15953 16611 W JobInfo : Requested important-while-foreground flag for job35489 is ignored and takes no effect
08-06 09:53:09.578 671 671 I hwc-display: path=drm, id=1, level=1513, nits=101.334511, brightness=0.055544, DimmingOn=0, Hbm=0, LhbmOn=0, OpRate=120
08-06 09:53:09.578 15953 15953 E fb4a.NAVDBX ViewPagerController: getItem 1
08-06 09:53:09.578 15953 15953 E fb4a.NAVDBX ViewPagerController: getItem 1 fragment:FbChromeFragment{e507121} (b8e6d3f0-ea4d-4211-9d95-7a18f60cd450)
08-06 09:53:09.578 15953 15953 E fb4a.NAVDBX ViewPagerController: getItem 2
08-06 09:53:09.578 15953 15953 E fb4a.NAVDBX ViewPagerController: getItem 2 fragment:FbChromeFragment{b3e6946} (233e9e30-ac45-4c35-8eb2-d14ab6e88ddd)
08-06 09:53:09.578 15953 15953 E fb4a.NAVDBX ViewPagerController: getItem 3
08-06 09:53:09.578 15953 15953 E fb4a.NAVDBX ViewPagerController: getItem 3 fragment:FbChromeFragment{fca5707} (342c1eef-bcf1-445d-821a-89fb4ae7bc7d)
08-06 09:53:09.578 15953 15953 E fb4a.NAVDBX ViewPagerController: getItem 4
08-06 09:53:09.578 15953 15953 E fb4a.NAVDBX ViewPagerController: getItem 4 fragment:FbChromeFragment{6156034} (05dc38be-7c31-4148-b346-4d7b0db239d3)
08-06 09:53:09.579 15953 15953 E fb4a.NAVDBX FbChromeFragment: onFragmentCreate(savedInstanceState:null)
08-06 09:53:09.579 1417 1417 D AOC : A3:MSG: tmd3733_device.cc, 3258: USF: TMD3733: dbv:1561 luma:43 leak:1.79 rr:120 te2:0 ctx:0x0 status:1 op_hz:0 [0]
08-06 09:53:09.579 15953 15953 E fb4a.NAVDBX FbChromeFragment: onFragmentCreate currentTab: com.facebook.video.videohome.tab.WatchTab@1a5a6edb
08-06 09:53:09.579 15953 15953 E fb4a.NAVDBX FbChromeFragment: onCreateView: navigationStackFragmentController initialized
08-06 09:53:09.579 15953 15953 E fb4a.NAVDBX FbChromeFragment: onCreateView(inflater:X.206@ddb9c15, container:X.21u{455740e VFED..... ......ID 0,0-1080,2272 #7f0a207c app:id/(name removed) aid=1073741842}, savedInstanceState:null
08-06 09:53:09.579 15953 15953 W fb4a.LayoutBuilderHelper: [AI] Failed to generate layout params via reflection
08-06 09:53:09.579 15953 15953 E fb4a.NAVDBX FbChromeFragment: onFragmentCreate(savedInstanceState:null)
08-06 09:53:09.579 15953 15953 E fb4a.NAVDBX FbChromeFragment: onFragmentCreate currentTab: com.facebook.friending.tab.FriendRequestsTab@ee3a106d
08-06 09:53:09.579 15953 15953 E fb4a.NAVDBX FbChromeFragment: onCreateView: navigationStackFragmentController initialized
08-06 09:53:09.579 15953 15953 E fb4a.NAVDBX FbChromeFragment: onCreateView(inflater:X.206@112c7ce, container:X.21u{455740e VFED..... ......ID 0,0-1080,2272 #7f0a207c app:id/(name removed) aid=1073741842}, savedInstanceState:null
08-06 09:53:09.580 15953 15953 W fb4a.LayoutBuilderHelper: [AI] Failed to generate layout params via reflection
08-06 09:53:09.580 15953 15953 E fb4a.NAVDBX FbChromeFragment: onFragmentCreate(savedInstanceState:null)
08-06 09:53:09.580 15953 15953 E fb4a.NAVDBX FbChromeFragment: onFragmentCreate currentTab: com.facebook.marketplace.tab.MarketplaceTab@b7a47b05
08-06 09:53:09.580 15953 15953 E fb4a.NAVDBX FbChromeFragment: onCreateView: navigationStackFragmentController initialized
08-06 09:53:09.580 15953 15953 E fb4a.NAVDBX FbChromeFragment: onCreateView(inflater:X.206@38be883, container:X.21u{455740e VFED..... ......ID 0,0-1080,2272 #7f0a207c app:id/(name removed) aid=1073741842}, savedInstanceState:null
08-06 09:53:09.580 15953 15953 W fb4a.LayoutBuilderHelper: [AI] Failed to generate layout params via reflection
08-06 09:53:09.580 15953 15953 E fb4a.NAVDBX FbChromeFragment: onFragmentCreate(savedInstanceState:null)
08-06 09:53:09.580 15953 15953 E fb4a.NAVDBX FbChromeFragment: onFragmentCreate currentTab: com.facebook.notifications.tab.NotificationsTab@d28e47
08-06 09:53:09.580 15953 15953 E fb4a.NAVDBX FbChromeFragment: onCreateView: navigationStackFragmentController initialized
08-06 09:53:09.580 15953 15953 E fb4a.NAVDBX FbChromeFragment: onCreateView(inflater:X.206@b8dbec4, container:X.21u{455740e VFED..... ......ID 0,0-1080,2272 #7f0a207c app:id/(name removed) aid=1073741842}, savedInstanceState:null
08-06 09:53:09.580 15953 15953 W fb4a.LayoutBuilderHelper: [AI] Failed to generate layout params via reflection
08-06 09:53:09.582 1761 3901 W ApplicationInfo: Large ApplicationInfo parcel: size=20140 package=com.zhiliaoapp.musically splits=57 sharedLibs=8 resDirs=1 overlayPaths=1
08-06 09:53:09.583 1761 3901 W PackageInfo: Large parcel: size=22164 pkg=com.zhiliaoapp.musically uid=10310 prevAllowSquashing=false
08-06 09:53:09.586 671 671 I hwc-display: path=drm, id=1, level=1490, nits=98.496239, brightness=0.053957, DimmingOn=0, Hbm=0, LhbmOn=0, OpRate=120
08-06 09:53:09.591 15953 15953 W fb4a.AppComponentFactory: Instantiating Service
08-06 09:53:09.593 1761 2537 W ApplicationInfo: Large ApplicationInfo parcel: size=20140 package=com.zhiliaoapp.musically splits=57 sharedLibs=8 resDirs=1 overlayPaths=1
08-06 09:53:09.593 1761 2537 W PackageInfo: Large parcel: size=22164 pkg=com.zhiliaoapp.musically uid=10310 prevAllowSquashing=false
08-06 09:53:09.594 1761 2537 W ApplicationInfo: Large ApplicationInfo parcel: size=20140 package=com.zhiliaoapp.musically splits=57 sharedLibs=8 resDirs=1 overlayPaths=1
08-06 09:53:09.594 1761 2537 W PackageInfo: Large parcel: size=22164 pkg=com.zhiliaoapp.musically uid=10310 prevAllowSquashing=false
08-06 09:53:09.594 671 671 I hwc-display: path=drm, id=1, level=1467, nits=95.699516, brightness=0.052393, DimmingOn=0, Hbm=0, LhbmOn=0, OpRate=120
08-06 09:53:09.602 671 671 I hwc-display: path=drm, id=1, level=1445, nits=92.946915, brightness=0.050853, DimmingOn=0, Hbm=0, LhbmOn=0, OpRate=120
08-06 09:53:09.611 671 671 I hwc-display: path=drm, id=1, level=1422, nits=90.234161, brightness=0.049336, DimmingOn=0, Hbm=0, LhbmOn=0, OpRate=120
08-06 09:53:09.611 1761 4896 D ConnectivityService: requestNetwork for uid/pid:10466/15953 activeRequest: null callbackRequest: 49983 [NetworkRequest [ REQUEST id=49984, [ Capabilities: INTERNET&NOT_RESTRICTED&TRUSTED&NOT_VCN_MANAGED&NOT_BANDWIDTH_CONSTRAINED Uid: 10466 RequestorUid: 10466 RequestorPkg: com.facebook.katana UnderlyingNetworks: Null] ]] callback flags: 0 order: 2147483647 isUidTracked: false declaredMethods: AVAIL|LOST|NC|BLK
08-06 09:53:09.613 1761 3444 D UntrustedWifiNetworkFactory: got request NetworkRequest [ REQUEST id=49984, [ Capabilities: INTERNET&NOT_RESTRICTED&TRUSTED&NOT_VCN_MANAGED&NOT_BANDWIDTH_CONSTRAINED Uid: 10466 RequestorUid: 10466 RequestorPkg: com.facebook.katana UnderlyingNetworks: Null] ]
08-06 09:53:09.613 1761 3451 D ConnectivityService: NetReassign [49984 : null → 161] [c 0] [a 0] [i 1]
08-06 09:53:09.614 1761 3444 D OemPaidWifiNetworkFactory: got request NetworkRequest [ REQUEST id=49984, [ Capabilities: INTERNET&NOT_RESTRICTED&TRUSTED&NOT_VCN_MANAGED&NOT_BANDWIDTH_CONSTRAINED Uid: 10466 RequestorUid: 10466 RequestorPkg: com.facebook.katana UnderlyingNetworks: Null] ]
08-06 09:53:09.614 1761 3444 D MultiInternetWifiNetworkFactory: got request NetworkRequest [ REQUEST id=49984, [ Capabilities: INTERNET&NOT_RESTRICTED&TRUSTED&NOT_VCN_MANAGED&NOT_BANDWIDTH_CONSTRAINED Uid: 10466 RequestorUid: 10466 RequestorPkg: com.facebook.katana UnderlyingNetworks: Null] ]
08-06 09:53:09.619 671 671 I hwc-display: path=drm, id=1, level=1401, nits=87.561783, brightness=0.047841, DimmingOn=0, Hbm=0, LhbmOn=0, OpRate=120
08-06 09:53:09.627 671 671 I hwc-display: path=drm, id=1, level=1379, nits=84.931152, brightness=0.046370, DimmingOn=0, Hbm=0, LhbmOn=0, OpRate=120
08-06 09:53:09.636 671 671 I hwc-display: path=drm, id=1, level=1358, nits=82.342255, brightness=0.044922, DimmingOn=0, Hbm=0, LhbmOn=0, OpRate=120
08-06 09:53:09.636 671 671 I hwc-display: path=drm, id=1, level=1358, nits=82.342255, brightness=0.044922, DimmingOn=0, Hbm=0, LhbmOn=0, OpRate=120
08-06 09:53:09.636 27754 27804 I SHiRESentinel: POLL_READY alerts=9 delivered=0
08-06 09:53:09.637 1417 1417 D AOC : A3:MSG: tmd3733_device.cc, 3258: USF: TMD3733: dbv:1401 luma:42 leak:1.68 rr:120 te2:0 ctx:0x0 status:1 op_hz:0 [0]
08-06 09:53:09.644 671 671 I hwc-display: path=drm, id=1, level=1346, nits=81.105721, brightness=0.044231, DimmingOn=0, Hbm=0, LhbmOn=0, OpRate=120
08-06 09:53:09.644 671 671 I hwc-display: path=drm, id=1, level=1346, nits=81.105721, brightness=0.044231, DimmingOn=0, Hbm=0, LhbmOn=0, OpRate=120
08-06 09:53:09.650 15953 15953 E fb4a.SlowAppComponent: 0ms: SystemJobService instantiating…
08-06 09:53:09.650 15953 15953 E fb4a.SlowAppComponent: Main thread was blocked for 59ms in the background starting with SystemJobService
08-06 09:53:09.659 1450 1450 I adbd : adbd service requested 'shell,v2,TERM=xterm:export ANDROID_LOG_TAGS=''; exec logcat '-d' '-v' 'brief''
08-06 09:53:09.697 1417 1417 D AOC : A3:MSG: tmd3733_device.cc, 3258: USF: TMD3733: dbv:1346 luma:35 leak:1.42 rr:120 te2:0 ctx:0x0 status:1 op_hz:0 [0]
08-06 09:53:09.721 17719 17866 I chsl : (REDACTED) #provideSyncletBinding isEmberNativeEnabled:%s enableAutofetch:%s
08-06 09:53:09.731 1761 4896 V SafetySourceDataValidat: Package: com.android.vending has expected signature
08-06 09:53:09.731 1761 4896 V SafetySourceDataValidat: Package: com.android.vending has expected signature
08-06 09:53:09.764 1370 2301 W libbinder.Binder: Binder transaction to android.hardware.health.IHealthInfoCallback, function: healthInfoChanged, code: 1, took 1408ms. Data bytes: 512 Reply bytes: 0 Flags: 17
08-06 09:53:09.771 28077 28585 I GoogleTTSServiceImpl: currentLocale = en-AU
08-06 09:53:09.779 1178 3480 I android.hardware.usb.aidl-service: mPowerMonitor->mTimerDebounceFd debounce triggered
08-06 09:53:09.779 1178 3480 I android.hardware.usb.aidl-service: port0
08-06 09:53:09.780 1178 3480 I android.hardware.usb.aidl-service: 0:port0 connected:1 canChangeMode:1 canChagedata:1 canChangePower:1 usbDataEnabled:1
08-06 09:53:09.780 1178 3480 I android.hardware.usb.aidl-service: ContaminantDetectionStatus:2 ContaminantProtectionStatus:0
08-06 09:53:09.780 1178 3480 I android.hardware.usb.aidl-service: powerTransferLimited:0
08-06 09:53:09.780 1178 3480 I libusbutils-power: port port0 bc12type sdp
08-06 09:53:09.780 1178 3480 I libusbutils-power: updatePowerProfiles: populating local port sink power profiles
08-06 09:53:09.780 1178 3480 I libusbutils-power: adding profile PowerProfile{fixedProfile: UsbPdFixed{voltageMv: 5000, maxCurrentMa: 3000}}
08-06 09:53:09.780 28077 28585 I VoiceDataManager: checkExternalData: Refreshing list of available externally downloaded voices...
08-06 09:53:09.780 1178 3480 I libusbutils-power: adding profile PowerProfile{fixedProfile: UsbPdFixed{voltageMv: 9000, maxCurrentMa: 2200}}
08-06 09:53:09.781 28077 28157 I VoiceDataDownloader: No VoiceLM voicepack found.
08-06 09:53:09.781 28077 28157 I VoiceDataDownloader: No VoiceLM voicepack found.
08-06 09:53:09.781 28077 28157 I VoiceDataDownloader: No VoiceLM voicepack found.
08-06 09:53:09.781 1178 3480 I libusbutils-power: adding profile PowerProfile{sprPpsProfile: UsbPdSprPps{maxVoltageMv: 21000, minVoltageMv: 5000, maxCurrentMa: 3000}}
08-06 09:53:09.781 28077 28157 I VoiceDataDownloader: No VoiceLM voicepack found.
08-06 09:53:09.781 28077 28157 I VoiceDataDownloader: No VoiceLM voicepack found.
08-06 09:53:09.781 1178 3480 I libusbutils-power: adding profile PowerProfile{typecDefaultProfile: TypecDefault{maxCurrentMa: 1500}}
08-06 09:53:09.781 28077 28157 I VoiceDataDownloader: No VoiceLM voicepack found.
08-06 09:53:09.781 1178 3480 I libusbutils-power: adding profile PowerProfile{typec15AProfile: true}
08-06 09:53:09.781 28077 28157 I VoiceDataDownloader: No VoiceLM voicepack found.
08-06 09:53:09.781 1178 3480 I libusbutils-power: adding profile PowerProfile{typec30AProfile: true}
08-06 09:53:09.781 28077 28157 I VoiceDataDownloader: No VoiceLM voicepack found.
08-06 09:53:09.781 1178 3480 I libusbutils-power: updatePowerProfiles: populating local port source power profiles
08-06 09:53:09.781 28077 28157 I VoiceDataDownloader: No VoiceLM voicepack found.
08-06 09:53:09.781 28077 28157 I VoiceDataDownloader: No VoiceLM voicepack found.
08-06 09:53:09.781 28077 28157 I VoiceDataDownloader: No VoiceLM voicepack found.
08-06 09:53:09.781 28077 28157 I VoiceDataDownloader: No VoiceLM voicepack found.
08-06 09:53:09.781 28077 28157 I VoiceDataDownloader: No VoiceLM voicepack found.
08-06 09:53:09.781 28077 28157 I VoiceDataDownloader: No VoiceLM voicepack found.
08-06 09:53:09.781 28077 28157 I VoiceDataDownloader: No VoiceLM voicepack found.
08-06 09:53:09.781 28077 28157 I VoiceDataDownloader: No VoiceLM voicepack found.
08-06 09:53:09.781 28077 28157 I VoiceDataDownloader: No VoiceLM voicepack found.
08-06 09:53:09.781 28077 28157 I VoiceDataDownloader: No VoiceLM voicepack found.
08-06 09:53:09.781 28077 28157 I VoiceDataDownloader: No VoiceLM voicepack found.
08-06 09:53:09.781 1178 3480 I libusbutils-power: adding profile PowerProfile{fixedProfile: UsbPdFixed{voltageMv: 5000, maxCurrentMa: 900}}
08-06 09:53:09.781 1178 3480 I libusbutils-power: adding profile PowerProfile{typecDefaultProfile: TypecDefault{maxCurrentMa: 900}}
08-06 09:53:09.781 1178 3480 I libusbutils-power: updatePowerProfiles: populating partner port sink power profiles
08-06 09:53:09.789 1178 3480 I libusbutils-power: adding profile PowerProfile{fixedProfile: UsbPdFixed{voltageMv: 15000, maxCurrentMa: 3000}}
08-06 09:53:09.789 1178 3480 W libusbutils-power: power_operation_mode for port port0 is PD
08-06 09:53:09.789 1178 3480 I libusbutils-power: updatePowerProfiles: populating partner port source power profiles
08-06 09:53:09.790 1178 3480 I libusbutils-power: adding profile PowerProfile{fixedProfile: UsbPdFixed{voltageMv: 5000, maxCurrentMa: 1500}}
08-06 09:53:09.790 1178 3480 I libusbutils-power: adding profile PowerProfile{typecDefaultProfile: TypecDefault{maxCurrentMa: 500}}
08-06 09:53:09.790 1178 3480 I libusbutils-power: adding profile PowerProfile{typec15AProfile: true}
08-06 09:53:09.791 1761 4896 I UsbPortManager: AIDL UsbDataStatus:1
08-06 09:53:09.791 1761 4896 I UsbPortManager: ClientCallback AIDL V1: port0
08-06 09:53:09.944 19384 19428 W libbinder.Binder: Binder transaction to android.content.IContentProvider, function: UNKNOWN_FUNCTION_NAME, code: 21, took 1717ms. Data bytes: 476 Reply bytes: 428 Flags: 18
08-06 09:53:09.995 17719 17736 W chbox:googleapp: Suspending all threads took: 19.639ms
08-06 09:53:10.089 1202 3533 I WifiHAL : Creating message to get link statistics; iface = 47
08-06 09:53:10.111 28077 28585 I GoogleTTSServiceImpl: For default lang en-au is name en-AU-language (en-au-x-aua-server)
08-06 09:53:10.111 27754 27798 I TextToSpeech: Setting up the connection to TTS engine...
08-06 09:53:10.119 26145 6112 W libbinder.Binder: Binder transaction to android.accounts.IAccountAuthenticator, function: UNKNOWN_FUNCTION_NAME, code: 3, took 1500ms. Data bytes: 492 Reply bytes: 0 Flags: 17
08-06 09:53:10.132 1202 3533 I WifiHAL : Getting cached scan results, iface handle = 0xb4000077e618d4d0
08-06 09:53:10.132 1202 3533 E WifiHAL : Creating message to get cached scan results
08-06 09:53:10.138 1202 3533 I WifiHAL : In GetCachedScanResultsCommand::handleResponse
08-06 09:53:10.158 1761 3444 W WifiNetworkFactory: Connected to unknown network * ID: 2 SSID: "Haughton Madness" PROVIDER-NAME: null BSSID: null FQDN: null HOME-PROVIDER-NETWORK: false PRIO: 0 HIDDEN: false PMF: false CarrierId: -1 SubscriptionId: -1 SubscriptionGroup: null Currently Connected: true User Selected: false
08-06 09:53:10.158 1761 3444 W WifiNetworkFactory: NetworkSelectionStatus NETWORK_SELECTION_ENABLED
08-06 09:53:10.158 1761 3444 W WifiNetworkFactory: hasEverConnected: true
08-06 09:53:10.158 1761 3444 W WifiNetworkFactory: hasNeverDetectedCaptivePortal: true
08-06 09:53:10.158 1761 3444 W WifiNetworkFactory: hasEverValidatedInternetAccess: true
08-06 09:53:10.158 1761 3444 W WifiNetworkFactory: mCandidateSecurityParams: Security Parameters:
08-06 09:53:10.158 1761 3444 W WifiNetworkFactory: Type: 2
08-06 09:53:10.158 1761 3444 W WifiNetworkFactory: Enabled: true
08-06 09:53:10.158 1761 3444 W WifiNetworkFactory: KeyMgmt: WPA_PSK
08-06 09:53:10.158 1761 3444 W WifiNetworkFactory: Protocols: WPA RSN
08-06 09:53:10.158 1761 3444 W WifiNetworkFactory: AuthAlgorithms:
08-06 09:53:10.158 1761 3444 W WifiNetworkFactory: PairwiseCiphers: TKIP CCMP
08-06 09:53:10.158 1761 3444 W WifiNetworkFactory: GroupCiphers: WEP40 WEP104 TKIP CCMP
08-06 09:53:10.158 1761 3444 W WifiNetworkFactory: GroupMgmtCiphers:
08-06 09:53:10.158 1761 3444 W WifiNetworkFactory: SuiteBCiphers:
08-06 09:53:10.158 1761 3444 W WifiNetworkFactory: RequirePmf: false
08-06 09:53:10.158 1761 3444 W WifiNetworkFactory: IsAddedByAutoUpgrade: false
08-06 09:53:10.158 1761 3444 W WifiNetworkFactory: IsSaeH2eOnlyMode: false
08-06 09:53:10.158 1761 3444 W WifiNetworkFactory: IsSaePkOnlyMode: false
08-06 09:53:10.158 1761 3444 W WifiNetworkFactory: mLastUsedSecurityParams: Security Parameters:
08-06 09:53:10.158 1761 3444 W WifiNetworkFactory: Type: 2
08-06 09:53:10.158 1761 3444 W WifiNetworkFactory: Enabled: true
08-06 09:53:10.158 1761 3444 W WifiNetworkFactory: KeyMgmt: WPA_PSK
08-06 09:53:10.158 1761 3444 W WifiNetworkFactory: Protocols: WPA RSN
08-06 09:53:10.158 1761 3444 W WifiNetworkFactory: AuthAlgorithms:
08-06 09:53:10.158 1761 3444 W WifiNetworkFactory: PairwiseCiphers: TKIP CCMP
08-06 09:53:10.158 1761 3444 W WifiNetworkFactory: GroupCiphers: WEP40 WEP104 TKIP CCMP
08-06 09:53:10.158 1761 3444 W WifiNetworkFactory: GroupMgmtCiphers:
08-06 09:53:10.158 1761 3444 W WifiNetworkFactory: SuiteBCiphers:
08-06 09:53:10.158 1761 3444 W WifiNetworkFactory: RequirePmf: false
08-06 09:53:10.158 1761 3444 W WifiNetworkFactory: IsAddedByAutoUpgrade: false
08-06 09:53:10.158 1761 3444 W WifiNetworkFactory: IsSaeH2eOnlyMode: false
08-06 09:53:10.158 1761 3444 W WifiNetworkFactory: IsSaePkOnlyMode: false
08-06 09:53:10.158 1761 3444 W WifiNetworkFactory: numAssociation 12
08-06 09:53:10.158 1761 3444 W WifiNetworkFactory: validatedInternetAccess shared trusted
08-06 09:53:10.158 1761 3444 W WifiNetworkFactory: macRandomizationSetting: 3
08-06 09:53:10.158 1761 3444 W WifiNetworkFactory: mRandomizedMacAddress: f2:64:03:de:2b:4f
08-06 09:53:10.158 1761 3444 W WifiNetworkFactory: randomizedMacExpirationTimeMs: 2026-08-07T09:49:25.762
08-06 09:53:10.158 1761 3444 W WifiNetworkFactory: randomizedMacLastModifiedTimeMs:
08-06 09:53:10.158 1761 3444 W WifiNetworkFactory: persistentMacRandomizationSeed: 0
08-06 09:53:10.158 1761 3444 W WifiNetworkFactory: mIsSendDhcpHostnameEnabled: true
08-06 09:53:10.158 1761 3444 W WifiNetworkFactory: deletionPriority: 0
08-06 09:53:10.158 1761 3444 W WifiNetworkFactory: KeyMgmt: WPA_PSK Protocols: WPA RSN
08-06 09:53:10.158 1761 3444 W WifiNetworkFactory: AuthAlgorithms:
08-06 09:53:10.158 1761 3444 W WifiNetworkFactory: PairwiseCiphers: TKIP CCMP
08-06 09:53:10.158 1761 3444 W WifiNetworkFactory: GroupCiphers: WEP40 WEP104 TKIP CCMP
08-06 09:53:10.158 1761 3444 W WifiNetworkFactory: GroupMgmtCiphers:
08-06 09:53:10.158 1761 3444 W WifiNetworkFactory: SuiteBCiphers:
08-06 09:53:10.158 1761 3444 W WifiNetworkFactory: PSK/SAE: *
08-06 09:53:10.158 1761 3444 W WifiNetworkFactory: SecurityParams List:
08-06 09:53:10.158 1761 3444 W WifiNetworkFactory: Security Parameters:
08-06 09:53:10.158 1761 3444 W WifiNetworkFactory: Type: 2
08-06 09:53:10.158 1761 3444 W WifiNetworkFactory: Enabled: true
08-06 09:53:10.158 1761 3444 W WifiNetworkFactory: KeyMgmt: WPA_PSK
08-06 09:53:10.158 1761 3444 W WifiNetworkFactory: Protocols: WPA RSN
08-06 09:53:10.158 1761 3444 W WifiNetworkFactory: AuthAlgorithms:
08-06 09:53:10.158 1761 3444 W WifiNetworkFactory: PairwiseCiphers: TKIP CCMP
08-06 09:53:10.158 1761 3444 W WifiNetworkFactory: GroupCiphers: WEP40 WEP104 TKIP CCMP
08-06 09:53:10.158 1761 3444 W WifiNetworkFactory: GroupMgmtCiphers:
08-06 09:53:10.158 1761 3444 W WifiNetworkFactory: SuiteBCiphers:
08-06 09:53:10.158 1761 3444 W WifiNetworkFactory: RequirePmf: false
08-06 09:53:10.158 1761 3444 W WifiNetworkFactory: IsAddedByAutoUpgrade: false
08-06 09:53:10.158 1761 3444 W WifiNetworkFactory: IsSaeH2eOnlyMode: false
08-06 09:53:10.158 1761 3444 W WifiNetworkFactory: IsSaePkOnlyMode: false
08-06 09:53:10.158 1761 3444 W WifiNetworkFactory: Security Parameters:
08-06 09:53:10.158 1761 3444 W WifiNetworkFactory: Type: 4
08-06 09:53:10.158 1761 3444 W WifiNetworkFactory: Enabled: true
08-06 09:53:10.158 1761 3444 W WifiNetworkFactory: KeyMgmt: SAE
08-06 09:53:10.158 1761 3444 W WifiNetworkFactory: Protocols: RSN
08-06 09:53:10.158 1761 3444 W WifiNetworkFactory: AuthAlgorithms:
08-06 09:53:10.158 1761 3444 W WifiNetworkFactory: PairwiseCiphers: CCMP GCMP_256 GCMP_128
08-06 09:53:10.158 1761 3444 W WifiNetworkFactory: GroupCiphers: CCMP GCMP_256 GCMP_128
08-06 09:53:10.158 1761 3444 W WifiNetworkFactory: GroupMgmtCiphers:
08-06 09:53:10.158 1761 3444 W WifiNetworkFactory: SuiteBCiphers:
08-06 09:53:10.158 1761 3444 W WifiNetworkFactory: RequirePmf: true
08-06 09:53:10.158 1761 3444 W WifiNetworkFactory: IsAddedByAutoUpgrade: true
08-06 09:53:10.158 1761 3444 W WifiNetworkFactory: IsSaeH2eOnlyMode: false
08-06 09:53:10.158 1761 3444 W WifiNetworkFactory: IsSaePkOnlyMode: false
08-06 09:53:10.158 1761 3444 W WifiNetworkFactory:
08-06 09:53:10.158 1761 3444 W WifiNetworkFactory: Enterprise config:
08-06 09:53:10.158 1761 3444 W WifiNetworkFactory: ocsp: 0
08-06 09:53:10.158 1761 3444 W WifiNetworkFactory: trust_on_first_use: false
08-06 09:53:10.158 1761 3444 W WifiNetworkFactory: user_approve_no_ca_cert: false
08-06 09:53:10.158 1761 3444 W WifiNetworkFactory: selected_rcoi: 0
08-06 09:53:10.158 1761 3444 W WifiNetworkFactory: minimum_tls_version: 0
08-06 09:53:10.158 1761 3444 W WifiNetworkFactory: enable_conservative_peer_mode: false
08-06 09:53:10.158 1761 3444 W WifiNetworkFactory: tofu_dialog_state: 0
08-06 09:53:10.158 1761 3444 W WifiNetworkFactory: tofu_connection_state: 0
08-06 09:53:10.158 1761 3444 W WifiNetworkFactory: IP config:
08-06 09:53:10.158 1761 3444 W WifiNetworkFactory: IP assignment: DHCP
08-06 09:53:10.158 1761 3444 W WifiNetworkFactory: Proxy settings: NONE
08-06 09:53:10.158 1761 3444 W WifiNetworkFactory: cuid=1000 cname=android.uid.system:1000 luid=1000 lname=android.uid.system:1000 lcuid=1000 allowAutojoin=true mAllowedAutoJoinInAdvancedProtection=true noInternetAccessExpected=false mostRecentlyConnected=false
08-06 09:53:10.158 1761 3444 W WifiNetworkFactory: lastConnected: 2026-08-06T09:49:25.815
08-06 09:53:10.158 1761 3444 W WifiNetworkFactory:
08-06 09:53:10.158 1761 3444 W WifiNetworkFactory: numRebootsSinceLastUse: 0
08-06 09:53:10.158 1761 3444 W WifiNetworkFactory: recentFailure: Association Rejection code: 0, last update time: 0
08-06 09:53:10.158 1761 3444 W WifiNetworkFactory: bssidAllowlist unset
08-06 09:53:10.158 1761 3444 W WifiNetworkFactory: vendorData unset
08-06 09:53:10.158 1761 3444 W WifiNetworkFactory: IsDppConfigurator: true
08-06 09:53:10.158 1761 3444 W WifiNetworkFactory: HasEncryptedPreSharedKey: false
08-06 09:53:10.158 1761 3444 W WifiNetworkFactory: setWifi7Enabled=true
08-06 09:53:10.158 1761 3444 W WifiNetworkFactory: mIsAllowedToUpdateByOtherUsers=true
08-06 09:53:10.158 1761 3444 W WifiNetworkFactory: mCreatorUserId=0
08-06 09:53:10.158 1761 3444 W WifiNetworkFactory: :96:90:2d:4e:36:d3. Ignoring...
08-06 09:53:10.161 1761 3476 I AdbWifiNetworkMonitor: Wi-Fi network available
08-06 09:53:10.161 1761 3476 I AdbWifiNetworkMonitor: Received the same Wi-Fi SSID. Ignoring.
08-06 09:53:10.163 1202 3533 D WifiHAL : Start debug command: mType GET_FEATURE
08-06 09:53:10.163 1202 3533 I WifiHAL : CreateRequest mType = GET_FEATURE
08-06 09:53:10.163 1202 3533 D WifiHAL : In DebugCommand::handleResponse, mType:GET_FEATURE
08-06 09:53:10.163 1202 3533 D WifiHAL : len = 4, expected len = 4
08-06 09:53:10.164 4189 4220 D IwlanDataService: onCapabilitiesChanged: 165 [ Transports: WIFI Capabilities: NOT_METERED&INTERNET&NOT_RESTRICTED&TRUSTED&NOT_VPN&VALIDATED&NOT_ROAMING&FOREGROUND&NOT_CONGESTED&NOT_SUSPENDED&NOT_VCN_MANAGED&NOT_BANDWIDTH_CONSTRAINED LinkUpBandwidth>=26811Kbps LinkDnBandwidth>=38631Kbps TransportInfo: , Provider friendly name: , Requesting package name: "Haughton Madness"wpa2-pskMLO Information: , Is TID-To-Link negotiation supported by the AP: false, AP MLD Address: , AP MLO Link Id: , AP MLO Affiliated links: , Vendor Data: > SignalStrength: -51 OwnerUid: 1000 AdminUids: [1000] SSID: "Haughton Madness" UnderlyingNetworks: Null]
08-06 09:53:10.164 4189 4220 D IwlanDataService: Network 165 connected using transport WIFI
08-06 09:53:10.164 4359 4443 D IwlanNetworkStatusTracker: onCapabilitiesChanged: 165
08-06 09:53:10.164 4359 4443 D IwlanNetworkStatusTracker: OnCapability : Wifi Available already true and validation status unchanged
08-06 09:53:10.164 4359 4443 E IwlanNetworkStatusTracker: Could not get Wifi SSID
08-06 09:53:10.165 3807 4838 W SHANNON_IMS: 2572 [CONN] NetworkSpecifier and TransportInfo are not valid (DefaultNetworkCallback%updateSubscriptionId:121)
08-06 09:53:10.165 4312 5060 D DeviceStateHelper: Wifi freq: 2417
08-06 09:53:10.165 3807 4838 I SHANNON_IMS: 2573 [CONN] network:165 WIFI connected, subId: -1 [SLID:0] (DefaultNetworkCallback%onCapabilitiesChanged:76)
08-06 09:53:10.165 4312 5029 I WifiSignalInfo: onCapabilitiesChanged: rssi:-51
08-06 09:53:10.166 4312 5070 D ImsPreconditionCheck: {subId=3} handleMessage: { when=0 what=16 target=emf async=false heapIndex=-1 }
08-06 09:53:10.166 4312 5070 D ImsPreconditionCheck: {subId=3} onWifiCapabilitiesChanged: wifiNetworkValidated: true
08-06 09:53:10.168 8200 8238 D NetworkChangeCallback: onCapabilitiesChanged: cachedDefaultNetwork=165 iface=wlan0
08-06 09:53:10.169 8200 22020 D gojni : NetworkChangeCallback: onCapabilitiesChanged: cachedDefaultNetwork=165 iface=wlan0
08-06 09:53:10.176 25836 26025 I BugleRcsEngine: handleMessage processing message:[NOTIFY_UPTIME_IGNORE_STATE_CHANGED] with [non-null]:RcsEngineImpl reference [CONTEXT log_prefix="RcsEngineImpl[DUAL_REG]:[05f272b3-3aa4]>Handler" thread_id=271 ]
08-06 09:53:10.177 25836 25978 I BugleRcsEngine: Connected state: [1], networkType: [WIFI] [CONTEXT thread_id=267 ]
08-06 09:53:10.179 4189 4392 D IwlanNetworkService: onCapabilitiesChanged: 161
08-06 09:53:10.180 3787 4729 D SHANNON_RCS: 4167 [0][PROX][TELE] onCapabilitiesChanged, Network: 161, NetworkCapabilities: [ Transports: WIFI|VPN Capabilities: NOT_METERED&INTERNET&NOT_RESTRICTED&TRUSTED&VALIDATED&NOT_ROAMING&FOREGROUND&NOT_CONGESTED&NOT_SUSPENDED&NOT_VCN_MANAGED&NOT_BANDWIDTH_CONSTRAINED LinkUpBandwidth>=26811Kbps LinkDnBandwidth>=38631Kbps TransportInfo: UnderlyingNetworks: Null] (DefaultNetworkCallback%onCapabilitiesChanged:76)
08-06 09:53:10.180 27754 27754 W JobService: onNetworkChanged() not implemented in com.shire.mobile.ApprovalPollJobService. Must override in a subclass.
08-06 09:53:10.182 471 531 D WM-WorkConstraintsTrack: NetworkRequestConstraintController onCapabilitiesChanged callback
08-06 09:53:10.184 471 471 W JobService: onNetworkChanged() not implemented in androidx.work.impl.background.systemjob.SystemJobService. Must override in a subclass.
08-06 09:53:10.197 1761 3451 D ConnectivityService: NetReassign [no changes] [c 0] [a 3] [i 5]
08-06 09:53:10.201 16264 16264 I Wildlife_WildlifeVpnReceiver: ACTION_WIFI_STATE_CHANGED
08-06 09:53:10.201 16264 16264 I Wildlife_WildlifeCobaltEventLoggerImpl: SysUI wifi state changed event logged
08-06 09:53:10.201 16264 16264 I Wildlife_WildlifeVpnManagerImpl: restoreSettingsFromBackupIfNecessary() false, true, false
08-06 09:53:10.201 16264 16264 I Wildlife_OpenWifiNudgeManagerImpl: wifiStateChangedFuture
08-06 09:53:10.204 26005 26014 I NullBinder: NullBinder for android.net.action.RECOMMEND_NETWORKS triggering remote TransactionTooLargeException due to Service without Chimera impl, calling uid: 1000, calling pid: 0
08-06 09:53:10.204 26005 26014 W libbinder.Binder: Large reply transaction of 1056768 bytes, interface descriptor , function: UNKNOWN_FUNCTION_NAME, code: 1, flags: 17
08-06 09:53:10.205 16264 27039 I Wildlife_OpenWifiNudgeManagerImpl: handleWifiStateChanged(): consumer is not active
08-06 09:53:10.205 26005 26874 I NearbyMediums: Wifi changed new SSID: "Haughton Madness"
08-06 09:53:10.205 26005 26874 I NearbyMediums: WifiLanConnectivityInfo is not changed, skip notify.
08-06 09:53:10.205 26005 26874 I NearbyMediums: [WifiNetworkV2] defaultNetworkCallback onCapabilitiesChanged network:161 [ WIFI VPN ] isNonBypassable:true
08-06 09:53:10.206 1417 1417 D AOC : CHRE: DRAM vote count begins
08-06 09:53:10.206 1128 1166 E statsd : regex_error: subexpressions are not allowed, pattern: (\.[0-9a-fA-F]{4,})+$
08-06 09:53:10.206 1160 1205 D CHRE : @ 582221.010: Parsed nanoapp message from host: app ID 0x476f6f676c00100b endpoint 0x4b msgType 112 payload size 14
08-06 09:53:10.207 1417 1417 D AOC : CHRE: DRAM vote count ends: 0 ms
