--------- beginning of main
08-06 09:53:08.494 1761 3905 W ApplicationInfo: Large ApplicationInfo parcel: size=20140 package=com.zhiliaoapp.musically splits=57 sharedLibs=8 resDirs=1 overlayPaths=1
08-06 09:53:08.494 1761 3905 W ParceledListSlice: Element #426 is 20144 bytes.
08-06 09:53:08.496 11130 11130 D BoundBrokerSvc: onRebind: Intent { act=com.google.android.gms.onboardingconsent.api.ConsentManagerApiService.START dat=chimera-action:/... xflg=0x4 cmp=com.google.android.gms/.chimera.GmsApiService }
08-06 09:53:08.521 1450 1450 I adbd : Remote process closed the socket (on MSG_PEEK)
08-06 09:53:08.524 1129 1129 I Zygote : Process 27640 exited due to signal 9 (Killed)
08-06 09:53:08.525 1761 1987 I libprocessgroup: Removed cgroup /sys/fs/cgroup/apps/uid_10615/pid_27640
08-06 09:53:08.549 11130 27696 W SQLiteLog: (28) double-quoted string literal: "com.shire.mobile"
08-06 09:53:08.557 11130 11170 I ConsentManagerApiServic: (REDACTED) ConsentManagerApiService onGetService success %s
08-06 09:53:08.557 22640 22674 I Finsky : [339] WM::SCH: Logging work initialize for 12-1
08-06 09:53:08.567 22640 22674 I Finsky : [339] WM::SCH: Logging work initialize for 12-1
08-06 09:53:08.593 1761 5390 E AppSearchAppIndxrImpl: Certificate not found for package: org.chromium.webapk.a3e290019259cbe34_v2
08-06 09:53:08.596 31878 4290 I ezea : (REDACTED) HDM. appOpsListener %s %s
08-06 09:53:08.596 31878 4290 I ezea : (REDACTED) HDM. Ignoring irrelevant audio permission changes for package %s
08-06 09:53:08.599 22640 22688 I Finsky : [345] AIM: AppInfoManager-Perf > ItemModel > CacheSize=377, cacheHitCount=0, cacheMissCount=0, total appsWithNoServerDataCount=9. Missed in cache (limit 10) : []
08-06 09:53:08.599 22640 22688 I Finsky : [345] SCH: Scheduling phonesky job Id: 12-1, CT: 1785981187947, Constraints: [{ L: 15000, D: 86400000, C: CHARGING_NONE, I: IDLE_NONE, N: NET_ANY, B: BATTERY_ANY }]
08-06 09:53:08.607 22640 22690 I Finsky : [346] AIM: AppInfoManager-Perf > ItemModel > CacheSize=377, cacheHitCount=0, cacheMissCount=0, total appsWithNoServerDataCount=9. Missed in cache (limit 10) : []
08-06 09:53:08.610 22640 22690 I Finsky : [346] SCH: Scheduling 1 system job(s)
08-06 09:53:08.610 26145 6112 W libbinder.Binder: Binder transaction to android.accounts.IAccountAuthenticator, function: UNKNOWN_FUNCTION_NAME, code: 3, took 1500ms. Data bytes: 492 Reply bytes: 0 Flags: 17
08-06 09:53:08.610 22640 22690 I Finsky : [346] SCH: Scheduling system job Id: 9412, L: 14337, D: 71248946, C: false, I: false, N: 1
08-06 09:53:08.626 22640 22688 I Finsky : [345] AIM: AppInfoManager-Perf > getApps > data collection finished
08-06 09:53:08.626 22640 22688 I Finsky : [345] AIM: AppInfoManager-Perf > maybeDestroyAppInfoManager is called. actives = 0
08-06 09:53:08.630 471 471 D WM-SystemJobService: onStartJob for WorkGenerationalId(workSpecId=6ef900d1-4de6-443e-b15d-eaf942def81d, generation=6155)
08-06 09:53:08.631 471 471 D WM-SystemJobService: onStartJob for WorkGenerationalId(workSpecId=a89d1bef-eb89-4679-b173-b525bede23bd, generation=5111)
08-06 09:53:08.631 11130 22266 I GetConsentOperation: (REDACTED) GetConsentOperation executing for package %s key %s
08-06 09:53:08.633 11130 22266 I ProtoConsentDataManager: (REDACTED) getConsent: Getting consent for package=[%s], key=[%s]
08-06 09:53:08.633 471 497 D WM-Processor: qwz: processing WorkGenerationalId(workSpecId=6ef900d1-4de6-443e-b15d-eaf942def81d, generation=6155)
08-06 09:53:08.634 22640 22678 I Finsky : [341] [ContentSync] finished, scheduled=true
08-06 09:53:08.634 22640 22688 I Finsky : [345] SCH: Scheduling phonesky job Id: 12-1, CT: 1785981188078, Constraints: [{ L: 15000, D: 86400000, C: CHARGING_NONE, I: IDLE_NONE, N: NET_ANY, B: BATTERY_ANY }]
08-06 09:53:08.638 19384 19398 W .apps.wellbeing: Reducing the number of considered missed Gc histogram windows from 124 to 100 --------- beginning of system
08-06 09:53:08.639 1761 3905 I PackageManager: getInstalledPackages: callingUid=10139 flags=0 updatedFlags=786432 userId=0
08-06 09:53:08.643 471 497 D WM-Processor: qwz: processing WorkGenerationalId(workSpecId=a89d1bef-eb89-4679-b173-b525bede23bd, generation=5111)
08-06 09:53:08.647 11130 11130 D BoundBrokerSvc: onBind: Intent { act=com.google.android.gms.feedback.internal.IFeedbackService dat=chimera-action:/... xflg=0x4 cmp=com.google.android.gms/.chimera.GmsBoundBrokerService }
08-06 09:53:08.647 11130 11130 D BoundBrokerSvc: Loading bound service for intent: Intent { act=com.google.android.gms.feedback.internal.IFeedbackService dat=chimera-action:/... xflg=0x4 cmp=com.google.android.gms/.chimera.GmsBoundBrokerService }
08-06 09:53:08.653 22640 22691 I Finsky : [347] SCH: Scheduling 0 system job(s)
08-06 09:53:08.654 22640 22691 I Finsky : [347] [ContentSync] finished, scheduled=true
08-06 09:53:08.660 471 471 D WM-WorkerWrapper: Starting work for androidx.work.multiprocess.RemoteListenableDelegatingWorker
08-06 09:53:08.660 471 471 D WM-ListenableWorkerImpl: Binding to com.google.android.googlequicksearchbox, com.google.android.libraries.search.integrations.tiktok.RemoteWorkerService_googleapp
08-06 09:53:08.663 1761 4896 D ActivityManager: sync unfroze 17719 com.google.android.googlequicksearchbox:googleapp for 6
08-06 09:53:08.668 1761 4896 D ActivityManager: sync unfroze 18191 com.google.android.webview:sandboxed_process0:org.chromium.content.app.SandboxedProcessService0:0 for 6
08-06 09:53:08.684 17719 17872 D WM-SessionHandler: Unbinding service
08-06 09:53:08.688 11130 22267 I GetConsentOperation: GetConsentOperation success [CONTEXT service_id=460 ]
08-06 09:53:08.688 1761 5812 W ActivityManager: Skipping manifest association check for null package. SourceUid: 10139, SourcePkg: null, TargetUid: 10139, TargetPkg: com.google.android.gms
08-06 09:53:08.689 1450 1450 I adbd : adbd service requested 'shell,v2,TERM=xterm,raw:am start -W -n com.shire.mobile/.MainActivity'
08-06 09:53:08.690 471 471 D WM-WorkerWrapper: Starting work for androidx.work.multiprocess.RemoteListenableDelegatingWorker
08-06 09:53:08.690 471 471 D WM-ListenableWorkerImpl: Binding to com.google.android.googlequicksearchbox, com.google.android.libraries.search.integrations.tiktok.RemoteWorkerService_googleapp
08-06 09:53:08.694 17719 17719 I WM-RemoteWorkerService: Binding to RemoteWorkerService
08-06 09:53:08.701 471 471 D WM-ListenableWorkerImpl: Service connected
08-06 09:53:08.705 17719 17872 D WM-RemoteWMgr.Connectio: Binding died
08-06 09:53:08.707 17719 17749 D WM-ListenableWorkerImpl: Executing work request (a89d1bef-eb89-4679-b173-b525bede23bd, com.google.apps.tiktok.contrib.work.TikTokListenableWorker)
08-06 09:53:08.709 17719 17872 D WM-RemoteWorkManagerCli: Cleaning up.
08-06 09:53:08.709 471 471 D WM-ListenableWorkerImpl: Service connected
08-06 09:53:08.712 26145 26153 E gcblocker: too long GC blocking: 5
08-06 09:53:08.712 26145 26153 E gcblocker: gc block end, 411980561,100
08-06 09:53:08.722 1761 5812 E AppOps : attributionTag VCN not declared in manifest of android
08-06 09:53:08.734 1761 3910 W ActivityTaskManager: callingPackage for (uid=2000, pid=27740) has no WPC
08-06 09:53:08.736 1761 3910 V GrammaticalInflectionUtils: AttributionSource: android.content.AttributionSource@86d2097b does not have READ_SYSTEM_GRAMMATICAL_GENDER permission.
08-06 09:53:08.738 668 815 D SurfaceFlinger: setDesiredMode 4619827677550801153 {mode={fps=120.00 Hz, modePtr={id=1, vsyncRate=120.00 Hz, peakRefreshRate=120.00 Hz}}, emitEvent=false, force=false}
08-06 09:53:08.738 25520 25520 D RecentsView: onTaskDisplayChanged: 9033, new displayId = 0
08-06 09:53:08.744 668 4135 I libbinder.BpBinder: onLastStrongRef automatically unlinking death recipients for binder (0xb40000725268cc60) with descriptor: '(not cached)'
08-06 09:53:08.744 668 668 D SurfaceFlinger: setDesiredMode 4619827677550801153 {mode={fps=30.00 Hz, modePtr={id=0, vsyncRate=60.00 Hz, peakRefreshRate=60.00 Hz}}, emitEvent=false, force=false}
08-06 09:53:08.744 668 668 D SurfaceFlinger: initiateModeChange 4619827677550801153 {mode={fps=30.00 Hz, modePtr={id=0, vsyncRate=60.00 Hz, peakRefreshRate=60.00 Hz}}, emitEvent=false, force=false}
08-06 09:53:08.744 671 671 I hwc-display: [SecondaryDisplay] needNotChangeConfig, Same config change requested : 2
08-06 09:53:08.744 1761 1975 I DisplayDeviceRepository: Display device changed render timings: "Outer Display", renderFrameRate=30.0, presentationDeadlineNanos=11500000, appVsyncOffsetNanos=6233334, frameRateOverrides=[{uid=10466 frameRateHz=30.0}]
08-06 09:53:08.747 1207 4833 D DeviceHalAidl: [default] setParameters: parameters: "screen_state=on"
08-06 09:53:08.747 1151 2127 D ASvc::Module: updateScreenState: 1
08-06 09:53:08.748 1207 4833 D DeviceHalAidl: [r_submix] setParameters: parameters: "screen_state=on"
08-06 09:53:08.748 1761 3910 V ActivityTaskManager: TaskLaunchParamsModifier: phase=3 task=Task{59cf2fd #9033 type=standard A=10615:com.shire.mobile} activity=ActivityRecord{161637012 u0 com.shire.mobile/.MainActivity t-1} display-from-task=0 display-id=0 task-display-area-windowing-mode=1 suggested-display-area=DefaultTaskDisplayArea@43236778 inherit-from-task=fullscreen non-freeform-task-display-area display-area=DefaultTaskDisplayArea@43236778 skip-bounds-fullscreen
08-06 09:53:08.748 1761 3910 I ActivityTaskManager: START u0 {flg=0x10000000 xflg=0x5 cmp=com.shire.mobile/.MainActivity} with LAUNCH_MULTIPLE from uid 2000 (com.android.shell) (BAL_ALLOW_PERMISSION) result code=0
08-06 09:53:08.749 1151 2127 D AHAL_Module: updateScreenState: r_submix: 1
08-06 09:53:08.749 1207 4833 D DeviceHalAidl: [bluetooth] setParameters: parameters: "screen_state=on"
08-06 09:53:08.749 1151 2127 D AHAL_Module: updateScreenState: bluetooth: 1
08-06 09:53:08.749 3566 3610 V WindowManagerShell: Transition requested (#12094): android.os.BinderProxy@2e3a4 TransitionRequestInfo { type = OPEN, triggerTask = TaskInfo{userId=0 taskId=9033 effectiveUid=10615 displayId=0 isRunning=true baseIntent=Intent { flg=0x10000000 cmp=com.shire.mobile/.MainActivity } baseActivity=ComponentInfo{com.shire.mobile/com.shire.mobile.MainActivity} topActivity=ComponentInfo{com.shire.mobile/com.shire.mobile.MainActivity} origActivity=null realActivity=ComponentInfo{com.shire.mobile/com.shire.mobile.MainActivity} realActivityIsAppLockEnabled=false numActivities=1 lastActiveTime=582208540 supportsMultiWindow=true supportsMultiWindowWithoutConstraints=true resizeMode=1 isResizeable=true minWidth=-1 minHeight=-1 defaultMinSize=220 token=WCT{android.os.BinderProxy@76f150d} topActivityType=1 pictureInPictureParams=null shouldDockBigOverlays=false launchIntoPipHostTaskId=-1 lastParentTaskIdBeforePip=-1 displayCutoutSafeInsets=Rect(0, 152 - 0, 0) topActivityInfo=ActivityInfo{7c41cc2 com.shire.mobile.MainActivity} launchCookies=[] positionInParent=Point(0, 0) parentTaskId=-1 isFocused=false isInteractive=false isVisible=false isVisibleRequested=false isTopActivityNoDisplay=false isSleeping=false locusId=null displayAreaFeatureId=1 isTopActivityTransparent=false isActivityStackTransparent=false lastNonFullscreenBounds=null leafTaskBoundsFromOptions= false capturedLink=null capturedLinkTimestamp=0 requestedVisibleTypes=503 topActivityRequestOpenInBrowserEducationTimestamp=0 appCompatTaskInfo=AppCompatTaskInfo { topActivityInSizeCompat=false isLeafTask= true eligibleForLetterboxEducation= false isLetterboxEducationEnabled= false isLetterboxDoubleTapEnabled= false eligibleForUserAspectRatioButton= false topActivityBoundsLetterboxed= false isFromLetterboxDoubleTap= false topActivityLetterboxVerticalPosition= -1 topActivityLetterboxHorizontalPosition= -1 topActivityLetterboxWidth=-1 topActivityLetterboxHeight=-1 topActivityAppBounds=Rect(0, 0 - 1080, 2424) isUserFullscreenOverrideEnabled=false isSystemFullscreenOverrideEnabled=false hasMinAspectRatioOverride=false topActivityLetterboxBounds=null topNonResizableActivityAspectRatio=-1.0} topActivityMainWindowFrame=null isAppBubble=false}, pipChange = null, remoteTransitionInfo = null, displayChanges = null, requestedLocation = null, userChange = null, windowingLayerChange = null, fullscreenRequestChange = null, flags = 0, debugId = 12094 }
08-06 09:53:08.749 3566 3610 W DisconnectHandler: No disconnect change found in the transition, not handling request.
08-06 09:53:08.749 1761 1973 D WindowManager: DeferredDisplayUpdater: partially applying DisplayInfo(1080 x 2424) immediately
08-06 09:53:08.750 1761 1975 V GrammaticalInflectionUtils: AttributionSource: android.content.AttributionSource@86d2097b does not have READ_SYSTEM_GRAMMATICAL_GENDER permission.
08-06 09:53:08.751 3566 3610 V ShellDesktopMode: DesktopTasksController: skipping handleRequest reason=triggerTask's display doesn't support desktop mode
08-06 09:53:08.751 3566 3610 D ShellSplitScreen: logExit: no-op, mLoggerSessionId is null
08-06 09:53:08.751 3566 3610 V RecentTasksController: Notify recent tasks changed
08-06 09:53:08.752 30171 30197 W ogle.android.as: Suspending all threads took: 7.635ms
08-06 09:53:08.752 25520 25520 D RecentTasksList: invalidateLoadedTasks - previous requestLoadId: -1
08-06 09:53:08.754 15953 15953 W fb4a.RageShakeDetector: onPause: com.facebook.katana.activity.FbMainTabActivity@fdd94ec
08-06 09:53:08.754 15953 15953 W fb4a.RageShakeDetector: maybeDisableDetector
08-06 09:53:08.754 1761 5812 D CompatChangeReporter: Compat change id reported: 377864165; UID 10615; state: ENABLED
08-06 09:53:08.755 15953 26159 W fb4a.RageShakeDetector: disableDetector
08-06 09:53:08.755 15953 26159 W fb4a.RageShakeAsyncSensorRegistration: stopReceiving
08-06 09:53:08.755 15953 26159 W fb4a.RageShakeDetector: Disabled
08-06 09:53:08.755 1761 5812 I AppsFilter: interaction: PackageSetting{9b2a1d3 com.google.android.microdroid.empty_payload/10286} -> PackageSetting{dd2a211 com.shire.mobile/10615} BLOCKED
08-06 09:53:08.757 17719 17749 D WM-ListenableWorkerImpl: Executing work request (6ef900d1-4de6-443e-b15d-eaf942def81d, com.google.apps.tiktok.contrib.work.TikTokListenableWorker)
08-06 09:53:08.758 15953 27262 I Surface : Creating surface for consumer unnamed-15953-458 with slotExpansion=0 for 64 slots
08-06 09:53:08.758 15953 27262 D SurfaceUtils: connecting to surface 0xb400006f7611bec0, reason connectToSurface
08-06 09:53:08.758 15953 27262 I MediaCodec: [c2.google.av1.decoder] setting surface generation to 16336116
08-06 09:53:08.758 15953 27262 D SurfaceUtils: disconnecting from surface 0xb400006f7611bec0, reason connectToSurface(reconnect)
08-06 09:53:08.758 15953 27262 D SurfaceUtils: connecting to surface 0xb400006f7611beb0, reason connectToSurface(reconnect-with-listener)
08-06 09:53:08.759 15953 27262 D LegacyGraphicsTracker: new surface in configuration: maxDequeueRequested(0), maxDequeueCommitted(19)
08-06 09:53:08.759 15953 27262 D LegacyGraphicsTracker: new surface configured with id:68517613273546 gen:16336116 maxDequeue:19
08-06 09:53:08.759 15953 27262 D LegacyGraphicsTracker: maxDequeueCount is already 19
08-06 09:53:08.759 15953 27262 D Codec2Client: setOutputSurface -- generation=16336116 consumer usage=0x900
08-06 09:53:08.759 15953 27262 D SurfaceUtils: disconnecting from surface 0xb400006f75ce9aa0, reason disconnectFromSurface
08-06 09:53:08.759 15953 27262 D CCodecBufferChannel: [c2.google.av1.decoder#8] MediaCodec discarded an unknown buffer
08-06 09:53:08.759 15953 27262 D CCodecBufferChannel: [c2.google.av1.decoder#8] MediaCodec discarded an unknown buffer
08-06 09:53:08.759 15953 27262 D CCodecBufferChannel: [c2.google.av1.decoder#8] MediaCodec discarded an unknown buffer
08-06 09:53:08.759 15953 27262 D CCodecBufferChannel: [c2.google.av1.decoder#8] MediaCodec discarded an unknown buffer
08-06 09:53:08.759 15953 27262 D CCodecBufferChannel: [c2.google.av1.decoder#8] MediaCodec discarded an unknown buffer
08-06 09:53:08.759 15953 27262 D CCodecBufferChannel: [c2.google.av1.decoder#8] MediaCodec discarded an unknown buffer
08-06 09:53:08.759 15953 27262 D CCodecBufferChannel: [c2.google.av1.decoder#8] MediaCodec discarded an unknown buffer
08-06 09:53:08.759 15953 27262 D CCodecBufferChannel: [c2.google.av1.decoder#8] MediaCodec discarded an unknown buffer
08-06 09:53:08.759 15953 27262 D CCodecBufferChannel: [c2.google.av1.decoder#8] MediaCodec discarded an unknown buffer
08-06 09:53:08.759 15953 27262 D CCodecBufferChannel: [c2.google.av1.decoder#8] MediaCodec discarded an unknown buffer
08-06 09:53:08.759 15953 27262 D CCodecBufferChannel: [c2.google.av1.decoder#8] MediaCodec discarded an unknown buffer
08-06 09:53:08.759 15953 27262 D CCodecBufferChannel: [c2.google.av1.decoder#8] MediaCodec discarded an unknown buffer
08-06 09:53:08.759 15953 27262 D CCodecBufferChannel: [c2.google.av1.decoder#8] MediaCodec discarded an unknown buffer
08-06 09:53:08.760 15953 27262 D CCodecBufferChannel: [c2.google.av1.decoder#8] MediaCodec discarded an unknown buffer
08-06 09:53:08.760 15953 27262 D CCodecBufferChannel: [c2.google.av1.decoder#8] MediaCodec discarded an unknown buffer
08-06 09:53:08.760 15953 27262 D CCodecBufferChannel: [c2.google.av1.decoder#8] MediaCodec discarded an unknown buffer
08-06 09:53:08.760 15953 27752 D CCodec : hold CodecLooper(1) until release
08-06 09:53:08.760 15953 16536 I Surface : Creating surface for consumer unnamed-15953-338 with slotExpansion=1 for 64 slots
08-06 09:53:08.762 15953 16536 D LegacyGraphicsTracker: allocateed 1 buffer after stop
08-06 09:53:08.764 15953 21375 D PipelineWatcher: onInputBufferReleased: frameIndex not found (19); ignored
08-06 09:53:08.764 15953 21375 D PipelineWatcher: onInputBufferReleased: frameIndex not found (20); ignored
08-06 09:53:08.764 15953 21375 D PipelineWatcher: onInputBufferReleased: frameIndex not found (21); ignored
08-06 09:53:08.766 1129 1129 D Zygote : Forked child process 27754
08-06 09:53:08.767 1761 1986 I ActivityManager: Start proc 27754:com.shire.mobile/u0a615 for next-top-activity {com.shire.mobile/com.shire.mobile.MainActivity}
08-06 09:53:08.767 1761 2536 D CompatChangeReporter: Compat change id reported: 463899193; UID 10615; state: ENABLED
08-06 09:53:08.768 1761 2536 W InputChannel-JNI: Channel already disposed.
08-06 09:53:08.770 27754 27754 I libprocessgroup: Created cgroup /sys/fs/cgroup/apps/uid_10615/pid_27754
08-06 09:53:08.775 27754 27754 I Zygote : Process 27754 created for com.shire.mobile
08-06 09:53:08.775 27754 27754 I om.shire.mobile: Late-enabling -Xcheck:jni
08-06 09:53:08.778 1761 2536 D WindowManager: setClientSurface Surface(name=VRI-Splash Screen com.shire.mobile#63557)/@0x90089f3 for 53b2d80 Splash Screen com.shire.mobile
08-06 09:53:08.780 3566 3651 I Surface : Creating surface for consumer unnamed-3566-6417 with slotExpansion=1 for 64 slots
08-06 09:53:08.780 3566 3651 I Surface : Creating surface for consumer VRI[mobile]#5259(BLAST Consumer)5259 with slotExpansion=1 for 64 slots
08-06 09:53:08.790 15953 16536 D LegacyGraphicsTracker: allocateed 2 buffer after stop
08-06 09:53:08.792 3566 3768 V WindowManagerShell: onTransitionReady(transaction=7563438577486)
08-06 09:53:08.792 3566 3610 V WindowManagerShell: onTransitionReady (#12094) android.os.BinderProxy@2e3a4: {id=12094 t=OPEN f=0x0 trk=0 r=[0@Point(0, 0)] c=[
08-06 09:53:08.792 3566 3610 V WindowManagerShell: {m=OPEN f=MOVE_TO_TOP|FLAG_CHANGED_INTERACTIVE leash=Surface(name=Task=9033#63554)/@0x3e8b7b1 sb=Rect(0, 0 - 1080, 2424) eb=Rect(0, 0 - 1080, 2424) epz=Point(1080, 2424) d=0 taskParent=-1 winMode=1 userId=0},
08-06 09:53:08.792 3566 3610 V WindowManagerShell: {m=TO_BACK f=FLAG_CHANGED_INTERACTIVE leash=Surface(name=Task=8978#58755)/@0x5f45496 sb=Rect(0, 0 - 1080, 2424) eb=Rect(0, 0 - 1080, 2424) epz=Point(1080, 2424) d=0 taskParent=-1 winMode=1 userId=0}
08-06 09:53:08.792 3566 3610 V WindowManagerShell: ]}
08-06 09:53:08.793 3566 3610 V WindowManagerShell: FocusTransitionObserver: Updating focus state for transition #12094
08-06 09:53:08.793 3566 3610 D WindowManagerShell: FocusTransitionObserver: Task id=8978 is already focused on displayId=0. Skip notifying.
08-06 09:53:08.793 3566 3610 D WindowManagerShell: FocusTransitionObserver: Focus updated on displayId=0 to taskId=9033
08-06 09:53:08.793 3566 3610 V WindowManagerShell: FocusTransitionObserver: Notifying local listeners of task focus change: taskId=8978, isFocusedOnDisplay=false, isFocusedGlobally=false
08-06 09:53:08.793 3566 3610 V WindowManagerShell: FocusTransitionObserver: Notifying local listeners of task focus change: taskId=9033, isFocusedOnDisplay=true, isFocusedGlobally=true
08-06 09:53:08.793 3566 3610 V ShellDesktopMode: DesktopModeLogger: taskInfo map after processing changes 0
08-06 09:53:08.793 3566 3610 D ShellDesktopMode: DesktopTaskChangeListener: onTaskMovingToBack for taskId=8978, displayId=0 - desktop not supported
08-06 09:53:08.793 3566 3610 D ShellDesktopMode: DesktopTaskChangeListener: onTaskOpening for taskId=9033, displayId=0 userId=0 currentUserId=0 parentTaskId=-1 isFreeform=false isActive=false isMinimized=false isPinned=false
08-06 09:53:08.793 3566 3610 D ShellDesktopMode: DesktopTaskChangeListener: onTaskOpening for taskId=9033, displayId=0 - desktop not supported
08-06 09:53:08.793 3566 3610 V WindowManagerShell: Playing animation for (#12094) android.os.BinderProxy@2e3a4@0
08-06 09:53:08.793 3566 3610 D ShellSplitScreen: startAnimation: transition=12094 isSplitActive=false
08-06 09:53:08.793 3566 3610 V ShellRecents: RecentsTransitionHandler.startAnimation: no controller found
08-06 09:53:08.793 3566 3610 V ShellDesktopMode: DesktopMixedTransitionHandler: No pending desktop transition
08-06 09:53:08.793 3566 3610 V WindowManagerShell: Transition doesn't have explicit remote, search filters for match for {id=12094 t=OPEN f=0x0 trk=0 r=[0@Point(0, 0)] c=[{m=OPEN f=MOVE_TO_TOP|FLAG_CHANGED_INTERACTIVE leash=Surface(name=Task=9033#63554)/@0x3e8b7b1 sb=Rect(0, 0 - 1080, 2424) eb=Rect(0, 0 - 1080, 2424) epz=Point(1080, 2424) d=0 taskParent=-1 winMode=1 userId=0},{m=TO_BACK f=FLAG_CHANGED_INTERACTIVE leash=Surface(name=Task=8978#58755)/@0x5f45496 sb=Rect(0, 0 - 1080, 2424) eb=Rect(0, 0 - 1080, 2424) epz=Point(1080, 2424) d=0 taskParent=-1 winMode=1 userId=0}]}
08-06 09:53:08.793 3566 3610 V WindowManagerShell: Checking filter Pair{{types=[] flags=0x0 notFlags=0x0 checks=[{atype=undefined independent=true modes=[CLOSE,TO_BACK] flags=IN_TASK_WITH_EMBEDDED_ACTIVITY mustBeTask=false order=ANY topActivity=null launchCookie=null taskFragmentToken=android.os.BinderProxy@f27b7b windowingMode=undefined isCrossDisplayMove=false}]} RemoteTransition { remoteTransition = android.window.IRemoteTransition$Stub$Proxy@5003d98, appThread = android.app.IApplicationThread$Stub$Proxy@f6eb9f1, debugName = overlayBackTransition, filter = {types=[] flags=0x0 notFlags=0x0 checks=[{atype=undefined independent=true modes=[CLOSE,TO_BACK] flags=IN_TASK_WITH_EMBEDDED_ACTIVITY mustBeTask=false order=ANY topActivity=null launchCookie=null taskFragmentToken=android.os.BinderProxy@f27b7b windowingMode=undefined isCrossDisplayMove=false}]} }}
08-06 09:53:08.793 3566 3610 V WindowManagerShell: Checking filter Pair{{types=[] flags=0x0 notFlags=0x0 checks=[{atype=dream independent=true modes=[OPEN,TO_FRONT] flags=NONE mustBeTask=false order=ANY topActivity=null launchCookie=null windowingMode=undefined isCrossDisplayMove=false},{atype=home independent=true modes=[CLOSE,TO_BACK] flags=NONE mustBeTask=false order=ANY topActivity=null launchCookie=null windowingMode=undefined isCrossDisplayMove=false}]} RemoteTransition { remoteTransition = android.window.IRemoteTransition$Stub$Proxy@32c9d6, appThread = android.app.IApplicationThread$Stub$Proxy@a35457, debugName = LauncherToDream, filter = {types=[] flags=0x0 notFlags=0x0 checks=[{atype=dream independent=true modes=[OPEN,TO_FRONT] flags=NONE mustBeTask=false order=ANY topActivity=null launchCookie=null windowingMode=undefined isCrossDisplayMove=false},{atype=home independent=true modes=[CLOSE,TO_BACK] flags=NONE mustBeTask=false order=ANY topActivity=null launchCookie=null windowingMode=undefined isCrossDisplayMove=false}]} }}
08-06 09:53:08.793 3566 3610 V WindowManagerShell: Checking filter Pair{{types=[] flags=0x0 notFlags=0x0 checks=[{atype=standard independent=false modes=[CHANGE] flags=NONE mustBeTask=true order=ANY topActivity=null launchCookie=null windowingMode=undefined isCrossDisplayMove=true}]} RemoteTransition { remoteTransition = android.window.IRemoteTransition$Stub$Proxy@b879b44, appThread = android.app.IApplicationThread$Stub$Proxy@4a4042d, debugName = QuickstepDisplayMove, filter = {types=[] flags=0x0 notFlags=0x0 checks=[{atype=standard independent=false modes=[CHANGE] flags=NONE mustBeTask=true order=ANY topActivity=null launchCookie=null windowingMode=undefined isCrossDisplayMove=true}]} }}
08-06 09:53:08.793 3566 3610 V WindowManagerShell: Checking filter Pair{{types=[] flags=0x0 notFlags=0x100 checks=[{atype=home independent=true modes=[OPEN,TO_FRONT] flags=NONE mustBeTask=false order=ANY topActivity=ComponentInfo{com.google.android.apps.nexuslauncher/com.google.android.apps.nexuslauncher.NexusLauncherActivity} launchCookie=null windowingMode=undefined isCrossDisplayMove=false},{atype=standard independent=true modes=[CLOSE,TO_BACK] flags=NONE mustBeTask=false order=ANY topActivity=null launchCookie=null windowingMode=undefined isCrossDisplayMove=false},{NOT atype=undefined independent=true modes=[] flags=NONE mustBeTask=true order=ANY topActivity=null launchCookie=null customAnim=true windowingMode=undefined isCrossDisplayMove=false}]} RemoteTransition { remoteTransition = android.window.IRemoteTransition$Stub$Proxy@ae9ad62, appThread = android.app.IApplicationThread$Stub$Proxy@41edef3, debugName = QuickstepLaunchHome, filter = {types=[] flags=0x0 notFlags=0x100 checks=[{atype=home independent=true modes=[OPEN,TO_FRONT] flags=NONE mustBeTask=false order=ANY topActivity=ComponentInfo{com.google.android.apps.nexuslauncher/com.google.android.apps.nexuslauncher.NexusLauncherActivity} launchCookie=null windowingMode=undefined isCrossDisplayMove=false},{atype=standard independent=true modes=[CLOSE,TO_BACK] flags=NONE mustBeTask=false order=ANY topActivity=null launchCookie=null windowingMode=undefined isCrossDisplayMove=false},{NOT atype=undefined independent=true modes=[] flags=NONE mustBeTask=true order=ANY topActivity=null launchCookie=null customAnim=true windowingMode=undefined isCrossDisplayMove=false}]} }}
08-06 09:53:08.794 3566 3610 V WindowManagerShell: Checking filter Pair{{types=[OPEN,TO_FRONT] flags=0x0 notFlags=0x0 checks=[{atype=standard independent=true modes=[OPEN,TO_FRONT] flags=NONE mustBeTask=true order=ANY topActivity=null launchCookie=null windowingMode=freeform isCrossDisplayMove=false}]} RemoteTransition { remoteTransition = android.window.IRemoteTransition$Stub$Proxy@c0527b0, appThread = null, debugName = DesktopWindowLimitUnminimize, filter = {types=[OPEN,TO_FRONT] flags=0x0 notFlags=0x0 checks=[{atype=standard independent=true modes=[OPEN,TO_FRONT] flags=NONE mustBeTask=true order=ANY topActivity=null launchCookie=null windowingMode=freeform isCrossDisplayMove=false}]} }}
08-06 09:53:08.794 3566 3610 V WindowManagerShell: Delegate animation for (#12094) to null
08-06 09:53:08.794 3566 3610 V WindowManagerShell: start default transition animation, info = {id=12094 t=OPEN f=0x0 trk=0 r=[0@Point(0, 0)] c=[{m=OPEN f=MOVE_TO_TOP|FLAG_CHANGED_INTERACTIVE leash=Surface(name=Task=9033#63554)/@0x3e8b7b1 sb=Rect(0, 0 - 1080, 2424) eb=Rect(0, 0 - 1080, 2424) epz=Point(1080, 2424) d=0 taskParent=-1 winMode=1 userId=0},{m=TO_BACK f=FLAG_CHANGED_INTERACTIVE leash=Surface(name=Task=8978#58755)/@0x5f45496 sb=Rect(0, 0 - 1080, 2424) eb=Rect(0, 0 - 1080, 2424) epz=Point(1080, 2424) d=0 taskParent=-1 winMode=1 userId=0}]}
08-06 09:53:08.794 3566 3610 V WindowManagerShell: loadAnimation: anim=android.view.animation.AnimationSet@8edabe9 animAttr=0x9 type=OPEN isEntrance=false
08-06 09:53:08.796 27754 27754 I om.shire.mobile: Using generational CollectorTypeCMC GC.
08-06 09:53:08.799 1450 1487 I adbd : jdwp connection from 27754
08-06 09:53:08.803 27754 27754 D nativeloader: Load libframework-connectivity-tiramisu-jni.so using APEX ns com_android_tethering for caller /apex/com.android.tethering/javalib/framework-connectivity-t.jar: ok
08-06 09:53:08.812 1761 1972 V WindowManager: Sent Transition (#12094) createdAt=08-06 09:53:08.737 via request=TransitionRequestInfo { type = OPEN, triggerTask = TaskInfo{userId=0 taskId=9033 effectiveUid=10615 displayId=0 isRunning=true baseIntent=Intent { flg=0x10000000 cmp=com.shire.mobile/.MainActivity } baseActivity=ComponentInfo{com.shire.mobile/com.shire.mobile.MainActivity} topActivity=ComponentInfo{com.shire.mobile/com.shire.mobile.MainActivity} origActivity=null realActivity=ComponentInfo{com.shire.mobile/com.shire.mobile.MainActivity} realActivityIsAppLockEnabled=false numActivities=1 lastActiveTime=582208540 supportsMultiWindow=true supportsMultiWindowWithoutConstraints=true resizeMode=1 isResizeable=true minWidth=-1 minHeight=-1 defaultMinSize=220 token=WCT{RemoteToken{266d42b Task{59cf2fd #9033 type=standard A=10615:com.shire.mobile}}} topActivityType=1 pictureInPictureParams=null shouldDockBigOverlays=false launchIntoPipHostTaskId=-1 lastParentTaskIdBeforePip=-1 displayCutoutSafeInsets=Rect(0, 152 - 0, 0) topActivityInfo=ActivityInfo{eafa088 com.shire.mobile.MainActivity} launchCookies=[] positionInParent=Point(0, 0) parentTaskId=-1 isFocused=false isInteractive=false isVisible=false isVisibleRequested=false isTopActivityNoDisplay=false isSleeping=false locusId=null displayAreaFeatureId=1 isTopActivityTransparent=false isActivityStackTransparent=false lastNonFullscreenBounds=null leafTaskBoundsFromOptions= false capturedLink=null capturedLinkTimestamp=0 requestedVisibleTypes=503 topActivityRequestOpenInBrowserEducationTimestamp=0 appCompatTaskInfo=AppCompatTaskInfo { topActivityInSizeCompat=false isLeafTask= true eligibleForLetterboxEducation= false isLetterboxEducationEnabled= false isLetterboxDoubleTapEnabled= false eligibleForUserAspectRatioButton= false topActivityBoundsLetterboxed= false isFromLetterboxDoubleTap= false topActivityLetterboxVerticalPosition= -1 topActivityLetterboxHorizontalPosition= -1 topActivityLetterboxWidth=-1 topActivityLetterboxHeight=-1 topActivityAppBounds=Rect(0, 0 - 1080, 2424) isUserFullscreenOverrideEnabled=false isSystemFullscreenOverrideEnabled=false hasMinAspectRatioOverride=false topActivityLetterboxBounds=null topNonResizableActivityAspectRatio=-1.0} topActivityMainWindowFrame=null isAppBubble=false}, pipChange = null, remoteTransitionInfo = null, displayChanges = null, requestedLocation = null, userChange = null, windowingLayerChange = null, fullscreenRequestChange = null, flags = 0, debugId = 12094 }
08-06 09:53:08.812 1761 1972 V WindowManager: startWCT=WindowContainerTransaction { changes= {} hops= [] flags= 0 errorCallbackToken=null taskFragmentOrganizer=null }
08-06 09:53:08.812 1761 1972 V WindowManager: info={id=12094 t=OPEN f=0x0 trk=0 r=[0@Point(0, 0)] c=[
08-06 09:53:08.812 1761 1972 V WindowManager: {WCT{RemoteToken{266d42b Task{59cf2fd #9033 type=standard A=10615:com.shire.mobile}}} m=OPEN f=MOVE_TO_TOP|FLAG_CHANGED_INTERACTIVE leash=Surface(name=Task=9033#63554)/@0x9c01e5b sb=Rect(0, 0 - 1080, 2424) eb=Rect(0, 0 - 1080, 2424) epz=Point(1080, 2424) d=0 taskParent=-1 winMode=1 userId=0},
08-06 09:53:08.812 1761 1972 V WindowManager: {WCT{RemoteToken{8f98fc3 Task{ff001c2 #8978 type=standard A=10466:com.facebook.katana}}} m=TO_BACK f=FLAG_CHANGED_INTERACTIVE leash=Surface(name=Task=8978#58755)/@0x2acf47d sb=Rect(0, 0 - 1080, 2424) eb=Rect(0, 0 - 1080, 2424) epz=Point(1080, 2424) d=0 taskParent=-1 winMode=1 userId=0}
08-06 09:53:08.812 1761 1972 V WindowManager: ]}
08-06 09:53:08.816 3566 3610 V WindowManagerShell: loadAnimation: anim=android.view.animation.AnimationSet@44b4988 animAttr=0x8 type=OPEN isEntrance=true
08-06 09:53:08.817 3566 3610 V WindowManagerShell: animated by com.android.wm.shell.transition.DefaultTransitionHandler@d0759ce
08-06 09:53:08.817 3566 3610 V ShellTaskOrganizer: Task appeared taskId=9033 listener=FullscreenTaskListener
08-06 09:53:08.817 3566 3610 V ShellTaskOrganizer: Fullscreen Task Appeared: #9033
08-06 09:53:08.817 3566 3610 D ShellPackageUpdate: PackageUpdateController: Setting handlePackageUpdate for task: 9033
08-06 09:53:08.817 1761 4896 E TransitionChain: Can't collect into a chain with no transition
08-06 09:53:08.817 3566 3610 V RecentTasksController: Notify recent tasks changed
08-06 09:53:08.819 15953 16536 D LegacyGraphicsTracker: allocateed 3 buffer after stop
08-06 09:53:08.824 1761 2536 W ActivityManager: Skipping manifest association check for null package. SourceUid: 10139, SourcePkg: null, TargetUid: 10139, TargetPkg: com.google.android.gms
08-06 09:53:08.824 25520 25520 D RecentTasksList: invalidateLoadedTasks - previous requestLoadId: -1
08-06 09:53:08.825 1761 5812 W ApplicationInfo: Large ApplicationInfo parcel: size=20140 package=com.zhiliaoapp.musically splits=57 sharedLibs=8 resDirs=1 overlayPaths=1
08-06 09:53:08.825 26005 26005 I NearbyPresence: (REDACTED) %s: Charging state changed: %b
08-06 09:53:08.826 26005 27548 I NearbyPresence: (REDACTED) %s verified [==] new request %s equals to the old request
08-06 09:53:08.826 26005 27548 I NearbyPresence: (REDACTED) %s verified [==] new request %s equals to the old request
08-06 09:53:08.826 31878 31897 I ezea : (REDACTED) HDM. appOpsListener %s %s
08-06 09:53:08.826 31878 31897 I ezea : (REDACTED) HDM. Ignoring irrelevant audio permission changes for package %s
08-06 09:53:08.829 1761 5812 W PackageInfo: Large parcel: size=22164 pkg=com.zhiliaoapp.musically uid=10310 prevAllowSquashing=false
08-06 09:53:08.829 668 668 D SurfaceFlinger: setDesiredMode 4619827677550801153 {mode={fps=120.00 Hz, modePtr={id=1, vsyncRate=120.00 Hz, peakRefreshRate=120.00 Hz}}, emitEvent=false, force=false}
08-06 09:53:08.830 668 668 D SurfaceFlinger: initiateModeChange 4619827677550801153 {mode={fps=120.00 Hz, modePtr={id=1, vsyncRate=120.00 Hz, peakRefreshRate=120.00 Hz}}, emitEvent=false, force=false}
08-06 09:53:08.830 1761 1975 I DisplayDeviceRepository: Display device changed render timings: "Outer Display", renderFrameRate=120.00001, presentationDeadlineNanos=11500000, appVsyncOffsetNanos=6233332, frameRateOverrides=[]
08-06 09:53:08.831 26005 27025 I NearbySharing: Got package event: PackageReplaced(packageName=com.shire.mobile)
08-06 09:53:08.831 671 671 D hwc-display: setActiveConfigWithConstraints:: SecondaryDisplay config(3) test(0)
08-06 09:53:08.832 671 671 I hwc-display: [SecondaryDisplay] OperationRateManager::updateOperationRateLocked:Target@120(desired:120) | Refresh@120(peak:120), Battery:OK, DBV:2786(NsMin:0, HsSwitchMin:0)
08-06 09:53:08.832 671 671 I hwc-display: [SecondaryDisplay] setActiveConfigWithConstraints: config(3)
08-06 09:53:08.833 1207 3941 D DeviceHalAidl: [default] setParameters: parameters: "screen_state=on"
08-06 09:53:08.834 1151 2127 D ASvc::Module: updateScreenState: 1
08-06 09:53:08.834 1207 3941 D DeviceHalAidl: [r_submix] setParameters: parameters: "screen_state=on"
08-06 09:53:08.834 1151 1266 D AHAL_Module: updateScreenState: r_submix: 1
08-06 09:53:08.835 1207 3941 D DeviceHalAidl: [bluetooth] setParameters: parameters: "screen_state=on"
08-06 09:53:08.835 1151 6206 D AHAL_Module: updateScreenState: bluetooth: 1
08-06 09:53:08.835 1761 1973 D WindowManager: DeferredDisplayUpdater: partially applying DisplayInfo(1080 x 2424) immediately
08-06 09:53:08.839 24905 24905 I pixel-thermal: VIRTUAL-SKIN:37.285 raw data: VIRTUAL-SKIN:37285
08-06 09:53:08.840 27754 27754 D ApplicationLoaders: Returning zygote-cached class loader: /system_ext/framework/androidx.window.extensions.jar
08-06 09:53:08.840 27754 27754 D ApplicationLoaders: Returning zygote-cached class loader: /system_ext/framework/androidx.window.sidecar.jar
08-06 09:53:08.846 15953 16536 D AidlBufferPool: bufferpool2 0xb4000070e606aff8 : 0(0 size) total buffers - 0(0 size) used buffers - 11/16 (recycle/alloc) - 5/16 (fetch/transfer)
08-06 09:53:08.846 15953 16536 D AidlBufferPool: bufferpool2 0xb4000070e630a588 : 4(53084160 size) total buffers - 1(13271040 size) used buffers - 18/22 (recycle/alloc) - 4/40 (fetch/transfer)
08-06 09:53:08.848 15953 27263 E LegacyGraphicsTracker: Tried to deallocate non dequeued buffer
08-06 09:53:08.848 15953 27263 W Codec2-LegacyGraphicBufferAllocator: deallocate() 68517613322474 was not successful 2
08-06 09:53:08.848 15953 27263 W C2IgbaBuffer: AHwb destruction notifying failure 0(0)
08-06 09:53:08.848 15953 21375 E LegacyGraphicsTracker: Tried to deallocate non dequeued buffer
08-06 09:53:08.848 15953 21375 W Codec2-LegacyGraphicBufferAllocator: deallocate() 68517613322472 was not successful 2
08-06 09:53:08.848 27741 27269 W C2IgbaBuffer: AHwb destruction notifying failure 0(0)
08-06 09:53:08.849 15953 21375 E LegacyGraphicsTracker: Tried to deallocate non dequeued buffer
08-06 09:53:08.849 15953 21375 W Codec2-LegacyGraphicBufferAllocator: deallocate() 68517613322473 was not successful 2
08-06 09:53:08.849 27741 27269 W C2IgbaBuffer: AHwb destruction notifying failure 0(0)
08-06 09:53:08.850 15953 27262 D SurfaceUtils: disconnecting from surface 0xb400006f7611bec0, reason disconnectFromSurface
08-06 09:53:08.852 1417 1417 D AOC : A3:MSG: tmd3733_device.cc, 3186: USF: TMD3733: vsync_delay_usec: 4800
08-06 09:53:08.856 3566 3610 V RecentTasksController: Notify recent tasks changed
08-06 09:53:08.856 25520 25520 D RecentTasksList: invalidateLoadedTasks - previous requestLoadId: -1
08-06 09:53:08.862 3566 3610 V RecentTasksController: generateList(getRecentTasks)
08-06 09:53:08.862 3566 3610 V RecentTasksController: initializeDesksMap - allDeskIds: []
08-06 09:53:08.862 3566 3610 V RecentTasksController: Task 9033 is not an active desktop task
08-06 09:53:08.862 3566 3610 V RecentTasksController: Added fullscreen task: 9033
08-06 09:53:08.862 3566 3610 V RecentTasksController: Task 8978 is not an active desktop task
08-06 09:53:08.862 3566 3610 V RecentTasksController: Added fullscreen task: 8978
08-06 09:53:08.862 3566 3610 V RecentTasksController: generateList - complete
08-06 09:53:08.864 25520 25579 D PreloadThumbnailUseCase: Preloading thumbnails for task ids: [[id=8978 windowingMode=1 user=0 lastActiveTime=582208540] null, [id=9033 windowingMode=1 user=0 lastActiveTime=582208540] null]
08-06 09:53:08.867 1761 5812 W ApplicationInfo: Large ApplicationInfo parcel: size=20140 package=com.zhiliaoapp.musically splits=57 sharedLibs=8 resDirs=1 overlayPaths=1
08-06 09:53:08.867 1761 5812 W PackageInfo: Large parcel: size=22164 pkg=com.zhiliaoapp.musically uid=10310 prevAllowSquashing=false
08-06 09:53:08.909 27754 27754 D nativeloader: Configuring clns-9 for other apk /data/app/~~xZRsgVDBMJTl06bNkCF2Dw==/com.shire.mobile-0VCeEm4geJraqbA7XW9Slg==/base.apk. target_sdk_version=36, uses_libraries=, library_path=/data/app/~~xZRsgVDBMJTl06bNkCF2Dw==/com.shire.mobile-0VCeEm4geJraqbA7XW9Slg==/lib/arm64:/data/app/~~xZRsgVDBMJTl06bNkCF2Dw==/com.shire.mobile-0VCeEm4geJraqbA7XW9Slg==/base.apk!/lib/arm64-v8a, permitted_path=/data:/mnt/expand:/data/user/0/com.shire.mobile
08-06 09:53:08.915 27754 27754 V GraphicsEnvironment: Currently set values for:
08-06 09:53:08.915 27754 27754 V GraphicsEnvironment: angle_gl_driver_selection_pkgs=[com.android.angle]
08-06 09:53:08.915 27754 27754 V GraphicsEnvironment: angle_gl_driver_selection_values=[angle]
08-06 09:53:08.915 27754 27754 V GraphicsEnvironment: com.shire.mobile is not listed in per-application setting
08-06 09:53:08.915 27754 27754 V GraphicsEnvironment: No special selections for ANGLE, returning default driver choice
08-06 09:53:08.915 27754 27754 V GraphicsEnvironment: Neither updatable production driver nor prerelease driver is supported.
08-06 09:53:08.926 1761 2537 D CorePackageUpdate: Couldn't find a persistent state for task= 9033
08-06 09:53:08.931 24905 24905 I pixel-thermal: VIRTUAL-USB-UI:0 raw data: VIRTUAL-USB-UI:0
08-06 09:53:08.932 24905 24905 I pixel-thermal: VIRTUAL-USB-THROTTLING:0 raw data: VIRTUAL-USB-THROTTLING:0
08-06 09:53:08.932 24905 24905 I pixel-thermal: VIRTUAL-SKIN-SPEAKER:33.5111 raw data: VIRTUAL-SKIN-SPEAKER:33511.1
08-06 09:53:08.932 24905 24905 I pixel-thermal: VIRTUAL-SKIN:37.285 raw data: VIRTUAL-SKIN:37285
08-06 09:53:08.932 24905 24905 I pixel-thermal: rffe_therm:37.916 raw data: rffe_therm:37916
08-06 09:53:08.932 24905 24905 I pixel-thermal: VIRTUAL-SKIN-CHARGE-WIRED:36.803 raw data: VIRTUAL-SKIN-CHARGE-WIRED:36803
08-06 09:53:08.932 24905 24905 I pixel-thermal: VIRTUAL-SKIN-OUTER-DISPLAY:33.7532 raw data: VIRTUAL-SKIN-OUTER-DISPLAY:33753.2
08-06 09:53:08.932 24905 24905 I pixel-thermal: cellular-emergency:37.285 raw data: cellular-emergency:37285
08-06 09:53:08.932 24905 24905 I pixel-thermal: soc_therm:39.118 raw data: soc_therm:39118
08-06 09:53:08.932 24905 24905 I pixel-thermal: VIRTUAL-SKIN-CHARGE-PERSIST:36.803 raw data: VIRTUAL-SKIN-CHARGE-PERSIST:36803
08-06 09:53:08.932 24905 24905 I pixel-thermal: VIRTUAL-SKIN-INNER-DISPLAY:38.3313 raw data: VIRTUAL-SKIN-INNER-DISPLAY:38331.2
08-06 09:53:08.934 24905 24905 I pixel-thermal: battery:34.3 raw data: battery:34300
08-06 09:53:08.934 24905 24905 I pixel-thermal: gnss_tcxo_therm:37.693 raw data: gnss_tcxo_therm:37693
08-06 09:53:08.934 24905 24905 I pixel-thermal: charger_therm:40.164 raw data: charger_therm:40164
08-06 09:53:08.934 24905 24905 I pixel-thermal: usb_conn_therm:34.377 raw data: usb_conn_therm:34377
08-06 09:53:08.934 24905 24905 I pixel-thermal: modem_therm:38.161 raw data: modem_therm:38161
08-06 09:53:08.937 27754 27754 I SHiRESentinel: FALLBACK_SCHEDULED result=1
08-06 09:53:08.937 27754 27754 I SHiRESentinel: BOOT_FALLBACK_READY action=android.intent.action.BOOT_COMPLETED
08-06 09:53:08.938 1761 4896 I BroadcastQueue: BOOT_COMPLETED_BROADCAST_COMPLETION_LATENCY_REPORTED action:android.intent.action.BOOT_COMPLETED dispatchLatency:0 completeLatency:114 dispatchRealLatency:1 completeRealLatency:115 receiversSize:1 userId:0 userType:android.os.usertype.full.SYSTEM
08-06 09:53:08.940 27754 27775 I DisplayManager: Choreographer implicitly registered for the refresh rate.
08-06 09:53:08.942 27754 27775 D vulkan : searching for layers in '/data/app/~~xZRsgVDBMJTl06bNkCF2Dw==/com.shire.mobile-0VCeEm4geJraqbA7XW9Slg==/lib/arm64'
08-06 09:53:08.942 27754 27775 D vulkan : searching for layers in '/data/app/~~xZRsgVDBMJTl06bNkCF2Dw==/com.shire.mobile-0VCeEm4geJraqbA7XW9Slg==/base.apk!/lib/arm64-v8a'
08-06 09:53:08.967 27754 27754 I SHiRESentinel: FALLBACK_SCHEDULED result=1
08-06 09:53:08.967 1761 3907 I ActivityManager: Background started FGS: Allowed [callingPackage: com.shire.mobile; callingUid: 10615; uidState: TOP ; uidBFSL: [BFSL]; BFGS denied: false; intent: Intent { xflg=0x4 cmp=com.shire.mobile/.SentinelAlertLinkService }; code:PROC_STATE_TOP; tempAllowListReason:; allowWiu:12; targetSdkVersion:36; callerTargetSdkVersion:36; startForegroundCount:0; bindFromPackage:null; isBindService:false]
08-06 09:53:08.983 27754 27754 D CompatChangeReporter: Compat change id reported: 377864165; UID 10615; state: ENABLED
08-06 09:53:09.001 27754 27754 I ContentCaptureHelper: Setting logging level to OFF
08-06 09:53:09.002 1761 2548 V AccessibilityUserState: updateShortcutTargets: type:accessibility_shortcut_target_service, current:{}, new:{}
08-06 09:53:09.002 1761 2548 V AccessibilityUserState: updateShortcutTargets: type:accessibility_qs_targets, current:{}, new:{}
08-06 09:53:09.002 1761 2548 V AccessibilityUserState: updateShortcutTargets: type:accessibility_button_targets, current:{}, new:{}
08-06 09:53:09.002 1761 2548 V AccessibilityUserState: updateShortcutTargets: type:accessibility_gesture_targets, current:{}, new:{}
08-06 09:53:09.003 1761 2548 V AccessibilityUserState: updateShortcutTargets: type:accessibility_key_gesture_targets, current:{}, new:{}
08-06 09:53:09.003 1761 2548 V AccessibilityUserState: updateShortcutTargets: type:accessibility_top_row_key_targets, current:{}, new:{}
08-06 09:53:09.003 1761 2548 V AccessibilityUserState: updateShortcutTargets: type:accessibility_quick_access_targets, current:{}, new:{}
08-06 09:53:09.004 1761 2548 V AccessibilityManagerService: onUserStateChangedLocked for userId: 0, forceUpdate: false
08-06 09:53:09.007 1761 2548 V AccessibilityUserState: updateShortcutTargets: type:accessibility_shortcut_target_service, current:{}, new:{}
08-06 09:53:09.007 1761 2548 V AccessibilityUserState: updateShortcutTargets: type:accessibility_button_targets, current:{}, new:{}
08-06 09:53:09.007 1761 2548 V AccessibilityUserState: updateShortcutTargets: type:accessibility_gesture_targets, current:{}, new:{}
08-06 09:53:09.013 8200 22020 D App : bindSocketToActiveNetwork: binding fd=107 to net=165 iface=wlan0
08-06 09:53:09.014 8200 14192 D gojni : App: bindSocketToActiveNetwork: binding fd=107 to net=165 iface=wlan0
08-06 09:53:09.016 1761 2548 V AccessibilityUserState: updateShortcutTargets: type:accessibility_qs_targets, current:{}, new:{}
08-06 09:53:09.016 1761 2548 V AccessibilityUserState: updateShortcutTargets: type:accessibility_key_gesture_targets, current:{}, new:{}
08-06 09:53:09.016 1761 2548 V AccessibilityUserState: updateShortcutTargets: type:accessibility_top_row_key_targets, current:{}, new:{}
08-06 09:53:09.016 1761 2548 V AccessibilityUserState: updateShortcutTargets: type:accessibility_quick_access_targets, current:{}, new:{}
08-06 09:53:09.018 1761 2548 W MagnificationConnectionManager: requestConnection duplicated request: connect=false, mConnectionState=DISCONNECTED
08-06 09:53:09.013 27786 27786 W ip : type=1400 audit(0.0:739761): avc: denied { bind } for scontext=u:r:untrusted_app_34:s0:c124,c258,c512,c768 tcontext=u:r:untrusted_app_34:s0:c124,c258,c512,c768 tclass=netlink_route_socket permissive=0 app=com.tailscale.ipn
08-06 09:53:09.020 1761 2548 V AccessibilityUserState: updateShortcutTargets: type:accessibility_button_targets, current:{}, new:{}
08-06 09:53:09.020 1761 2548 V AccessibilityUserState: updateShortcutTargets: type:accessibility_qs_targets, current:{}, new:{}
08-06 09:53:09.020 1761 1761 V AccessibilityManagerService: onUserStateChangedLocked for userId: 0, forceUpdate: false
08-06 09:53:09.021 1761 1761 V AccessibilityUserState: updateShortcutTargets: type:accessibility_shortcut_target_service, current:{}, new:{}
08-06 09:53:09.021 1761 1761 V AccessibilityUserState: updateShortcutTargets: type:accessibility_button_targets, current:{}, new:{}
08-06 09:53:09.021 1761 1761 V AccessibilityUserState: updateShortcutTargets: type:accessibility_gesture_targets, current:{}, new:{}
08-06 09:53:09.021 1761 1761 V AccessibilityUserState: updateShortcutTargets: type:accessibility_qs_targets, current:{}, new:{}
08-06 09:53:09.021 1761 1761 V AccessibilityUserState: updateShortcutTargets: type:accessibility_key_gesture_targets, current:{}, new:{}
08-06 09:53:09.021 1761 1761 V AccessibilityUserState: updateShortcutTargets: type:accessibility_top_row_key_targets, current:{}, new:{}
08-06 09:53:09.021 1761 1761 V AccessibilityUserState: updateShortcutTargets: type:accessibility_quick_access_targets, current:{}, new:{}
08-06 09:53:09.022 1761 1761 W MagnificationConnectionManager: requestConnection duplicated request: connect=false, mConnectionState=DISCONNECTED
08-06 09:53:09.023 1761 2537 W InputChannel-JNI: Channel already disposed.
08-06 09:53:09.031 1761 1761 W JobScheduler: Job didn't exist in JobStore: 82bc654 #u0a615/73011 com.shire.mobile/.SentinelAlertPollJobService
08-06 09:53:09.031 1761 5812 W ForegroundServiceTypeLoggerModule: Foreground service start for UID: 10615 does not have any types
08-06 09:53:09.033 27794 27794 W ip : type=1400 audit(0.0:739762): avc: denied { bind } for scontext=u:r:untrusted_app_34:s0:c124,c258,c512,c768 tcontext=u:r:untrusted_app_34:s0:c124,c258,c512,c768 tclass=netlink_route_socket permissive=0 app=com.tailscale.ipn
08-06 09:53:09.033 27754 27754 D WindowOnBackDispatcher: setTopOnBackInvokedCallback (unwrapped): android.app.Activity$$ExternalSyntheticLambda0@ce80996
08-06 09:53:09.033 1761 5812 D CoreBackPreview: Window{a49d54d u0 com.shire.mobile/com.shire.mobile.MainActivity}: Setting back callback OnBackInvokedCallbackInfo{mCallback=android.window.IOnBackInvokedCallback$Stub$Proxy@61be38b, mPriority=-1, mIsAnimationCallback=false, mOverrideBehavior=0}
08-06 09:53:09.034 1761 2537 W ApplicationInfo: Large ApplicationInfo parcel: size=20140 package=com.zhiliaoapp.musically splits=57 sharedLibs=8 resDirs=1 overlayPaths=1
08-06 09:53:09.034 1761 2537 W ParceledListSlice: Element #309 is 20504 bytes.
08-06 09:53:09.044 17719 17719 I clfe : (REDACTED) #sharesheet enabled: %s #sharesheet with image type enabled: %s
08-06 09:53:09.044 17719 17719 I clfi : (REDACTED) AvailabilityUtils.updateAvailability() component:%s enabled:%s
08-06 09:53:09.046 17719 17719 I clfi : (REDACTED) Update complete. %s enabled: %s
08-06 09:53:09.046 17719 17719 I clfi : (REDACTED) AvailabilityUtils.updateAvailability() component:%s enabled:%s
08-06 09:53:09.047 17719 17719 I clfi : (REDACTED) Update complete. %s enabled: %s
08-06 09:53:09.048 17719 17719 I clfe : #synclet interval set for every : 12 hours
08-06 09:53:09.048 1761 2548 V AccessibilityUserState: updateShortcutTargets: type:accessibility_shortcut_target_service, current:{}, new:{}
08-06 09:53:09.048 1761 2548 V AccessibilityUserState: updateShortcutTargets: type:accessibility_qs_targets, current:{}, new:{}
08-06 09:53:09.048 1761 2548 V AccessibilityUserState: updateShortcutTargets: type:accessibility_button_targets, current:{}, new:{}
08-06 09:53:09.048 1761 2548 V AccessibilityUserState: updateShortcutTargets: type:accessibility_gesture_targets, current:{}, new:{}
08-06 09:53:09.048 1761 2548 V AccessibilityUserState: updateShortcutTargets: type:accessibility_key_gesture_targets, current:{}, new:{}
