08-02 18:32:13.641 1761 1972 V WindowManager: Sent Transition (#6244) createdAt=08-02 18:32:13.001 via request=TransitionRequestInfo { type = OPEN, triggerTask = TaskInfo{userId=0 taskId=8727 effectiveUid=10615 displayId=0 isRunning=true baseIntent=Intent { act=android.intent.action.MAIN cat=[android.intent.category.LAUNCHER] flg=0x10200000 cmp=com.shire.mobile/.MainActivity } baseActivity=ComponentInfo{com.android.systemui/com.android.wm.shell.packageupdate.PackageUpdateActivity} topActivity=ComponentInfo{com.shire.mobile/com.shire.mobile.MainActivity} origActivity=null realActivity=ComponentInfo{com.shire.mobile/com.shire.mobile.MainActivity} realActivityIsAppLockEnabled=false numActivities=2 lastActiveTime=264836573 supportsMultiWindow=true supportsMultiWindowWithoutConstraints=true resizeMode=1 isResizeable=true minWidth=-1 minHeight=-1 defaultMinSize=220 token=WCT{RemoteToken{b7694a4 Task{1b0679d #8727 type=standard A=10615:com.shire.mobile}}} topActivityType=1 pictureInPictureParams=null shouldDockBigOverlays=false launchIntoPipHostTaskId=-1 lastParentTaskIdBeforePip=-1 displayCutoutSafeInsets=Rect(0, 152 - 0, 0) topActivityInfo=ActivityInfo{3fd6cf6 com.shire.mobile.MainActivity} launchCookies=[] positionInParent=Point(0, 0) parentTaskId=-1 isFocused=false isInteractive=false isVisible=false isVisibleRequested=false isTopActivityNoDisplay=false isSleeping=true locusId=null displayAreaFeatureId=1 isTopActivityTransparent=false isActivityStackTransparent=false lastNonFullscreenBounds=null leafTaskBoundsFromOptions= false capturedLink=null capturedLinkTimestamp=0 requestedVisibleTypes=503 topActivityRequestOpenInBrowserEducationTimestamp=0 appCompatTaskInfo=AppCompatTaskInfo { topActivityInSizeCompat=false isLeafTask= true eligibleForLetterboxEducation= false isLetterboxEducationEnabled= false isLetterboxDoubleTapEnabled= false eligibleForUserAspectRatioButton= false topActivityBoundsLetterboxed= false isFromLetterboxDoubleTap= false topActivityLetterboxVerticalPosition= -1 topActivityLetterboxHorizontalPosition= -1 topActivityLetterboxWidth=-1 topActivityLetterboxHeight=-1 topActivityAppBounds=Rect(0, 0 - 1080, 2424) isUserFullscreenOverrideEnabled=false isSystemFullscreenOverrideEnabled=false hasMinAspectRatioOverride=false topActivityLetterboxBounds=null topNonResizableActivityAspectRatio=-1.0} topActivityMainWindowFrame=null isAppBubble=false}, pipChange = null, remoteTransitionInfo = null, displayChanges = null, requestedLocation = null, userChange = null, windowingLayerChange = null, fullscreenRequestChange = null, flags = 0, debugId = 6244 }
08-02 18:32:13.641 1761 1972 V WindowManager: startWCT=WindowContainerTransaction { changes= {} hops= [] flags= 0 errorCallbackToken=null taskFragmentOrganizer=null }
08-02 18:32:13.641 1761 1972 V WindowManager: info={id=6244 t=OPEN f=0x40 trk=0 r=[] c=[]}
08-02 18:32:13.642 12634 12634 I Surface : Creating surface for consumer unnamed-12634-0 with slotExpansion=1 for 64 slots
08-02 18:32:13.643 12634 12634 I Surface : Creating surface for consumer VRI[MainActivity]#0(BLAST Consumer)0 with slotExpansion=1 for 64 slots
08-02 18:32:13.644 1761 3496 I MR2ServiceImpl: Updating composite discovery preference | preference: RouteDiscoveryRequest{ preferredFeatures={}, activeScan=false }, active routers: []
08-02 18:32:13.646 3566 4929 V WindowManagerShell: onTransitionReady(transaction=7563438018114)
08-02 18:32:13.646 3566 3610 V WindowManagerShell: onTransitionReady (#6244) android.os.BinderProxy@b8968cf: {id=6244 t=OPEN f=0x40 trk=0 r=[] c=[]}
08-02 18:32:13.646 3566 3610 V WindowManagerShell: FocusTransitionObserver: Updating focus state for transition #6244
08-02 18:32:13.646 3566 3610 V ShellDesktopMode: DesktopModeLogger: taskInfo map after processing changes 0
08-02 18:32:13.646 3566 3610 V WindowManagerShell: No transition roots in (#6244) android.os.BinderProxy@b8968cf@0 so abort
08-02 18:32:13.647 3566 3610 V WindowManagerShell: Transition animation finished (aborted=true), notifying core (#6244) android.os.BinderProxy@b8968cf@0
08-02 18:32:13.649 1761 1972 V WindowManager: Finish Transition (#6244): created at
08-02 18:32:13.001 collect-started=0.11ms request-sent=13.384ms started=18.185ms ready=250.13ms sent=638.715ms finished=647.254ms
08-02 18:32:13.649 3566 3610 V WindowManagerShell: Track 0 became idle
08-02 18:32:13.649 3566 3610 V WindowManagerShell: All active transition animations finished
08-02 18:32:13.652 1761 3496 I MR2ServiceImpl: Updating composite discovery preference | preference: RouteDiscoveryRequest{ preferredFeatures={}, activeScan=false }, active routers: []
08-02 18:32:13.654 1761 1975 I DisplayDeviceRepository: Display device changed render timings: "Inner Display", renderFrameRate=120.00001, presentationDeadlineNanos=11500000, appVsyncOffsetNanos=6233332, frameRateOverrides=[]
08-02 18:32:13.655 1761 1972 D HintManagerService: Sent cleanup message for uid 10615
08-02 18:32:13.656 1761 1972 D HintManagerService: Sent cleanup message for uid 10584
08-02 18:32:13.702 1761 5905 W ActivityManager: Skipping manifest association check for null package. SourceUid: 10139, SourcePkg: null, TargetUid: 10139, TargetPkg: com.google.android.gms
08-02 18:32:13.722 27934 3171 I GoogleTTSServiceImpl: currentLocale = en-AU
08-02 18:32:13.723 27934 3171 I VoiceDataManager: checkExternalData: Refreshing list of available externally downloaded voices...
08-02 18:32:13.724 27934 29086 I VoiceDataDownloader: No VoiceLM voicepack found.
08-02 18:32:13.724 27934 29086 I VoiceDataDownloader: No VoiceLM voicepack found.
08-02 18:32:13.724 27934 29086 I VoiceDataDownloader: No VoiceLM voicepack found.
08-02 18:32:13.724 27934 29086 I VoiceDataDownloader: No VoiceLM voicepack found.
08-02 18:32:13.724 27934 29086 I VoiceDataDownloader: No VoiceLM voicepack found.
08-02 18:32:13.724 27934 29086 I VoiceDataDownloader: No VoiceLM voicepack found.
08-02 18:32:13.724 27934 29086 I VoiceDataDownloader: No VoiceLM voicepack found.
08-02 18:32:13.724 27934 29086 I VoiceDataDownloader: No VoiceLM voicepack found.
08-02 18:32:13.724 27934 29086 I VoiceDataDownloader: No VoiceLM voicepack found.
08-02 18:32:13.724 27934 29086 I VoiceDataDownloader: No VoiceLM voicepack found.
08-02 18:32:13.724 27934 29086 I VoiceDataDownloader: No VoiceLM voicepack found.
08-02 18:32:13.724 27934 29086 I VoiceDataDownloader: No VoiceLM voicepack found.
08-02 18:32:13.724 27934 29086 I VoiceDataDownloader: No VoiceLM voicepack found.
08-02 18:32:13.724 27934 29086 I VoiceDataDownloader: No VoiceLM voicepack found.
08-02 18:32:13.724 27934 29086 I VoiceDataDownloader: No VoiceLM voicepack found.
08-02 18:32:13.724 27934 29086 I VoiceDataDownloader: No VoiceLM voicepack found.
08-02 18:32:13.724 27934 29086 I VoiceDataDownloader: No VoiceLM voicepack found.
08-02 18:32:13.724 27934 29086 I VoiceDataDownloader: No VoiceLM voicepack found.
08-02 18:32:13.724 27934 29086 I VoiceDataDownloader: No VoiceLM voicepack found.
08-02 18:32:13.735 1761 5905 W ApplicationInfo: Large ApplicationInfo parcel: size=20140 package=com.zhiliaoapp.musically splits=57 sharedLibs=8 resDirs=1 overlayPaths=1
08-02 18:32:13.735 1761 5905 W PackageInfo: Large parcel: size=22164 pkg=com.zhiliaoapp.musically uid=10310 prevAllowSquashing=false
08-02 18:32:13.739 1761 9945 I PackageManager: getInstalledPackages: callingUid=10139 flags=0 updatedFlags=786432 userId=0
08-02 18:32:13.743 27934 27941 W gle.android.tts: Reducing the number of considered missed Gc histogram windows from 150 to 100
08-02 18:32:13.760 29040 29040 D BoundBrokerSvc: onBind: Intent { act=com.google.android.gms.feedback.internal.IFeedbackService dat=chimera-action:/... xflg=0x4 cmp=com.google.android.gms/.chimera.GmsBoundBrokerService }
08-02 18:32:13.760 29040 29040 D BoundBrokerSvc: Loading bound service for intent: Intent { act=com.google.android.gms.feedback.internal.IFeedbackService dat=chimera-action:/... xflg=0x4 cmp=com.google.android.gms/.chimera.GmsBoundBrokerService }
08-02 18:32:13.794 27934 3171 I GoogleTTSServiceImpl: For default lang en-au is name en-AU-language (en-au-x-aua-server)
08-02 18:32:13.795 12634 12703 I TextToSpeech: Setting up the connection to TTS engine...
08-02 18:32:13.812 30171 30336 I AiAiVC : (REDACTED) Centralized allowlist: requested package %s is in the allowlist
08-02 18:32:13.812 30171 30336 I AiAiVC : (REDACTED) Centralized allowlist: requested package %s is in the allowlist
08-02 18:32:13.812 30171 30336 I AiAiVC : (REDACTED) Centralized allowlist: requested package %s is in the allowlist
08-02 18:32:13.812 30171 30336 I AiAiVC : (REDACTED) Centralized allowlist: requested package %s is in the allowlist
08-02 18:32:13.812 30171 30336 I AiAiVC : (REDACTED) Centralized allowlist: requested package %s is in the allowlist
08-02 18:32:13.812 30171 30336 I AiAiVC : (REDACTED) Centralized allowlist: requested package %s is in the allowlist
08-02 18:32:13.812 30171 30336 I AiAiVC : (REDACTED) Centralized allowlist: requested package %s is in the allowlist
08-02 18:32:13.812 30171 30336 I AiAiVC : (REDACTED) Centralized allowlist: requested package %s is in the allowlist
08-02 18:32:13.812 30171 30336 I AiAiVC : (REDACTED) Centralized allowlist: requested package %s is in the allowlist
08-02 18:32:13.812 30171 30336 I AiAiVC : (REDACTED) Centralized allowlist: requested package %s is in the allowlist
08-02 18:32:13.813 30171 30336 I AiAiVC : (REDACTED) Centralized allowlist: requested package %s is in the allowlist
08-02 18:32:13.813 30171 30336 I AiAiVC : (REDACTED) Centralized allowlist: requested package %s is in the allowlist
08-02 18:32:13.813 30171 30336 I AiAiVC : (REDACTED) Centralized allowlist: requested package %s is in the allowlist
08-02 18:32:13.813 30171 30336 I AiAiVC : (REDACTED) Centralized allowlist: requested package %s is in the allowlist
08-02 18:32:13.813 30171 30336 I AiAiVC : (REDACTED) Centralized allowlist: requested package %s is in the allowlist
08-02 18:32:13.813 30171 30336 I AiAiVC : (REDACTED) Centralized allowlist: requested package %s is in the allowlist
08-02 18:32:13.813 30171 30336 I AiAiVC : (REDACTED) Centralized allowlist: requested package %s is in the allowlist
08-02 18:32:13.813 30171 30336 I AiAiVC : (REDACTED) Centralized allowlist: requested package %s is in the allowlist
08-02 18:32:13.813 30171 30336 I AiAiVC : (REDACTED) Centralized allowlist: requested package %s is in the allowlist
08-02 18:32:13.813 30171 30336 I AiAiVC : (REDACTED) Centralized allowlist: requested package %s is in the allowlist
08-02 18:32:13.813 30171 30336 I AiAiVC : (REDACTED) Centralized allowlist: requested package %s is not in the allowlist
08-02 18:32:13.813 30171 30336 I AiAiVC : (REDACTED) Centralized allowlist: requested package %s is in the allowlist
08-02 18:32:13.813 30171 30336 I AiAiVC : (REDACTED) Centralized allowlist: requested package %s is in the allowlist
08-02 18:32:13.813 30171 30336 I AiAiVC : (REDACTED) Centralized allowlist: requested package %s is in the allowlist
08-02 18:32:13.813 30171 30336 I AiAiVC : (REDACTED) Centralized allowlist: requested package %s is not in the allowlist
08-02 18:32:13.813 30171 30336 I AiAiVC : (REDACTED) Centralized allowlist: requested package %s is in the allowlist
08-02 18:32:13.813 30171 30336 I AiAiVC : (REDACTED) Centralized allowlist: requested component %s is in the allowlist
08-02 18:32:13.813 30171 30336 I AiAiVC : (REDACTED) Centralized allowlist: requested component %s is in the allowlist
08-02 18:32:13.813 30171 30336 I AiAiVC : (REDACTED) Centralized allowlist: requested component %s is in the allowlist
08-02 18:32:13.813 30171 30336 I AiAiVC : (REDACTED) Centralized allowlist: requested component %s is in the allowlist
08-02 18:32:13.813 30171 30336 I AiAiVC : (REDACTED) Centralized allowlist: requested component %s is not in the allowlist
08-02 18:32:13.813 30171 30336 I AiAiVC : (REDACTED) Centralized allowlist: requested component %s is not in the allowlist
08-02 18:32:13.822 30171 30336 I AiAiVC : (REDACTED) Centralized allowlist: requested component %s is not in the allowlist
08-02 18:32:13.822 30171 30336 I AiAiVC : (REDACTED) Centralized allowlist: requested component %s is not in the allowlist
08-02 18:32:13.822 30171 30336 I AiAiVC : (REDACTED) Centralized allowlist: requested component %s is in the allowlist
08-02 18:32:13.822 30171 30336 I AiAiVC : (REDACTED) Centralized allowlist: requested component %s is in the allowlist
08-02 18:32:13.822 30171 30336 I AiAiVC : (REDACTED) Centralized allowlist: requested component %s is in the allowlist
08-02 18:32:13.822 30171 30336 I AiAiVC : (REDACTED) Centralized allowlist: requested component %s is in the allowlist
08-02 18:32:13.822 30171 30336 I AiAiVC : (REDACTED) Centralized allowlist: requested component %s is in the allowlist
08-02 18:32:13.822 30171 30336 I AiAiVC : (REDACTED) Centralized allowlist: requested component %s is in the allowlist
08-02 18:32:13.822 30171 30336 I AiAiVC : (REDACTED) Centralized allowlist: requested component %s is in the allowlist
08-02 18:32:13.822 30171 30336 I AiAiVC : (REDACTED) Centralized allowlist: requested component %s is in the allowlist
08-02 18:32:13.874 1761 9949 W ApplicationInfo: Large ApplicationInfo parcel: size=20140 package=com.zhiliaoapp.musically splits=57 sharedLibs=8 resDirs=1 overlayPaths=1
08-02 18:32:13.874 1761 9949 W PackageInfo: Large parcel: size=22164 pkg=com.zhiliaoapp.musically uid=10310 prevAllowSquashing=false
08-02 18:32:13.899 1761 5905 W ActivityManager: Skipping manifest association check for null package. SourceUid: 10139, SourcePkg: null, TargetUid: 10139, TargetPkg: com.google.android.gms
08-02 18:32:13.915 25430 25483 I Finsky : [227] WM::SCH: Logging work initialize for 12-1
08-02 18:32:13.921 25430 25483 I Finsky : [227] WM::SCH: Logging work initialize for 12-1
08-02 18:32:13.928 1761 1826 I system_server: NativeAlloc concurrent mark compact GC freed 101MB AllocSpace bytes, 126(5028KB) LOS objects, 76% free, 120MB/512MB, paused 2.158ms,8.661ms total 690.917ms
08-02 18:32:13.932 1417 1417 D AOC : CHRE: DRAM vote count begins
08-02 18:32:13.933 1417 1417 D AOC : F1:MSG: controller.cc, 275: AudioInCtrl: cmd ID: 0x00f5, tag: 0x57 [cntr = 22038]
08-02 18:32:13.933 1417 1417 D AOC : F1:MSG: controller_audio_input.cc, 4407: Got chre audio stop cmd
08-02 18:32:13.933 1417 1417 D AOC : F1:TRC: hotword_input_processor.cc, 1008: Receive cmd: 0x84 (132)
08-02 18:32:13.933 1417 1417 D AOC : F1:TRC: hotword_input_processor.cc, 1504: Finished cmd: 0x84 (132)
08-02 18:32:13.933 1417 1417 D AOC : F1:MSG: audio_capture_pdm.cc, 448: Reconfig seamless
08-02 18:32:13.934 1417 1417 D AOC : F1:Stream 1: mask 0x5, rings {1, 0}, pipe 0x1, sr 16000, il {0,2,0,0}, en 1, mc 0, ni 1, fpo 0, ru 1, hq 0
08-02 18:32:13.934 1417 1417 D AOC : F1:MSG: controller.cc, 919: AudioInCtrl: ipc: C-Ch-AI, cmd ID: 0x00f5, tag: 0x57, rc: 0
08-02 18:32:13.934 1417 1417 D AOC : CHRE: DRAM vote count ends: 0 ms
08-02 18:32:13.934 1160 1205 I CHRE : @ 267762.181: [vice_ambient_volume] SendMessageToAmbientVolume, message_type: 33283 to instance_id: 0x3
08-02 18:32:13.935 1160 1205 I CHRE : @ 267762.182: nappId=25 tried to cancel expired/invalid timer 19068
08-02 18:32:13.935 1160 1205 I CHRE : @ 267762.182: [vice_ambient_volume] SendMessageToAmbientVolume, message_type: 33282 to instance_id: 0x3
08-02 18:32:13.935 1160 1205 E CHRE : @ 267762.182: [AV] Client 3 is not found.
08-02 18:32:13.935 1160 1205 I CHRE : @ 267762.182: [AV] disabling detection
08-02 18:32:13.935 1160 1205 D CHRE : @ 267762.184: request audio send: 0
08-02 18:32:13.935 1417 1417 D AOC : CHRE: DRAM vote count begins
08-02 18:32:13.935 1417 1417 D AOC : CHRE: DRAM vote count ends: 0 ms
08-02 18:32:13.935 1417 1417 D AOC : CHRE: DRAM vote count begins
08-02 18:32:13.935 1417 1417 D AOC : CHRE: DRAM vote count ends: 0 ms
08-02 18:32:13.935 1160 1205 I CHRE : @ 267762.184: [vice_ambient_volume] Received ACK from Ambient Volume for disable request
08-02 18:32:13.935 1417 1417 D AOC : CHRE: DRAM vote count begins
08-02 18:32:13.936 1417 1417 D AOC : CHRE: DRAM vote count ends: 0 ms
08-02 18:32:13.938 1761 1828 W System : A resource failed to call HardwareBuffer.close.
08-02 18:32:13.938 1761 1828 W System : A resource failed to call HardwareBuffer.close.
08-02 18:32:13.941 1761 1828 W System : A resource failed to call close.
08-02 18:32:13.942 1761 1828 W System : A resource failed to call close.
08-02 18:32:13.944 25430 25502 I Finsky : [231] SCH: Scheduling phonesky job Id: 12-1, CT: 1785666733291, Constraints: [{ L: 15000, D: 86400000, C: CHARGING_NONE, I: IDLE_NONE, N: NET_ANY, B: BATTERY_ANY }]
08-02 18:32:13.951 25430 25492 I Finsky : [229] SCH: Scheduling 1 system job(s)
08-02 18:32:13.951 25430 25492 I Finsky : [229] SCH: Scheduling system job Id: 9997, L: 14340, D: 83303587, C: false, I: false, N: 1
08-02 18:32:13.970 25430 25474 I Finsky : [222] [ContentSync] finished, scheduled=true
08-02 18:32:13.985 25430 25502 I Finsky : [231] SCH: Scheduling phonesky job Id: 12-1, CT: 1785666733545, Constraints: [{ L: 15000, D: 86400000, C: CHARGING_NONE, I: IDLE_NONE, N: NET_ANY, B: BATTERY_ANY }]
08-02 18:32:13.991 25430 25503 I Finsky : [232] SCH: Scheduling 0 system job(s)
08-02 18:32:13.992 25430 25503 I Finsky : [232] [ContentSync] finished, scheduled=true
08-02 18:32:14.001 840 3671 E powerhal-libperfmgr: Error: shouldn't report duration during pause state.
08-02 18:32:14.008 1761 1972 I ActivityTaskManager: Displayed com.shire.mobile/.MainActivity for user 0: +1s13ms
08-02 18:32:14.009 1761 3907 W libbinder.Binder: Binder transaction to android.app.IActivityManager, function: UNKNOWN_FUNCTION_NAME, code: 1598246212, took 1016ms. Data bytes: 240 Reply bytes: 4 Flags: 16
08-02 18:32:14.013 12634 12717 I HWUI : Davey! duration=729ms; Flags=1, FrameTimelineVsyncId=103229799, IntendedVsync=172364404629001, Vsync=172364446295666, InputEventId=0, HandleInputStart=172364450208062, AnimationStart=172364450211520, PerformTraversalsStart=172364450269137, DrawStart=172364920102308, FrameDeadline=172364420629001, FrameStartTime=172364450070326, FrameInterval=8333333, WorkloadTarget=16000000, AnimationTime=172364446295666, SyncQueued=172365050783054, SyncStart=172365050899021, IssueDrawCommandsStart=172365051169366, SwapBuffers=172365132084079, FrameCompleted=172365134602430, DequeueBufferDuration=21932, QueueBufferDuration=535970, GpuCompleted=172365134602430, SwapBuffersCompleted=172365132774183, DisplayPresentTime=0, CommandSubmissionCompleted=172365132084079,
08-02 18:32:14.071 29040 29040 D BoundBrokerSvc: onUnbind: Intent { act=com.google.android.gms.constellation.service.START xflg=0x4 pkg=com.google.android.gms }
08-02 18:32:14.088 1761 3451 D InetDiagMessage: Destroyed 0 sockets, proto=IPPROTO_TCP, family=AF_INET, states=14
08-02 18:32:14.091 1761 3451 D InetDiagMessage: Destroyed 0 sockets, proto=IPPROTO_TCP, family=AF_INET6, states=14
08-02 18:32:14.091 1761 3451 D InetDiagMessage: Destroyed live tcp sockets for uids={10205} in 5ms
08-02 18:32:14.093 1761 3451 D InetDiagMessage: Destroyed 0 sockets, proto=IPPROTO_TCP, family=AF_INET, states=14
08-02 18:32:14.096 1761 3451 D InetDiagMessage: Destroyed 0 sockets, proto=IPPROTO_TCP, family=AF_INET6, states=14
08-02 18:32:14.096 1761 3451 D InetDiagMessage: Destroyed live tcp sockets for uids={20205} in 6ms
08-02 18:32:14.111 12634 12634 I Choreographer: Skipped 89 frames! The application may be doing too much work on its main thread.
08-02 18:32:14.179 30171 30336 I AiAiVC : (REDACTED) Centralized allowlist: requested package %s is in the allowlist
08-02 18:32:14.179 30171 30336 I AiAiVC : (REDACTED) Centralized allowlist: requested package %s is in the allowlist
08-02 18:32:14.179 30171 30336 I AiAiVC : (REDACTED) Centralized allowlist: requested package %s is in the allowlist
08-02 18:32:14.179 30171 30336 I AiAiVC : (REDACTED) Centralized allowlist: requested package %s is in the allowlist
08-02 18:32:14.179 30171 30336 I AiAiVC : (REDACTED) Centralized allowlist: requested package %s is in the allowlist
08-02 18:32:14.179 30171 30336 I AiAiVC : (REDACTED) Centralized allowlist: requested package %s is in the allowlist
08-02 18:32:14.179 30171 30336 I AiAiVC : (REDACTED) Centralized allowlist: requested package %s is in the allowlist
08-02 18:32:14.179 30171 30336 I AiAiVC : (REDACTED) Centralized allowlist: requested package %s is in the allowlist
08-02 18:32:14.179 30171 30336 I AiAiVC : (REDACTED) Centralized allowlist: requested package %s is in the allowlist
08-02 18:32:14.179 30171 30336 I AiAiVC : (REDACTED) Centralized allowlist: requested package %s is in the allowlist
08-02 18:32:14.179 30171 30336 I AiAiVC : (REDACTED) Centralized allowlist: requested package %s is in the allowlist
08-02 18:32:14.179 30171 30336 I AiAiVC : (REDACTED) Centralized allowlist: requested package %s is in the allowlist
08-02 18:32:14.179 30171 30336 I AiAiVC : (REDACTED) Centralized allowlist: requested package %s is in the allowlist
08-02 18:32:14.179 30171 30336 I AiAiVC : (REDACTED) Centralized allowlist: requested package %s is in the allowlist
08-02 18:32:14.179 30171 30336 I AiAiVC : (REDACTED) Centralized allowlist: requested package %s is in the allowlist
08-02 18:32:14.179 30171 30336 I AiAiVC : (REDACTED) Centralized allowlist: requested package %s is in the allowlist
08-02 18:32:14.179 30171 30336 I AiAiVC : (REDACTED) Centralized allowlist: requested package %s is in the allowlist
08-02 18:32:14.179 30171 30336 I AiAiVC : (REDACTED) Centralized allowlist: requested package %s is in the allowlist
08-02 18:32:14.179 30171 30336 I AiAiVC : (REDACTED) Centralized allowlist: requested package %s is in the allowlist
08-02 18:32:14.179 30171 30336 I AiAiVC : (REDACTED) Centralized allowlist: requested package %s is in the allowlist
08-02 18:32:14.179 30171 30336 I AiAiVC : (REDACTED) Centralized allowlist: requested package %s is not in the allowlist
08-02 18:32:14.180 30171 30336 I AiAiVC : (REDACTED) Centralized allowlist: requested package %s is in the allowlist
08-02 18:32:14.180 30171 30336 I AiAiVC : (REDACTED) Centralized allowlist: requested package %s is in the allowlist
08-02 18:32:14.180 30171 30336 I AiAiVC : (REDACTED) Centralized allowlist: requested package %s is in the allowlist
08-02 18:32:14.180 30171 30336 I AiAiVC : (REDACTED) Centralized allowlist: requested package %s is not in the allowlist
08-02 18:32:14.180 30171 30336 I AiAiVC : (REDACTED) Centralized allowlist: requested package %s is in the allowlist
08-02 18:32:14.180 30171 30336 I AiAiVC : (REDACTED) Centralized allowlist: requested component %s is in the allowlist
08-02 18:32:14.180 30171 30336 I AiAiVC : (REDACTED) Centralized allowlist: requested component %s is in the allowlist
08-02 18:32:14.180 30171 30336 I AiAiVC : (REDACTED) Centralized allowlist: requested component %s is in the allowlist
08-02 18:32:14.180 30171 30336 I AiAiVC : (REDACTED) Centralized allowlist: requested component %s is in the allowlist
08-02 18:32:14.180 30171 30336 I AiAiVC : (REDACTED) Centralized allowlist: requested component %s is not in the allowlist
08-02 18:32:14.180 30171 30336 I AiAiVC : (REDACTED) Centralized allowlist: requested component %s is not in the allowlist
08-02 18:32:14.180 30171 30336 I AiAiVC : (REDACTED) Centralized allowlist: requested component %s is not in the allowlist
08-02 18:32:14.180 30171 30336 I AiAiVC : (REDACTED) Centralized allowlist: requested component %s is not in the allowlist
08-02 18:32:14.181 30171 30336 I AiAiVC : (REDACTED) Centralized allowlist: requested component %s is in the allowlist
08-02 18:32:14.181 30171 30336 I AiAiVC : (REDACTED) Centralized allowlist: requested component %s is in the allowlist
08-02 18:32:14.181 30171 30336 I AiAiVC : (REDACTED) Centralized allowlist: requested component %s is in the allowlist
08-02 18:32:14.181 30171 30336 I AiAiVC : (REDACTED) Centralized allowlist: requested component %s is in the allowlist
08-02 18:32:14.181 30171 30336 I AiAiVC : (REDACTED) Centralized allowlist: requested component %s is in the allowlist
08-02 18:32:14.181 30171 30336 I AiAiVC : (REDACTED) Centralized allowlist: requested component %s is in the allowlist
08-02 18:32:14.181 30171 30336 I AiAiVC : (REDACTED) Centralized allowlist: requested component %s is in the allowlist
08-02 18:32:14.181 30171 30336 I AiAiVC : (REDACTED) Centralized allowlist: requested component %s is in the allowlist
08-02 18:32:14.212 21634 8646 W libbinder.Binder: Binder transaction to android.accounts.IAccountAuthenticator, function: UNKNOWN_FUNCTION_NAME, code: 3, took 1500ms. Data bytes: 492 Reply bytes: 0 Flags: 17
08-02 18:32:14.221 30171 30336 I AiAiVC : (REDACTED) Centralized allowlist: requested package %s is in the allowlist
08-02 18:32:14.222 30171 30336 I AiAiVC : (REDACTED) Centralized allowlist: requested package %s is in the allowlist
08-02 18:32:14.222 30171 30336 I AiAiVC : (REDACTED) Centralized allowlist: requested package %s is in the allowlist
08-02 18:32:14.222 30171 30336 I AiAiVC : (REDACTED) Centralized allowlist: requested package %s is in the allowlist
08-02 18:32:14.222 30171 30336 I AiAiVC : (REDACTED) Centralized allowlist: requested package %s is in the allowlist
08-02 18:32:14.222 30171 30336 I AiAiVC : (REDACTED) Centralized allowlist: requested package %s is in the allowlist
08-02 18:32:14.222 30171 30336 I AiAiVC : (REDACTED) Centralized allowlist: requested package %s is in the allowlist
08-02 18:32:14.222 30171 30336 I AiAiVC : (REDACTED) Centralized allowlist: requested package %s is in the allowlist
08-02 18:32:14.222 30171 30336 I AiAiVC : (REDACTED) Centralized allowlist: requested package %s is in the allowlist
08-02 18:32:14.222 30171 30336 I AiAiVC : (REDACTED) Centralized allowlist: requested package %s is in the allowlist
08-02 18:32:14.222 30171 30336 I AiAiVC : (REDACTED) Centralized allowlist: requested package %s is in the allowlist
08-02 18:32:14.222 30171 30336 I AiAiVC : (REDACTED) Centralized allowlist: requested package %s is in the allowlist
08-02 18:32:14.222 30171 30336 I AiAiVC : (REDACTED) Centralized allowlist: requested package %s is in the allowlist
08-02 18:32:14.222 30171 30336 I AiAiVC : (REDACTED) Centralized allowlist: requested package %s is in the allowlist
08-02 18:32:14.222 30171 30336 I AiAiVC : (REDACTED) Centralized allowlist: requested package %s is in the allowlist
08-02 18:32:14.222 30171 30336 I AiAiVC : (REDACTED) Centralized allowlist: requested package %s is in the allowlist
08-02 18:32:14.222 30171 30336 I AiAiVC : (REDACTED) Centralized allowlist: requested package %s is in the allowlist
08-02 18:32:14.222 30171 30336 I AiAiVC : (REDACTED) Centralized allowlist: requested package %s is in the allowlist
08-02 18:32:14.222 30171 30336 I AiAiVC : (REDACTED) Centralized allowlist: requested package %s is in the allowlist
08-02 18:32:14.222 30171 30336 I AiAiVC : (REDACTED) Centralized allowlist: requested package %s is in the allowlist
08-02 18:32:14.222 30171 30336 I AiAiVC : (REDACTED) Centralized allowlist: requested package %s is not in the allowlist
08-02 18:32:14.222 30171 30336 I AiAiVC : (REDACTED) Centralized allowlist: requested package %s is in the allowlist
08-02 18:32:14.222 30171 30336 I AiAiVC : (REDACTED) Centralized allowlist: requested package %s is in the allowlist
08-02 18:32:14.222 30171 30336 I AiAiVC : (REDACTED) Centralized allowlist: requested package %s is in the allowlist
08-02 18:32:14.222 30171 30336 I AiAiVC : (REDACTED) Centralized allowlist: requested package %s is not in the allowlist
08-02 18:32:14.222 30171 30336 I AiAiVC : (REDACTED) Centralized allowlist: requested package %s is in the allowlist
08-02 18:32:14.223 30171 30336 I AiAiVC : (REDACTED) Centralized allowlist: requested component %s is in the allowlist
08-02 18:32:14.223 30171 30336 I AiAiVC : (REDACTED) Centralized allowlist: requested component %s is in the allowlist
08-02 18:32:14.223 30171 30336 I AiAiVC : (REDACTED) Centralized allowlist: requested component %s is in the allowlist
08-02 18:32:14.223 30171 30336 I AiAiVC : (REDACTED) Centralized allowlist: requested component %s is in the allowlist
08-02 18:32:14.223 30171 30336 I AiAiVC : (REDACTED) Centralized allowlist: requested component %s is not in the allowlist
08-02 18:32:14.223 30171 30336 I AiAiVC : (REDACTED) Centralized allowlist: requested component %s is not in the allowlist
08-02 18:32:14.223 30171 30336 I AiAiVC : (REDACTED) Centralized allowlist: requested component %s is not in the allowlist
08-02 18:32:14.223 30171 30336 I AiAiVC : (REDACTED) Centralized allowlist: requested component %s is not in the allowlist
08-02 18:32:14.223 30171 30336 I AiAiVC : (REDACTED) Centralized allowlist: requested component %s is in the allowlist
08-02 18:32:14.223 30171 30336 I AiAiVC : (REDACTED) Centralized allowlist: requested component %s is in the allowlist
08-02 18:32:14.223 30171 30336 I AiAiVC : (REDACTED) Centralized allowlist: requested component %s is in the allowlist
08-02 18:32:14.223 30171 30336 I AiAiVC : (REDACTED) Centralized allowlist: requested component %s is in the allowlist
08-02 18:32:14.224 30171 30336 I AiAiVC : (REDACTED) Centralized allowlist: requested component %s is in the allowlist
08-02 18:32:14.224 30171 30336 I AiAiVC : (REDACTED) Centralized allowlist: requested component %s is in the allowlist
08-02 18:32:14.224 30171 30336 I AiAiVC : (REDACTED) Centralized allowlist: requested component %s is in the allowlist
08-02 18:32:14.224 30171 30336 I AiAiVC : (REDACTED) Centralized allowlist: requested component %s is in the allowlist
08-02 18:32:14.224 25430 25434 W android.vending: Suspending all threads took: 7.770ms
08-02 18:32:14.230 30171 30336 I AiAiVC : (REDACTED) Centralized allowlist: requested package %s is in the allowlist
08-02 18:32:14.230 30171 30336 I AiAiVC : (REDACTED) Centralized allowlist: requested package %s is in the allowlist
08-02 18:32:14.230 30171 30336 I AiAiVC : (REDACTED) Centralized allowlist: requested package %s is in the allowlist
08-02 18:32:14.230 30171 30336 I AiAiVC : (REDACTED) Centralized allowlist: requested package %s is in the allowlist
08-02 18:32:14.230 30171 30336 I AiAiVC : (REDACTED) Centralized allowlist: requested package %s is in the allowlist
08-02 18:32:14.230 30171 30336 I AiAiVC : (REDACTED) Centralized allowlist: requested package %s is in the allowlist
08-02 18:32:14.230 30171 30336 I AiAiVC : (REDACTED) Centralized allowlist: requested package %s is in the allowlist
08-02 18:32:14.230 30171 30336 I AiAiVC : (REDACTED) Centralized allowlist: requested package %s is in the allowlist
08-02 18:32:14.230 30171 30336 I AiAiVC : (REDACTED) Centralized allowlist: requested package %s is in the allowlist
08-02 18:32:14.230 30171 30336 I AiAiVC : (REDACTED) Centralized allowlist: requested package %s is in the allowlist
08-02 18:32:14.230 30171 30336 I AiAiVC : (REDACTED) Centralized allowlist: requested package %s is in the allowlist
08-02 18:32:14.230 30171 30336 I AiAiVC : (REDACTED) Centralized allowlist: requested package %s is in the allowlist
08-02 18:32:14.230 30171 30336 I AiAiVC : (REDACTED) Centralized allowlist: requested package %s is in the allowlist
08-02 18:32:14.230 30171 30336 I AiAiVC : (REDACTED) Centralized allowlist: requested package %s is in the allowlist
08-02 18:32:14.230 30171 30336 I AiAiVC : (REDACTED) Centralized allowlist: requested package %s is in the allowlist
08-02 18:32:14.230 30171 30336 I AiAiVC : (REDACTED) Centralized allowlist: requested package %s is in the allowlist
08-02 18:32:14.230 30171 30336 I AiAiVC : (REDACTED) Centralized allowlist: requested package %s is in the allowlist
08-02 18:32:14.230 30171 30336 I AiAiVC : (REDACTED) Centralized allowlist: requested package %s is in the allowlist
08-02 18:32:14.230 30171 30336 I AiAiVC : (REDACTED) Centralized allowlist: requested package %s is in the allowlist
08-02 18:32:14.230 30171 30336 I AiAiVC : (REDACTED) Centralized allowlist: requested package %s is in the allowlist
08-02 18:32:14.230 30171 30336 I AiAiVC : (REDACTED) Centralized allowlist: requested package %s is not in the allowlist
08-02 18:32:14.230 30171 30336 I AiAiVC : (REDACTED) Centralized allowlist: requested package %s is in the allowlist
08-02 18:32:14.230 30171 30336 I AiAiVC : (REDACTED) Centralized allowlist: requested package %s is in the allowlist
08-02 18:32:14.230 30171 30336 I AiAiVC : (REDACTED) Centralized allowlist: requested package %s is in the allowlist
08-02 18:32:14.230 30171 30336 I AiAiVC : (REDACTED) Centralized allowlist: requested package %s is not in the allowlist
08-02 18:32:14.230 30171 30336 I AiAiVC : (REDACTED) Centralized allowlist: requested package %s is in the allowlist
08-02 18:32:14.230 30171 30336 I AiAiVC : (REDACTED) Centralized allowlist: requested component %s is in the allowlist
08-02 18:32:14.230 30171 30336 I AiAiVC : (REDACTED) Centralized allowlist: requested component %s is in the allowlist
08-02 18:32:14.230 30171 30336 I AiAiVC : (REDACTED) Centralized allowlist: requested component %s is in the allowlist
08-02 18:32:14.230 30171 30336 I AiAiVC : (REDACTED) Centralized allowlist: requested component %s is in the allowlist
08-02 18:32:14.230 30171 30336 I AiAiVC : (REDACTED) Centralized allowlist: requested component %s is not in the allowlist
08-02 18:32:14.230 30171 30336 I AiAiVC : (REDACTED) Centralized allowlist: requested component %s is not in the allowlist
08-02 18:32:14.230 30171 30336 I AiAiVC : (REDACTED) Centralized allowlist: requested component %s is not in the allowlist
08-02 18:32:14.230 30171 30336 I AiAiVC : (REDACTED) Centralized allowlist: requested component %s is not in the allowlist
08-02 18:32:14.230 30171 30336 I AiAiVC : (REDACTED) Centralized allowlist: requested component %s is in the allowlist
08-02 18:32:14.230 30171 30336 I AiAiVC : (REDACTED) Centralized allowlist: requested component %s is in the allowlist
08-02 18:32:14.230 30171 30336 I AiAiVC : (REDACTED) Centralized allowlist: requested component %s is in the allowlist
08-02 18:32:14.230 30171 30336 I AiAiVC : (REDACTED) Centralized allowlist: requested component %s is in the allowlist
08-02 18:32:14.230 30171 30336 I AiAiVC : (REDACTED) Centralized allowlist: requested component %s is in the allowlist
08-02 18:32:14.231 30171 30336 I AiAiVC : (REDACTED) Centralized allowlist: requested component %s is in the allowlist
08-02 18:32:14.231 30171 30336 I AiAiVC : (REDACTED) Centralized allowlist: requested component %s is in the allowlist
08-02 18:32:14.231 30171 30336 I AiAiVC : (REDACTED) Centralized allowlist: requested component %s is in the allowlist
08-02 18:32:14.233 30171 30336 I AiAiVC : (REDACTED) Centralized allowlist: requested package %s is in the allowlist
08-02 18:32:14.233 30171 30336 I AiAiVC : (REDACTED) Centralized allowlist: requested package %s is in the allowlist
08-02 18:32:14.233 30171 30336 I AiAiVC : (REDACTED) Centralized allowlist: requested package %s is in the allowlist
08-02 18:32:14.234 30171 30336 I AiAiVC : (REDACTED) Centralized allowlist: requested package %s is in the allowlist
08-02 18:32:14.234 30171 30336 I AiAiVC : (REDACTED) Centralized allowlist: requested package %s is in the allowlist
08-02 18:32:14.234 30171 30336 I AiAiVC : (REDACTED) Centralized allowlist: requested package %s is in the allowlist
08-02 18:32:14.234 30171 30336 I AiAiVC : (REDACTED) Centralized allowlist: requested package %s is in the allowlist
08-02 18:32:14.234 30171 30336 I AiAiVC : (REDACTED) Centralized allowlist: requested package %s is in the allowlist
08-02 18:32:14.234 30171 30336 I AiAiVC : (REDACTED) Centralized allowlist: requested package %s is in the allowlist
08-02 18:32:14.234 30171 30336 I AiAiVC : (REDACTED) Centralized allowlist: requested package %s is in the allowlist
08-02 18:32:14.234 30171 30336 I AiAiVC : (REDACTED) Centralized allowlist: requested package %s is in the allowlist
08-02 18:32:14.234 30171 30336 I AiAiVC : (REDACTED) Centralized allowlist: requested package %s is in the allowlist
08-02 18:32:14.234 30171 30336 I AiAiVC : (REDACTED) Centralized allowlist: requested package %s is in the allowlist
08-02 18:32:14.234 30171 30336 I AiAiVC : (REDACTED) Centralized allowlist: requested package %s is in the allowlist
08-02 18:32:14.234 30171 30336 I AiAiVC : (REDACTED) Centralized allowlist: requested package %s is in the allowlist
08-02 18:32:14.234 30171 30336 I AiAiVC : (REDACTED) Centralized allowlist: requested package %s is in the allowlist
08-02 18:32:14.234 30171 30336 I AiAiVC : (REDACTED) Centralized allowlist: requested package %s is in the allowlist
08-02 18:32:14.234 30171 30336 I AiAiVC : (REDACTED) Centralized allowlist: requested package %s is in the allowlist
08-02 18:32:14.234 30171 30336 I AiAiVC : (REDACTED) Centralized allowlist: requested package %s is in the allowlist
08-02 18:32:14.234 30171 30336 I AiAiVC : (REDACTED) Centralized allowlist: requested package %s is in the allowlist
08-02 18:32:14.234 30171 30336 I AiAiVC : (REDACTED) Centralized allowlist: requested package %s is not in the allowlist
08-02 18:32:14.234 30171 30336 I AiAiVC : (REDACTED) Centralized allowlist: requested package %s is in the allowlist
08-02 18:32:14.234 30171 30336 I AiAiVC : (REDACTED) Centralized allowlist: requested package %s is in the allowlist
08-02 18:32:14.234 30171 30336 I AiAiVC : (REDACTED) Centralized allowlist: requested package %s is in the allowlist
08-02 18:32:14.234 30171 30336 I AiAiVC : (REDACTED) Centralized allowlist: requested package %s is not in the allowlist
08-02 18:32:14.234 30171 30336 I AiAiVC : (REDACTED) Centralized allowlist: requested package %s is in the allowlist
08-02 18:32:14.234 30171 30336 I AiAiVC : (REDACTED) Centralized allowlist: requested component %s is in the allowlist
08-02 18:32:14.234 30171 30336 I AiAiVC : (REDACTED) Centralized allowlist: requested component %s is in the allowlist
08-02 18:32:14.234 30171 30336 I AiAiVC : (REDACTED) Centralized allowlist: requested component %s is in the allowlist
08-02 18:32:14.234 30171 30336 I AiAiVC : (REDACTED) Centralized allowlist: requested component %s is in the allowlist
08-02 18:32:14.234 30171 30336 I AiAiVC : (REDACTED) Centralized allowlist: requested component %s is not in the allowlist
08-02 18:32:14.235 30171 30336 I AiAiVC : (REDACTED) Centralized allowlist: requested component %s is not in the allowlist
08-02 18:32:14.235 30171 30336 I AiAiVC : (REDACTED) Centralized allowlist: requested component %s is not in the allowlist
08-02 18:32:14.236 30171 30336 I AiAiVC : (REDACTED) Centralized allowlist: requested component %s is not in the allowlist
08-02 18:32:14.236 30171 30336 I AiAiVC : (REDACTED) Centralized allowlist: requested component %s is in the allowlist
08-02 18:32:14.236 30171 30336 I AiAiVC : (REDACTED) Centralized allowlist: requested component %s is in the allowlist
08-02 18:32:14.236 30171 30336 I AiAiVC : (REDACTED) Centralized allowlist: requested component %s is in the allowlist
08-02 18:32:14.236 30171 30336 I AiAiVC : (REDACTED) Centralized allowlist: requested component %s is in the allowlist
08-02 18:32:14.236 30171 30336 I AiAiVC : (REDACTED) Centralized allowlist: requested component %s is in the allowlist
08-02 18:32:14.236 30171 30336 I AiAiVC : (REDACTED) Centralized allowlist: requested component %s is in the allowlist
08-02 18:32:14.236 30171 30336 I AiAiVC : (REDACTED) Centralized allowlist: requested component %s is in the allowlist
08-02 18:32:14.236 30171 30336 I AiAiVC : (REDACTED) Centralized allowlist: requested component %s is in the allowlist
08-02 18:32:14.239 30171 30336 I AiAiVC : (REDACTED) Centralized allowlist: requested package %s is in the allowlist
08-02 18:32:14.239 30171 30336 I AiAiVC : (REDACTED) Centralized allowlist: requested package %s is in the allowlist
08-02 18:32:14.239 30171 30336 I AiAiVC : (REDACTED) Centralized allowlist: requested package %s is in the allowlist
08-02 18:32:14.239 30171 30336 I AiAiVC : (REDACTED) Centralized allowlist: requested package %s is in the allowlist
08-02 18:32:14.239 30171 30336 I AiAiVC : (REDACTED) Centralized allowlist: requested package %s is in the allowlist
08-02 18:32:14.239 30171 30336 I AiAiVC : (REDACTED) Centralized allowlist: requested package %s is in the allowlist
08-02 18:32:14.239 30171 30336 I AiAiVC : (REDACTED) Centralized allowlist: requested package %s is in the allowlist
08-02 18:32:14.239 30171 30336 I AiAiVC : (REDACTED) Centralized allowlist: requested package %s is in the allowlist
08-02 18:32:14.239 30171 30336 I AiAiVC : (REDACTED) Centralized allowlist: requested package %s is in the allowlist
08-02 18:32:14.239 30171 30336 I AiAiVC : (REDACTED) Centralized allowlist: requested package %s is in the allowlist
08-02 18:32:14.239 30171 30336 I AiAiVC : (REDACTED) Centralized allowlist: requested package %s is in the allowlist
08-02 18:32:14.239 30171 30336 I AiAiVC : (REDACTED) Centralized allowlist: requested package %s is in the allowlist
08-02 18:32:14.239 30171 30336 I AiAiVC : (REDACTED) Centralized allowlist: requested package %s is in the allowlist
08-02 18:32:14.239 30171 30336 I AiAiVC : (REDACTED) Centralized allowlist: requested package %s is in the allowlist
08-02 18:32:14.239 30171 30336 I AiAiVC : (REDACTED) Centralized allowlist: requested package %s is in the allowlist
08-02 18:32:14.239 30171 30336 I AiAiVC : (REDACTED) Centralized allowlist: requested package %s is in the allowlist
08-02 18:32:14.239 30171 30336 I AiAiVC : (REDACTED) Centralized allowlist: requested package %s is in the allowlist
08-02 18:32:14.239 30171 30336 I AiAiVC : (REDACTED) Centralized allowlist: requested package %s is in the allowlist
08-02 18:32:14.239 30171 30336 I AiAiVC : (REDACTED) Centralized allowlist: requested package %s is in the allowlist
08-02 18:32:14.239 30171 30336 I AiAiVC : (REDACTED) Centralized allowlist: requested package %s is in the allowlist
08-02 18:32:14.239 30171 30336 I AiAiVC : (REDACTED) Centralized allowlist: requested package %s is not in the allowlist
08-02 18:32:14.239 30171 30336 I AiAiVC : (REDACTED) Centralized allowlist: requested package %s is in the allowlist
08-02 18:32:14.239 30171 30336 I AiAiVC : (REDACTED) Centralized allowlist: requested package %s is in the allowlist
08-02 18:32:14.239 30171 30336 I AiAiVC : (REDACTED) Centralized allowlist: requested package %s is in the allowlist
08-02 18:32:14.239 30171 30336 I AiAiVC : (REDACTED) Centralized allowlist: requested package %s is not in the allowlist
08-02 18:32:14.239 30171 30336 I AiAiVC : (REDACTED) Centralized allowlist: requested package %s is in the allowlist
08-02 18:32:14.239 30171 30336 I AiAiVC : (REDACTED) Centralized allowlist: requested component %s is in the allowlist
08-02 18:32:14.239 30171 30336 I AiAiVC : (REDACTED) Centralized allowlist: requested component %s is in the allowlist
08-02 18:32:14.239 30171 30336 I AiAiVC : (REDACTED) Centralized allowlist: requested component %s is in the allowlist
08-02 18:32:14.239 30171 30336 I AiAiVC : (REDACTED) Centralized allowlist: requested component %s is in the allowlist
08-02 18:32:14.239 30171 30336 I AiAiVC : (REDACTED) Centralized allowlist: requested component %s is not in the allowlist
08-02 18:32:14.239 30171 30336 I AiAiVC : (REDACTED) Centralized allowlist: requested component %s is not in the allowlist
08-02 18:32:14.239 30171 30336 I AiAiVC : (REDACTED) Centralized allowlist: requested component %s is not in the allowlist
08-02 18:32:14.239 30171 30336 I AiAiVC : (REDACTED) Centralized allowlist: requested component %s is not in the allowlist
08-02 18:32:14.240 30171 30336 I AiAiVC : (REDACTED) Centralized allowlist: requested component %s is in the allowlist
08-02 18:32:14.240 30171 30336 I AiAiVC : (REDACTED) Centralized allowlist: requested component %s is in the allowlist
08-02 18:32:14.240 30171 30336 I AiAiVC : (REDACTED) Centralized allowlist: requested component %s is in the allowlist
08-02 18:32:14.240 30171 30336 I AiAiVC : (REDACTED) Centralized allowlist: requested component %s is in the allowlist
08-02 18:32:14.240 30171 30336 I AiAiVC : (REDACTED) Centralized allowlist: requested component %s is in the allowlist
08-02 18:32:14.240 30171 30336 I AiAiVC : (REDACTED) Centralized allowlist: requested component %s is in the allowlist
08-02 18:32:14.240 30171 30336 I AiAiVC : (REDACTED) Centralized allowlist: requested component %s is in the allowlist
08-02 18:32:14.240 30171 30336 I AiAiVC : (REDACTED) Centralized allowlist: requested component %s is in the allowlist
08-02 18:32:14.242 30171 30336 I AiAiVC : (REDACTED) Centralized allowlist: requested package %s is in the allowlist
08-02 18:32:14.242 30171 30336 I AiAiVC : (REDACTED) Centralized allowlist: requested package %s is in the allowlist
08-02 18:32:14.242 30171 30336 I AiAiVC : (REDACTED) Centralized allowlist: requested package %s is in the allowlist
08-02 18:32:14.242 30171 30336 I AiAiVC : (REDACTED) Centralized allowlist: requested package %s is in the allowlist
08-02 18:32:14.242 30171 30336 I AiAiVC : (REDACTED) Centralized allowlist: requested package %s is in the allowlist
08-02 18:32:14.242 30171 30336 I AiAiVC : (REDACTED) Centralized allowlist: requested package %s is in the allowlist
08-02 18:32:14.242 30171 30336 I AiAiVC : (REDACTED) Centralized allowlist: requested package %s is in the allowlist
08-02 18:32:14.242 30171 30336 I AiAiVC : (REDACTED) Centralized allowlist: requested package %s is in the allowlist
08-02 18:32:14.242 30171 30336 I AiAiVC : (REDACTED) Centralized allowlist: requested package %s is in the allowlist
08-02 18:32:14.242 30171 30336 I AiAiVC : (REDACTED) Centralized allowlist: requested package %s is in the allowlist
08-02 18:32:14.242 30171 30336 I AiAiVC : (REDACTED) Centralized allowlist: requested package %s is in the allowlist
08-02 18:32:14.242 30171 30336 I AiAiVC : (REDACTED) Centralized allowlist: requested package %s is in the allowlist
08-02 18:32:14.242 30171 30336 I AiAiVC : (REDACTED) Centralized allowlist: requested package %s is in the allowlist
08-02 18:32:14.243 30171 30336 I AiAiVC : (REDACTED) Centralized allowlist: requested package %s is in the allowlist
08-02 18:32:14.243 30171 30336 I AiAiVC : (REDACTED) Centralized allowlist: requested package %s is in the allowlist
08-02 18:32:14.243 30171 30336 I AiAiVC : (REDACTED) Centralized allowlist: requested package %s is in the allowlist
08-02 18:32:14.243 30171 30336 I AiAiVC : (REDACTED) Centralized allowlist: requested package %s is in the allowlist
08-02 18:32:14.243 30171 30336 I AiAiVC : (REDACTED) Centralized allowlist: requested package %s is in the allowlist
08-02 18:32:14.243 30171 30336 I AiAiVC : (REDACTED) Centralized allowlist: requested package %s is in the allowlist
08-02 18:32:14.243 30171 30336 I AiAiVC : (REDACTED) Centralized allowlist: requested package %s is in the allowlist
08-02 18:32:14.243 30171 30336 I AiAiVC : (REDACTED) Centralized allowlist: requested package %s is not in the allowlist
08-02 18:32:14.243 30171 30336 I AiAiVC : (REDACTED) Centralized allowlist: requested package %s is in the allowlist
08-02 18:32:14.243 30171 30336 I AiAiVC : (REDACTED) Centralized allowlist: requested package %s is in the allowlist
08-02 18:32:14.243 30171 30336 I AiAiVC : (REDACTED) Centralized allowlist: requested package %s is in the allowlist
08-02 18:32:14.243 30171 30336 I AiAiVC : (REDACTED) Centralized allowlist: requested package %s is not in the allowlist
08-02 18:32:14.243 30171 30336 I AiAiVC : (REDACTED) Centralized allowlist: requested package %s is in the allowlist
08-02 18:32:14.243 30171 30336 I AiAiVC : (REDACTED) Centralized allowlist: requested component %s is in the allowlist
08-02 18:32:14.243 30171 30336 I AiAiVC : (REDACTED) Centralized allowlist: requested component %s is in the allowlist
08-02 18:32:14.243 30171 30336 I AiAiVC : (REDACTED) Centralized allowlist: requested component %s is in the allowlist
08-02 18:32:14.243 30171 30336 I AiAiVC : (REDACTED) Centralized allowlist: requested component %s is in the allowlist
08-02 18:32:14.243 30171 30336 I AiAiVC : (REDACTED) Centralized allowlist: requested component %s is not in the allowlist
08-02 18:32:14.243 30171 30336 I AiAiVC : (REDACTED) Centralized allowlist: requested component %s is not in the allowlist
08-02 18:32:14.243 30171 30336 I AiAiVC : (REDACTED) Centralized allowlist: requested component %s is not in the allowlist
08-02 18:32:14.243 30171 30336 I AiAiVC : (REDACTED) Centralized allowlist: requested component %s is not in the allowlist
08-02 18:32:14.243 30171 30336 I AiAiVC : (REDACTED) Centralized allowlist: requested component %s is in the allowlist
08-02 18:32:14.243 30171 30336 I AiAiVC : (REDACTED) Centralized allowlist: requested component %s is in the allowlist
08-02 18:32:14.243 30171 30336 I AiAiVC : (REDACTED) Centralized allowlist: requested component %s is in the allowlist
08-02 18:32:14.243 30171 30336 I AiAiVC : (REDACTED) Centralized allowlist: requested component %s is in the allowlist
08-02 18:32:14.243 30171 30336 I AiAiVC : (REDACTED) Centralized allowlist: requested component %s is in the allowlist
08-02 18:32:14.243 30171 30336 I AiAiVC : (REDACTED) Centralized allowlist: requested component %s is in the allowlist
08-02 18:32:14.243 30171 30336 I AiAiVC : (REDACTED) Centralized allowlist: requested component %s is in the allowlist
08-02 18:32:14.243 30171 30336 I AiAiVC : (REDACTED) Centralized allowlist: requested component %s is in the allowlist
08-02 18:32:14.246 30171 30336 I AiAiVC : (REDACTED) Centralized allowlist: requested package %s is in the allowlist
08-02 18:32:14.246 30171 30336 I AiAiVC : (REDACTED) Centralized allowlist: requested package %s is in the allowlist
08-02 18:32:14.246 30171 30336 I AiAiVC : (REDACTED) Centralized allowlist: requested package %s is in the allowlist
