08-02 18:32:17.686 24641 9276 D EventStreamRepository: Thread: 2. ring.core.app. Reached minSize in db, scheduling the worker
08-02 18:32:17.688 24641 24723 D WM-Processor: Processor cancelling 30e7edc6-18d5-4c1a-b3fb-2b10122c70d1
08-02 18:32:17.688 24641 24723 D WM-Processor: WorkerWrapper could not be found for 30e7edc6-18d5-4c1a-b3fb-2b10122c70d1
08-02 18:32:17.698 24641 24723 D WM-GreedyScheduler: Cancelling work ID 30e7edc6-18d5-4c1a-b3fb-2b10122c70d1
08-02 18:32:17.711 24641 24723 D WM-SystemJobScheduler: Scheduling work ID 6803280b-cd1e-439c-8bb8-462e44d72eadJob ID 1079689
08-02 18:32:17.726 24641 24647 I com.ringapp: NativeAlloc concurrent mark compact GC freed 16MB AllocSpace bytes, 126(5252KB) LOS objects, 94% free, 29MB/512MB, paused 4.116ms,5.025ms total 329.923ms
08-02 18:32:17.749 24641 24649 V MediaPlayer: resetDrmState: mDrmInfo=null mDrmProvisioningThread=null mPrepareDrmInProgress=false mActiveDrmScheme=false
08-02 18:32:17.749 24641 24649 V MediaPlayer: cleanDrmObj: mDrmObj=null mDrmSessionId=null
08-02 18:32:17.749 1367 6086 D NuPlayerDriver: reset(0xb400006ecb156a50) at state 4
08-02 18:32:17.752 1367 12081 D NuPlayerDriver: notifyResetComplete(0xb400006ecb156a50)
08-02 18:32:17.862 1761 2517 D HintManagerService: Starts cleaning for 10615
08-02 18:32:17.862 1761 2517 D HintManagerService: Starts cleaning for 10584
08-02 18:32:17.864 29186 29186 I Finsky:quick_launch: [2] Memory trim requested to level 40
08-02 18:32:17.892 1761 2516 D ActivityManager: freezing 22838 com.android.systemui:screenshot
08-02 18:32:17.892 1207 1345 D AudioFlinger: onStateChanged: pid:22838 uid:10235 state:frozen - no freeze activity
08-02 18:32:17.944 12214 12741 I bws : BLL finished for package: com.shire.mobile, score: 6.0, verdict: NOT_HARMFUL
08-02 18:32:17.944 12214 12741 I coq : Finished new classification for package: com.shire.mobile, model: bll_1, verdict: NOT_HARMFUL, score: 6.0
08-02 18:32:17.953 12214 12741 I bvl : Work finished, result: Result(successCount=4, failureCount=0), latency: PT0.74S
08-02 18:32:17.959 12214 12340 I bvx : Finished work type: HANDLE_PACKAGES_CHANGED, success: true, latency: PT0.749S
08-02 18:32:17.960 12214 12214 I WorkService: Stopping the work service
08-02 18:32:17.961 1761 9945 W ForegroundServiceTypeLoggerModule: FGS stop call for: 10151 has no types!
08-02 18:32:17.963 12214 12214 I WorkService: Work service moved out of the foreground
08-02 18:32:17.965 12214 12214 I WorkService: Work service destroyed
08-02 18:32:17.965 12214 12214 I cow : Stopping watchdog: work-service, completed in time
08-02 18:32:18.154 1761 3451 D InetDiagMessage: Destroyed 0 sockets, proto=IPPROTO_TCP, family=AF_INET, states=14
08-02 18:32:18.157 1761 3451 D InetDiagMessage: Destroyed 0 sockets, proto=IPPROTO_TCP, family=AF_INET6, states=14
08-02 18:32:18.157 1761 3451 D InetDiagMessage: Destroyed live tcp sockets for uids={10537} in 8ms
08-02 18:32:18.161 1761 3451 D InetDiagMessage: Destroyed 0 sockets, proto=IPPROTO_TCP, family=AF_INET, states=14
08-02 18:32:18.163 1761 3451 D InetDiagMessage: Destroyed 0 sockets, proto=IPPROTO_TCP, family=AF_INET6, states=14
08-02 18:32:18.163 1761 3451 D InetDiagMessage: Destroyed live tcp sockets for uids={20537} in 6ms
08-02 18:32:18.224 1761 2516 D ActivityManager: freezing 17762 com.google.android.apps.safetyhub
08-02 18:32:18.238 1761 3451 D InetDiagMessage: Destroyed 0 sockets, proto=IPPROTO_TCP, family=AF_INET, states=14
08-02 18:32:18.242 1761 3451 D InetDiagMessage: Destroyed 0 sockets, proto=IPPROTO_TCP, family=AF_INET6, states=14
08-02 18:32:18.242 1761 3451 D InetDiagMessage: Destroyed live tcp sockets for uids={10147} in 8ms
08-02 18:32:18.469 12634 12756 D ProfileInstaller: Installing profile for com.shire.mobile
08-02 18:32:18.573 21634 12749 D Helios:Network-White: Block request tt-gecko-sg.capcutapi.com
08-02 18:32:18.599 21634 21731 D Helios:Network-TTNet: pop event true for 4936fbcc-79e3-4472-97c0-d9f218c2716a
08-02 18:32:18.790 21634 28145 W libbinder.Binder: Binder transaction to android.accounts.IAccountAuthenticator, function: UNKNOWN_FUNCTION_NAME, code: 3, took 1501ms. Data bytes: 492 Reply bytes: 0 Flags: 17
08-02 18:32:18.899 21634 21638 E gcblocker: too long GC blocking: 5
08-02 18:32:18.899 21634 21638 E gcblocker: gc block end, 172369931,100
08-02 18:32:18.935 21634 12749 W System.err: java.lang.NumberFormatException: For input string: ""
08-02 18:32:18.966 21634 12749 W System.err: at java.lang.Integer.parseInt(Integer.java:789)
08-02 18:32:18.966 21634 12749 W System.err: at java.lang.Integer.parseInt(Integer.java:895)
08-02 18:32:18.966 21634 12749 W System.err: at com.vega.launcher.network.interceptors.CrackingInterceptor.intercept(Native Method)
08-02 18:32:18.966 21634 12749 W System.err: at com.bytedance.retrofit2.intercept.RealInterceptorChain.proceed(dex-id-97bc093d709ccd9280494c43a03c9ef64dbf62d1:17236130)
08-02 18:32:18.966 21634 12749 W System.err: at com.vega.launcher.network.interceptors.TimeOutSettingInterceptor.intercept(dex-id-97bc093d709ccd9280494c43a03c9ef64dbf62d1:17302005)
08-02 18:32:18.966 21634 12749 W System.err: at com.bytedance.retrofit2.intercept.RealInterceptorChain.proceed(dex-id-97bc093d709ccd9280494c43a03c9ef64dbf62d1:17236130)
08-02 18:32:18.966 21634 12749 W System.err: at com.vega.launcher.network.interceptors.LynxSignVerifyInterceptor.intercept(dex-id-3ae0b5ba9909d233819aea140502f0fe61c95403:17170503)
08-02 18:32:18.966 21634 12749 W System.err: at com.bytedance.retrofit2.intercept.RealInterceptorChain.proceed(dex-id-97bc093d709ccd9280494c43a03c9ef64dbf62d1:17236130)
08-02 18:32:18.966 21634 12749 W System.err: at com.vega.launcher.network.interceptors.SignVerifyInterceptor.intercept(dex-id-3ae0b5ba9909d233819aea140502f0fe61c95403:17170510)
08-02 18:32:18.966 21634 12749 W System.err: at com.bytedance.retrofit2.intercept.RealInterceptorChain.proceed(dex-id-97bc093d709ccd9280494c43a03c9ef64dbf62d1:17236130)
08-02 18:32:18.966 21634 12749 W System.err: at com.vega.launcher.network.interceptors.AssistInterceptor.intercept(dex-id-3ae0b5ba9909d233819aea140502f0fe61c95403:17236332)
08-02 18:32:18.966 21634 12749 W System.err: at com.bytedance.retrofit2.intercept.RealInterceptorChain.proceed(dex-id-97bc093d709ccd9280494c43a03c9ef64dbf62d1:17236130)
08-02 18:32:18.966 21634 12749 W System.err: at com.vega.effectplatform.artist.net.ArtistCollectInterceptor.intercept(dex-id-3ae0b5ba9909d233819aea140502f0fe61c95403:17105003)
08-02 18:32:18.966 21634 12749 W System.err: at com.bytedance.retrofit2.intercept.RealInterceptorChain.proceed(dex-id-97bc093d709ccd9280494c43a03c9ef64dbf62d1:17236130)
08-02 18:32:18.966 21634 12749 W System.err: at com.vega.launcher.network.interceptors.RetrofitHeaderInterceptor.intercept(dex-id-3ae0b5ba9909d233819aea140502f0fe61c95403:17367976)
08-02 18:32:18.966 21634 12749 W System.err: at com.bytedance.retrofit2.intercept.RealInterceptorChain.proceed(dex-id-97bc093d709ccd9280494c43a03c9ef64dbf62d1:17236130)
08-02 18:32:18.966 21634 12749 W System.err: at com.vega.libeffectapi.util.VimoNetHeaderInterceptor.intercept(dex-id-3ae0b5ba9909d233819aea140502f0fe61c95403:17170582)
08-02 18:32:18.966 21634 12749 W System.err: at com.bytedance.retrofit2.intercept.RealInterceptorChain.proceed(dex-id-97bc093d709ccd9280494c43a03c9ef64dbf62d1:17236130)
08-02 18:32:18.966 21634 12749 W System.err: at com.lm.components.network.extra.HttpHeaderInterceptor.intercept(dex-id-3ae0b5ba9909d233819aea140502f0fe61c95403:17302063)
08-02 18:32:18.966 21634 12749 W System.err: at com.bytedance.retrofit2.intercept.RealInterceptorChain.proceed(dex-id-97bc093d709ccd9280494c43a03c9ef64dbf62d1:17236130)
08-02 18:32:18.966 21634 12749 W System.err: at ms.bd.o.b3$a.intercept(dex-id-3ae0b5ba9909d233819aea140502f0fe61c95403:17170438)
08-02 18:32:18.966 21634 12749 W System.err: at com.bytedance.retrofit2.intercept.RealInterceptorChain.proceed(dex-id-97bc093d709ccd9280494c43a03c9ef64dbf62d1:17236130)
08-02 18:32:18.966 21634 12749 W System.err: at com.bytedance.privacy.dispatch.monitor.BootDomainInterceptor.intercept(dex-id-97bc093d709ccd9280494c43a03c9ef64dbf62d1:17170460)
08-02 18:32:18.966 21634 12749 W System.err: at com.bytedance.retrofit2.intercept.RealInterceptorChain.proceed(dex-id-97bc093d709ccd9280494c43a03c9ef64dbf62d1:17236130)
08-02 18:32:18.967 21634 12749 W System.err: at com.bytedance.privacy.region.CdnRegionInterceptor.intercept(dex-id-97bc093d709ccd9280494c43a03c9ef64dbf62d1:17235977)
08-02 18:32:18.967 21634 12749 W System.err: at com.bytedance.retrofit2.intercept.RealInterceptorChain.proceed(dex-id-97bc093d709ccd9280494c43a03c9ef64dbf62d1:17236130)
08-02 18:32:18.967 21634 12749 W System.err: at com.bytedance.frameworks.baselib.network.http.retrofit.BaseSsInterceptor.intercept(dex-id-97bc093d709ccd9280494c43a03c9ef64dbf62d1:16973846)
08-02 18:32:18.967 21634 12749 W System.err: at com.bytedance.retrofit2.intercept.RealInterceptorChain.proceed(dex-id-97bc093d709ccd9280494c43a03c9ef64dbf62d1:17236130)
08-02 18:32:18.967 21634 12749 W System.err: at com.bytedance.retrofit2.SsHttpCall.getResponseWithInterceptorChain(dex-id-97bc093d709ccd9280494c43a03c9ef64dbf62d1:327790)
08-02 18:32:18.967 21634 12749 W System.err: at com.bytedance.retrofit2.SsHttpCall.execute(dex-id-97bc093d709ccd9280494c43a03c9ef64dbf62d1:327713)
08-02 18:32:18.967 21634 12749 W System.err: at com.bytedance.retrofit2.ExecutorCallAdapterFactory$ExecutorCallbackCall.execute(dex-id-97bc093d709ccd9280494c43a03c9ef64dbf62d1:65538)
08-02 18:32:18.967 21634 12749 W System.err: at com.lm.components.network.network.NetWorker.i(dex-id-97bc093d709ccd9280494c43a03c9ef64dbf62d1:134611130)
08-02 18:32:18.967 21634 12749 W System.err: at com.lm.components.network.NetworkManager.h(dex-id-97bc093d709ccd9280494c43a03c9ef64dbf62d1:23)
08-02 18:32:18.967 21634 12749 W System.err: at com.lm.components.network.network.INetWorker$DefaultImpls.c(dex-id-97bc093d709ccd9280494c43a03c9ef64dbf62d1:134414350)
08-02 18:32:18.967 21634 12749 W System.err: at com.vega.core.net.NetworkManagerWrapper.j(dex-id-97bc093d709ccd9280494c43a03c9ef64dbf62d1:84148252)
08-02 18:32:18.967 21634 12749 W System.err: at com.vega.libgecko.network.GeckoNetworkTTNetImpl.doPost(dex-id-3ae0b5ba9909d233819aea140502f0fe61c95403:33882156)
08-02 18:32:18.967 24641 9276 D EventStreamRepository: Thread: 2. ring.core.app. Inserted events into db. Total count is 192, flushing=false
08-02 18:32:18.967 24641 9276 D EventStreamRepository: Thread: 2. ring.core.app. Reached minSize in db, scheduling the worker
08-02 18:32:18.968 21634 12749 W System.err: at com.bytedance.geckox.interceptors.CheckUpdateInterceptor.syncRequestServer(dex-id-f7894f377b67c6bfc20f1f39833b2d027f5d9366:17301715)
08-02 18:32:18.968 21634 12749 W System.err: at com.bytedance.geckox.interceptors.CheckUpdateInterceptor.intercept(dex-id-f7894f377b67c6bfc20f1f39833b2d027f5d9366:33947648)
08-02 18:32:18.968 21634 12749 W System.err: at com.bytedance.geckox.interceptors.CheckUpdateInterceptor.intercept(dex-id-f7894f377b67c6bfc20f1f39833b2d027f5d9366:33619970)
08-02 18:32:18.968 21634 12749 W System.err: at com.bytedance.pipeline.RealInterceptorChain.proceed(dex-id-f7894f377b67c6bfc20f1f39833b2d027f5d9366:17104968)
08-02 18:32:18.968 21634 12749 W System.err: at com.bytedance.geckox.interceptors.LoadLocalChannelVersionInterceptor.intercept(dex-id-f7894f377b67c6bfc20f1f39833b2d027f5d9366:34013518)
08-02 18:32:18.968 21634 12749 W System.err: at com.bytedance.pipeline.RealInterceptorChain.proceed(dex-id-f7894f377b67c6bfc20f1f39833b2d027f5d9366:17104968)
08-02 18:32:18.968 21634 12749 W System.err: at com.bytedance.geckox.interceptors.InitInterceptor.intercept(dex-id-f7894f377b67c6bfc20f1f39833b2d027f5d9366:33619968)
08-02 18:32:18.968 21634 12749 W System.err: at com.bytedance.pipeline.RealInterceptorChain.proceed(dex-id-f7894f377b67c6bfc20f1f39833b2d027f5d9366:17104968)
08-02 18:32:18.968 21634 12749 W System.err: at com.bytedance.geckox.policy.loop.OnLoopCallbackImpl$1.run(dex-id-f7894f377b67c6bfc20f1f39833b2d027f5d9366:327734)
08-02 18:32:18.968 21634 12749 W System.err: at java.util.concurrent.ThreadPoolExecutor.runWorker(ThreadPoolExecutor.java:1100)
08-02 18:32:18.968 21634 12749 W System.err: at java.util.concurrent.ThreadPoolExecutor$Worker.run(ThreadPoolExecutor.java:624)
08-02 18:32:18.968 21634 12749 W System.err: at java.lang.Thread.run(Thread.java:1572)
08-02 18:32:18.969 21634 12749 W System.err: at com.bytedance.bpea.transmit.delegate.BPEAThread.run(dex-id-fde4e64bebd00bf65bdb10a1c25397eaa27766da:196617)
08-02 18:32:18.969 21634 12749 W System.err: at com.ss.android.ugc.bytex.pthread.base.convergence.hook.ThreadProxy$start$1.invoke(dex-id-fde4e64bebd00bf65bdb10a1c25397eaa27766da:23)
08-02 18:32:18.969 21634 12749 W System.err: at com.ss.android.ugc.bytex.pthread.base.convergence.hook.ThreadProxy$start$1.invoke(dex-id-fde4e64bebd00bf65bdb10a1c25397eaa27766da:2)
08-02 18:32:18.969 21634 12749 W System.err: at com.ss.android.ugc.bytex.pthread.base.convergence.helper.ThreadWorker.run(dex-id-fde4e64bebd00bf65bdb10a1c25397eaa27766da:98)
08-02 18:32:18.969 21634 12749 W System.err: at java.util.concurrent.ThreadPoolExecutor.runWorker(ThreadPoolExecutor.java:1100)
08-02 18:32:18.969 21634 12749 W System.err: at java.util.concurrent.ThreadPoolExecutor$Worker.run(ThreadPoolExecutor.java:624)
08-02 18:32:18.969 21634 12749 W System.err: at java.lang.Thread.run(Thread.java:1572)
08-02 18:32:18.969 24641 24714 D WM-Processor: Processor cancelling 6803280b-cd1e-439c-8bb8-462e44d72ead
08-02 18:32:18.969 24641 24714 D WM-Processor: WorkerWrapper could not be found for 6803280b-cd1e-439c-8bb8-462e44d72ead
08-02 18:32:18.976 24641 9188 D EventStreamRepository: Thread: 2. ring.core.app.logs.pii. Inserted events into db. Total count is 6, flushing=false
08-02 18:32:18.977 24641 9188 D EventStreamRepository: Thread: 2. ring.core.app.logs.pii. Reached minSize in db, scheduling the worker
08-02 18:32:18.983 24641 12583 D EventStreamRepository: Thread: 2. ring.core.app.logs. Inserted events into db. Total count is 158, flushing=false
08-02 18:32:18.983 24641 12583 D EventStreamRepository: Thread: 2. ring.core.app.logs. Reached minSize in db, scheduling the worker
08-02 18:32:18.984 24641 9276 D EventStreamRepository: Thread: 2. ring.core.app.logs.pii. Inserted events into db. Total count is 7, flushing=false
08-02 18:32:18.984 24641 9276 D EventStreamRepository: Thread: 2. ring.core.app.logs.pii. Reached minSize in db, scheduling the worker
08-02 18:32:18.988 24641 24714 D WM-GreedyScheduler: Cancelling work ID 6803280b-cd1e-439c-8bb8-462e44d72ead
08-02 18:32:18.996 24641 24714 D WM-SystemJobScheduler: Scheduling work ID e76e2ad7-0122-4d72-b5b6-c8f88f8df177Job ID 1079690
08-02 18:32:19.001 24641 24714 D WM-Processor: Processor cancelling 076f9e4d-1daa-4f37-b976-3960f29df5b2
08-02 18:32:19.001 24641 24714 D WM-Processor: WorkerWrapper could not be found for 076f9e4d-1daa-4f37-b976-3960f29df5b2
08-02 18:32:19.016 24641 24714 D WM-GreedyScheduler: Cancelling work ID 076f9e4d-1daa-4f37-b976-3960f29df5b2
08-02 18:32:19.023 24641 24714 D WM-SystemJobScheduler: Scheduling work ID 0724bb69-2df3-4feb-8f74-a5998b2061efJob ID 1079691
08-02 18:32:19.036 28214 28943 I ForwardSyncCache: reclaimMemory: Clearing caches
08-02 18:32:19.037 28214 28943 I BugleSpam: HadesBitmapStore: Purged 0 images during memory reclamation
08-02 18:32:19.037 28214 28943 W Bugle : TextClassifierLibManagerImpl: Reclaiming memory at level: 40
08-02 18:32:19.041 24641 24714 D WM-Processor: Processor cancelling e5716d00-4f84-40c0-8986-2066d7455bd8
08-02 18:32:19.041 24641 24714 D WM-Processor: WorkerWrapper could not be found for e5716d00-4f84-40c0-8986-2066d7455bd8
08-02 18:32:19.063 24641 24714 D WM-GreedyScheduler: Cancelling work ID e5716d00-4f84-40c0-8986-2066d7455bd8
08-02 18:32:19.074 24641 24714 D WM-SystemJobScheduler: Scheduling work ID 06c35c1a-98e7-4739-a1f4-fba1192734a0Job ID 1079692
08-02 18:32:19.080 24641 24714 D WM-Processor: Processor cancelling 0724bb69-2df3-4feb-8f74-a5998b2061ef
08-02 18:32:19.080 24641 24714 D WM-Processor: WorkerWrapper could not be found for 0724bb69-2df3-4feb-8f74-a5998b2061ef
08-02 18:32:19.084 1761 2516 D ActivityManager: freezing 31109 com.google.android.apps.tachyon
08-02 18:32:19.092 1761 3451 D InetDiagMessage: Destroyed 0 sockets, proto=IPPROTO_TCP, family=AF_INET, states=14
08-02 18:32:19.094 1761 3451 D InetDiagMessage: Destroyed 0 sockets, proto=IPPROTO_TCP, family=AF_INET6, states=14
08-02 18:32:19.094 1761 3451 D InetDiagMessage: Destroyed live tcp sockets for uids={10205} in 7ms
08-02 18:32:19.101 24641 24714 D WM-GreedyScheduler: Cancelling work ID 0724bb69-2df3-4feb-8f74-a5998b2061ef
08-02 18:32:19.110 24641 24714 D WM-SystemJobScheduler: Scheduling work ID db18b18b-6f62-4643-aa27-94d36dfb6a68Job ID 1079693
08-02 18:32:19.380 21634 21731 D Helios:Network-TTNet: pop event true for 343fb758-6fc8-4219-b547-ea8ebf9c778e
08-02 18:32:19.796 21634 22581 W System.err: java.lang.NumberFormatException: For input string: ""
08-02 18:32:19.797 21634 22581 W System.err: at java.lang.Integer.parseInt(Integer.java:789)
08-02 18:32:19.797 21634 22581 W System.err: at java.lang.Integer.parseInt(Integer.java:895)
08-02 18:32:19.797 21634 22581 W System.err: at com.vega.launcher.network.interceptors.CrackingInterceptor.intercept(Native Method)
08-02 18:32:19.797 21634 22581 W System.err: at com.bytedance.retrofit2.intercept.RealInterceptorChain.proceed(dex-id-97bc093d709ccd9280494c43a03c9ef64dbf62d1:17236130)
08-02 18:32:19.797 21634 22581 W System.err: at com.vega.launcher.network.interceptors.TimeOutSettingInterceptor.intercept(dex-id-97bc093d709ccd9280494c43a03c9ef64dbf62d1:17302005)
08-02 18:32:19.797 21634 22581 W System.err: at com.bytedance.retrofit2.intercept.RealInterceptorChain.proceed(dex-id-97bc093d709ccd9280494c43a03c9ef64dbf62d1:17236130)
08-02 18:32:19.797 21634 22581 W System.err: at com.vega.launcher.network.interceptors.LynxSignVerifyInterceptor.intercept(dex-id-3ae0b5ba9909d233819aea140502f0fe61c95403:17170503)
08-02 18:32:19.797 21634 22581 W System.err: at com.bytedance.retrofit2.intercept.RealInterceptorChain.proceed(dex-id-97bc093d709ccd9280494c43a03c9ef64dbf62d1:17236130)
08-02 18:32:19.797 21634 22581 W System.err: at com.vega.launcher.network.interceptors.SignVerifyInterceptor.intercept(dex-id-3ae0b5ba9909d233819aea140502f0fe61c95403:17170510)
08-02 18:32:19.797 21634 22581 W System.err: at com.bytedance.retrofit2.intercept.RealInterceptorChain.proceed(dex-id-97bc093d709ccd9280494c43a03c9ef64dbf62d1:17236130)
08-02 18:32:19.797 21634 22581 W System.err: at com.vega.launcher.network.interceptors.AssistInterceptor.intercept(dex-id-3ae0b5ba9909d233819aea140502f0fe61c95403:17236332)
08-02 18:32:19.797 21634 22581 W System.err: at com.bytedance.retrofit2.intercept.RealInterceptorChain.proceed(dex-id-97bc093d709ccd9280494c43a03c9ef64dbf62d1:17236130)
08-02 18:32:19.797 21634 22581 W System.err: at com.vega.effectplatform.artist.net.ArtistCollectInterceptor.intercept(dex-id-3ae0b5ba9909d233819aea140502f0fe61c95403:17105003)
08-02 18:32:19.798 21634 22581 W System.err: at com.bytedance.retrofit2.intercept.RealInterceptorChain.proceed(dex-id-97bc093d709ccd9280494c43a03c9ef64dbf62d1:17236130)
08-02 18:32:19.798 21634 22581 W System.err: at com.vega.launcher.network.interceptors.RetrofitHeaderInterceptor.intercept(dex-id-3ae0b5ba9909d233819aea140502f0fe61c95403:17367976)
08-02 18:32:19.798 21634 22581 W System.err: at com.bytedance.retrofit2.intercept.RealInterceptorChain.proceed(dex-id-97bc093d709ccd9280494c43a03c9ef64dbf62d1:17236130)
08-02 18:32:19.798 21634 22581 W System.err: at com.vega.libeffectapi.util.VimoNetHeaderInterceptor.intercept(dex-id-3ae0b5ba9909d233819aea140502f0fe61c95403:17170582)
08-02 18:32:19.798 21634 22581 W System.err: at com.bytedance.retrofit2.intercept.RealInterceptorChain.proceed(dex-id-97bc093d709ccd9280494c43a03c9ef64dbf62d1:17236130)
08-02 18:32:19.798 21634 22581 W System.err: at com.lm.components.network.extra.HttpHeaderInterceptor.intercept(dex-id-3ae0b5ba9909d233819aea140502f0fe61c95403:17302063)
08-02 18:32:19.798 21634 22581 W System.err: at com.bytedance.retrofit2.intercept.RealInterceptorChain.proceed(dex-id-97bc093d709ccd9280494c43a03c9ef64dbf62d1:17236130)
08-02 18:32:19.798 21634 22581 W System.err: at ms.bd.o.b3$a.intercept(dex-id-3ae0b5ba9909d233819aea140502f0fe61c95403:17170438)
08-02 18:32:19.798 21634 22581 W System.err: at com.bytedance.retrofit2.intercept.RealInterceptorChain.proceed(dex-id-97bc093d709ccd9280494c43a03c9ef64dbf62d1:17236130)
08-02 18:32:19.798 21634 22581 W System.err: at com.bytedance.privacy.dispatch.monitor.BootDomainInterceptor.intercept(dex-id-97bc093d709ccd9280494c43a03c9ef64dbf62d1:17170460)
08-02 18:32:19.798 21634 22581 W System.err: at com.bytedance.retrofit2.intercept.RealInterceptorChain.proceed(dex-id-97bc093d709ccd9280494c43a03c9ef64dbf62d1:17236130)
08-02 18:32:19.798 21634 22581 W System.err: at com.bytedance.privacy.region.CdnRegionInterceptor.intercept(dex-id-97bc093d709ccd9280494c43a03c9ef64dbf62d1:17235977)
08-02 18:32:19.798 21634 22581 W System.err: at com.bytedance.retrofit2.intercept.RealInterceptorChain.proceed(dex-id-97bc093d709ccd9280494c43a03c9ef64dbf62d1:17236130)
08-02 18:32:19.798 21634 22581 W System.err: at com.bytedance.frameworks.baselib.network.http.retrofit.BaseSsInterceptor.intercept(dex-id-97bc093d709ccd9280494c43a03c9ef64dbf62d1:16973846)
08-02 18:32:19.798 21634 22581 W System.err: at com.bytedance.retrofit2.intercept.RealInterceptorChain.proceed(dex-id-97bc093d709ccd9280494c43a03c9ef64dbf62d1:17236130)
08-02 18:32:19.798 21634 22581 W System.err: at com.bytedance.retrofit2.SsHttpCall.getResponseWithInterceptorChain(dex-id-97bc093d709ccd9280494c43a03c9ef64dbf62d1:327790)
08-02 18:32:19.798 21634 22581 W System.err: at com.bytedance.retrofit2.SsHttpCall.execute(dex-id-97bc093d709ccd9280494c43a03c9ef64dbf62d1:327713)
08-02 18:32:19.798 21634 22581 W System.err: at com.bytedance.retrofit2.ExecutorCallAdapterFactory$ExecutorCallbackCall.execute(dex-id-97bc093d709ccd9280494c43a03c9ef64dbf62d1:65538)
08-02 18:32:19.798 21634 22581 W System.err: at com.lm.components.network.extra.AppLogNetworkClient.post(dex-id-3ae0b5ba9909d233819aea140502f0fe61c95403:67436618)
08-02 18:32:19.798 21634 22581 W System.err: at com.ss.android.common.applog.NetUtilWrapper.sendEncryptLog(dex-id-97bc093d709ccd9280494c43a03c9ef64dbf62d1:168231174)
08-02 18:32:19.798 21634 22581 W System.err: at com.ss.android.common.applog.LogReaper.sendLog(dex-id-97bc093d709ccd9280494c43a03c9ef64dbf62d1:67699435)
08-02 18:32:19.798 21634 22581 W System.err: at com.ss.android.common.applog.LogReaper.sendBatchLog(dex-id-97bc093d709ccd9280494c43a03c9ef64dbf62d1:50593834)
08-02 18:32:19.798 21634 22581 W System.err: at com.ss.android.common.applog.LogReaper.switchSession(dex-id-97bc093d709ccd9280494c43a03c9ef64dbf62d1:101187854)
08-02 18:32:19.798 21634 22581 W System.err: at com.ss.android.common.applog.LogReaper.switchSession(dex-id-97bc093d709ccd9280494c43a03c9ef64dbf62d1:67239943)
08-02 18:32:19.798 21634 22581 W System.err: at com.ss.android.common.applog.LogReaper.processItem(dex-id-97bc093d709ccd9280494c43a03c9ef64dbf62d1:17170482)
08-02 18:32:19.798 21634 22581 W System.err: at com.ss.android.common.applog.LogReaper.bpea_origin_run(dex-id-97bc093d709ccd9280494c43a03c9ef64dbf62d1:458812)
08-02 18:32:19.798 21634 22581 W System.err: at com.ss.android.common.applog.LogReaper.run(dex-id-97bc093d709ccd9280494c43a03c9ef64dbf62d1:8)
08-02 18:32:19.946 1761 1761 I RemoteContentProtectionService: Connection status for: ComponentInfo{com.google.android.odad/com.google.android.apps.miphone.odad.contentprotection.ContentProtectionService} changed to: disconnected
08-02 18:32:19.952 12214 12214 I ContentProtectionServic: CP service destroyed
08-02 18:32:20.331 21634 28145 W libbinder.Binder: Binder transaction to android.accounts.IAccountAuthenticator, function: UNKNOWN_FUNCTION_NAME, code: 3, took 1500ms. Data bytes: 492 Reply bytes: 0 Flags: 17
08-02 18:32:20.444 21634 21638 E gcblocker: too long GC blocking: 5
08-02 18:32:20.444 21634 21638 E gcblocker: gc block end, 172371476,100
08-02 18:32:21.814 21634 12766 D Helios:Network-White: Block request tt-gecko-sg.capcutapi.com
08-02 18:32:21.825 21634 21731 D Helios:Network-TTNet: pop event true for bdd215f7-88fc-4511-80c7-44c9d9126d0f
08-02 18:32:21.857 1207 13318 I audioserver: App op 27 missing, silencing record AttributionSourceState{pid: 24641, uid: 10584, deviceId: 0, packageName: com.ringapp, attributionTag: (null), token: binder:0xb400007a51de0850, renouncedPermissions: [], next: []}
08-02 18:32:21.858 19172 7520 I exzc : (REDACTED) HDM. appOpsListener %s %s
08-02 18:32:21.858 19172 7520 I exzc : (REDACTED) HDM. Ignoring irrelevant audio permission changes for package %s
08-02 18:32:21.870 1761 3451 D InetDiagMessage: Destroyed 0 sockets, proto=IPPROTO_TCP, family=AF_INET, states=14
08-02 18:32:21.875 1761 3451 D InetDiagMessage: Destroyed 3 sockets, proto=IPPROTO_TCP, family=AF_INET6, states=14
08-02 18:32:21.875 1761 3451 D InetDiagMessage: Destroyed live tcp sockets for uids={10584} in 8ms
08-02 18:32:21.875 21634 21881 W libbinder.Binder: Binder transaction to android.accounts.IAccountAuthenticator, function: UNKNOWN_FUNCTION_NAME, code: 3, took 1500ms. Data bytes: 492 Reply bytes: 0 Flags: 17
08-02 18:32:21.877 1761 3451 D InetDiagMessage: Destroyed 0 sockets, proto=IPPROTO_TCP, family=AF_INET, states=14
08-02 18:32:21.880 1761 3451 D InetDiagMessage: Destroyed 0 sockets, proto=IPPROTO_TCP, family=AF_INET6, states=14
08-02 18:32:21.880 1761 3451 D InetDiagMessage: Destroyed live tcp sockets for uids={20584} in 6ms
08-02 18:32:21.904 24641 9188 D EventStreamRepository: Thread: 2. ring.core.app. Inserted events into db. Total count is 193, flushing=false
08-02 18:32:21.904 24641 9188 D EventStreamRepository: Thread: 2. ring.core.app. Reached minSize in db, scheduling the worker
08-02 18:32:21.906 24641 24723 D WM-Processor: Processor cancelling e76e2ad7-0122-4d72-b5b6-c8f88f8df177
08-02 18:32:21.906 24641 24723 D WM-Processor: WorkerWrapper could not be found for e76e2ad7-0122-4d72-b5b6-c8f88f8df177
08-02 18:32:21.917 24641 24723 D WM-GreedyScheduler: Cancelling work ID e76e2ad7-0122-4d72-b5b6-c8f88f8df177
08-02 18:32:21.931 24641 24723 D WM-SystemJobScheduler: Scheduling work ID d42db827-8174-43c6-8c11-f797510117aeJob ID 1079694
08-02 18:32:21.979 21634 21638 E gcblocker: too long GC blocking: 5
08-02 18:32:21.979 21634 21638 E gcblocker: gc block end, 172373011,100
08-02 18:32:22.101 24641 9188 D EventStreamRepository: Thread: 2. ring.core.app. Inserted events into db. Total count is 194, flushing=false
08-02 18:32:22.101 24641 9188 D EventStreamRepository: Thread: 2. ring.core.app. Reached minSize in db, scheduling the worker
08-02 18:32:22.102 24641 12583 D EventStreamRepository: Thread: 2. ring.core.app.logs. Inserted events into db. Total count is 159, flushing=false
08-02 18:32:22.102 24641 12583 D EventStreamRepository: Thread: 2. ring.core.app.logs. Reached minSize in db, scheduling the worker
08-02 18:32:22.104 24641 24723 D WM-Processor: Processor cancelling 06c35c1a-98e7-4739-a1f4-fba1192734a0
08-02 18:32:22.104 24641 24723 D WM-Processor: WorkerWrapper could not be found for 06c35c1a-98e7-4739-a1f4-fba1192734a0
08-02 18:32:22.120 24641 24723 D WM-GreedyScheduler: Cancelling work ID 06c35c1a-98e7-4739-a1f4-fba1192734a0
08-02 18:32:22.129 24641 24723 D WM-SystemJobScheduler: Scheduling work ID 0543c6f7-e8cd-45c1-85f3-019718f3e0cdJob ID 1079695
08-02 18:32:22.133 24641 24723 D WM-Processor: Processor cancelling d42db827-8174-43c6-8c11-f797510117ae
08-02 18:32:22.133 24641 24723 D WM-Processor: WorkerWrapper could not be found for d42db827-8174-43c6-8c11-f797510117ae
08-02 18:32:22.147 24641 24723 D WM-GreedyScheduler: Cancelling work ID d42db827-8174-43c6-8c11-f797510117ae
08-02 18:32:22.158 24641 24723 D WM-SystemJobScheduler: Scheduling work ID ff20a214-981e-4f30-9226-3eba921f1dfaJob ID 1079696
08-02 18:32:22.217 1761 2516 D ActivityManager: freezing 31048 com.android.chrome
08-02 18:32:22.225 1761 2516 D ActivityManager: freezing 31279 com.android.chrome:sandboxed_process0:org.chromium.content.app.NativeOnlySandboxedProcessService0:0
08-02 18:32:22.227 1761 2516 D ActivityManager: freezing 31153 com.android.chrome:privileged_process0
08-02 18:32:22.239 1761 3451 D InetDiagMessage: Destroyed 0 sockets, proto=IPPROTO_TCP, family=AF_INET, states=14
08-02 18:32:22.246 1761 3451 D InetDiagMessage: Destroyed 0 sockets, proto=IPPROTO_TCP, family=AF_INET6, states=14
08-02 18:32:22.247 1761 3451 D InetDiagMessage: Destroyed live tcp sockets for uids={90000} in 14ms
08-02 18:32:22.250 1761 3451 D InetDiagMessage: Destroyed 0 sockets, proto=IPPROTO_TCP, family=AF_INET, states=14
08-02 18:32:22.255 1761 3451 D InetDiagMessage: Destroyed 0 sockets, proto=IPPROTO_TCP, family=AF_INET6, states=14
08-02 18:32:22.255 1761 3451 D InetDiagMessage: Destroyed live tcp sockets for uids={10189} in 9ms
08-02 18:32:22.269 21634 12766 W System.err: java.lang.NumberFormatException: For input string: ""
08-02 18:32:22.270 21634 12766 W System.err: at java.lang.Integer.parseInt(Integer.java:789)
08-02 18:32:22.270 21634 12766 W System.err: at java.lang.Integer.parseInt(Integer.java:895)
08-02 18:32:22.270 21634 12766 W System.err: at com.vega.launcher.network.interceptors.CrackingInterceptor.intercept(Native Method)
08-02 18:32:22.271 21634 12766 W System.err: at com.bytedance.retrofit2.intercept.RealInterceptorChain.proceed(dex-id-97bc093d709ccd9280494c43a03c9ef64dbf62d1:17236130)
08-02 18:32:22.271 21634 12766 W System.err: at com.vega.launcher.network.interceptors.TimeOutSettingInterceptor.intercept(dex-id-97bc093d709ccd9280494c43a03c9ef64dbf62d1:17302005)
08-02 18:32:22.271 21634 12766 W System.err: at com.bytedance.retrofit2.intercept.RealInterceptorChain.proceed(dex-id-97bc093d709ccd9280494c43a03c9ef64dbf62d1:17236130)
08-02 18:32:22.271 21634 12766 W System.err: at com.vega.launcher.network.interceptors.LynxSignVerifyInterceptor.intercept(dex-id-3ae0b5ba9909d233819aea140502f0fe61c95403:17170503)
08-02 18:32:22.271 21634 12766 W System.err: at com.bytedance.retrofit2.intercept.RealInterceptorChain.proceed(dex-id-97bc093d709ccd9280494c43a03c9ef64dbf62d1:17236130)
08-02 18:32:22.271 21634 12766 W System.err: at com.vega.launcher.network.interceptors.SignVerifyInterceptor.intercept(dex-id-3ae0b5ba9909d233819aea140502f0fe61c95403:17170510)
08-02 18:32:22.272 21634 12766 W System.err: at com.bytedance.retrofit2.intercept.RealInterceptorChain.proceed(dex-id-97bc093d709ccd9280494c43a03c9ef64dbf62d1:17236130)
08-02 18:32:22.272 21634 12766 W System.err: at com.vega.launcher.network.interceptors.AssistInterceptor.intercept(dex-id-3ae0b5ba9909d233819aea140502f0fe61c95403:17236332)
08-02 18:32:22.272 21634 12766 W System.err: at com.bytedance.retrofit2.intercept.RealInterceptorChain.proceed(dex-id-97bc093d709ccd9280494c43a03c9ef64dbf62d1:17236130)
08-02 18:32:22.272 21634 12766 W System.err: at com.vega.effectplatform.artist.net.ArtistCollectInterceptor.intercept(dex-id-3ae0b5ba9909d233819aea140502f0fe61c95403:17105003)
08-02 18:32:22.272 21634 12766 W System.err: at com.bytedance.retrofit2.intercept.RealInterceptorChain.proceed(dex-id-97bc093d709ccd9280494c43a03c9ef64dbf62d1:17236130)
08-02 18:32:22.272 21634 12766 W System.err: at com.vega.launcher.network.interceptors.RetrofitHeaderInterceptor.intercept(dex-id-3ae0b5ba9909d233819aea140502f0fe61c95403:17367976)
08-02 18:32:22.272 21634 12766 W System.err: at com.bytedance.retrofit2.intercept.RealInterceptorChain.proceed(dex-id-97bc093d709ccd9280494c43a03c9ef64dbf62d1:17236130)
08-02 18:32:22.272 21634 12766 W System.err: at com.vega.libeffectapi.util.VimoNetHeaderInterceptor.intercept(dex-id-3ae0b5ba9909d233819aea140502f0fe61c95403:17170582)
08-02 18:32:22.272 21634 12766 W System.err: at com.bytedance.retrofit2.intercept.RealInterceptorChain.proceed(dex-id-97bc093d709ccd9280494c43a03c9ef64dbf62d1:17236130)
08-02 18:32:22.272 21634 12766 W System.err: at com.lm.components.network.extra.HttpHeaderInterceptor.intercept(dex-id-3ae0b5ba9909d233819aea140502f0fe61c95403:17302063)
08-02 18:32:22.272 21634 12766 W System.err: at com.bytedance.retrofit2.intercept.RealInterceptorChain.proceed(dex-id-97bc093d709ccd9280494c43a03c9ef64dbf62d1:17236130)
08-02 18:32:22.272 21634 12766 W System.err: at ms.bd.o.b3$a.intercept(dex-id-3ae0b5ba9909d233819aea140502f0fe61c95403:17170438)
08-02 18:32:22.272 21634 12766 W System.err: at com.bytedance.retrofit2.intercept.RealInterceptorChain.proceed(dex-id-97bc093d709ccd9280494c43a03c9ef64dbf62d1:17236130)
08-02 18:32:22.272 21634 12766 W System.err: at com.bytedance.privacy.dispatch.monitor.BootDomainInterceptor.intercept(dex-id-97bc093d709ccd9280494c43a03c9ef64dbf62d1:17170460)
08-02 18:32:22.272 21634 12766 W System.err: at com.bytedance.retrofit2.intercept.RealInterceptorChain.proceed(dex-id-97bc093d709ccd9280494c43a03c9ef64dbf62d1:17236130)
08-02 18:32:22.272 21634 12766 W System.err: at com.bytedance.privacy.region.CdnRegionInterceptor.intercept(dex-id-97bc093d709ccd9280494c43a03c9ef64dbf62d1:17235977)
08-02 18:32:22.272 21634 12766 W System.err: at com.bytedance.retrofit2.intercept.RealInterceptorChain.proceed(dex-id-97bc093d709ccd9280494c43a03c9ef64dbf62d1:17236130)
08-02 18:32:22.272 21634 12766 W System.err: at com.bytedance.frameworks.baselib.network.http.retrofit.BaseSsInterceptor.intercept(dex-id-97bc093d709ccd9280494c43a03c9ef64dbf62d1:16973846)
08-02 18:32:22.272 21634 12766 W System.err: at com.bytedance.retrofit2.intercept.RealInterceptorChain.proceed(dex-id-97bc093d709ccd9280494c43a03c9ef64dbf62d1:17236130)
08-02 18:32:22.272 21634 12766 W System.err: at com.bytedance.retrofit2.SsHttpCall.getResponseWithInterceptorChain(dex-id-97bc093d709ccd9280494c43a03c9ef64dbf62d1:327790)
08-02 18:32:22.272 21634 12766 W System.err: at com.bytedance.retrofit2.SsHttpCall.execute(dex-id-97bc093d709ccd9280494c43a03c9ef64dbf62d1:327713)
08-02 18:32:22.272 21634 12766 W System.err: at com.bytedance.retrofit2.ExecutorCallAdapterFactory$ExecutorCallbackCall.execute(dex-id-97bc093d709ccd9280494c43a03c9ef64dbf62d1:65538)
08-02 18:32:22.272 21634 12766 W System.err: at com.lm.components.network.network.NetWorker.i(dex-id-97bc093d709ccd9280494c43a03c9ef64dbf62d1:134611130)
08-02 18:32:22.272 21634 12766 W System.err: at com.lm.components.network.NetworkManager.h(dex-id-97bc093d709ccd9280494c43a03c9ef64dbf62d1:23)
08-02 18:32:22.272 21634 12766 W System.err: at com.lm.components.network.network.INetWorker$DefaultImpls.c(dex-id-97bc093d709ccd9280494c43a03c9ef64dbf62d1:134414350)
08-02 18:32:22.272 21634 12766 W System.err: at com.vega.core.net.NetworkManagerWrapper.j(dex-id-97bc093d709ccd9280494c43a03c9ef64dbf62d1:84148252)
08-02 18:32:22.272 21634 12766 W System.err: at com.vega.libgecko.network.GeckoNetworkTTNetImpl.doPost(dex-id-3ae0b5ba9909d233819aea140502f0fe61c95403:33882156)
08-02 18:32:22.272 21634 12766 W System.err: at com.bytedance.geckox.interceptors.CheckUpdateInterceptor.syncRequestServer(dex-id-f7894f377b67c6bfc20f1f39833b2d027f5d9366:17301715)
08-02 18:32:22.273 21634 12766 W System.err: at com.bytedance.geckox.interceptors.CheckUpdateInterceptor.intercept(dex-id-f7894f377b67c6bfc20f1f39833b2d027f5d9366:33947648)
08-02 18:32:22.273 21634 12766 W System.err: at com.bytedance.geckox.interceptors.CheckUpdateInterceptor.intercept(dex-id-f7894f377b67c6bfc20f1f39833b2d027f5d9366:33619970)
08-02 18:32:22.273 21634 12766 W System.err: at com.bytedance.pipeline.RealInterceptorChain.proceed(dex-id-f7894f377b67c6bfc20f1f39833b2d027f5d9366:17104968)
08-02 18:32:22.273 21634 12766 W System.err: at com.bytedance.geckox.interceptors.LoadLocalChannelVersionInterceptor.intercept(dex-id-f7894f377b67c6bfc20f1f39833b2d027f5d9366:34013518)
08-02 18:32:22.273 21634 12766 W System.err: at com.bytedance.pipeline.RealInterceptorChain.proceed(dex-id-f7894f377b67c6bfc20f1f39833b2d027f5d9366:17104968)
08-02 18:32:22.273 21634 12766 W System.err: at com.bytedance.geckox.interceptors.InitInterceptor.intercept(dex-id-f7894f377b67c6bfc20f1f39833b2d027f5d9366:33619968)
08-02 18:32:22.273 21634 12766 W System.err: at com.bytedance.pipeline.RealInterceptorChain.proceed(dex-id-f7894f377b67c6bfc20f1f39833b2d027f5d9366:17104968)
08-02 18:32:22.273 21634 12766 W System.err: at com.bytedance.geckox.policy.loop.OnLoopCallbackImpl$1.run(dex-id-f7894f377b67c6bfc20f1f39833b2d027f5d9366:327734)
08-02 18:32:22.273 21634 12766 W System.err: at java.util.concurrent.ThreadPoolExecutor.runWorker(ThreadPoolExecutor.java:1100)
08-02 18:32:22.274 21634 12766 W System.err: at java.util.concurrent.ThreadPoolExecutor$Worker.run(ThreadPoolExecutor.java:624)
08-02 18:32:22.274 21634 12766 W System.err: at java.lang.Thread.run(Thread.java:1572)
08-02 18:32:22.274 21634 12766 W System.err: at com.bytedance.bpea.transmit.delegate.BPEAThread.run(dex-id-fde4e64bebd00bf65bdb10a1c25397eaa27766da:196617)
08-02 18:32:22.274 21634 12766 W System.err: at com.ss.android.ugc.bytex.pthread.base.convergence.hook.ThreadProxy$start$1.invoke(dex-id-fde4e64bebd00bf65bdb10a1c25397eaa27766da:23)
08-02 18:32:22.274 21634 12766 W System.err: at com.ss.android.ugc.bytex.pthread.base.convergence.hook.ThreadProxy$start$1.invoke(dex-id-fde4e64bebd00bf65bdb10a1c25397eaa27766da:2)
08-02 18:32:22.274 21634 12766 W System.err: at com.ss.android.ugc.bytex.pthread.base.convergence.helper.ThreadWorker.run(dex-id-fde4e64bebd00bf65bdb10a1c25397eaa27766da:98)
08-02 18:32:22.274 21634 12766 W System.err: at java.util.concurrent.ThreadPoolExecutor.runWorker(ThreadPoolExecutor.java:1100)
08-02 18:32:22.274 21634 12766 W System.err: at java.util.concurrent.ThreadPoolExecutor$Worker.run(ThreadPoolExecutor.java:624)
08-02 18:32:22.274 21634 12766 W System.err: at java.lang.Thread.run(Thread.java:1572)
08-02 18:32:22.308 24641 9266 D EventStreamRepository: Thread: 2. ring.core.app.logs. Inserted events into db. Total count is 160, flushing=false
08-02 18:32:22.308 24641 9266 D EventStreamRepository: Thread: 2. ring.core.app.logs. Reached minSize in db, scheduling the worker
08-02 18:32:22.311 24641 9188 D EventStreamRepository: Thread: 2. ring.core.app. Inserted events into db. Total count is 195, flushing=false
08-02 18:32:22.311 24641 9188 D EventStreamRepository: Thread: 2. ring.core.app. Reached minSize in db, scheduling the worker
08-02 18:32:22.312 24641 24714 D WM-Processor: Processor cancelling 0543c6f7-e8cd-45c1-85f3-019718f3e0cd
08-02 18:32:22.312 24641 24714 D WM-Processor: WorkerWrapper could not be found for 0543c6f7-e8cd-45c1-85f3-019718f3e0cd
08-02 18:32:22.332 24641 24714 D WM-GreedyScheduler: Cancelling work ID 0543c6f7-e8cd-45c1-85f3-019718f3e0cd
08-02 18:32:22.349 24641 24714 D WM-SystemJobScheduler: Scheduling work ID 91e2be1b-fd0f-4ff7-91ec-55805c4291eeJob ID 1079697
08-02 18:32:22.354 24641 24714 D WM-Processor: Processor cancelling ff20a214-981e-4f30-9226-3eba921f1dfa
08-02 18:32:22.354 24641 24714 D WM-Processor: WorkerWrapper could not be found for ff20a214-981e-4f30-9226-3eba921f1dfa
08-02 18:32:22.369 24641 24714 D WM-GreedyScheduler: Cancelling work ID ff20a214-981e-4f30-9226-3eba921f1dfa
08-02 18:32:22.386 24641 24714 D WM-SystemJobScheduler: Scheduling work ID 0e8be451-ebf9-43a3-93b8-56a4573fe310Job ID 1079698
08-02 18:32:22.527 24641 9276 D EventStreamRepository: Thread: 2. ring.core.app.logs. Inserted events into db. Total count is 161, flushing=false
08-02 18:32:22.527 24641 9276 D EventStreamRepository: Thread: 2. ring.core.app.logs. Reached minSize in db, scheduling the worker
08-02 18:32:22.529 24641 24724 D WM-Processor: Processor cancelling 91e2be1b-fd0f-4ff7-91ec-55805c4291ee
08-02 18:32:22.529 24641 24724 D WM-Processor: WorkerWrapper could not be found for 91e2be1b-fd0f-4ff7-91ec-55805c4291ee
08-02 18:32:22.530 24641 9268 D EventStreamRepository: Thread: 2. ring.core.app. Inserted events into db. Total count is 196, flushing=false
08-02 18:32:22.531 24641 9268 D EventStreamRepository: Thread: 2. ring.core.app. Reached minSize in db, scheduling the worker
08-02 18:32:22.546 24641 24724 D WM-GreedyScheduler: Cancelling work ID 91e2be1b-fd0f-4ff7-91ec-55805c4291ee
08-02 18:32:22.563 24641 24724 D WM-SystemJobScheduler: Scheduling work ID 275f97c0-aa5a-487a-a498-3d65807ca069Job ID 1079699
08-02 18:32:22.572 24641 24724 D WM-Processor: Processor cancelling 0e8be451-ebf9-43a3-93b8-56a4573fe310
08-02 18:32:22.573 24641 24724 D WM-Processor: WorkerWrapper could not be found for 0e8be451-ebf9-43a3-93b8-56a4573fe310
08-02 18:32:22.587 24641 24724 D WM-GreedyScheduler: Cancelling work ID 0e8be451-ebf9-43a3-93b8-56a4573fe310
08-02 18:32:22.596 24641 24724 D WM-SystemJobScheduler: Scheduling work ID 6b342277-7041-4d7c-8e13-81abb03d037fJob ID 1079700
08-02 18:32:22.620 1761 9945 W ApplicationInfo: Large ApplicationInfo parcel: size=20140 package=com.zhiliaoapp.musically splits=57 sharedLibs=8 resDirs=1 overlayPaths=1
08-02 18:32:22.748 24641 12583 D EventStreamRepository: Thread: 2. ring.core.app.logs. Inserted events into db. Total count is 162, flushing=false
08-02 18:32:22.749 24641 12583 D EventStreamRepository: Thread: 2. ring.core.app.logs. Reached minSize in db, scheduling the worker
08-02 18:32:22.749 24641 9268 D EventStreamRepository: Thread: 2. ring.core.app. Inserted events into db. Total count is 197, flushing=false
08-02 18:32:22.749 24641 9268 D EventStreamRepository: Thread: 2. ring.core.app. Reached minSize in db, scheduling the worker
08-02 18:32:22.752 24641 24723 D WM-Processor: Processor cancelling 275f97c0-aa5a-487a-a498-3d65807ca069
08-02 18:32:22.752 24641 24723 D WM-Processor: WorkerWrapper could not be found for 275f97c0-aa5a-487a-a498-3d65807ca069
08-02 18:32:22.776 24641 24723 D WM-GreedyScheduler: Cancelling work ID 275f97c0-aa5a-487a-a498-3d65807ca069
08-02 18:32:22.785 24641 24723 D WM-SystemJobScheduler: Scheduling work ID 118aeec9-e174-4015-bb59-4b5469330665Job ID 1079701
08-02 18:32:22.795 24641 24723 D WM-Processor: Processor cancelling 6b342277-7041-4d7c-8e13-81abb03d037f
08-02 18:32:22.795 24641 24723 D WM-Processor: WorkerWrapper could not be found for 6b342277-7041-4d7c-8e13-81abb03d037f
08-02 18:32:22.814 24641 24723 D WM-GreedyScheduler: Cancelling work ID 6b342277-7041-4d7c-8e13-81abb03d037f
08-02 18:32:22.823 24641 24723 D WM-SystemJobScheduler: Scheduling work ID 53a343da-34f4-4943-9609-5ba0857feda0Job ID 1079702
08-02 18:32:23.050 1761 3451 D InetDiagMessage: Destroyed 0 sockets, proto=IPPROTO_TCP, family=AF_INET, states=14
08-02 18:32:23.053 1761 3451 D InetDiagMessage: Destroyed 0 sockets, proto=IPPROTO_TCP, family=AF_INET6, states=14
08-02 18:32:23.054 1761 3451 D InetDiagMessage: Destroyed live tcp sockets for uids={10615} in 20ms
08-02 18:32:23.062 1761 3451 D InetDiagMessage: Destroyed 0 sockets, proto=IPPROTO_TCP, family=AF_INET, states=14
08-02 18:32:23.076 1761 3451 D InetDiagMessage: Destroyed 0 sockets, proto=IPPROTO_TCP, family=AF_INET6, states=14
08-02 18:32:23.078 1761 3451 D InetDiagMessage: Destroyed live tcp sockets for uids={20615} in 18ms
08-02 18:32:23.140 1761 2516 D ActivityManager: freezing 22126 com.google.android.apps.wear.companion
08-02 18:32:23.147 1761 3451 D InetDiagMessage: Destroyed 0 sockets, proto=IPPROTO_TCP, family=AF_INET, states=14
08-02 18:32:23.153 1761 3451 D InetDiagMessage: Destroyed 0 sockets, proto=IPPROTO_TCP, family=AF_INET6, states=14
08-02 18:32:23.153 1761 3451 D InetDiagMessage: Destroyed live tcp sockets for uids={10537} in 9ms
08-02 18:32:23.154 19172 19204 W alxk : (REDACTED) Slow context fetch for key %s took %s
08-02 18:32:23.154 19172 19204 I eczu : (REDACTED) GetContext(%s, %s): Fetch from the %s surface finished with status: %s
08-02 18:32:23.158 19172 19200 I elhl : (REDACTED) ContextResult succeeded for ContextKey: %s. %s
08-02 18:32:23.161 19172 19204 I elhl : (REDACTED) ContextResult succeeded for ContextKey: %s. %s
08-02 18:32:23.178 19172 19204 I elhy : (REDACTED) Updating context input '%s' with dynamic class '%s' containing %s entities. %s
08-02 18:32:23.178 19172 19210 I elhy : (REDACTED) Updating context input '%s' with dynamic class '%s' containing %s entities. %s
08-02 18:32:23.180 19172 19204 I elhy : (REDACTED) Clearing context input '%s'. %s
08-02 18:32:23.180 19172 19210 I elhy : (REDACTED) Clearing context input '%s'. %s
08-02 18:32:23.195 19172 19204 I elhs : (REDACTED) Sending speech biasing context update to SODA with locale %s. %s
08-02 18:32:23.195 19172 19210 I elhs : (REDACTED) Sending speech biasing context update to SODA with locale %s. %s
08-02 18:32:23.206 19172 19203 I exvq : (REDACTED) #getSodaAsrUpdateRequest inserting app domain: %s
08-02 18:32:23.206 19172 19209 I exvq : (REDACTED) #getSodaAsrUpdateRequest inserting app domain: %s
08-02 18:32:23.211 19172 19206 I eynq : #updateAndGetSnapshot
08-02 18:32:23.212 19172 19209 I eynq : (REDACTED) Listening for responses for locale %s
08-02 18:32:23.241 1761 9949 D ActivityManager: sync unfroze 17882 com.google.android.googlequicksearchbox:search for 6
08-02 18:32:23.307 24641 9266 D EventStreamRepository: Thread: 2. ring.core.app.logs. Inserted events into db. Total count is 163, flushing=false
08-02 18:32:23.307 24641 9266 D EventStreamRepository: Thread: 2. ring.core.app.logs. Reached minSize in db, scheduling the worker
08-02 18:32:23.311 24641 24724 D WM-Processor: Processor cancelling 118aeec9-e174-4015-bb59-4b5469330665
08-02 18:32:23.311 24641 24724 D WM-Processor: WorkerWrapper could not be found for 118aeec9-e174-4015-bb59-4b5469330665
08-02 18:32:23.313 24641 9268 D EventStreamRepository: Thread: 2. ring.core.app. Inserted events into db. Total count is 198, flushing=false
08-02 18:32:23.313 24641 9268 D EventStreamRepository: Thread: 2. ring.core.app. Reached minSize in db, scheduling the worker
08-02 18:32:23.325 17882 17882 I gbei : (REDACTED) Created gRPC endpoint for service %s
08-02 18:32:23.326 24641 24724 D WM-GreedyScheduler: Cancelling work ID 118aeec9-e174-4015-bb59-4b5469330665
08-02 18:32:23.346 24641 24724 D WM-SystemJobScheduler: Scheduling work ID f67464e3-ba05-4da4-a567-c73716335a20Job ID 1079703
08-02 18:32:23.353 24641 24724 D WM-Processor: Processor cancelling 53a343da-34f4-4943-9609-5ba0857feda0
08-02 18:32:23.353 24641 24724 D WM-Processor: WorkerWrapper could not be found for 53a343da-34f4-4943-9609-5ba0857feda0
08-02 18:32:23.353 19172 19209 I eynq : (REDACTED) >>> [%s] Emitting request locale: %s, secondaryLocales: %s, resources: %s, requestClient: %s
08-02 18:32:23.369 24641 24724 D WM-GreedyScheduler: Cancelling work ID 53a343da-34f4-4943-9609-5ba0857feda0
08-02 18:32:23.382 17882 17922 I eyqj : SRM: AccountScoped session starting on service-side.
08-02 18:32:23.387 17882 17950 I eyob : (REDACTED) <<< [%s] Received request for primary locale %s. Secondary locales: '%s'
08-02 18:32:23.387 17882 17950 I eyob : (REDACTED) <<< [%s] Requested resources IDs: %s. Request client: %s.
08-02 18:32:23.389 24641 24724 D WM-SystemJobScheduler: Scheduling work ID 66dd4deb-2a1b-4f3f-aee4-f779efb424e6Job ID 1079704
08-02 18:32:23.393 17882 17943 I eyna : (REDACTED) [%s] #collectSodaResourcesAndWriteToSodaResourcesStore
08-02 18:32:23.394 21634 8646 W libbinder.Binder: Binder transaction to android.accounts.IAccountAuthenticator, function: UNKNOWN_FUNCTION_NAME, code: 3, took 1500ms. Data bytes: 492 Reply bytes: 0 Flags: 17
08-02 18:32:23.396 17882 17924 I DefaultLPManager: #getAvailablePackages
08-02 18:32:23.400 17882 17950 I DefaultLPManager: #getAvailablePackages
08-02 18:32:23.401 17882 17922 I eyna : (REDACTED) [%s] #getInstalledLanguagePacks
08-02 18:32:23.415 17882 17920 I DefaultLPManager: #getRequestedPackages
08-02 18:32:23.422 17882 17920 I ZipLPPopulator: #addNewFileGroups
08-02 18:32:23.422 17882 17920 I fbri : #getDownloadableLanguagePacks
08-02 18:32:23.423 17882 17950 I fbri : #getDownloadableLanguagePacks
08-02 18:32:23.424 17882 17924 I fbri : #getDownloadableLanguagePacks
08-02 18:32:23.434 17882 17950 I fbrz : (REDACTED) Loaded languagepack (LP) flag value from latest config %s: %s
08-02 18:32:23.434 17882 17922 I eyla : (REDACTED) [%s] #updateResource begin
08-02 18:32:23.434 17882 17922 I eyla : (REDACTED) [%s] #updateResource end
08-02 18:32:23.435 17882 17924 I fbrz : (REDACTED) Loaded languagepack (LP) flag value from latest config %s: %s
08-02 18:32:23.435 17882 17924 W SystemLPSourceImpl: #getAvailablePackages: Note there is not reason to call this method, as getInstalledPackages() returns the same LanguagePacks for this impl.
08-02 18:32:23.435 17882 17924 W LegacyLPSourceImpl: #getAvailablePackages: Note there is no reason to call this method, as getInstalledPackages() returns the same LanguagePacks for this impl.
08-02 18:32:23.436 17882 17924 I DefaultLPManager: #getInstalledPackages
08-02 18:32:23.436 17882 17924 I fbri : #getInstalledPackages from MDD
08-02 18:32:23.436 17882 17924 I fbri : #GetLanguagePackList
08-02 18:32:23.436 17882 17924 I fbri : MDD.getFileGroupsByFilter(langpack-domain_xx-XX_ver_zipfile)
08-02 18:32:23.438 17882 17950 W SystemLPSourceImpl: #getAvailablePackages: Note there is not reason to call this method, as getInstalledPackages() returns the same LanguagePacks for this impl.
08-02 18:32:23.438 17882 17950 W LegacyLPSourceImpl: #getAvailablePackages: Note there is no reason to call this method, as getInstalledPackages() returns the same LanguagePacks for this impl.
08-02 18:32:23.440 17882 17920 I fbrz : (REDACTED) Loaded languagepack (LP) flag value from latest config %s: %s
08-02 18:32:23.440 19172 19208 I eynq : (REDACTED) <<< [%s] Reading SodaResourceManager message with updated resourceIds: %s. Total set: %s
08-02 18:32:23.440 17882 17920 W SystemLPSourceImpl: #getRequestedPackages: There is not reason to call this method, as the result is always empty.
