--------- beginning of main
08-02 18:32:12.782 1761 3710 W SignedPackage: Cannot get ApplicationInfo for package: com.google.android.devicelockcontroller
08-02 18:32:12.809 21634 21638 E gcblocker: too long GC blocking: 5
08-02 18:32:12.809 21634 21638 E gcblocker: gc block end, 172363840,101
08-02 18:32:12.866 25778 25783 W ding:background: Reducing the number of considered missed Gc histogram windows from 195 to 100
08-02 18:32:12.875 1450 1450 I adbd : adbd service requested 'shell,v2,TERM=xterm,raw:am force-stop com.shire.mobile' --------- beginning of system
08-02 18:32:12.899 1761 2548 V AccessibilityUserState: updateShortcutTargets: type:accessibility_shortcut_target_service, current:{}, new:{}
08-02 18:32:12.899 1761 2548 V AccessibilityUserState: updateShortcutTargets: type:accessibility_qs_targets, current:{}, new:{}
08-02 18:32:12.899 1761 2548 V AccessibilityUserState: updateShortcutTargets: type:accessibility_button_targets, current:{}, new:{}
08-02 18:32:12.899 1761 2548 V AccessibilityUserState: updateShortcutTargets: type:accessibility_gesture_targets, current:{}, new:{}
08-02 18:32:12.899 1761 2548 V AccessibilityUserState: updateShortcutTargets: type:accessibility_key_gesture_targets, current:{}, new:{}
08-02 18:32:12.900 1761 2548 V AccessibilityUserState: updateShortcutTargets: type:accessibility_top_row_key_targets, current:{}, new:{}
08-02 18:32:12.900 1761 2548 V AccessibilityUserState: updateShortcutTargets: type:accessibility_quick_access_targets, current:{}, new:{}
08-02 18:32:12.900 1761 2548 V AccessibilityManagerService: onUserStateChangedLocked for userId: 0, forceUpdate: false
08-02 18:32:12.900 1761 2548 V AccessibilityUserState: updateShortcutTargets: type:accessibility_shortcut_target_service, current:{}, new:{}
08-02 18:32:12.900 1761 2548 V AccessibilityUserState: updateShortcutTargets: type:accessibility_button_targets, current:{}, new:{}
08-02 18:32:12.900 1761 2548 V AccessibilityUserState: updateShortcutTargets: type:accessibility_gesture_targets, current:{}, new:{}
08-02 18:32:12.900 1761 2548 V AccessibilityUserState: updateShortcutTargets: type:accessibility_qs_targets, current:{}, new:{}
08-02 18:32:12.900 1761 2548 V AccessibilityUserState: updateShortcutTargets: type:accessibility_key_gesture_targets, current:{}, new:{}
08-02 18:32:12.900 1761 2548 V AccessibilityUserState: updateShortcutTargets: type:accessibility_top_row_key_targets, current:{}, new:{}
08-02 18:32:12.900 1761 2548 V AccessibilityUserState: updateShortcutTargets: type:accessibility_quick_access_targets, current:{}, new:{}
08-02 18:32:12.901 1761 2548 W MagnificationConnectionManager: requestConnection duplicated request: connect=false, mConnectionState=DISCONNECTED
08-02 18:32:12.901 1761 2548 V AccessibilityUserState: updateShortcutTargets: type:accessibility_button_targets, current:{}, new:{}
08-02 18:32:12.901 1761 2548 V AccessibilityUserState: updateShortcutTargets: type:accessibility_qs_targets, current:{}, new:{}
08-02 18:32:12.901 1761 1761 V AccessibilityManagerService: onUserStateChangedLocked for userId: 0, forceUpdate: false
08-02 18:32:12.901 1761 1761 V AccessibilityUserState: updateShortcutTargets: type:accessibility_shortcut_target_service, current:{}, new:{}
08-02 18:32:12.901 1761 1761 V AccessibilityUserState: updateShortcutTargets: type:accessibility_button_targets, current:{}, new:{}
08-02 18:32:12.901 1761 1761 V AccessibilityUserState: updateShortcutTargets: type:accessibility_gesture_targets, current:{}, new:{}
08-02 18:32:12.901 1761 1761 V AccessibilityUserState: updateShortcutTargets: type:accessibility_qs_targets, current:{}, new:{}
08-02 18:32:12.901 1761 1761 V AccessibilityUserState: updateShortcutTargets: type:accessibility_key_gesture_targets, current:{}, new:{}
08-02 18:32:12.901 1761 1761 V AccessibilityUserState: updateShortcutTargets: type:accessibility_top_row_key_targets, current:{}, new:{}
08-02 18:32:12.901 1761 1761 V AccessibilityUserState: updateShortcutTargets: type:accessibility_quick_access_targets, current:{}, new:{}
08-02 18:32:12.901 1761 1761 W MagnificationConnectionManager: requestConnection duplicated request: connect=false, mConnectionState=DISCONNECTED
08-02 18:32:12.901 15158 15193 W ndroid.keychain: Suspending all threads took: 165.630ms
08-02 18:32:12.908 1761 2548 V AccessibilityUserState: updateShortcutTargets: type:accessibility_shortcut_target_service, current:{}, new:{}
08-02 18:32:12.909 1761 2548 V AccessibilityUserState: updateShortcutTargets: type:accessibility_qs_targets, current:{}, new:{}
08-02 18:32:12.909 1761 2548 V AccessibilityUserState: updateShortcutTargets: type:accessibility_button_targets, current:{}, new:{}
08-02 18:32:12.909 1761 2548 V AccessibilityUserState: updateShortcutTargets: type:accessibility_gesture_targets, current:{}, new:{}
08-02 18:32:12.909 1761 2548 V AccessibilityUserState: updateShortcutTargets: type:accessibility_key_gesture_targets, current:{}, new:{}
08-02 18:32:12.909 1761 2548 V AccessibilityUserState: updateShortcutTargets: type:accessibility_top_row_key_targets, current:{}, new:{}
08-02 18:32:12.909 1761 2548 V AccessibilityUserState: updateShortcutTargets: type:accessibility_quick_access_targets, current:{}, new:{}
08-02 18:32:12.909 1761 2548 V AccessibilityManagerService: onUserStateChangedLocked for userId: 0, forceUpdate: false
08-02 18:32:12.909 1761 2548 V AccessibilityUserState: updateShortcutTargets: type:accessibility_shortcut_target_service, current:{}, new:{}
08-02 18:32:12.909 1761 2548 V AccessibilityUserState: updateShortcutTargets: type:accessibility_button_targets, current:{}, new:{}
08-02 18:32:12.909 1761 2548 V AccessibilityUserState: updateShortcutTargets: type:accessibility_gesture_targets, current:{}, new:{}
08-02 18:32:12.909 1761 2548 V AccessibilityUserState: updateShortcutTargets: type:accessibility_qs_targets, current:{}, new:{}
08-02 18:32:12.909 1761 2548 V AccessibilityUserState: updateShortcutTargets: type:accessibility_key_gesture_targets, current:{}, new:{}
08-02 18:32:12.909 1761 2548 V AccessibilityUserState: updateShortcutTargets: type:accessibility_top_row_key_targets, current:{}, new:{}
08-02 18:32:12.909 1761 2548 V AccessibilityUserState: updateShortcutTargets: type:accessibility_quick_access_targets, current:{}, new:{}
08-02 18:32:12.909 1761 2548 W MagnificationConnectionManager: requestConnection duplicated request: connect=false, mConnectionState=DISCONNECTED
08-02 18:32:12.909 1761 1761 V AccessibilityManagerService: onUserStateChangedLocked for userId: 0, forceUpdate: false
08-02 18:32:12.910 1761 1761 V AccessibilityUserState: updateShortcutTargets: type:accessibility_shortcut_target_service, current:{}, new:{}
08-02 18:32:12.910 1761 1761 V AccessibilityUserState: updateShortcutTargets: type:accessibility_button_targets, current:{}, new:{}
08-02 18:32:12.910 1761 1761 V AccessibilityUserState: updateShortcutTargets: type:accessibility_gesture_targets, current:{}, new:{}
08-02 18:32:12.910 1761 1761 V AccessibilityUserState: updateShortcutTargets: type:accessibility_qs_targets, current:{}, new:{}
08-02 18:32:12.910 1761 1761 V AccessibilityUserState: updateShortcutTargets: type:accessibility_key_gesture_targets, current:{}, new:{}
08-02 18:32:12.910 1761 1761 V AccessibilityUserState: updateShortcutTargets: type:accessibility_top_row_key_targets, current:{}, new:{}
08-02 18:32:12.910 1761 1761 V AccessibilityUserState: updateShortcutTargets: type:accessibility_quick_access_targets, current:{}, new:{}
08-02 18:32:12.910 1761 1761 W MagnificationConnectionManager: requestConnection duplicated request: connect=false, mConnectionState=DISCONNECTED
08-02 18:32:12.917 15158 15193 W ndroid.keychain: Reducing the number of considered missed Gc histogram windows from 281 to 100
08-02 18:32:12.927 25430 25430 I Finsky : [2] AIM: AppInfoCacheUpdater -> invalidating apps: [com.shire.mobile]
08-02 18:32:12.928 25430 25430 I Finsky : [2] AIM: AppInfoManager-Perf > Creating AppInfoManager ...
08-02 18:32:12.928 1761 9945 I ActivityManager: Force stopping com.shire.mobile appid=10615 user=0: from pid 12621
08-02 18:32:12.933 1761 9945 I AppsFilter: interaction: PackageSetting{23d68c com.google.android.microdroid.empty_payload/10286} -> PackageSetting{1fda039 com.shire.mobile/10615} BLOCKED
08-02 18:32:12.943 3849 4175 D EuiccConnector: handleMessage: E msg.what=1
08-02 18:32:12.943 3849 4175 D EuiccConnector: processMsg: DisconnectedState
08-02 18:32:12.943 1450 1450 I adbd : adbd service requested 'shell,v2,TERM=xterm,raw:am start -W -n com.shire.mobile/.MainActivity'
08-02 18:32:12.943 3849 3849 D CarrierSvcBindHelper: onHandleForceStop: [com.shire.mobile]
08-02 18:32:12.944 3849 4175 D EuiccConnector: handleMessage: X
08-02 18:32:12.945 3849 3849 D CarrierSvcBindHelper: No carrier app for: 0
08-02 18:32:12.945 3849 3849 D CarrierSvcBindHelper: No carrier app for: 1
08-02 18:32:12.962 1761 5390 E AppSearchAppIndxrImpl: Certificate not found for package: org.chromium.webapk.a3e290019259cbe34_v2
08-02 18:32:12.995 1761 3907 W ActivityTaskManager: callingPackage for (uid=2000, pid=12630) has no WPC
08-02 18:32:12.999 1761 3907 V GrammaticalInflectionUtils: AttributionSource: android.content.AttributionSource@86d2097b does not have READ_SYSTEM_GRAMMATICAL_GENDER permission.
08-02 18:32:13.002 1761 3907 D ActivityTaskManager: Temporarily retain top process state for launching app
08-02 18:32:13.004 1761 3907 D ActivityTaskManager: Temporarily retain top process state for launching app
08-02 18:32:13.014 1761 3907 I AppsFilter: interaction: PackageSetting{23d68c com.google.android.microdroid.empty_payload/10286} -> PackageSetting{f5b57ea com.shire.mobile/10615} BLOCKED
08-02 18:32:13.015 5336 5336 W MediaProvider: WorkProfileOwnerApps cache is empty
08-02 18:32:13.015 3566 3610 V RecentTasksController: Notify recent tasks changed
08-02 18:32:13.015 1761 3907 V ActivityTaskManager: TaskLaunchParamsModifier: phase=3 task=Task{1b0679d #8727 type=standard A=10615:com.shire.mobile} activity=ActivityRecord{167637439 u0 com.shire.mobile/.MainActivity t-1} display-from-task=0 display-id=0 task-display-area-windowing-mode=1 suggested-display-area=DefaultTaskDisplayArea@43236778 inherit-from-task=fullscreen non-freeform-task-display-area display-area=DefaultTaskDisplayArea@43236778 skip-bounds-fullscreen
08-02 18:32:13.015 1761 3907 I ActivityTaskManager: START u0 {flg=0x10000000 xflg=0x5 cmp=com.shire.mobile/.MainActivity} with LAUNCH_MULTIPLE from uid 2000 (com.android.shell) (BAL_ALLOW_PERMISSION) result code=0
08-02 18:32:13.015 5602 5602 D RecentTasksList: invalidateLoadedTasks - previous requestLoadId: -1
08-02 18:32:13.017 1761 1975 V GrammaticalInflectionUtils: AttributionSource: android.content.AttributionSource@86d2097b does not have READ_SYSTEM_GRAMMATICAL_GENDER permission.
08-02 18:32:13.017 3566 3610 V WindowManagerShell: Transition requested (#6244): android.os.BinderProxy@b8968cf TransitionRequestInfo { type = OPEN, triggerTask = TaskInfo{userId=0 taskId=8727 effectiveUid=10615 displayId=0 isRunning=true baseIntent=Intent { act=android.intent.action.MAIN cat=[android.intent.category.LAUNCHER] flg=0x10200000 cmp=com.shire.mobile/.MainActivity } baseActivity=ComponentInfo{com.android.systemui/com.android.wm.shell.packageupdate.PackageUpdateActivity} topActivity=ComponentInfo{com.shire.mobile/com.shire.mobile.MainActivity} origActivity=null realActivity=ComponentInfo{com.shire.mobile/com.shire.mobile.MainActivity} realActivityIsAppLockEnabled=false numActivities=2 lastActiveTime=264836573 supportsMultiWindow=true supportsMultiWindowWithoutConstraints=true resizeMode=1 isResizeable=true minWidth=-1 minHeight=-1 defaultMinSize=220 token=WCT{android.os.BinderProxy@6df451a} topActivityType=1 pictureInPictureParams=null shouldDockBigOverlays=false launchIntoPipHostTaskId=-1 lastParentTaskIdBeforePip=-1 displayCutoutSafeInsets=Rect(0, 152 - 0, 0) topActivityInfo=ActivityInfo{68ae25c com.shire.mobile.MainActivity} launchCookies=[] positionInParent=Point(0, 0) parentTaskId=-1 isFocused=false isInteractive=false isVisible=false isVisibleRequested=false isTopActivityNoDisplay=false isSleeping=true locusId=null displayAreaFeatureId=1 isTopActivityTransparent=false isActivityStackTransparent=false lastNonFullscreenBounds=null leafTaskBoundsFromOptions= false capturedLink=null capturedLinkTimestamp=0 requestedVisibleTypes=503 topActivityRequestOpenInBrowserEducationTimestamp=0 appCompatTaskInfo=AppCompatTaskInfo { topActivityInSizeCompat=false isLeafTask= true eligibleForLetterboxEducation= false isLetterboxEducationEnabled= false isLetterboxDoubleTapEnabled= false eligibleForUserAspectRatioButton= false topActivityBoundsLetterboxed= false isFromLetterboxDoubleTap= false topActivityLetterboxVerticalPosition= -1 topActivityLetterboxHorizontalPosition= -1 topActivityLetterboxWidth=-1 topActivityLetterboxHeight=-1 topActivityAppBounds=Rect(0, 0 - 1080, 2424) isUserFullscreenOverrideEnabled=false isSystemFullscreenOverrideEnabled=false hasMinAspectRatioOverride=false topActivityLetterboxBounds=null topNonResizableActivityAspectRatio=-1.0} topActivityMainWindowFrame=null isAppBubble=false}, pipChange = null, remoteTransitionInfo = null, displayChanges = null, requestedLocation = null, userChange = null, windowingLayerChange = null, fullscreenRequestChange = null, flags = 0, debugId = 6244 }
08-02 18:32:13.017 3566 3610 W DisconnectHandler: No disconnect change found in the transition, not handling request.
08-02 18:32:13.018 3566 3610 V ShellDesktopMode: DesktopTasksController: skipping handleRequest reason=triggerTask's display doesn't support desktop mode
08-02 18:32:13.019 3566 3610 D ShellSplitScreen: logExit: no-op, mLoggerSessionId is null
08-02 18:32:13.020 1761 9945 D ActivityManager: sync unfroze 29393 com.google.android.apps.wellbeing for 7
08-02 18:32:13.028 1761 1975 I DisplayDeviceRepository: Display device changed render timings: "Inner Display", renderFrameRate=120.00001, presentationDeadlineNanos=11500000, appVsyncOffsetNanos=6233332, frameRateOverrides=[{uid=10235 frameRateHz=120.00001}, {uid=10259 frameRateHz=120.00001}]
08-02 18:32:13.031 1129 1129 D Zygote : Forked child process 12634
08-02 18:32:13.031 5336 5336 D PickerSyncLockManager: Trying to acquire lock com.android.providers.media.photopicker.sync.CloseableReentrantLock@3febf95[Unlocked]. Lock Name = CLOUD_PROVIDER_LOCK. Threads that may be waiting to acquire this lock = []
08-02 18:32:13.031 5336 5336 D CloseableReentrantLock: Successfully acquired lock com.android.providers.media.photopicker.sync.CloseableReentrantLock@3febf95[Locked by thread main]. Lock Name = CLOUD_PROVIDER_LOCK. Threads that may be waiting to acquire this lock = []
08-02 18:32:13.031 5336 5336 D CloseableReentrantLock: Successfully released lock com.android.providers.media.photopicker.sync.CloseableReentrantLock@3febf95[Unlocked]. Lock Name = CLOUD_PROVIDER_LOCK. Threads that may be waiting to acquire this lock = []
08-02 18:32:13.034 12634 12634 I libprocessgroup: Created cgroup /sys/fs/cgroup/apps/uid_10615/pid_12634
08-02 18:32:13.034 1761 1986 I ActivityManager: Start proc 12634:com.shire.mobile/u0a615 for top-activity {com.shire.mobile/com.shire.mobile.MainActivity}
08-02 18:32:13.038 12634 12634 I Zygote : Process 12634 created for com.shire.mobile
08-02 18:32:13.038 12634 12634 I om.shire.mobile: Late-enabling -Xcheck:jni
08-02 18:32:13.039 19172 19204 I alxt : (REDACTED) Invalidating %s caches for %s
08-02 18:32:13.040 5736 12314 I NearbySharing: Got package event: PackageRemoved(packageName=com.shire.mobile)
08-02 18:32:13.042 19172 19204 I edbi : (REDACTED) Invalidation request: %s
08-02 18:32:13.043 19172 19208 I alxt : (REDACTED) Invalidating %s caches for %s
08-02 18:32:13.044 19172 19208 I edbi : (REDACTED) Invalidation request: %s
08-02 18:32:13.046 5736 12449 I NearbySharing: Got package event: PackageAdded(packageName=com.shire.mobile)
08-02 18:32:13.051 1761 5390 I PackageManager: getInstalledPackages: callingUid=1000 flags=134217856 updatedFlags=135004288 userId=0
08-02 18:32:13.057 5736 12449 I NearbySharing: Got package event: PackageReplaced(packageName=com.shire.mobile)
08-02 18:32:13.061 5736 12448 I NearbySharing: Got package event: PackageReplaced(packageName=com.shire.mobile)
08-02 18:32:13.061 12634 12634 I om.shire.mobile: Using generational CollectorTypeCMC GC.
08-02 18:32:13.062 19172 19188 I efag : (REDACTED) maybeUpdateCacheDataForAddedPackage %s
08-02 18:32:13.067 1450 1487 I adbd : jdwp connection from 12634
08-02 18:32:13.072 12634 12634 D nativeloader: Load libframework-connectivity-tiramisu-jni.so using APEX ns com_android_tethering for caller /apex/com.android.tethering/javalib/framework-connectivity-t.jar: ok
08-02 18:32:13.076 17762 10070 I libbinder.IPCThreadState: oneway function results for code 2 on binder at 0xb400006fa55f87f0 will be dropped but finished with status UNKNOWN_TRANSACTION
08-02 18:32:13.079 20027 20027 I EuiccGoogle: [2] NetworkCache.getFirstActiveEuiccSlotId: isRemovableEsimDefault: false
08-02 18:32:13.092 19172 19204 I elhc : (REDACTED) Invalidated ContextKey: %s for %s.
08-02 18:32:13.093 19172 19204 I elhc : (REDACTED) Invalidated ContextKey: %s for %s.
08-02 18:32:13.099 19172 19209 I elhl : (REDACTED) Fetching ContextResult for ContextKey: %s. %s
08-02 18:32:13.100 19172 19200 I elhl : (REDACTED) Fetching ContextResult for ContextKey: %s. %s
08-02 18:32:13.101 19172 19203 I elhl : (REDACTED) Fetching context keys %s. %s
08-02 18:32:13.102 19172 19204 I elhl : (REDACTED) Fetching context keys %s. %s
08-02 18:32:13.102 19172 19209 I elhl : (REDACTED) Fetching ContextResult for ContextKey: %s. %s
08-02 18:32:13.102 19172 19210 I elhl : (REDACTED) Fetching ContextResult for ContextKey: %s. %s
08-02 18:32:13.104 12634 12634 D ApplicationLoaders: Returning zygote-cached class loader: /system_ext/framework/androidx.window.extensions.jar
08-02 18:32:13.104 12634 12634 D ApplicationLoaders: Returning zygote-cached class loader: /system_ext/framework/androidx.window.sidecar.jar
08-02 18:32:13.105 19172 19203 I eczu : (REDACTED) GetContext(%s, %s): Fetching from provider
08-02 18:32:13.106 19172 19208 I edcl : (REDACTED) GetContext(%s, %s): %s from synchronized cache (status: %s)
08-02 18:32:13.107 19172 19209 I edcl : (REDACTED) GetContext(%s, %s): %s from synchronized cache (status: %s)
08-02 18:32:13.108 19172 19200 I elhl : (REDACTED) ContextResult succeeded for ContextKey: %s. %s
08-02 18:32:13.109 20027 20027 I EuiccGoogle: [2] EuiccServiceImpl.onCreate: onCreate DSDS mode: simCardState is 11
08-02 18:32:13.109 19172 19200 I elhf : (REDACTED) Primary Locale: %s and preferred locales: %s, returned from Context API. %s
08-02 18:32:13.113 3849 4175 D EuiccConnector: handleMessage: E msg.what=4
08-02 18:32:13.113 3849 4175 D EuiccConnector: processMsg: DisconnectedState
08-02 18:32:13.113 3849 4175 D EuiccConnector: transitionTo: destState=ConnectedState
08-02 18:32:13.113 3849 4175 D EuiccConnector: handleMessage: new destination call exit/enter
08-02 18:32:13.113 3849 4175 D EuiccConnector: setupTempStateStackWithStatesToEnter: X mTempStateStackCount=1,curStateInfo: state=DisconnectedState,active=true,parent=null
08-02 18:32:13.113 3849 4175 D EuiccConnector: moveTempStackToStateStack: i=0,j=1
08-02 18:32:13.113 3849 4175 D EuiccConnector: moveTempStackToStateStack: X mStateStackTop=1,startingIndex=1,Top=ConnectedState
08-02 18:32:13.113 3849 4175 D EuiccConnector: invokeEnterMethods: ConnectedState
08-02 18:32:13.113 3849 4175 D EuiccConnector: moveDeferredMessageAtFrontOfQueue; what=103
08-02 18:32:13.113 3849 4175 D EuiccConnector: handleMessage: X
08-02 18:32:13.113 3849 4175 D EuiccConnector: handleMessage: E msg.what=103
08-02 18:32:13.113 3849 4175 D EuiccConnector: processMsg: ConnectedState
08-02 18:32:13.113 19172 19204 I edcl : (REDACTED) GetContext(%s, %s): %s from synchronized cache (status: %s)
08-02 18:32:13.114 19172 19208 I elhl : (REDACTED) ContextResult succeeded for ContextKey: %s. %s
08-02 18:32:13.114 3849 4175 D EuiccConnector: handleMessage: X
08-02 18:32:13.114 19172 19208 I elhf : (REDACTED) Primary Locale: %s and preferred locales: %s, returned from Context API. %s
08-02 18:32:13.117 840 840 W powerhal-libperfmgr: Sess(6382), cannot resume, already active
08-02 18:32:13.118 22126 22140 W .wear.companion: Suspending all threads took: 9.766ms
08-02 18:32:13.119 29040 12658 I AppBackupStateCleanupIO: Backup state cleanup on uninstall is disabled. [CONTEXT service_id=229 ]
08-02 18:32:13.120 19172 7520 I exzc : (REDACTED) HDM. appOpsListener %s %s
08-02 18:32:13.120 1207 3493 I audioserver: App op 27 missing, unsilencing record AttributionSourceState{pid: 24641, uid: 10584, deviceId: 0, packageName: com.ringapp, attributionTag: (null), token: binder:0xb400007a51de0850, renouncedPermissions: [], next: []}
08-02 18:32:13.120 19172 7520 I exzc : (REDACTED) HDM. Ignoring irrelevant audio permission changes for package %s
08-02 18:32:13.120 5736 5861 I FusedLocation: (REDACTED) location delivery to %s blocked - too close
08-02 18:32:13.120 20027 12659 I EuiccGoogle: [351] EuiccServiceImpl.onGetEuiccProfileInfoList: onGetEuiccProfileInfoList: slotId = 0
08-02 18:32:13.128 29040 12658 I FraudProtectUtils: Not in testing population, skipping local test bank apps. [CONTEXT service_id=469 ]
08-02 18:32:13.128 29040 12658 I FraudProtectUtils: (REDACTED) Latest bank app list size: %d, %s isBankApp: false
08-02 18:32:13.128 29040 12658 I PackageInstallIntentOp: (REDACTED) Package %s is not a bank app. Skipping updates.
08-02 18:32:13.129 25430 25430 I Finsky : [2] AIM: AppInfoManager-Perf > getApps > called for 1 apps
08-02 18:32:13.132 5736 12644 I ProximityAuth: [RecentAppsMediator] Package added: (user=UserHandle{0}) com.shire.mobile
08-02 18:32:13.135 20027 12659 I EuiccGoogle: [351] EuiccServiceImpl.onGetEuiccProfileInfoList: slotId = 0, isRemovable = false
08-02 18:32:13.135 20027 12659 I EuiccGoogle: [351] EuiccServiceImpl.onGetEuiccProfileInfoList: onGetEuiccProfileInfoList: isRemovable = false.
08-02 18:32:13.135 20027 12659 I EuiccGoogle: [351] EuiccServiceImpl.onGetEuiccProfileInfoList: getSimCardState for slotId: 0
08-02 18:32:13.140 20027 20041 W e.android.euicc: Reducing the number of considered missed Gc histogram windows from 121 to 100
08-02 18:32:13.144 5736 12663 I FontLog : (REDACTED) Package %s has no metadata
08-02 18:32:13.145 5736 12653 I Fitness : (REDACTED) FitCleanupIntentOperation received Intent %s
08-02 18:32:13.146 19172 19212 I elcu : (REDACTED) getting App Capabilities from InstalledAppsCache %s
08-02 18:32:13.146 20027 12659 I EuiccGoogle: [351] EuiccServiceImpl.onGetEuiccProfileInfoList: GetEuiccProfileInfoListResult: simCardState :11and simCardStateAtTelephony:11 for slot:0
08-02 18:32:13.146 20027 12659 I EuiccGoogle: [351] EuiccServiceImpl.getProfileInfoList: getProfileInfoList: slotId = 0, includeTestProfiles = false
08-02 18:32:13.146 20027 12659 I EuiccGoogle: [351] EuiccServiceImpl.getProfileInfoList: getProfileInfoList: slotId = 0, includeTestProfiles = false.
08-02 18:32:13.147 20027 12659 I EuiccGoogle: [351] EuiccServiceImpl.getEidFromSlotId: getEidFromSlotId: slotId = 0.
08-02 18:32:13.147 20027 12659 I EuiccGoogle: [351] NetworkCache.getEidForSlot: getEidForSlot: 0
08-02 18:32:13.148 20027 12659 I EuiccGoogle: [351] BlockingEuiccCardManager.requestAllProfiles: requestAllProfiles: cardId = [eOzY9t33uHTLfYqjiGvAEuLWZR0]
08-02 18:32:13.163 1761 5905 W ApplicationInfo: Large ApplicationInfo parcel: size=20140 package=com.zhiliaoapp.musically splits=57 sharedLibs=8 resDirs=1 overlayPaths=1
08-02 18:32:13.163 1761 5905 W ParceledListSlice: Element #308 is 20504 bytes.
08-02 18:32:13.172 20027 12623 I EuiccGoogle: [348] Partner.getResourceEntry$ar$ds$ar$class_merging$ar$class_merging$ar$class_merging: Partner app=com.google.android.euiccoverlay, Resource name=esim_supported_countries, type=string, partnerResId = 0
08-02 18:32:13.182 20027 12623 I EuiccGoogle: [348] Partner.getResourceEntry$ar$ds$ar$class_merging$ar$class_merging$ar$class_merging: Partner app=com.google.android.euiccoverlay, Resource name=esim_unsupported_countries, type=string, partnerResId = 2131755062
08-02 18:32:13.192 1761 5905 D IntervalStats: Unable to parse usage stats packages: [28, 38, 169, 194, 320, 321, 323, 344, 350, 354, 364, 383, 389, 408, 420, 422, 424, 426, 427, 429, 453, 455, 461, 465, 477, 484, 492, 493, 496, 498, 499, 518, 534, 544, 548, 551, 552, 553, 558, 573, 575, 578, 587, 588, 590, 595, 597, 603, 605, 619, 632, 671, 684, 685, 686, 687, 688]
08-02 18:32:13.193 25430 25502 I Finsky : [231] AIM: AppInfoManager-Perf > OnDeviceAppInfo > cacheHitCount=0, cacheMissCount=1. Missed in cache (limit 10) : [com.shire.mobile]
08-02 18:32:13.195 20027 12623 I EuiccGoogle: [348] WindowInsetsCompat$TypeImpl30.getOverrideCarrierInfoListForConversion: enableNewConversionApi: true, enableConversionXosCarrierIdFromTransferConfig: false
08-02 18:32:13.195 20027 12623 I EuiccGoogle: [348] WindowInsetsCompat$TypeImpl30.getCarrierInfos: All carrier info overrides: []
08-02 18:32:13.197 20027 12623 I EuiccGoogle: [348] PhenotypeUpdatedReceiver.setPsimConversionSupportedCarriers: setPsimConversionSupportedCarriers:[1, 2, 3, 16, 576, 1404, 1644, 1779, 1915, 2020, 2021, 2053, 2090, 2102, 2122, 2419, 2683, 850, 1413, 27, 32, 959, 1187, 1480, 1670, 2119, 2120, 2018, 1581, 2110, 2536, 1344, 1895, 14, 580, 1403, 1962, 2083, 1365, 4, 7, 792, 1903, 1915, 2092, 2557, 678, 530, 6, 11, 34, 958, 1453, 1454, 1695, 1958, 1974, 2360, 2361]
08-02 18:32:13.200 3566 3577 W System : A resource failed to call release.
08-02 18:32:13.201 3566 3577 W System : A resource failed to call release.
08-02 18:32:13.209 25430 25502 I Finsky : [231] AIM: Got app ownership map. App counts: . Unique apps: 0
08-02 18:32:13.211 19172 7520 I exzc : (REDACTED) HDM. appOpsListener %s %s
08-02 18:32:13.211 19172 7520 I exzc : (REDACTED) HDM. Ignoring irrelevant audio permission changes for package %s
08-02 18:32:13.215 12634 12634 D nativeloader: Configuring clns-9 for other apk /data/app/~~pWts_7jZNfpoo5oj6Golsw==/com.shire.mobile-77tNwc5P7oKMTL2nr7ciqA==/base.apk. target_sdk_version=36, uses_libraries=, library_path=/data/app/~~pWts_7jZNfpoo5oj6Golsw==/com.shire.mobile-77tNwc5P7oKMTL2nr7ciqA==/lib/arm64:/data/app/~~pWts_7jZNfpoo5oj6Golsw==/com.shire.mobile-77tNwc5P7oKMTL2nr7ciqA==/base.apk!/lib/arm64-v8a, permitted_path=/data:/mnt/expand:/data/user/0/com.shire.mobile
08-02 18:32:13.226 12634 12634 V GraphicsEnvironment: Currently set values for:
08-02 18:32:13.226 12634 12634 V GraphicsEnvironment: angle_gl_driver_selection_pkgs=[com.android.angle]
08-02 18:32:13.226 12634 12634 V GraphicsEnvironment: angle_gl_driver_selection_values=[angle]
08-02 18:32:13.226 12634 12634 V GraphicsEnvironment: com.shire.mobile is not listed in per-application setting
08-02 18:32:13.227 12634 12634 V GraphicsEnvironment: No special selections for ANGLE, returning default driver choice
08-02 18:32:13.229 12634 12634 V GraphicsEnvironment: Neither updatable production driver nor prerelease driver is supported.
08-02 18:32:13.239 25430 25502 E Finsky : [231] [Counters] attempted to use a non-positive increment for: 4752
08-02 18:32:13.249 1761 5390 E AppSearchAppIndxrImpl: Certificate not found for package: org.chromium.webapk.a3e290019259cbe34_v2
08-02 18:32:13.250 1761 5905 D CorePackageUpdate: Couldn't find a persistent state for task= 8727
08-02 18:32:13.256 12634 12670 I DisplayManager: Choreographer implicitly registered for the refresh rate.
08-02 18:32:13.257 12634 12670 D vulkan : searching for layers in '/data/app/~~pWts_7jZNfpoo5oj6Golsw==/com.shire.mobile-77tNwc5P7oKMTL2nr7ciqA==/lib/arm64'
08-02 18:32:13.257 12634 12670 D vulkan : searching for layers in '/data/app/~~pWts_7jZNfpoo5oj6Golsw==/com.shire.mobile-77tNwc5P7oKMTL2nr7ciqA==/base.apk!/lib/arm64-v8a'
08-02 18:32:13.259 24905 24905 I pixel-thermal: VIRTUAL-USB-UI:0 raw data: USB-MINUS-CHARGER:-2989 VIRTUAL-USB-UI:0 charger_therm:29858 usb_conn_therm:26869
08-02 18:32:13.259 24905 24905 I pixel-thermal: VIRTUAL-USB-THROTTLING:0 raw data: USB-MINUS-CHARGER:-2989 VIRTUAL-USB-THROTTLING:0 usb_conn_therm:26869
08-02 18:32:13.260 24905 24905 I pixel-thermal: VIRTUAL-SKIN-SPEAKER-MODEL: model_input: [29947.00 28656.00 29858.00 26869.00 28834.00 28077.00 26916.00 28723.00 26200.00 24800.00 0.00 ]
08-02 18:32:13.260 24905 24905 I pixel-thermal: Ignoring stale previous samples for VIRTUAL-SKIN-SPEAKER-MODEL
08-02 18:32:13.260 24905 24905 I pixel-thermal: VT Estimator returned (ret: 6) for VIRTUAL-SKIN-SPEAKER-MODEL. Reading backup sensor [VIRTUAL-SKIN-SPEAKER-LEGACY] data to use
08-02 18:32:13.260 24905 24905 I pixel-thermal: VIRTUAL-SKIN-SPEAKER:32.6014 raw data: IS_VSKIN_SPEAKER_MODEL_WITHIN_RANGE:1 IS_VSKIN_SPEAKER_MODEL_WITHIN_RANGE_CHECK:2 NO_VSKIN_SPEAKER_MODEL_WITHIN_RANGE:0 VIRTUAL-SKIN-SPEAKER:32601.4 VIRTUAL-SKIN-SPEAKER-LEGACY:32601.4 VIRTUAL-SKIN-SPEAKER-MODEL:32601.4 charger_therm:29858 display_therm:26916 gnss_tcxo_therm:28723 inner_brightness:0 inner_display_therm:28077 maxfg_base:26200 maxfg_secondary:24800 modem_therm:28834 rffe_therm:28656 soc_therm:29947 usb_conn_therm:26869
08-02 18:32:13.260 24905 24905 I pixel-thermal: VIRTUAL-SKIN:28.22 raw data: CLOSE_WEIGHT:1 OPEN_WEIGHT:2.8026e-45 VIRTUAL-SKIN:28220 VIRTUAL-SKIN-CLOSE:28220 VIRTUAL-SKIN-CLOSE-SUB-1:28111 VIRTUAL-SKIN-CLOSE-SUB-2:28220 VIRTUAL-SKIN-CLOSE-SUB-3:26970.1 VIRTUAL-SKIN-CLOSE-SUB-4:26425.6 VIRTUAL-SKIN-LEGACY:28220 VIRTUAL-SKIN-OPEN:29461.4 VIRTUAL-SKIN-OPEN-SUB-1:26264.8 VIRTUAL-SKIN-OPEN-SUB-2:29461.4 charger_therm:29858 display_therm:26916 gnss_tcxo_therm:28723 inner_brightness:0 inner_display_therm:28077 maxfg_base:26200 maxfg_secondary:24800 modem_therm:28834 rffe_therm:28656 soc_therm:29947 usb_conn_therm:26869
08-02 18:32:13.260 24905 24905 I pixel-thermal: rffe_therm:28.656 raw data: rffe_therm:28656
08-02 18:32:13.260 24905 24905 I pixel-thermal: VIRTUAL-SKIN-CHARGE-WIRED:28.5391 raw data: CLOSE_WEIGHT:1 IS_WLC:0 NO_WLC:1 OPEN_WEIGHT:2.8026e-45 VIRTUAL-SKIN-CHARGE-WIRED:28539.1 VIRTUAL-SKIN-CHARGE-WIRED-CLOSE:28539.1 VIRTUAL-SKIN-CHARGE-WIRED-EQ:28539.1 VIRTUAL-SKIN-CHARGE-WIRED-OPEN:28453.6 WLC_CHECK:1 gnss_tcxo_therm:28723 modem_therm:28834 rffe_therm:28656 soc_therm:29947 thb_hda:53
08-02 18:32:13.260 24905 24905 I pixel-thermal: VIRTUAL-SKIN-OUTER-DISPLAY:26.8337 raw data: VIRTUAL-SKIN-OUTER-DISPLAY:26833.7 display_therm:26916
08-02 18:32:13.260 24905 24905 I pixel-thermal: cellular-emergency:28.22 raw data: VIRTUAL-SKIN:28220 cellular-emergency:28220
08-02 18:32:13.260 24905 24905 I pixel-thermal: soc_therm:29.947 raw data: soc_therm:29947
08-02 18:32:13.260 24905 24905 I pixel-thermal: VIRTUAL-SKIN-CHARGE-PERSIST:28.5391 raw data: IS_WLC:0 NO_WLC:1 VIRTUAL-SKIN-CHARGE-PERSIST:28539.1 VIRTUAL-SKIN-CHARGE-WIRED-EQ:28539.1 VIRTUAL-SKIN-CHARGE-WLC-EQ:28396.6 charger_therm:29858 gnss_tcxo_therm:28723 rffe_therm:28656
08-02 18:32:13.260 24905 24905 I pixel-thermal: VIRTUAL-SKIN-MODEL: model_input: [29947.00 28656.00 29858.00 26869.00 28834.00 28077.00 26916.00 28723.00 26200.00 24800.00 0.00 ]
08-02 18:32:13.260 24905 24905 I pixel-thermal: Ignoring stale previous samples for VIRTUAL-SKIN-MODEL
08-02 18:32:13.260 24905 24905 I pixel-thermal: VT Estimator returned (ret: 6) for VIRTUAL-SKIN-MODEL. Reading backup sensor [VIRTUAL-SKIN-LEGACY] data to use
08-02 18:32:13.260 24905 24905 I pixel-thermal: VIRTUAL-SKIN-INNER-DISPLAY:29.4614 raw data: VIRTUAL-SKIN-INNER-DISPLAY:29461.4 VIRTUAL-SKIN-OPEN:29461.4
08-02 18:32:13.262 29393 29393 W TimedProcessReaper: Current importance is: 125
08-02 18:32:13.264 24905 24905 I pixel-thermal: battery:26.2 raw data: battery:26200
08-02 18:32:13.264 24905 24905 I pixel-thermal: gnss_tcxo_therm:28.723 raw data: gnss_tcxo_therm:28723
08-02 18:32:13.264 24905 24905 I pixel-thermal: charger_therm:29.858 raw data: charger_therm:29858
08-02 18:32:13.264 24905 24905 I pixel-thermal: usb_conn_therm:26.869 raw data: usb_conn_therm:26869
08-02 18:32:13.264 24905 24905 I pixel-thermal: modem_therm:28.834 raw data: modem_therm:28834
08-02 18:32:13.277 25430 25502 E Finsky : [231] [Counters] attempted to use a non-positive increment for: 4753
08-02 18:32:13.288 12634 12634 D CompatChangeReporter: Compat change id reported: 377864165; UID 10615; state: ENABLED
08-02 18:32:13.291 25430 12669 I Finsky : [418] SCH: Received scheduling request: Id: 12-1, Constraints: [{ L: 15000, D: 86400000, C: CHARGING_NONE, I: IDLE_NONE, N: NET_ANY, B: BATTERY_ANY }]
08-02 18:32:13.297 12634 12634 I ContentCaptureHelper: Setting logging level to OFF
08-02 18:32:13.313 1761 5813 D CompatChangeReporter: Compat change id reported: 463899193; UID 10615; state: ENABLED
08-02 18:32:13.314 1761 5813 W InputChannel-JNI: Channel already disposed.
08-02 18:32:13.318 12634 12634 D WindowOnBackDispatcher: setTopOnBackInvokedCallback (unwrapped): android.app.Activity$$ExternalSyntheticLambda0@a9d4428
08-02 18:32:13.319 1761 1831 D CoreBackPreview: Window{69aeab8 u0 com.shire.mobile/com.shire.mobile.MainActivity}: Setting back callback OnBackInvokedCallbackInfo{mCallback=android.window.IOnBackInvokedCallback$Stub$Proxy@2c33bf7, mPriority=-1, mIsAnimationCallback=false, mOverrideBehavior=0}
08-02 18:32:13.324 20027 12659 I EuiccGoogle: [351] EuiccServiceImpl.onGetEuiccProfileInfoList: onGetEuiccProfileInfoList: Profile nickname = Skylo.
08-02 18:32:13.324 20027 12659 I EuiccGoogle: [351] EuiccServiceImpl.onGetEuiccProfileInfoList: onGetEuiccProfileInfoList: Profile info = EuiccProfileInfo (nickname=Skylo, serviceProviderName=Skylo, profileName=Skylo, profileClass=2, state=0, CarrierIdentifier=null, policyRules=0, accessRules=null, iccid=899019803[****]).
08-02 18:32:13.324 20027 12659 I EuiccGoogle: [351] EuiccServiceImpl.onGetEuiccProfileInfoList: onGetEuiccProfileInfoList: Profile nickname = AT&T.
08-02 18:32:13.324 20027 12659 I EuiccGoogle: [351] EuiccServiceImpl.onGetEuiccProfileInfoList: onGetEuiccProfileInfoList: Profile info = EuiccProfileInfo (nickname=AT&T, serviceProviderName=AT&T, profileName=6146D, profileClass=1, state=0, CarrierIdentifier=CarrierIdentifier{mcc=310,mnc=380,spn=null,imsi=null,gid1=39FF,gid2=FFFF,carrierid=-1,specificCarrierId=-1}, policyRules=0, accessRules=null, iccid=890138032[****]).
08-02 18:32:13.328 3849 4175 D EuiccConnector: handleMessage: E msg.what=6
08-02 18:32:13.328 3849 4175 D EuiccConnector: processMsg: ConnectedState
08-02 18:32:13.328 3849 4175 D EuiccConnector: handleMessage: X
08-02 18:32:13.333 3849 4175 D EuiccConnector: handleMessage: E msg.what=103
08-02 18:32:13.333 3849 4175 D EuiccConnector: processMsg: ConnectedState
08-02 18:32:13.334 3849 4175 D EuiccConnector: handleMessage: X
08-02 18:32:13.335 20027 12688 I EuiccGoogle: [352] EuiccServiceImpl.onGetEuiccProfileInfoList: onGetEuiccProfileInfoList: slotId = 0
08-02 18:32:13.349 20027 12688 I EuiccGoogle: [352] EuiccServiceImpl.onGetEuiccProfileInfoList: slotId = 0, isRemovable = false
08-02 18:32:13.349 20027 12688 I EuiccGoogle: [352] EuiccServiceImpl.onGetEuiccProfileInfoList: onGetEuiccProfileInfoList: isRemovable = false.
08-02 18:32:13.349 20027 12688 I EuiccGoogle: [352] EuiccServiceImpl.onGetEuiccProfileInfoList: getSimCardState for slotId: 0
08-02 18:32:13.351 20027 12688 I EuiccGoogle: [352] EuiccServiceImpl.onGetEuiccProfileInfoList: GetEuiccProfileInfoListResult: simCardState :11and simCardStateAtTelephony:11 for slot:0
08-02 18:32:13.351 20027 12688 I EuiccGoogle: [352] EuiccServiceImpl.getProfileInfoList: getProfileInfoList: slotId = 0, includeTestProfiles = false
08-02 18:32:13.351 20027 12688 I EuiccGoogle: [352] EuiccServiceImpl.getProfileInfoList: getProfileInfoList: slotId = 0, includeTestProfiles = false.
08-02 18:32:13.351 20027 12688 I EuiccGoogle: [352] EuiccServiceImpl.getEidFromSlotId: getEidFromSlotId: slotId = 0.
08-02 18:32:13.351 20027 12688 I EuiccGoogle: [352] NetworkCache.getEidForSlot: getEidForSlot: 0
08-02 18:32:13.352 20027 12688 I EuiccGoogle: [352] BlockingEuiccCardManager.requestAllProfiles: requestAllProfiles: cardId = [eOzY9t33uHTLfYqjiGvAEuLWZR0]
08-02 18:32:13.354 1761 1831 W ApplicationInfo: Large ApplicationInfo parcel: size=20140 package=com.zhiliaoapp.musically splits=57 sharedLibs=8 resDirs=1 overlayPaths=1
08-02 18:32:13.354 1761 1831 W ParceledListSlice: Element #308 is 20504 bytes.
08-02 18:32:13.356 8200 14417 D App : bindSocketToActiveNetwork: binding fd=147 to net=120 iface=wlan0
08-02 18:32:13.356 8200 14200 D gojni : App: bindSocketToActiveNetwork: binding fd=147 to net=120 iface=wlan0
08-02 18:32:13.372 12690 12690 W ip : type=1400 audit(0.0:340068): avc: denied { bind } for scontext=u:r:untrusted_app_34:s0:c124,c258,c512,c768 tcontext=u:r:untrusted_app_34:s0:c124,c258,c512,c768 tclass=netlink_route_socket permissive=0
08-02 18:32:13.381 25430 25430 I Finsky : [2] akne - Received: android.intent.action.PACKAGE_ADDED, [HssJB-ifswuoPH4aldImrqCBAZJS4eHCSCA8OvCGbG4]
08-02 18:32:13.380 12691 12691 W ip : type=1400 audit(0.0:340069): avc: denied { bind } for scontext=u:r:untrusted_app_34:s0:c124,c258,c512,c768 tcontext=u:r:untrusted_app_34:s0:c124,c258,c512,c768 tclass=netlink_route_socket permissive=0
08-02 18:32:13.385 12634 12634 I om.shire.mobile: hiddenapi: Accessing hidden method Landroid/os/SystemProperties;->addChangeCallback(Ljava/lang/Runnable;)V (runtime_flags=0, domain=platform, api=unsupported) from Landroidx/compose/ui/platform/AndroidComposeView$Companion; (domain=app, TargetSdkVersion=36) using reflection: allowed
08-02 18:32:13.401 29040 12661 I Auth : (REDACTED) [SupervisedAccountIntentOperation] onHandleIntent: %s
08-02 18:32:13.403 29040 12658 W AppInstallOperation: FDL Migration::InstallIntentOperation by FDL Module [CONTEXT service_id=77 ]
08-02 18:32:13.403 29040 12637 I Dck : [DckModuleInit] Package added intent processing... [CONTEXT service_id=289 ]
08-02 18:32:13.403 29040 12658 I FraudProtectUtils: Not in testing population, skipping local test bank apps. [CONTEXT service_id=469 ]
08-02 18:32:13.403 29040 12658 I FraudProtectUtils: (REDACTED) Latest bank app list size: %d, %s isBankApp: false
08-02 18:32:13.403 29040 12658 I PackageInstallIntentOp: (REDACTED) Package %s is not a bank app. Skipping updates.
08-02 18:32:13.406 29040 12637 I Dck : [DckModuleInit] Package added is not voem app [CONTEXT service_id=289 ]
08-02 18:32:13.410 12634 12634 D VRI[MainActivity]: WindowInsets changed: 1080x2424 statusBars:[0,152,0,0] ime:[0,0,0,965] mandatorySystemGestures:[0,181,0,78]
08-02 18:32:13.411 29040 12637 I NearbyDiscovery: (REDACTED) processGrantSlicePermission: %s
08-02 18:32:13.412 1761 9945 I PackageManager: getInstalledPackages: callingUid=10139 flags=0 updatedFlags=786432 userId=0
08-02 18:32:13.413 25430 25430 I Finsky : [2] AIM: AppInfoCacheUpdater -> invalidating apps: [com.shire.mobile]
08-02 18:32:13.413 25430 25430 I Finsky : [2] AIM: AppInfoManager-Perf > getApps > called for 1 apps
08-02 18:32:13.415 25430 25492 I Finsky : [229] AIM: AppInfoManager-Perf > OnDeviceAppInfo > cacheHitCount=0, cacheMissCount=1. Missed in cache (limit 10) : [com.shire.mobile]
08-02 18:32:13.416 25430 25503 I Finsky : [232] AIM: AppInfoManager-Perf > OnDeviceAppInfo > cacheHitCount=1, cacheMissCount=0. Missed in cache (limit 10) : []
08-02 18:32:13.416 25430 25503 I Finsky : [232] AIM: Got app ownership map. App counts: . Unique apps: 0
08-02 18:32:13.416 25430 25503 E Finsky : [232] [Counters] attempted to use a non-positive increment for: 4752
08-02 18:32:13.416 25430 25503 I Finsky : [232] AIM: Got app ownership map. App counts: . Unique apps: 0
08-02 18:32:13.416 25430 25503 E Finsky : [232] [Counters] attempted to use a non-positive increment for: 4752
08-02 18:32:13.416 25430 25502 E Finsky : [231] [Counters] attempted to use a non-positive increment for: 4753
08-02 18:32:13.416 25430 25503 E Finsky : [232] [Counters] attempted to use a non-positive increment for: 4753
08-02 18:32:13.418 3566 3610 V RecentTasksController: Notify recent tasks changed
08-02 18:32:13.418 5602 5602 D RecentTasksList: invalidateLoadedTasks - previous requestLoadId: -1
08-02 18:32:13.421 3566 3610 V RecentTasksController: generateList(getRecentTasks)
08-02 18:32:13.421 3566 3610 V RecentTasksController: initializeDesksMap - allDeskIds: []
08-02 18:32:13.421 3566 3610 V RecentTasksController: Task 8727 is not an active desktop task
08-02 18:32:13.421 3566 3610 V RecentTasksController: Added fullscreen task: 8727
08-02 18:32:13.421 3566 3610 V RecentTasksController: Task 8733 is not an active desktop task
08-02 18:32:13.421 3566 3610 V RecentTasksController: Added fullscreen task: 8733
08-02 18:32:13.421 3566 3610 V RecentTasksController: Task 8732 is not an active desktop task
08-02 18:32:13.421 3566 3610 V RecentTasksController: Added fullscreen task: 8732
08-02 18:32:13.421 3566 3610 V RecentTasksController: generateList - complete
08-02 18:32:13.422 1761 1831 D IntervalStats: Unable to parse usage stats packages: [28, 38, 169, 194, 320, 321, 323, 344, 350, 354, 364, 383, 389, 408, 420, 422, 424, 426, 427, 429, 453, 455, 461, 465, 477, 484, 492, 493, 496, 498, 499, 518, 534, 544, 548, 551, 552, 553, 558, 573, 575, 578, 587, 588, 590, 595, 597, 603, 605, 619, 632, 671, 684, 685, 686, 687, 688]
08-02 18:32:13.422 5602 5623 D PreloadThumbnailUseCase: Preloading thumbnails for task ids: [[id=8732 windowingMode=1 user=0 lastActiveTime=266781023] null, [id=8733 windowingMode=1 user=0 lastActiveTime=267730536] null, [id=8727 windowingMode=1 user=0 lastActiveTime=267750528] null]
08-02 18:32:13.424 8200 14432 D gojni : 11.0M/139.1M magicsock: disco: node [NCKUH] d:b0c46301cd6eea5d now using 10.109.219.125:9240 mtu=1360 tx=8544fe780987
08-02 18:32:13.432 25430 25430 I Finsky : [2] DTU: Received onPackageAdded, replacing: true
08-02 18:32:13.448 20027 12688 I EuiccGoogle: [352] EuiccServiceImpl.onGetEuiccProfileInfoList: onGetEuiccProfileInfoList: Profile nickname = Skylo.
08-02 18:32:13.448 20027 12688 I EuiccGoogle: [352] EuiccServiceImpl.onGetEuiccProfileInfoList: onGetEuiccProfileInfoList: Profile info = EuiccProfileInfo (nickname=Skylo, serviceProviderName=Skylo, profileName=Skylo, profileClass=2, state=0, CarrierIdentifier=null, policyRules=0, accessRules=null, iccid=899019803[****]).
08-02 18:32:13.448 20027 12688 I EuiccGoogle: [352] EuiccServiceImpl.onGetEuiccProfileInfoList: onGetEuiccProfileInfoList: Profile nickname = AT&T.
08-02 18:32:13.448 20027 12688 I EuiccGoogle: [352] EuiccServiceImpl.onGetEuiccProfileInfoList: onGetEuiccProfileInfoList: Profile info = EuiccProfileInfo (nickname=AT&T, serviceProviderName=AT&T, profileName=6146D, profileClass=1, state=0, CarrierIdentifier=CarrierIdentifier{mcc=310,mnc=380,spn=null,imsi=null,gid1=39FF,gid2=FFFF,carrierid=-1,specificCarrierId=-1}, policyRules=0, accessRules=null, iccid=890138032[****]).
08-02 18:32:13.450 3849 4175 D EuiccConnector: handleMessage: E msg.what=6
08-02 18:32:13.450 3849 4175 D EuiccConnector: processMsg: ConnectedState
08-02 18:32:13.450 3849 4175 D EuiccConnector: handleMessage: X
08-02 18:32:13.453 25430 25493 I Finsky : [230] AIM: AppInfoManager-Perf > ItemModel > CacheSize=376, cacheHitCount=0, cacheMissCount=0, total appsWithNoServerDataCount=9. Missed in cache (limit 10) : []
08-02 18:32:13.461 29040 29040 D BoundBrokerSvc: onRebind: Intent { act=com.google.android.gms.onboardingconsent.api.ConsentManagerApiService.START dat=chimera-action:/... xflg=0x4 cmp=com.google.android.gms/.chimera.GmsApiService }
08-02 18:32:13.465 29393 29397 W .apps.wellbeing: Suspending all threads took: 22.052ms
08-02 18:32:13.466 29040 29060 I ConsentManagerApiServic: (REDACTED) ConsentManagerApiService onGetService success %s
08-02 18:32:13.482 12634 12634 D DesktopExperienceFlags: Toggle override initialized to: false
08-02 18:32:13.483 12634 12634 I TextToSpeech: Sucessfully bound to com.google.android.tts
08-02 18:32:13.484 1761 5905 D TextToSpeechManagerPerUserService: Trying to start connection to TTS engine: com.google.android.tts
08-02 18:32:13.485 1761 1761 D TextToSpeechManagerPerUserService: Connected successfully to TTS engine: com.google.android.tts
08-02 18:32:13.485 12634 12655 I TextToSpeech: Connected to TTS engine
08-02 18:32:13.508 29393 29397 W .apps.wellbeing: Reducing the number of considered missed Gc histogram windows from 288 to 100
08-02 18:32:13.524 29040 12654 W SQLiteLog: (28) double-quoted string literal: "com.shire.mobile"
08-02 18:32:13.531 1761 2025 E AppOps : attributionTag VCN not declared in manifest of android
08-02 18:32:13.544 29040 29604 I GetConsentOperation: (REDACTED) GetConsentOperation executing for package %s key %s
08-02 18:32:13.545 25430 12669 I Finsky : [418] SCH: Received scheduling request: Id: 12-1, Constraints: [{ L: 15000, D: 86400000, C: CHARGING_NONE, I: IDLE_NONE, N: NET_ANY, B: BATTERY_ANY }]
08-02 18:32:13.545 29040 29604 I ProtoConsentDataManager: (REDACTED) getConsent: Getting consent for package=[%s], key=[%s]
08-02 18:32:13.546 29040 29604 I GetConsentOperation: GetConsentOperation success [CONTEXT service_id=460 ]
08-02 18:32:13.555 1761 5905 W ApplicationInfo: Large ApplicationInfo parcel: size=20140 package=com.zhiliaoapp.musically splits=57 sharedLibs=8 resDirs=1 overlayPaths=1
08-02 18:32:13.555 1761 5905 W ParceledListSlice: Element #425 is 20144 bytes.
08-02 18:32:13.558 25430 25430 I Finsky : [2] akne - Received: android.intent.action.PACKAGE_ADDED, [HssJB-ifswuoPH4aldImrqCBAZJS4eHCSCA8OvCGbG4]
08-02 18:32:13.566 25430 25430 I Finsky : [2] akne - Deduping intent android.intent.action.PACKAGE_ADDED
08-02 18:32:13.566 12634 12634 I HWUI : Using FreeType backend (prop=Auto)
08-02 18:32:13.567 25430 25430 I Finsky : [2] akne - Received: android.intent.action.PACKAGE_ADDED, [HssJB-ifswuoPH4aldImrqCBAZJS4eHCSCA8OvCGbG4]
08-02 18:32:13.572 27934 3171 I VoiceDataManager: checkExternalData: Refreshing list of available externally downloaded voices...
08-02 18:32:13.580 25430 25430 I Finsky : [2] akne - Deduping intent android.intent.action.PACKAGE_ADDED
08-02 18:32:13.581 25430 25468 I Finsky : [219] RECEIVER_PACKAGE_MONITOR#logWorkEndAndFinishGoAsync: SUCCESS
08-02 18:32:13.584 25430 25502 I Finsky : [231] AIM: AppInfoManager-Perf > ItemModel > CacheSize=376, cacheHitCount=0, cacheMissCount=0, total appsWithNoServerDataCount=9. Missed in cache (limit 10) : []
08-02 18:32:13.586 25430 25493 I Finsky : [230] AIM: AppInfoManager-Perf > getApps > data collection finished
08-02 18:32:13.586 25430 25493 I Finsky : [230] AIM: AppInfoManager-Perf > maybeDestroyAppInfoManager is called. actives = 1
08-02 18:32:13.586 27934 29086 I VoiceDataDownloader: No VoiceLM voicepack found.
08-02 18:32:13.586 27934 29086 I VoiceDataDownloader: No VoiceLM voicepack found.
08-02 18:32:13.586 27934 29086 I VoiceDataDownloader: No VoiceLM voicepack found.
08-02 18:32:13.586 27934 29086 I VoiceDataDownloader: No VoiceLM voicepack found.
08-02 18:32:13.586 27934 29086 I VoiceDataDownloader: No VoiceLM voicepack found.
08-02 18:32:13.586 27934 29086 I VoiceDataDownloader: No VoiceLM voicepack found.
08-02 18:32:13.586 27934 29086 I VoiceDataDownloader: No VoiceLM voicepack found.
08-02 18:32:13.586 27934 29086 I VoiceDataDownloader: No VoiceLM voicepack found.
08-02 18:32:13.586 27934 29086 I VoiceDataDownloader: No VoiceLM voicepack found.
08-02 18:32:13.586 27934 29086 I VoiceDataDownloader: No VoiceLM voicepack found.
08-02 18:32:13.586 27934 29086 I VoiceDataDownloader: No VoiceLM voicepack found.
08-02 18:32:13.586 27934 29086 I VoiceDataDownloader: No VoiceLM voicepack found.
08-02 18:32:13.586 27934 29086 I VoiceDataDownloader: No VoiceLM voicepack found.
08-02 18:32:13.586 27934 29086 I VoiceDataDownloader: No VoiceLM voicepack found.
08-02 18:32:13.586 27934 29086 I VoiceDataDownloader: No VoiceLM voicepack found.
08-02 18:32:13.586 27934 29086 I VoiceDataDownloader: No VoiceLM voicepack found.
08-02 18:32:13.586 27934 29086 I VoiceDataDownloader: No VoiceLM voicepack found.
08-02 18:32:13.586 27934 29086 I VoiceDataDownloader: No VoiceLM voicepack found.
08-02 18:32:13.586 27934 29086 I VoiceDataDownloader: No VoiceLM voicepack found.
08-02 18:32:13.608 25430 25492 I Finsky : [229] AIM: AppInfoManager-Perf > ItemModel > CacheSize=376, cacheHitCount=0, cacheMissCount=0, total appsWithNoServerDataCount=9. Missed in cache (limit 10) : []
08-02 18:32:13.619 25430 25503 I Finsky : [232] AIM: AppInfoManager-Perf > getApps > data collection finished
08-02 18:32:13.619 25430 25503 I Finsky : [232] AIM: AppInfoManager-Perf > maybeDestroyAppInfoManager is called. actives = 0
08-02 18:32:13.638 1761 2025 D WindowManager: setClientSurface Surface(name=VRI-com.shire.mobile/com.shire.mobile.MainActivity#32755)/@0xd30e0a0 for 69aeab8 com.shire.mobile/com.shire.mobile.MainActivity
