08-02 18:32:14.246 30171 30336 I AiAiVC : (REDACTED) Centralized allowlist: requested package %s is in the allowlist
08-02 18:32:14.246 30171 30336 I AiAiVC : (REDACTED) Centralized allowlist: requested package %s is in the allowlist
08-02 18:32:14.246 30171 30336 I AiAiVC : (REDACTED) Centralized allowlist: requested package %s is in the allowlist
08-02 18:32:14.246 30171 30336 I AiAiVC : (REDACTED) Centralized allowlist: requested package %s is in the allowlist
08-02 18:32:14.246 30171 30336 I AiAiVC : (REDACTED) Centralized allowlist: requested package %s is in the allowlist
08-02 18:32:14.246 30171 30336 I AiAiVC : (REDACTED) Centralized allowlist: requested package %s is in the allowlist
08-02 18:32:14.246 30171 30336 I AiAiVC : (REDACTED) Centralized allowlist: requested package %s is in the allowlist
08-02 18:32:14.246 30171 30336 I AiAiVC : (REDACTED) Centralized allowlist: requested package %s is in the allowlist
08-02 18:32:14.246 30171 30336 I AiAiVC : (REDACTED) Centralized allowlist: requested package %s is in the allowlist
08-02 18:32:14.246 30171 30336 I AiAiVC : (REDACTED) Centralized allowlist: requested package %s is in the allowlist
08-02 18:32:14.246 30171 30336 I AiAiVC : (REDACTED) Centralized allowlist: requested package %s is in the allowlist
08-02 18:32:14.246 30171 30336 I AiAiVC : (REDACTED) Centralized allowlist: requested package %s is in the allowlist
08-02 18:32:14.246 30171 30336 I AiAiVC : (REDACTED) Centralized allowlist: requested package %s is in the allowlist
08-02 18:32:14.246 30171 30336 I AiAiVC : (REDACTED) Centralized allowlist: requested package %s is in the allowlist
08-02 18:32:14.246 30171 30336 I AiAiVC : (REDACTED) Centralized allowlist: requested package %s is in the allowlist
08-02 18:32:14.246 30171 30336 I AiAiVC : (REDACTED) Centralized allowlist: requested package %s is in the allowlist
08-02 18:32:14.246 30171 30336 I AiAiVC : (REDACTED) Centralized allowlist: requested package %s is in the allowlist
08-02 18:32:14.246 30171 30336 I AiAiVC : (REDACTED) Centralized allowlist: requested package %s is not in the allowlist
08-02 18:32:14.246 30171 30336 I AiAiVC : (REDACTED) Centralized allowlist: requested package %s is in the allowlist
08-02 18:32:14.246 30171 30336 I AiAiVC : (REDACTED) Centralized allowlist: requested package %s is in the allowlist
08-02 18:32:14.246 30171 30336 I AiAiVC : (REDACTED) Centralized allowlist: requested package %s is in the allowlist
08-02 18:32:14.246 30171 30336 I AiAiVC : (REDACTED) Centralized allowlist: requested package %s is not in the allowlist
08-02 18:32:14.246 30171 30336 I AiAiVC : (REDACTED) Centralized allowlist: requested package %s is in the allowlist
08-02 18:32:14.246 30171 30336 I AiAiVC : (REDACTED) Centralized allowlist: requested component %s is in the allowlist
08-02 18:32:14.246 30171 30336 I AiAiVC : (REDACTED) Centralized allowlist: requested component %s is in the allowlist
08-02 18:32:14.246 30171 30336 I AiAiVC : (REDACTED) Centralized allowlist: requested component %s is in the allowlist
08-02 18:32:14.246 30171 30336 I AiAiVC : (REDACTED) Centralized allowlist: requested component %s is in the allowlist
08-02 18:32:14.246 30171 30336 I AiAiVC : (REDACTED) Centralized allowlist: requested component %s is not in the allowlist
08-02 18:32:14.246 30171 30336 I AiAiVC : (REDACTED) Centralized allowlist: requested component %s is not in the allowlist
08-02 18:32:14.246 30171 30336 I AiAiVC : (REDACTED) Centralized allowlist: requested component %s is not in the allowlist
08-02 18:32:14.246 30171 30336 I AiAiVC : (REDACTED) Centralized allowlist: requested component %s is not in the allowlist
08-02 18:32:14.246 30171 30336 I AiAiVC : (REDACTED) Centralized allowlist: requested component %s is in the allowlist
08-02 18:32:14.246 30171 30336 I AiAiVC : (REDACTED) Centralized allowlist: requested component %s is in the allowlist
08-02 18:32:14.246 30171 30336 I AiAiVC : (REDACTED) Centralized allowlist: requested component %s is in the allowlist
08-02 18:32:14.246 30171 30336 I AiAiVC : (REDACTED) Centralized allowlist: requested component %s is in the allowlist
08-02 18:32:14.247 30171 30336 I AiAiVC : (REDACTED) Centralized allowlist: requested component %s is in the allowlist
08-02 18:32:14.247 30171 30336 I AiAiVC : (REDACTED) Centralized allowlist: requested component %s is in the allowlist
08-02 18:32:14.247 30171 30336 I AiAiVC : (REDACTED) Centralized allowlist: requested component %s is in the allowlist
08-02 18:32:14.247 30171 30336 I AiAiVC : (REDACTED) Centralized allowlist: requested component %s is in the allowlist
08-02 18:32:14.249 30171 30336 I AiAiVC : (REDACTED) Centralized allowlist: requested package %s is in the allowlist
08-02 18:32:14.249 30171 30336 I AiAiVC : (REDACTED) Centralized allowlist: requested package %s is in the allowlist
08-02 18:32:14.249 30171 30336 I AiAiVC : (REDACTED) Centralized allowlist: requested package %s is in the allowlist
08-02 18:32:14.249 30171 30336 I AiAiVC : (REDACTED) Centralized allowlist: requested package %s is in the allowlist
08-02 18:32:14.249 30171 30336 I AiAiVC : (REDACTED) Centralized allowlist: requested package %s is in the allowlist
08-02 18:32:14.249 30171 30336 I AiAiVC : (REDACTED) Centralized allowlist: requested package %s is in the allowlist
08-02 18:32:14.249 30171 30336 I AiAiVC : (REDACTED) Centralized allowlist: requested package %s is in the allowlist
08-02 18:32:14.249 30171 30336 I AiAiVC : (REDACTED) Centralized allowlist: requested package %s is in the allowlist
08-02 18:32:14.249 30171 30336 I AiAiVC : (REDACTED) Centralized allowlist: requested package %s is in the allowlist
08-02 18:32:14.249 30171 30336 I AiAiVC : (REDACTED) Centralized allowlist: requested package %s is in the allowlist
08-02 18:32:14.249 30171 30336 I AiAiVC : (REDACTED) Centralized allowlist: requested package %s is in the allowlist
08-02 18:32:14.249 30171 30336 I AiAiVC : (REDACTED) Centralized allowlist: requested package %s is in the allowlist
08-02 18:32:14.249 30171 30336 I AiAiVC : (REDACTED) Centralized allowlist: requested package %s is in the allowlist
08-02 18:32:14.249 30171 30336 I AiAiVC : (REDACTED) Centralized allowlist: requested package %s is in the allowlist
08-02 18:32:14.249 30171 30336 I AiAiVC : (REDACTED) Centralized allowlist: requested package %s is in the allowlist
08-02 18:32:14.249 30171 30336 I AiAiVC : (REDACTED) Centralized allowlist: requested package %s is in the allowlist
08-02 18:32:14.249 30171 30336 I AiAiVC : (REDACTED) Centralized allowlist: requested package %s is in the allowlist
08-02 18:32:14.249 30171 30336 I AiAiVC : (REDACTED) Centralized allowlist: requested package %s is in the allowlist
08-02 18:32:14.249 30171 30336 I AiAiVC : (REDACTED) Centralized allowlist: requested package %s is in the allowlist
08-02 18:32:14.249 30171 30336 I AiAiVC : (REDACTED) Centralized allowlist: requested package %s is in the allowlist
08-02 18:32:14.249 30171 30336 I AiAiVC : (REDACTED) Centralized allowlist: requested package %s is not in the allowlist
08-02 18:32:14.249 30171 30336 I AiAiVC : (REDACTED) Centralized allowlist: requested package %s is in the allowlist
08-02 18:32:14.249 30171 30336 I AiAiVC : (REDACTED) Centralized allowlist: requested package %s is in the allowlist
08-02 18:32:14.249 30171 30336 I AiAiVC : (REDACTED) Centralized allowlist: requested package %s is in the allowlist
08-02 18:32:14.249 30171 30336 I AiAiVC : (REDACTED) Centralized allowlist: requested package %s is not in the allowlist
08-02 18:32:14.249 30171 30336 I AiAiVC : (REDACTED) Centralized allowlist: requested package %s is in the allowlist
08-02 18:32:14.249 30171 30336 I AiAiVC : (REDACTED) Centralized allowlist: requested component %s is in the allowlist
08-02 18:32:14.249 30171 30336 I AiAiVC : (REDACTED) Centralized allowlist: requested component %s is in the allowlist
08-02 18:32:14.249 30171 30336 I AiAiVC : (REDACTED) Centralized allowlist: requested component %s is in the allowlist
08-02 18:32:14.249 30171 30336 I AiAiVC : (REDACTED) Centralized allowlist: requested component %s is in the allowlist
08-02 18:32:14.250 30171 30336 I AiAiVC : (REDACTED) Centralized allowlist: requested component %s is not in the allowlist
08-02 18:32:14.250 30171 30336 I AiAiVC : (REDACTED) Centralized allowlist: requested component %s is not in the allowlist
08-02 18:32:14.250 30171 30336 I AiAiVC : (REDACTED) Centralized allowlist: requested component %s is not in the allowlist
08-02 18:32:14.250 30171 30336 I AiAiVC : (REDACTED) Centralized allowlist: requested component %s is not in the allowlist
08-02 18:32:14.250 30171 30336 I AiAiVC : (REDACTED) Centralized allowlist: requested component %s is in the allowlist
08-02 18:32:14.250 30171 30336 I AiAiVC : (REDACTED) Centralized allowlist: requested component %s is in the allowlist
08-02 18:32:14.250 30171 30336 I AiAiVC : (REDACTED) Centralized allowlist: requested component %s is in the allowlist
08-02 18:32:14.250 30171 30336 I AiAiVC : (REDACTED) Centralized allowlist: requested component %s is in the allowlist
08-02 18:32:14.250 30171 30336 I AiAiVC : (REDACTED) Centralized allowlist: requested component %s is in the allowlist
08-02 18:32:14.250 30171 30336 I AiAiVC : (REDACTED) Centralized allowlist: requested component %s is in the allowlist
08-02 18:32:14.250 30171 30336 I AiAiVC : (REDACTED) Centralized allowlist: requested component %s is in the allowlist
08-02 18:32:14.250 30171 30336 I AiAiVC : (REDACTED) Centralized allowlist: requested component %s is in the allowlist
08-02 18:32:14.256 1761 3907 W ActivityManager: Skipping manifest association check for null package. SourceUid: 10139, SourcePkg: null, TargetUid: 10139, TargetPkg: com.google.android.gms
08-02 18:32:14.268 1761 3907 W ApplicationInfo: Large ApplicationInfo parcel: size=20140 package=com.zhiliaoapp.musically splits=57 sharedLibs=8 resDirs=1 overlayPaths=1
08-02 18:32:14.268 1761 3907 W ParceledListSlice: Element #308 is 20504 bytes.
08-02 18:32:14.276 1761 5814 W ApplicationInfo: Large ApplicationInfo parcel: size=20140 package=com.zhiliaoapp.musically splits=57 sharedLibs=8 resDirs=1 overlayPaths=1
08-02 18:32:14.276 1761 5814 W ParceledListSlice: Element #308 is 20504 bytes.
08-02 18:32:14.314 1761 9949 W ApplicationInfo: Large ApplicationInfo parcel: size=20140 package=com.zhiliaoapp.musically splits=57 sharedLibs=8 resDirs=1 overlayPaths=1
08-02 18:32:14.314 1761 9949 W ParceledListSlice: Element #308 is 20504 bytes.
08-02 18:32:14.315 21634 21638 E gcblocker: too long GC blocking: 5
08-02 18:32:14.315 21634 21638 E gcblocker: gc block end, 172365346,101
08-02 18:32:14.334 1761 9945 W ApplicationInfo: Large ApplicationInfo parcel: size=20140 package=com.zhiliaoapp.musically splits=57 sharedLibs=8 resDirs=1 overlayPaths=1
08-02 18:32:14.335 1761 9945 W ParceledListSlice: Element #308 is 20504 bytes.
08-02 18:32:14.419 24641 9297 D EventStreamRepository: Thread: 2. ring.core.app. Inserted events into db. Total count is 189, flushing=false
08-02 18:32:14.419 24641 9297 D EventStreamRepository: Thread: 2. ring.core.app. Reached minSize in db, scheduling the worker
08-02 18:32:14.420 24641 24723 D WM-Processor: Processor cancelling ee07ebfc-bc3d-4cd8-9103-362247b766dd
08-02 18:32:14.421 24641 24723 D WM-Processor: WorkerWrapper could not be found for ee07ebfc-bc3d-4cd8-9103-362247b766dd
08-02 18:32:14.429 24641 24723 D WM-GreedyScheduler: Cancelling work ID ee07ebfc-bc3d-4cd8-9103-362247b766dd
08-02 18:32:14.431 5736 5810 I FontLog : (REDACTED) Received query %s, URI %s
08-02 18:32:14.431 12634 12634 I Choreographer: Skipped 36 frames! The application may be doing too much work on its main thread.
08-02 18:32:14.431 5736 5810 I FontLog : (REDACTED) Query [%s] resolved to %s
08-02 18:32:14.438 5736 5810 I FontLog : (REDACTED) Fetch %s end status %s
08-02 18:32:14.447 5736 5810 I FontLog : (REDACTED) Pulling font file for id = %d, cache size = %d
08-02 18:32:14.449 24641 24723 D WM-SystemJobScheduler: Scheduling work ID 155bdeb4-0bfb-44db-a0ca-78807c06f303Job ID 1079687
08-02 18:32:14.458 5736 5810 I FontLog : (REDACTED) Pulling font file for id = %d, cache size = %d
08-02 18:32:14.661 1761 2517 D HintManagerService: Starts cleaning for 10615
08-02 18:32:14.661 1761 2517 D HintManagerService: Starts cleaning for 10584
08-02 18:32:14.672 1761 5905 W ApplicationInfo: Large ApplicationInfo parcel: size=20140 package=com.zhiliaoapp.musically splits=57 sharedLibs=8 resDirs=1 overlayPaths=1
08-02 18:32:14.672 1761 5905 W PackageInfo: Large parcel: size=22164 pkg=com.zhiliaoapp.musically uid=10310 prevAllowSquashing=false
08-02 18:32:14.673 1761 2538 W ApplicationInfo: Large ApplicationInfo parcel: size=20140 package=com.zhiliaoapp.musically splits=57 sharedLibs=8 resDirs=1 overlayPaths=1
08-02 18:32:14.673 1761 2538 W PackageInfo: Large parcel: size=22164 pkg=com.zhiliaoapp.musically uid=10310 prevAllowSquashing=false
08-02 18:32:14.673 1761 5814 W ApplicationInfo: Large ApplicationInfo parcel: size=20140 package=com.zhiliaoapp.musically splits=57 sharedLibs=8 resDirs=1 overlayPaths=1
08-02 18:32:14.673 1761 3907 W ApplicationInfo: Large ApplicationInfo parcel: size=20140 package=com.zhiliaoapp.musically splits=57 sharedLibs=8 resDirs=1 overlayPaths=1
08-02 18:32:14.673 1761 3907 W PackageInfo: Large parcel: size=22164 pkg=com.zhiliaoapp.musically uid=10310 prevAllowSquashing=false
08-02 18:32:14.673 1761 5814 W PackageInfo: Large parcel: size=22164 pkg=com.zhiliaoapp.musically uid=10310 prevAllowSquashing=false
08-02 18:32:14.745 1761 5814 V SafetySourceDataValidat: Package: com.android.vending has expected signature
08-02 18:32:14.745 1761 5814 V SafetySourceDataValidat: Package: com.android.vending has expected signature
08-02 18:32:15.099 8200 14204 D gojni : 10.9M/139.1M netcheck: DetectCaptivePortal(found=false)
08-02 18:32:15.128 12732 12732 W ip : type=1400 audit(0.0:340070): avc: denied { bind } for scontext=u:r:untrusted_app_34:s0:c124,c258,c512,c768 tcontext=u:r:untrusted_app_34:s0:c124,c258,c512,c768 tclass=netlink_route_socket permissive=0 app=com.tailscale.ipn
08-02 18:32:15.345 30171 30288 I AiAiSmartNotification: (REDACTED) playStoreCategoriesMap size: %d
08-02 18:32:15.366 12634 12643 I om.shire.mobile: Compiler allocated 5295KB to compile void android.view.ViewRootImpl.performTraversals(long)
08-02 18:32:15.729 21634 28145 W libbinder.Binder: Binder transaction to android.accounts.IAccountAuthenticator, function: UNKNOWN_FUNCTION_NAME, code: 3, took 1500ms. Data bytes: 492 Reply bytes: 0 Flags: 17
08-02 18:32:15.831 21634 21638 E gcblocker: too long GC blocking: 5
08-02 18:32:15.831 21634 21638 E gcblocker: gc block end, 172366863,100
08-02 18:32:16.456 1761 1981 W PackageManager: Unable to load service info ResolveInfo{ebf19b1 jcutting.ghosttubesls/com.ghosttube.authentication.AccountAuthenticatorService m=0x108000 userHandle=null}
08-02 18:32:16.456 1761 1981 W PackageManager: org.xmlpull.v1.XmlPullParserException: No android.accounts.AccountAuthenticator meta-data
08-02 18:32:16.456 1761 1981 W PackageManager: at android.content.pm.RegisteredServicesCache.parseServiceInfo(RegisteredServicesCache.java:720)
08-02 18:32:16.456 1761 1981 W PackageManager: at android.content.pm.RegisteredServicesCache.generateServicesMap(RegisteredServicesCache.java:543)
08-02 18:32:16.456 1761 1981 W PackageManager: at android.content.pm.RegisteredServicesCache.handlePackageEvent(RegisteredServicesCache.java:238)
08-02 18:32:16.456 1761 1981 W PackageManager: at android.content.pm.RegisteredServicesCache.-$$Nest$mhandlePackageEvent(RegisteredServicesCache.java:0)
08-02 18:32:16.456 1761 1981 W PackageManager: at android.content.pm.RegisteredServicesCache$1.onReceive(RegisteredServicesCache.java:247)
08-02 18:32:16.456 1761 1981 W PackageManager: at android.app.LoadedApk$ReceiverDispatcher$Args.lambda$getRunnable$0(LoadedApk.java:2050)
08-02 18:32:16.456 1761 1981 W PackageManager: at android.app.LoadedApk$ReceiverDispatcher$Args.$r8$lambda$mcNAAl1SQ4MyJPyDg8TJ2x2h0Rk(LoadedApk.java:0)
08-02 18:32:16.456 1761 1981 W PackageManager: at android.app.LoadedApk$ReceiverDispatcher$Args$$ExternalSyntheticLambda0.run(D8$$SyntheticClass:0)
08-02 18:32:16.456 1761 1981 W PackageManager: at android.os.Handler.handleCallback(Handler.java:1095)
08-02 18:32:16.456 1761 1981 W PackageManager: at android.os.Handler.dispatchMessageImpl(Handler.java:135)
08-02 18:32:16.456 1761 1981 W PackageManager: at android.os.Handler.dispatchMessage(Handler.java:125)
08-02 18:32:16.456 1761 1981 W PackageManager: at android.os.Looper.loopOnce(Looper.java:296)
08-02 18:32:16.456 1761 1981 W PackageManager: at android.os.Looper.loop(Looper.java:397)
08-02 18:32:16.456 1761 1981 W PackageManager: at android.os.HandlerThread.run(HandlerThread.java:139)
08-02 18:32:16.479 5736 12455 I SQLiteConnection: Long db operation: /data/user/0/com.google.android.gms/databases/phenotype.db
08-02 18:32:16.667 1761 1981 I AppBindingService: [Supervision app] feature disabled
08-02 18:32:16.669 1761 1981 D CorePackageUpdate: Package update finished for pkg= com.shire.mobile
08-02 18:32:16.669 1761 1981 D CorePackageUpdate: Notifying for task: 8727
08-02 18:32:16.673 3566 3610 D ShellPackageUpdate: PackageUpdateController: onPackageUpdateFinished for task: [8727]
08-02 18:32:16.673 3566 3610 D ShellPackageUpdate: PackageUpdateController: task 8727, launching the base intent and removing placeholder.
08-02 18:32:16.675 3566 3610 V WindowManagerShell: Directly starting a new transition type=CHANGE wct=WindowContainerTransaction { changes= {} hops= [{pendingIntent: options=Bundle[{android.activity.splashScreenStyle=-1, android.pendingIntent.backgroundActivityAllowed=3, android.activity.avoidMoveToFront=true, android.activity.launchTaskId=8727, android:activity.animAbortListener=null}]}] flags= 0 errorCallbackToken=null taskFragmentOrganizer=null } handler=com.android.wm.shell.packageupdate.PackageUpdateTransitionHandler@1c6118
08-02 18:32:16.675 1761 9945 V WindowManager: deferTransitionReady deferReadyDepth=1 stack=com.android.server.wm.WindowOrganizerController.applyTransaction:717 com.android.server.wm.WindowOrganizerController.applyTransaction:651 com.android.server.wm.WindowOrganizerController.lambda$startTransition$3:388 com.android.server.wm.WindowOrganizerController.$r8$lambda$PHnU0rj5Bcvaq0dL-Wi7kOJt8bo:0 com.android.server.wm.WindowOrganizerController$$ExternalSyntheticLambda5.onCollectStarted:0
08-02 18:32:16.677 1761 1975 W ActivityTaskManager: callingPackage for (uid=1000, pid=1761) is ambiguous: [android, com.android.providers.settings, com.android.server.telecom, com.android.location.fused]
08-02 18:32:16.683 1761 1975 V GrammaticalInflectionUtils: AttributionSource: android.content.AttributionSource@86d2097b does not have READ_SYSTEM_GRAMMATICAL_GENDER permission.
08-02 18:32:16.685 1761 1975 W TransitionChain: Combining startAct into #6245(CHANGE||0x0) from startNewTransit
08-02 18:32:16.685 1761 1975 W ActivityTaskManager: startActivity called from non-Activity context; forcing Intent.FLAG_ACTIVITY_NEW_TASK for: Intent { act=android.intent.action.MAIN cat=[android.intent.category.LAUNCHER] flg=0x8000 xflg=0x4 cmp=com.shire.mobile/.MainActivity }
08-02 18:32:16.688 1761 1761 D ActivityManager: sync unfroze 12214 com.google.android.odad for 6
08-02 18:32:16.690 1761 1975 D ActivityTaskManager: Temporarily retain top process state for launching app
08-02 18:32:16.691 1761 1975 V ActivityTaskManager: TaskLaunchParamsModifier: phase=3 task=Task{1b0679d #8727 type=standard A=10615:com.shire.mobile} activity=ActivityRecord{250092808 u0 com.shire.mobile/.MainActivity t-1} display-from-task=0 display-id=0 task-display-area-windowing-mode=1 suggested-display-area=DefaultTaskDisplayArea@43236778 inherit-from-task=fullscreen non-freeform-task-display-area display-area=DefaultTaskDisplayArea@43236778 skip-bounds-fullscreen
08-02 18:32:16.691 1761 1975 I ActivityTaskManager: START u0 {act=android.intent.action.MAIN cat=[android.intent.category.LAUNCHER] flg=0x8000 xflg=0x4 cmp=com.shire.mobile/.MainActivity} with LAUNCH_MULTIPLE from uid 10235 (com.android.systemui) (realCallingUid=1000) (BAL_ALLOW_PERMISSION [realCaller]) result code=0
08-02 18:32:16.692 1761 2504 W UsageStatsService: Unexpected activity event reported! (com.android.systemui/com.android.wm.shell.packageupdate.PackageUpdateActivity event : 23 instanceId : 156970709)
08-02 18:32:16.693 1761 9945 D CorePackageUpdate: Couldn't find a persistent state for task= 8727
08-02 18:32:16.695 1761 9945 V WindowManager: continueTransitionReady deferReadyDepth=0 stack=com.android.server.wm.WindowOrganizerController.applyTransaction:864 com.android.server.wm.WindowOrganizerController.applyTransaction:651 com.android.server.wm.WindowOrganizerController.lambda$startTransition$3:388 com.android.server.wm.WindowOrganizerController.$r8$lambda$PHnU0rj5Bcvaq0dL-Wi7kOJt8bo:0 com.android.server.wm.WindowOrganizerController$$ExternalSyntheticLambda5.onCollectStarted:0
08-02 18:32:16.698 1761 1975 I DisplayDeviceRepository: Display device changed render timings: "Inner Display", renderFrameRate=120.00001, presentationDeadlineNanos=11500000, appVsyncOffsetNanos=6233332, frameRateOverrides=[{uid=10235 frameRateHz=120.00001}, {uid=10259 frameRateHz=120.00001}]
08-02 18:32:16.701 24905 24905 I pixel-thermal: VIRTUAL-USB-UI:0 raw data: USB-MINUS-CHARGER:-3140 VIRTUAL-USB-UI:0 charger_therm:30080 usb_conn_therm:26940
08-02 18:32:16.701 24905 24905 I pixel-thermal: VIRTUAL-USB-THROTTLING:0 raw data: USB-MINUS-CHARGER:-3140 VIRTUAL-USB-THROTTLING:0 usb_conn_therm:26940
08-02 18:32:16.701 24905 24905 I pixel-thermal: VIRTUAL-SKIN-SPEAKER:32.6014 raw data: IS_VSKIN_SPEAKER_MODEL_WITHIN_RANGE:1 IS_VSKIN_SPEAKER_MODEL_WITHIN_RANGE_CHECK:2 NO_VSKIN_SPEAKER_MODEL_WITHIN_RANGE:0 VIRTUAL-SKIN-SPEAKER:32601.4 VIRTUAL-SKIN-SPEAKER-LEGACY:32664.6 VIRTUAL-SKIN-SPEAKER-MODEL:32601.4 maxfg_base:26200 usb_conn_therm:26940
08-02 18:32:16.702 24905 24905 I pixel-thermal: VIRTUAL-SKIN:28.2329 raw data: CLOSE_WEIGHT:1 OPEN_WEIGHT:2.8026e-45 VIRTUAL-SKIN:28232.9 VIRTUAL-SKIN-CLOSE:28232.9 VIRTUAL-SKIN-CLOSE-SUB-1:28189.4 VIRTUAL-SKIN-CLOSE-SUB-2:28232.9 VIRTUAL-SKIN-CLOSE-SUB-3:26963.5 VIRTUAL-SKIN-CLOSE-SUB-4:26489.1 VIRTUAL-SKIN-LEGACY:28232.9 VIRTUAL-SKIN-OPEN:29518.9 VIRTUAL-SKIN-OPEN-SUB-1:26327.3 VIRTUAL-SKIN-OPEN-SUB-2:29518.9 charger_therm:30080 display_therm:26987 gnss_tcxo_therm:28745 inner_brightness:0 inner_display_therm:28099 maxfg_base:26200 maxfg_secondary:24800 modem_therm:28812 rffe_therm:28656 soc_therm:29991 usb_conn_therm:26940
08-02 18:32:16.702 24905 24905 I pixel-thermal: rffe_therm:28.656 raw data: rffe_therm:28656
08-02 18:32:16.702 24905 24905 I pixel-thermal: VIRTUAL-SKIN-CHARGE-WIRED:28.5381 raw data: CLOSE_WEIGHT:1 IS_WLC:0 NO_WLC:1 OPEN_WEIGHT:2.8026e-45 VIRTUAL-SKIN-CHARGE-WIRED:28538.1 VIRTUAL-SKIN-CHARGE-WIRED-CLOSE:28538.1 VIRTUAL-SKIN-CHARGE-WIRED-EQ:28538.1 VIRTUAL-SKIN-CHARGE-WIRED-OPEN:28454.6 WLC_CHECK:1 gnss_tcxo_therm:28745 modem_therm:28812 rffe_therm:28656 soc_therm:29991 thb_hda:53
08-02 18:32:16.702 24905 24905 I pixel-thermal: VIRTUAL-SKIN-OUTER-DISPLAY:26.9016 raw data: VIRTUAL-SKIN-OUTER-DISPLAY:26901.6 display_therm:26987
08-02 18:32:16.702 24905 24905 I pixel-thermal: cellular-emergency:28.2329 raw data: VIRTUAL-SKIN:28232.9 cellular-emergency:28232.9
08-02 18:32:16.702 24905 24905 I pixel-thermal: soc_therm:29.991 raw data: soc_therm:29991
08-02 18:32:16.702 24905 24905 I pixel-thermal: VIRTUAL-SKIN-CHARGE-PERSIST:28.5381 raw data: IS_WLC:0 NO_WLC:1 VIRTUAL-SKIN-CHARGE-PERSIST:28538.1 VIRTUAL-SKIN-CHARGE-WIRED-EQ:28538.1 VIRTUAL-SKIN-CHARGE-WLC-EQ:28418 charger_therm:30080 gnss_tcxo_therm:28745 rffe_therm:28656
08-02 18:32:16.702 24905 24905 I pixel-thermal: VIRTUAL-SKIN-INNER-DISPLAY:29.5189 raw data: VIRTUAL-SKIN-INNER-DISPLAY:29518.9 VIRTUAL-SKIN-OPEN:29518.9
08-02 18:32:16.702 30171 12736 I AiAiEcho: (REDACTED) AppIndexer Package:[%s] UserProfile:[%d] Enabled:[%s].
08-02 18:32:16.703 30171 12736 I AiAiEcho: (REDACTED) AppFetcherImplV2 updateApps package:[%s], userId:[%d], reason:[%s].
08-02 18:32:16.703 24905 24905 I pixel-thermal: battery:26.2 raw data: battery:26200
08-02 18:32:16.703 24905 24905 I pixel-thermal: gnss_tcxo_therm:28.745 raw data: gnss_tcxo_therm:28745
08-02 18:32:16.703 24905 24905 I pixel-thermal: charger_therm:30.08 raw data: charger_therm:30080
08-02 18:32:16.703 24905 24905 I pixel-thermal: usb_conn_therm:26.94 raw data: usb_conn_therm:26940
08-02 18:32:16.703 24905 24905 I pixel-thermal: modem_therm:28.812 raw data: modem_therm:28812
08-02 18:32:16.721 1761 9945 D TextToSpeechManagerPerUserService: Unbinding TTS engine: com.google.android.tts. Reason: client disconnection request
08-02 18:32:16.722 1761 1761 W TextToSpeechManagerPerUserService: Disconnected from TTS engine
08-02 18:32:16.722 1761 1761 W TextToSpeechManagerPerUserService$TextToSpeechSessionConnection: mayInterruptIfRunning not supported - ignoring
08-02 18:32:16.722 12634 12717 I TextToSpeech: Disconnected from TTS engine
08-02 18:32:16.724 12634 12634 D WindowOnBackDispatcher: setTopOnBackInvokedCallback (unwrapped): null
08-02 18:32:16.724 1761 5905 D CoreBackPreview: Window{69aeab8 u0 com.shire.mobile/com.shire.mobile.MainActivity}: Setting back callback null
08-02 18:32:16.727 1761 2504 W UsageStatsService: Unexpected activity event reported! (com.shire.mobile/com.shire.mobile.MainActivity event : 23 instanceId : 156181461)
08-02 18:32:16.734 12634 12634 I ContentCaptureHelper: Setting logging level to OFF
08-02 18:32:16.737 1761 5905 W InputChannel-JNI: Channel already disposed.
08-02 18:32:16.743 12634 12634 D WindowOnBackDispatcher: setTopOnBackInvokedCallback (unwrapped): android.app.Activity$$ExternalSyntheticLambda0@b04f3b
08-02 18:32:16.743 1761 5905 D CoreBackPreview: Window{ba0f049 u0 com.shire.mobile/com.shire.mobile.MainActivity}: Setting back callback OnBackInvokedCallbackInfo{mCallback=android.window.IOnBackInvokedCallback$Stub$Proxy@3e8a77c, mPriority=-1, mIsAnimationCallback=false, mOverrideBehavior=0}
08-02 18:32:16.749 12634 12634 D VRI[MainActivity]: WindowInsets changed: 1080x2424 statusBars:[0,152,0,0] ime:[0,0,0,965] mandatorySystemGestures:[0,181,0,78]
08-02 18:32:16.756 1761 5905 W ApplicationInfo: Large ApplicationInfo parcel: size=20140 package=com.zhiliaoapp.musically splits=57 sharedLibs=8 resDirs=1 overlayPaths=1
08-02 18:32:16.756 1761 5905 W ParceledListSlice: Element #308 is 20464 bytes.
08-02 18:32:16.772 12634 12634 I TextToSpeech: Sucessfully bound to com.google.android.tts
08-02 18:32:16.772 1761 5905 D TextToSpeechManagerPerUserService: Trying to start connection to TTS engine: com.google.android.tts
08-02 18:32:16.773 1761 1761 D TextToSpeechManagerPerUserService: Connected successfully to TTS engine: com.google.android.tts
08-02 18:32:16.774 12634 12652 I TextToSpeech: Connected to TTS engine
08-02 18:32:16.778 27934 3171 I GoogleTTSServiceImpl: currentLocale = en-AU
08-02 18:32:16.780 27934 3171 I GoogleTTSServiceImpl: For default lang en-au is name en-AU-language (en-au-x-aua-server)
08-02 18:32:16.781 12634 12703 I TextToSpeech: Setting up the connection to TTS engine...
08-02 18:32:16.783 3762 4033 D ImpulseConnection: timeout didn't happen: com.google.android.apps.turbo
08-02 18:32:16.795 840 840 W powerhal-libperfmgr: Sess(6382), cannot resume, already active
08-02 18:32:16.808 3762 4765 D TemperatureStateSource: sequence=17183 actualDelay=10001
08-02 18:32:16.808 3762 4765 D TemperatureStateSource: Reading temperature: sequence=17184
08-02 18:32:16.809 24905 24905 I pixel-thermal: VIRTUAL-SKIN:28.2329 raw data: VIRTUAL-SKIN:28232.9
08-02 18:32:16.809 3762 4765 D TemperatureStateSource: getDeviceTemperatures: sequence=17184 deviceTemperatureType=3 temperatureSource=0 temperatures=[28.232939]
08-02 18:32:16.809 3762 4765 D TemperatureStateSource: sequence=17184 waitTime=10000
08-02 18:32:16.809 3762 4765 D ImpulseStateSource: Notify clients: 18234
08-02 18:32:16.840 3566 3610 V RecentTasksController: Notify recent tasks changed
08-02 18:32:16.840 5602 5602 D RecentTasksList: invalidateLoadedTasks - previous requestLoadId: -1
08-02 18:32:16.842 3566 3610 V RecentTasksController: generateList(getRecentTasks)
08-02 18:32:16.842 3566 3610 V RecentTasksController: initializeDesksMap - allDeskIds: []
08-02 18:32:16.842 3566 3610 V RecentTasksController: Task 8727 is not an active desktop task
08-02 18:32:16.842 3566 3610 V RecentTasksController: Added fullscreen task: 8727
08-02 18:32:16.842 3566 3610 V RecentTasksController: Task 8733 is not an active desktop task
08-02 18:32:16.842 3566 3610 V RecentTasksController: Added fullscreen task: 8733
08-02 18:32:16.842 3566 3610 V RecentTasksController: Task 8732 is not an active desktop task
08-02 18:32:16.842 3566 3610 V RecentTasksController: Added fullscreen task: 8732
08-02 18:32:16.842 3566 3610 V RecentTasksController: generateList - complete
08-02 18:32:16.843 5602 5623 D PreloadThumbnailUseCase: Preloading thumbnails for task ids: [[id=8732 windowingMode=1 user=0 lastActiveTime=266781023] null, [id=8733 windowingMode=1 user=0 lastActiveTime=267730536] null, [id=8727 windowingMode=1 user=0 lastActiveTime=267753971] null]
08-02 18:32:16.845 1761 3907 D WindowManager: setClientSurface Surface(name=VRI-com.shire.mobile/com.shire.mobile.MainActivity#32758)/@0xd6f15fe for ba0f049 com.shire.mobile/com.shire.mobile.MainActivity
08-02 18:32:16.847 12634 12634 I Surface : Creating surface for consumer unnamed-12634-1 with slotExpansion=1 for 64 slots
08-02 18:32:16.847 12634 12634 I Surface : Creating surface for consumer VRI[MainActivity]#1(BLAST Consumer)1 with slotExpansion=1 for 64 slots
08-02 18:32:16.847 1761 1972 V WindowManager: Sent Transition (#6245) createdAt=08-02 18:32:16.675
08-02 18:32:16.847 1761 1972 V WindowManager: startWCT=WindowContainerTransaction { changes= {} hops= [{pendingIntent: options=Bundle[{android.activity.splashScreenStyle=-1, android.pendingIntent.backgroundActivityAllowed=3, android.activity.avoidMoveToFront=true, android.activity.launchTaskId=8727, android:activity.animAbortListener=null}]}] flags= 0 errorCallbackToken=null taskFragmentOrganizer=null }
08-02 18:32:16.847 1761 1972 V WindowManager: info={id=6245 t=CHANGE f=0x10040 trk=0 r=[] c=[]}
08-02 18:32:16.848 1761 3496 I MR2ServiceImpl: Updating composite discovery preference | preference: RouteDiscoveryRequest{ preferredFeatures={}, activeScan=false }, active routers: []
08-02 18:32:16.849 3566 4936 V WindowManagerShell: onTransitionReady(transaction=7563438018156)
08-02 18:32:16.849 3566 3610 V WindowManagerShell: onTransitionReady (#6245) android.os.BinderProxy@9429965: {id=6245 t=CHANGE f=0x10040 trk=0 r=[] c=[]}
08-02 18:32:16.849 3566 3610 V WindowManagerShell: FocusTransitionObserver: Updating focus state for transition #6245
08-02 18:32:16.849 3566 3610 V ShellDesktopMode: DesktopModeLogger: taskInfo map after processing changes 0
08-02 18:32:16.849 3566 3610 V WindowManagerShell: No transition roots in (#6245) android.os.BinderProxy@9429965@0 so abort
08-02 18:32:16.849 3566 3610 V WindowManagerShell: Transition animation finished (aborted=true), notifying core (#6245) android.os.BinderProxy@9429965@0
08-02 18:32:16.851 1761 1972 V WindowManager: Finish Transition (#6245): created at
08-02 18:32:16.675 collect-started=0.063ms started=0.075ms ready=19.557ms sent=170.63ms finished=175.318ms
08-02 18:32:16.851 3566 3610 V WindowManagerShell: Track 0 became idle
08-02 18:32:16.851 3566 3610 V WindowManagerShell: All active transition animations finished
08-02 18:32:16.853 1761 3496 I MR2ServiceImpl: Updating composite discovery preference | preference: RouteDiscoveryRequest{ preferredFeatures={}, activeScan=false }, active routers: []
08-02 18:32:16.857 1761 1972 D HintManagerService: Sent cleanup message for uid 10615
08-02 18:32:16.858 1761 1975 I DisplayDeviceRepository: Display device changed render timings: "Inner Display", renderFrameRate=120.00001, presentationDeadlineNanos=11500000, appVsyncOffsetNanos=6233332, frameRateOverrides=[]
08-02 18:32:16.860 1761 1972 D HintManagerService: Sent cleanup message for uid 10584
08-02 18:32:16.936 12214 12214 I ContentProtectionServic: CP service created
08-02 18:32:16.938 1761 1761 I RemoteContentProtectionService: Connection status for: ComponentInfo{com.google.android.odad/com.google.android.apps.miphone.odad.contentprotection.ContentProtectionService} changed to: connected
08-02 18:32:16.941 12214 12214 I ContentProtectionServic: CP service onConnected
08-02 18:32:16.946 12214 12280 I ccw : Starting to build the allowlist
08-02 18:32:16.956 5602 5627 D AlphabeticIndexCompat: computeSectionName: cs: SHiRE Mobile sectionName: S
08-02 18:32:16.957 5602 5602 D AllAppsStore: setApps: apps.length=334
08-02 18:32:16.957 5602 5602 D AllAppsStore: notifyUpdate: notifying listeners
08-02 18:32:16.957 5602 5602 D ActivityAllAppsContainerView: onAppsUpdated; number of apps: 334
08-02 18:32:16.958 5602 5602 D ActivityAllAppsContainerView: rebindAdapters: force: false
08-02 18:32:16.958 5602 5602 D ActivityAllAppsContainerView: rebindAdapters: Not needed.
08-02 18:32:16.958 5602 5602 D StatsLog: LAUNCHER_ALLAPPS_COUNT
08-02 18:32:16.960 5602 5602 D AlphabeticalAppsList: Clearing FastScrollerSections.
08-02 18:32:16.961 5602 5602 D AlphabeticalAppsList: Adding apps with sections. HasPrivateApps: false
08-02 18:32:16.961 5602 5602 D AlphabeticalAppsList: addAppsWithSections: adding sectionName: … with appInfoTitle: 7plus
08-02 18:32:16.961 5602 5602 D AlphabeticalAppsList: addAppsWithSections: adding sectionName: A with appInfoTitle: Adobe Acrobat
08-02 18:32:16.961 5602 5602 D AlphabeticalAppsList: addAppsWithSections: adding sectionName: B with appInfoTitle: Balance
08-02 18:32:16.961 5602 5602 D AlphabeticalAppsList: addAppsWithSections: adding sectionName: C with appInfoTitle: Calculator
08-02 18:32:16.961 5602 5602 D AlphabeticalAppsList: addAppsWithSections: adding sectionName: D with appInfoTitle: Dasher
08-02 18:32:16.961 5602 5602 D AlphabeticalAppsList: addAppsWithSections: adding sectionName: E with appInfoTitle: eBay
08-02 18:32:16.961 5602 5602 D AlphabeticalAppsList: addAppsWithSections: adding sectionName: F with appInfoTitle: Facebook
08-02 18:32:16.961 5602 5602 D AlphabeticalAppsList: addAppsWithSections: adding sectionName: G with appInfoTitle: Gemini
08-02 18:32:16.961 5602 5602 D AlphabeticalAppsList: addAppsWithSections: adding sectionName: H with appInfoTitle: HCF
08-02 18:32:16.961 5602 5602 D AlphabeticalAppsList: addAppsWithSections: adding sectionName: I with appInfoTitle: IFTTT
08-02 18:32:16.961 5602 5602 D AlphabeticalAppsList: addAppsWithSections: adding sectionName: J with appInfoTitle: Jotform
08-02 18:32:16.961 5602 5602 D AlphabeticalAppsList: addAppsWithSections: adding sectionName: K with appInfoTitle: Keep notes
08-02 18:32:16.961 5602 5602 D AlphabeticalAppsList: addAppsWithSections: adding sectionName: L with appInfoTitle: LANDR
08-02 18:32:16.961 5602 5602 D AlphabeticalAppsList: addAppsWithSections: adding sectionName: M with appInfoTitle: Macquarie
08-02 18:32:16.961 5602 5602 D AlphabeticalAppsList: addAppsWithSections: adding sectionName: N with appInfoTitle: Nando's
08-02 18:32:16.961 5602 5602 D AlphabeticalAppsList: addAppsWithSections: adding sectionName: O with appInfoTitle: Obico
08-02 18:32:16.961 5602 5602 D AlphabeticalAppsList: addAppsWithSections: adding sectionName: P with appInfoTitle: Paired
08-02 18:32:16.961 5602 5602 D AlphabeticalAppsList: addAppsWithSections: adding sectionName: R with appInfoTitle: Raid
08-02 18:32:16.961 5602 5602 D AlphabeticalAppsList: addAppsWithSections: adding sectionName: S with appInfoTitle: Safety
08-02 18:32:16.961 5602 5602 D AlphabeticalAppsList: addAppsWithSections: adding sectionName: T with appInfoTitle: Tailscale
08-02 18:32:16.961 5602 5602 D AlphabeticalAppsList: addAppsWithSections: adding sectionName: U with appInfoTitle: Uber
08-02 18:32:16.961 5602 5602 D AlphabeticalAppsList: addAppsWithSections: adding sectionName: V with appInfoTitle: VeVe
08-02 18:32:16.961 5602 5602 D AlphabeticalAppsList: addAppsWithSections: adding sectionName: W with appInfoTitle: WA Health - Manage My Care
08-02 18:32:16.961 5602 5602 D AlphabeticalAppsList: addAppsWithSections: adding sectionName: X with appInfoTitle: X
08-02 18:32:16.961 5602 5602 D AlphabeticalAppsList: addAppsWithSections: adding sectionName: Y with appInfoTitle: YouTube
08-02 18:32:16.961 5602 5602 D AlphabeticalAppsList: addAppsWithSections: adding sectionName: Z with appInfoTitle: Zeely
08-02 18:32:16.961 5602 5602 D AlphabeticalAppsList: Adding FastScrollSection duplicate to scroll to the bottom.
08-02 18:32:16.966 5602 5602 D AlphabeticalAppsList: Clearing FastScrollerSections.
08-02 18:32:16.967 5602 5602 D AlphabeticalAppsList: Adding FastScrollSection for work edu card.
08-02 18:32:16.967 5602 5602 D AlphabeticalAppsList: Adding apps with sections. HasPrivateApps: false
08-02 18:32:16.967 5602 5602 D AlphabeticalAppsList: addAppsWithSections: adding sectionName: … with appInfoTitle: 7plus
08-02 18:32:16.967 5602 5602 D AlphabeticalAppsList: addAppsWithSections: adding sectionName: A with appInfoTitle: Adobe Acrobat
08-02 18:32:16.967 5602 5602 D AlphabeticalAppsList: addAppsWithSections: adding sectionName: B with appInfoTitle: Balance
08-02 18:32:16.967 5602 5602 D AlphabeticalAppsList: addAppsWithSections: adding sectionName: C with appInfoTitle: Calculator
08-02 18:32:16.967 5602 5602 D AlphabeticalAppsList: addAppsWithSections: adding sectionName: D with appInfoTitle: Dasher
08-02 18:32:16.967 5602 5602 D AlphabeticalAppsList: addAppsWithSections: adding sectionName: E with appInfoTitle: eBay
08-02 18:32:16.967 5602 5602 D AlphabeticalAppsList: addAppsWithSections: adding sectionName: F with appInfoTitle: Facebook
08-02 18:32:16.967 5602 5602 D AlphabeticalAppsList: addAppsWithSections: adding sectionName: G with appInfoTitle: Gemini
08-02 18:32:16.967 5602 5602 D AlphabeticalAppsList: addAppsWithSections: adding sectionName: H with appInfoTitle: HCF
08-02 18:32:16.967 5602 5602 D AlphabeticalAppsList: addAppsWithSections: adding sectionName: I with appInfoTitle: IFTTT
08-02 18:32:16.967 5602 5602 D AlphabeticalAppsList: addAppsWithSections: adding sectionName: J with appInfoTitle: Jotform
08-02 18:32:16.967 5602 5602 D AlphabeticalAppsList: addAppsWithSections: adding sectionName: K with appInfoTitle: Keep notes
08-02 18:32:16.967 5602 5602 D AlphabeticalAppsList: addAppsWithSections: adding sectionName: L with appInfoTitle: LANDR
08-02 18:32:16.967 5602 5602 D AlphabeticalAppsList: addAppsWithSections: adding sectionName: M with appInfoTitle: Macquarie
08-02 18:32:16.967 5602 5602 D AlphabeticalAppsList: addAppsWithSections: adding sectionName: N with appInfoTitle: Nando's
08-02 18:32:16.967 5602 5602 D AlphabeticalAppsList: addAppsWithSections: adding sectionName: O with appInfoTitle: Obico
08-02 18:32:16.967 5602 5602 D AlphabeticalAppsList: addAppsWithSections: adding sectionName: P with appInfoTitle: Paired
08-02 18:32:16.967 5602 5602 D AlphabeticalAppsList: addAppsWithSections: adding sectionName: R with appInfoTitle: Raid
08-02 18:32:16.967 5602 5602 D AlphabeticalAppsList: addAppsWithSections: adding sectionName: S with appInfoTitle: Safety
08-02 18:32:16.967 5602 5602 D AlphabeticalAppsList: addAppsWithSections: adding sectionName: T with appInfoTitle: Tailscale
08-02 18:32:16.967 5602 5602 D AlphabeticalAppsList: addAppsWithSections: adding sectionName: U with appInfoTitle: Uber
08-02 18:32:16.967 5602 5602 D AlphabeticalAppsList: addAppsWithSections: adding sectionName: V with appInfoTitle: VeVe
08-02 18:32:16.967 5602 5602 D AlphabeticalAppsList: addAppsWithSections: adding sectionName: W with appInfoTitle: WA Health - Manage My Care
08-02 18:32:16.967 5602 5602 D AlphabeticalAppsList: addAppsWithSections: adding sectionName: X with appInfoTitle: X
08-02 18:32:16.967 5602 5602 D AlphabeticalAppsList: addAppsWithSections: adding sectionName: Y with appInfoTitle: YouTube
08-02 18:32:16.967 5602 5602 D AlphabeticalAppsList: addAppsWithSections: adding sectionName: Z with appInfoTitle: Zeely
08-02 18:32:16.967 5602 5602 D AlphabeticalAppsList: Adding FastScrollSection duplicate to scroll to the bottom.
08-02 18:32:16.967 5602 5602 D AllAppsStore: setApps: apps.length=334
08-02 18:32:16.967 5602 5602 D AllAppsStore: notifyUpdate: notifying listeners
08-02 18:32:17.005 5602 5602 D b/387844520: getOutlineOffsetX: measured width = 161, mNormalizedIconSize = 148, last updated width = 161
08-02 18:32:17.006 12214 12237 I le.android.odad: Background young concurrent mark compact GC freed 8437KB AllocSpace bytes, 1(20KB) LOS objects, 98% free, 3318KB/256MB, paused 616us,1.351ms total 308.707ms
08-02 18:32:17.006 12214 12237 W le.android.odad: Reducing the number of considered missed Gc histogram windows from 418 to 100
08-02 18:32:17.013 840 3671 E powerhal-libperfmgr: Error: shouldn't report duration during pause state.
08-02 18:32:17.017 1761 9945 W ProcessStats: Tracking association SourceState{731f538 com.ringapp/10584 Top #1221196} whose proc state 1 is better than process ProcessState{87fef56 com.google.android.gms.persistent/10139 pkg=com.google.android.gms} proc state 2 (380 skipped)
08-02 18:32:17.047 1761 3907 W ApplicationInfo: Large ApplicationInfo parcel: size=20140 package=com.zhiliaoapp.musically splits=57 sharedLibs=8 resDirs=1 overlayPaths=1
08-02 18:32:17.047 1761 3907 W PackageInfo: Large parcel: size=22196 pkg=com.zhiliaoapp.musically uid=10310 reqPerm=36(1) prevAllowSquashing=false
08-02 18:32:17.047 1761 3907 W ParceledListSlice: Element #281 is 22196 bytes.
08-02 18:32:17.059 29393 29738 W libbinder.Binder: Binder transaction to android.content.IContentProvider, function: UNKNOWN_FUNCTION_NAME, code: 21, took 4023ms. Data bytes: 476 Reply bytes: 428 Flags: 18
08-02 18:32:17.065 12214 12280 I ccw : Using APK blocklist. Potential packages: 304, blocklist size: 6186, allowlist size: 202, latency: PT0.119S
08-02 18:32:17.183 12214 12214 I bvx : Starting work type: HANDLE_PACKAGES_CHANGED using foreground service, isShort: false
08-02 18:32:17.185 1761 3907 I ActivityManager: Background started FGS: Allowed [callingPackage: com.google.android.odad; callingUid: 10151; uidState: IMPF; uidBFSL: n/a; BFGS denied: false; intent: Intent { xflg=0x4 cmp=com.google.android.odad/com.google.android.apps.miphone.odad.backgroundwork.impl.WorkService (has extras) }; code:BACKGROUND_ACTIVITY_PERMISSION; tempAllowListReason:; allowWiu:58; targetSdkVersion:37; callerTargetSdkVersion:37; startForegroundCount:0; bindFromPackage:null; isBindService:false]
08-02 18:32:17.193 12214 12214 I WorkService: Work service created
08-02 18:32:17.194 12214 12283 I cow : Started coroutine watchdog: work-service, duration: PT3M
08-02 18:32:17.203 1761 3907 W ForegroundServiceTypeLoggerModule: Foreground service start for UID: 10151 does not have any types
08-02 18:32:17.205 12214 12214 I WorkService: Moved work service to foreground
08-02 18:32:17.205 12214 12214 I bvx : Starting the handler for work type: HANDLE_PACKAGES_CHANGED
08-02 18:32:17.206 12214 12214 I WorkService: Work service returning from onStartCommand, work count: 1
08-02 18:32:17.208 12214 12741 I bvl : No reboot detected, boot count: 42
08-02 18:32:17.217 12214 12741 I bvl : Found: 4 changed packages for sequence number: 709, new sequence number: 723
08-02 18:32:17.258 24641 8716 D EventStreamRepository: Thread: 2. ring.core.app. Inserted events into db. Total count is 190, flushing=false
08-02 18:32:17.258 24641 8716 D EventStreamRepository: Thread: 2. ring.core.app. Reached minSize in db, scheduling the worker
08-02 18:32:17.261 24641 24714 D WM-Processor: Processor cancelling 155bdeb4-0bfb-44db-a0ca-78807c06f303
08-02 18:32:17.261 24641 24714 D WM-Processor: WorkerWrapper could not be found for 155bdeb4-0bfb-44db-a0ca-78807c06f303
08-02 18:32:17.263 12214 12741 I bvl : Handling installed or updated package: com.spotify.music
08-02 18:32:17.263 12214 12741 I coq : Attempting to classify package: com.spotify.music using model: bll_1
08-02 18:32:17.269 24641 24714 D WM-GreedyScheduler: Cancelling work ID 155bdeb4-0bfb-44db-a0ca-78807c06f303
08-02 18:32:17.274 21634 21697 W libbinder.Binder: Binder transaction to android.accounts.IAccountAuthenticator, function: UNKNOWN_FUNCTION_NAME, code: 3, took 1506ms. Data bytes: 492 Reply bytes: 0 Flags: 17
08-02 18:32:17.290 12214 12741 I coq : Skipping package: com.spotify.music, it was already classified as: NOT_HARMFUL, and rescan was disabled
08-02 18:32:17.291 24641 24714 D WM-SystemJobScheduler: Scheduling work ID 30e7edc6-18d5-4c1a-b3fb-2b10122c70d1Job ID 1079688
08-02 18:32:17.292 12214 12741 I bvl : Handling installed or updated package: com.microsoft.teams
08-02 18:32:17.292 12214 12741 I coq : Attempting to classify package: com.microsoft.teams using model: bll_1
08-02 18:32:17.293 12214 12741 I coq : Skipping package: com.microsoft.teams, it was already classified as: NOT_HARMFUL, and rescan was disabled
08-02 18:32:17.294 1761 5814 W ApplicationInfo: Large ApplicationInfo parcel: size=20140 package=com.zhiliaoapp.musically splits=57 sharedLibs=8 resDirs=1 overlayPaths=1
08-02 18:32:17.294 1761 5814 W PackageInfo: Large parcel: size=23832 pkg=com.zhiliaoapp.musically uid=10310 prevAllowSquashing=false
08-02 18:32:17.295 12214 12741 I bvl : Handling installed or updated package: com.zhiliaoapp.musically
08-02 18:32:17.295 12214 12741 I coq : Attempting to classify package: com.zhiliaoapp.musically using model: bll_1
08-02 18:32:17.296 12214 12741 I coq : Skipping package: com.zhiliaoapp.musically, it was already classified as: NOT_HARMFUL, and rescan was disabled
08-02 18:32:17.307 12634 12634 I Choreographer: Skipped 65 frames! The application may be doing too much work on its main thread.
08-02 18:32:17.382 21634 21638 E gcblocker: too long GC blocking: 5
08-02 18:32:17.382 21634 21638 E gcblocker: gc block end, 172368412,102
08-02 18:32:17.388 24641 24641 W DataBinding: Setting the fragment as the LifecycleOwner might cause memory leaks because views lives shorter than the Fragment. Consider using Fragment's view lifecycle
08-02 18:32:17.391 24641 24641 W DataBinding: Setting the fragment as the LifecycleOwner might cause memory leaks because views lives shorter than the Fragment. Consider using Fragment's view lifecycle
08-02 18:32:17.403 12214 12741 I bvl : Handling installed or updated package: com.shire.mobile
08-02 18:32:17.404 12214 12741 I coq : Attempting to classify package: com.shire.mobile using model: bll_1
08-02 18:32:17.499 1761 5814 W ApplicationInfo: Large ApplicationInfo parcel: size=23476 package=com.google.android.googlequicksearchbox splits=7 sharedLibs=5 resDirs=1 overlayPaths=1
08-02 18:32:17.499 1761 5814 W ParceledListSlice: Element #383 is 23936 bytes.
08-02 18:32:17.499 1761 5814 W ApplicationInfo: Large ApplicationInfo parcel: size=23476 package=com.google.android.googlequicksearchbox splits=7 sharedLibs=5 resDirs=1 overlayPaths=1
08-02 18:32:17.499 1761 5814 W ParceledListSlice: Element #384 is 24852 bytes.
08-02 18:32:17.503 1761 5814 W ApplicationInfo: Large ApplicationInfo parcel: size=31968 package=com.alibaba.aliexpresshd splits=18 sharedLibs=3 resDirs=1 overlayPaths=1
08-02 18:32:17.503 1761 5814 W ParceledListSlice: Element #444 is 32344 bytes.
08-02 18:32:17.504 1761 5814 W ApplicationInfo: Large ApplicationInfo parcel: size=25800 package=com.alibaba.intl.android.apps.poseidon splits=39 sharedLibs=4 resDirs=1 overlayPaths=1
08-02 18:32:17.504 1761 5814 W ParceledListSlice: Element #445 is 26224 bytes.
08-02 18:32:17.504 1761 5814 W ApplicationInfo: Large ApplicationInfo parcel: size=22036 package=com.amazon.mShop.android.shopping splits=2 sharedLibs=5 resDirs=1 overlayPaths=1
08-02 18:32:17.504 1761 5814 W ParceledListSlice: Element #449 is 22468 bytes.
08-02 18:32:17.505 1761 5814 W ApplicationInfo: Large ApplicationInfo parcel: size=22036 package=com.amazon.mShop.android.shopping splits=2 sharedLibs=5 resDirs=1 overlayPaths=1
08-02 18:32:17.505 1761 5814 W ParceledListSlice: Element #450 is 22372 bytes.
08-02 18:32:17.505 1761 5814 W ApplicationInfo: Large ApplicationInfo parcel: size=22036 package=com.amazon.mShop.android.shopping splits=2 sharedLibs=5 resDirs=1 overlayPaths=1
08-02 18:32:17.505 1761 5814 W ParceledListSlice: Element #451 is 22492 bytes.
08-02 18:32:17.505 1761 5814 W ApplicationInfo: Large ApplicationInfo parcel: size=22036 package=com.amazon.mShop.android.shopping splits=2 sharedLibs=5 resDirs=1 overlayPaths=1
08-02 18:32:17.505 1761 5814 W ParceledListSlice: Element #452 is 22436 bytes.
08-02 18:32:17.505 1761 5814 W ApplicationInfo: Large ApplicationInfo parcel: size=22036 package=com.amazon.mShop.android.shopping splits=2 sharedLibs=5 resDirs=1 overlayPaths=1
08-02 18:32:17.505 1761 5814 W ParceledListSlice: Element #453 is 22500 bytes.
08-02 18:32:17.505 1761 5814 W ApplicationInfo: Large ApplicationInfo parcel: size=22036 package=com.amazon.mShop.android.shopping splits=2 sharedLibs=5 resDirs=1 overlayPaths=1
08-02 18:32:17.505 1761 5814 W ParceledListSlice: Element #454 is 22492 bytes.
08-02 18:32:17.529 1761 5814 W ApplicationInfo: Large ApplicationInfo parcel: size=25160 package=com.zhiliaoapp.musically splits=57 sharedLibs=8 resDirs=1 overlayPaths=1
08-02 18:32:17.529 1761 5814 W ParceledListSlice: Element #851 is 25524 bytes.
08-02 18:32:17.530 1761 5814 W ApplicationInfo: Large ApplicationInfo parcel: size=22360 package=dji.go.v5 sharedLibs=4 resDirs=1 overlayPaths=1
08-02 18:32:17.530 1761 5814 W ParceledListSlice: Element #854 is 22680 bytes.
08-02 18:32:17.685 24641 9276 D EventStreamRepository: Thread: 2. ring.core.app. Inserted events into db. Total count is 191, flushing=false
