08-02 18:32:23.440 17882 17920 W LegacyLPSourceImpl: #getRequestedPackages: There is no reason to call this method, as the result is always empty.
08-02 18:32:23.441 19172 19200 I eynq : (REDACTED) <<< [%s] Reading SodaResourceManager message with updated resourceIds: %s. Total set: %s
08-02 18:32:23.444 17882 17910 I LegacyLPSourceImpl: (REDACTED) Parsing legacy read-only LanguagePack metadata file: %s
08-02 18:32:23.444 17882 17922 E fbpr : (REDACTED) Unrecognized recognizer for [%s, %d]: %d. Ignoring it and its associated features.
08-02 18:32:23.444 17882 17920 E fbpr : (REDACTED) Unrecognized recognizer for [%s, %d]: %d. Ignoring it and its associated features.
08-02 18:32:23.445 17882 17949 E fbpr : (REDACTED) Unrecognized recognizer for [%s, %d]: %d. Ignoring it and its associated features.
08-02 18:32:23.449 17882 17909 I LegacyLPSourceImpl: (REDACTED) Parsing legacy read-only LanguagePack metadata file: %s
08-02 18:32:23.449 17882 17920 E fbpr : (REDACTED) Unrecognized recognizer for [%s, %d]: %d. Ignoring it and its associated features.
08-02 18:32:23.449 17882 17920 E fbpr : (REDACTED) Unrecognized recognizer for [%s, %d]: %d. Ignoring it and its associated features.
08-02 18:32:23.450 17882 17920 E fbpr : (REDACTED) Unrecognized recognizer for [%s, %d]: %d. Ignoring it and its associated features.
08-02 18:32:23.450 17882 17920 E fbpr : (REDACTED) Unrecognized recognizer for [%s, %d]: %d. Ignoring it and its associated features.
08-02 18:32:23.451 17882 17922 E fbpr : (REDACTED) Unrecognized recognizer for [%s, %d]: %d. Ignoring it and its associated features.
08-02 18:32:23.451 17882 17949 E fbpr : (REDACTED) Unrecognized recognizer for [%s, %d]: %d. Ignoring it and its associated features.
08-02 18:32:23.451 17882 17922 E fbpr : (REDACTED) Unrecognized recognizer for [%s, %d]: %d. Ignoring it and its associated features.
08-02 18:32:23.451 17882 17949 E fbpr : (REDACTED) Unrecognized recognizer for [%s, %d]: %d. Ignoring it and its associated features.
08-02 18:32:23.452 17882 17949 E fbpr : (REDACTED) Unrecognized recognizer for [%s, %d]: %d. Ignoring it and its associated features.
08-02 18:32:23.452 17882 17949 E fbpr : (REDACTED) Unrecognized recognizer for [%s, %d]: %d. Ignoring it and its associated features.
08-02 18:32:23.455 17882 17943 I LPRequestState: (REDACTED) [%s] #resolveDesiredLanguagePacks
08-02 18:32:23.461 17882 17914 I SystemLPSourceImpl: (REDACTED) Parsed system partition LanguagePack metadata file: %s
08-02 18:32:23.461 17882 17943 I LPRequestState: (REDACTED) Assigning language pack %s for request %s
08-02 18:32:23.463 17882 17920 I LPDownloadSettingsState: (REDACTED) Defaulting LP download condition to %s as user has not edited settings.
08-02 18:32:23.463 17882 17920 I ZipLPPopulator: (REDACTED) MDD.addFileGroup: %s
08-02 18:32:23.465 17882 17922 E fbpr : (REDACTED) Unrecognized recognizer for [%s, %d]: %d. Ignoring it and its associated features.
08-02 18:32:23.465 17882 17922 E fbpr : (REDACTED) Unrecognized recognizer for [%s, %d]: %d. Ignoring it and its associated features.
08-02 18:32:23.467 17882 17903 I SystemLPSourceImpl: (REDACTED) Parsed system partition LanguagePack metadata file: %s
08-02 18:32:23.490 17882 17910 I SystemLPSourceImpl: (REDACTED) Parsed system partition LanguagePack metadata file: %s
08-02 18:32:23.491 17882 17903 I LegacyLPSourceImpl: (REDACTED) Parsing legacy read-only LanguagePack metadata file: %s
08-02 18:32:23.513 21634 21638 E gcblocker: too long GC blocking: 5
08-02 18:32:23.513 21634 21638 E gcblocker: gc block end, 172374544,101
08-02 18:32:23.683 17882 17922 I ZipLPPopulator: (REDACTED) Updated file group for group '%s' from location: %s
08-02 18:32:23.683 17882 17922 I ZipLPPopulator: #addNewFileGroups complete
08-02 18:32:23.684 17882 17922 I fbri : #getPendingPackages from MDD
08-02 18:32:23.684 17882 17922 I fbri : #GetLanguagePackList
08-02 18:32:23.684 17882 17922 I fbri : MDD.getFileGroupsByFilter(langpack-domain_xx-XX_ver_zipfile)
08-02 18:32:23.694 17882 17949 I DefaultLPManager: #getPackage
08-02 18:32:23.695 17882 17949 I ZipfileLPSourceImpl: #getPackage
08-02 18:32:23.695 17882 17949 I ZipLPPopulator: #addNewFileGroups
08-02 18:32:23.695 17882 17949 I fbri : #getDownloadableLanguagePacks
08-02 18:32:23.701 17882 17949 I fbrz : (REDACTED) Loaded languagepack (LP) flag value from latest config %s: %s
08-02 18:32:23.702 17882 17949 E fbpr : (REDACTED) Unrecognized recognizer for [%s, %d]: %d. Ignoring it and its associated features.
08-02 18:32:23.711 17882 17949 E fbpr : (REDACTED) Unrecognized recognizer for [%s, %d]: %d. Ignoring it and its associated features.
08-02 18:32:23.711 17882 17949 E fbpr : (REDACTED) Unrecognized recognizer for [%s, %d]: %d. Ignoring it and its associated features.
08-02 18:32:23.711 17882 17949 E fbpr : (REDACTED) Unrecognized recognizer for [%s, %d]: %d. Ignoring it and its associated features.
08-02 18:32:23.711 17882 17949 E fbpr : (REDACTED) Unrecognized recognizer for [%s, %d]: %d. Ignoring it and its associated features.
08-02 18:32:23.715 17882 17949 I LPRequestState: (REDACTED) [%s] #resolveDesiredLanguagePacks
08-02 18:32:23.716 17882 17949 I LPRequestState: (REDACTED) Assigning language pack %s for request %s
08-02 18:32:23.716 17882 17949 I LPDownloadSettingsState: (REDACTED) Defaulting LP download condition to %s as user has not edited settings.
08-02 18:32:23.716 17882 17949 I ZipLPPopulator: (REDACTED) MDD.addFileGroup: %s
08-02 18:32:23.816 17882 17922 I ZipLPPopulator: #addNewFileGroups complete
08-02 18:32:23.816 17882 17922 I ZipLPPopulator: (REDACTED) MDD.getFileGroup(%s)
08-02 18:32:23.817 17882 17943 I ZipLPPopulator: (REDACTED) Updated file group for group '%s' from location: %s
08-02 18:32:23.818 17882 17903 I ZipfileLPSourceImpl: (REDACTED) MDD.getFileGroup(%s) complete
08-02 18:32:23.819 17882 17903 I ZipfileLPSourceImpl: (REDACTED) Found LanguagePack metadata file with path: %s
08-02 18:32:23.819 17882 17903 I ZipfileLPSourceImpl: (REDACTED) Returning LanguagePack path for locale %s, version %d from MDD with group name '%s': '%s'
08-02 18:32:23.824 17882 17949 I eyna : (REDACTED) [%s] Installed LanguagePacks: %s
08-02 18:32:23.824 17882 17949 I eyna : (REDACTED) [%s] Pending pack: %s
08-02 18:32:23.846 19172 19209 I eynq : (REDACTED) <<< [%s] Reading SodaResourceManager message with updated resourceIds: %s. Total set: %s
08-02 18:32:23.846 19172 19209 I eynq : (REDACTED) <<< [%s] SodaResourceManager session emitted all requested resources: %s. Ok to terminate.
08-02 18:32:23.873 19172 19203 I eynq : (REDACTED) <<< [%s] Reading SodaResourceManager message with updated resourceIds: %s. Total set: %s
08-02 18:32:23.873 19172 19203 I eynq : (REDACTED) <<< [%s] SodaResourceManager session emitted all requested resources: %s. Ok to terminate.
08-02 18:32:23.894 17882 17943 I eyla : (REDACTED) [%s] All resources wrote to PDS and notified client.
08-02 18:32:23.894 17882 17943 I eyla : (REDACTED) [%s] hotwordLatency: %d, tdsidLatency: %d, All resources latency: %d
08-02 18:32:23.895 17882 17910 I eyob : (REDACTED) [%s] Returning ResourceResponse.
08-02 18:32:23.897 19172 19203 I eynq : (REDACTED) [%s] SRM session terminated after all resources accounted for: %s.
08-02 18:32:23.903 19172 19212 I exur : #updateSodaResourcesWithoutReload
08-02 18:32:23.903 19172 19200 I exur : #updateSodaResourcesWithoutReload inside sequencer
08-02 18:32:23.909 19172 19188 I exur : #checkAsrCompatibility inside sequencer
08-02 18:32:23.910 19172 19188 I exur : (REDACTED) #checkAsrCompatibility initializing Soda. Locale: %s. Expected LP version: %d
08-02 18:32:23.910 19172 19188 I exur : (REDACTED) Soda cache directory: %s
08-02 18:32:23.911 19172 19188 I exur : Hotmatch disabled: flag not enabled
08-02 18:32:23.916 19172 19188 I eyix : SODA instance exists and matches params. Updating callbacks and returning preloaded instance.
08-02 18:32:23.916 19172 19188 I exur : #checkAsrCompatibility successful!
08-02 18:32:23.917 19172 19188 I exvq : Compatcheck success for background update.
08-02 18:32:23.917 19172 19188 I exur : #backgroundUpdate
08-02 18:32:23.917 19172 19188 I exur : #backgroundUpdate inside sequencer
08-02 18:32:23.917 19172 19206 I exur : #backgroundUpdate using the existing ASR soda instance.
08-02 18:32:24.019 19172 19206 I native : I0000 00:00:1785666744.017281 19206 context-module-impl.cc:802] Update context input. (Proto:MessageLite at 0xb400006fa5e6edc0)
08-02 18:32:24.029 19172 19206 I native : I0000 00:00:1785666744.029407 19206 context-module-impl.cc:809] Update context input for public scope. (Proto:MessageLite at 0xb400006fa5e6edc0)
08-02 18:32:24.034 19172 19206 I exvq : #backgroundBiasingUpdate succeeded.
08-02 18:32:24.038 19172 19209 I elhs : (REDACTED) Sending speech biasing context update to SODA with locale %s. %s
08-02 18:32:24.039 19172 19206 I exur : #checkAsrCompatibility inside sequencer
08-02 18:32:24.040 19172 19206 I exur : (REDACTED) #checkAsrCompatibility initializing Soda. Locale: %s. Expected LP version: %d
08-02 18:32:24.040 19172 19206 I exur : (REDACTED) Soda cache directory: %s
08-02 18:32:24.040 19172 19206 I exur : Hotmatch disabled: flag not enabled
08-02 18:32:24.041 19172 19206 I eyix : SODA instance exists and matches params. Updating callbacks and returning preloaded instance.
08-02 18:32:24.041 19172 19206 I exur : #checkAsrCompatibility successful!
08-02 18:32:24.042 19172 19206 I exvq : Compatcheck success for background update.
08-02 18:32:24.042 19172 19200 I exvq : (REDACTED) #getSodaAsrUpdateRequest inserting app domain: %s
08-02 18:32:24.042 19172 19206 I exur : #backgroundUpdate
08-02 18:32:24.042 19172 19206 I exur : #backgroundUpdate inside sequencer
08-02 18:32:24.042 19172 19206 I exur : #backgroundUpdate using the existing ASR soda instance.
08-02 18:32:24.049 19172 19206 I native : I0000 00:00:1785666744.049679 19206 context-module-impl.cc:802] Update context input. (Proto:MessageLite at 0xb400006fa5e06780)
08-02 18:32:24.053 19172 19206 I native : I0000 00:00:1785666744.052986 19206 context-module-impl.cc:809] Update context input for public scope. (Proto:MessageLite at 0xb400006fa5e06780)
08-02 18:32:24.054 19172 19206 I exvq : #backgroundBiasingUpdate succeeded.
08-02 18:32:24.055 19172 19209 I elhs : (REDACTED) Sending speech biasing context update to SODA with locale %s. %s
08-02 18:32:24.056 19172 19206 I exur : #checkAsrCompatibility inside sequencer
08-02 18:32:24.056 19172 19206 I exur : (REDACTED) #checkAsrCompatibility initializing Soda. Locale: %s. Expected LP version: %d
08-02 18:32:24.056 19172 19206 I exur : (REDACTED) Soda cache directory: %s
08-02 18:32:24.056 19172 19206 I exur : Hotmatch disabled: flag not enabled
08-02 18:32:24.056 19172 19200 I exvq : (REDACTED) #getSodaAsrUpdateRequest inserting app domain: %s
08-02 18:32:24.056 19172 19206 I eyix : SODA instance exists and matches params. Updating callbacks and returning preloaded instance.
08-02 18:32:24.057 19172 19212 I esds : (REDACTED) AppFlow %s is about to be transmitted
08-02 18:32:24.057 19172 19206 I exur : #checkAsrCompatibility successful!
08-02 18:32:24.057 19172 19206 I exvq : Compatcheck success for background update.
08-02 18:32:24.057 19172 19206 I exur : #backgroundUpdate
08-02 18:32:24.057 19172 19206 I exur : #backgroundUpdate inside sequencer
08-02 18:32:24.058 19172 19206 I exur : #backgroundUpdate using the existing ASR soda instance.
08-02 18:32:24.058 19172 19206 I exvq : #backgroundBiasingUpdate succeeded.
08-02 18:32:24.059 19172 19208 I elhs : (REDACTED) SODA speech biasing context update for %s is complete. %s
08-02 18:32:24.060 19172 19206 I exur : #checkAsrCompatibility inside sequencer
08-02 18:32:24.060 19172 19206 I exur : (REDACTED) #checkAsrCompatibility initializing Soda. Locale: %s. Expected LP version: %d
08-02 18:32:24.060 19172 19206 I exur : (REDACTED) Soda cache directory: %s
08-02 18:32:24.060 19172 19206 I exur : Hotmatch disabled: flag not enabled
08-02 18:32:24.060 19172 19206 I eyix : SODA instance exists and matches params. Updating callbacks and returning preloaded instance.
08-02 18:32:24.061 19172 19206 I exur : #checkAsrCompatibility successful!
08-02 18:32:24.061 19172 19206 I exvq : Compatcheck success for background update.
08-02 18:32:24.061 19172 19206 I exur : #backgroundUpdate
08-02 18:32:24.061 19172 19206 I exur : #backgroundUpdate inside sequencer
08-02 18:32:24.061 19172 19206 I exur : #backgroundUpdate using the existing ASR soda instance.
08-02 18:32:24.062 19172 19206 I exvq : #backgroundBiasingUpdate succeeded.
08-02 18:32:24.063 19172 19204 I elhs : (REDACTED) SODA speech biasing context update for %s is complete. %s
08-02 18:32:24.066 19172 19204 I elhc : (REDACTED) Successfully scheduled context update for key: %s for %s.
08-02 18:32:24.067 19172 19208 I elhc : (REDACTED) Successfully scheduled context update for key: %s for %s.
08-02 18:32:24.071 19172 19212 I esds : (REDACTED) AppFlow %s is about to be transmitted
08-02 18:32:24.072 19172 19212 I esds : (REDACTED) AppFlow %s is about to be transmitted
08-02 18:32:24.074 19172 19210 I axuj : #getOobeStatus: OptedIn [CONTEXT ratelimit_period="10 SECONDS" skipped=5 ]
08-02 18:32:24.076 19172 19212 I esds : (REDACTED) AppFlow %s is about to be transmitted
08-02 18:32:24.076 19172 19212 I esds : (REDACTED) AppFlow %s is about to be transmitted
08-02 18:32:24.077 19172 19212 I esds : (REDACTED) AppFlow %s is about to be transmitted
08-02 18:32:24.089 24641 9191 D EventStreamRepository: Thread: 2. ring.core.app. Inserted events into db. Total count is 199, flushing=false
08-02 18:32:24.089 24641 9191 D EventStreamRepository: Thread: 2. ring.core.app. Reached minSize in db, scheduling the worker
08-02 18:32:24.089 24641 9291 D EventStreamRepository: Thread: 2. ring.core.app.logs. Inserted events into db. Total count is 164, flushing=false
08-02 18:32:24.089 24641 9291 D EventStreamRepository: Thread: 2. ring.core.app.logs. Reached minSize in db, scheduling the worker
08-02 18:32:24.092 24641 24723 D WM-Processor: Processor cancelling 66dd4deb-2a1b-4f3f-aee4-f779efb424e6
08-02 18:32:24.092 24641 24723 D WM-Processor: WorkerWrapper could not be found for 66dd4deb-2a1b-4f3f-aee4-f779efb424e6
08-02 18:32:24.113 24641 24723 D WM-GreedyScheduler: Cancelling work ID 66dd4deb-2a1b-4f3f-aee4-f779efb424e6
08-02 18:32:24.129 24641 24723 D WM-SystemJobScheduler: Scheduling work ID 7575768f-ac1d-4abe-a0b6-9d3d40e060baJob ID 1079705
08-02 18:32:24.138 24641 24723 D WM-Processor: Processor cancelling f67464e3-ba05-4da4-a567-c73716335a20
08-02 18:32:24.138 24641 24723 D WM-Processor: WorkerWrapper could not be found for f67464e3-ba05-4da4-a567-c73716335a20
08-02 18:32:24.159 24641 24723 D WM-GreedyScheduler: Cancelling work ID f67464e3-ba05-4da4-a567-c73716335a20
08-02 18:32:24.176 24641 24723 D WM-SystemJobScheduler: Scheduling work ID 57a52f72-6d5c-4c7b-8336-de98a147f801Job ID 1079706
08-02 18:32:24.732 25430 25502 E AbstractLogEventBuilder: The provided ProductIdOrigin 3 is not one of the process-level expected values: 1 or 2
08-02 18:32:24.933 21634 8646 W libbinder.Binder: Binder transaction to android.accounts.IAccountAuthenticator, function: UNKNOWN_FUNCTION_NAME, code: 3, took 1500ms. Data bytes: 492 Reply bytes: 0 Flags: 17
08-02 18:32:25.040 21634 21638 E gcblocker: too long GC blocking: 5
08-02 18:32:25.040 21634 21638 E gcblocker: gc block end, 172376072,100
08-02 18:32:25.752 24641 9291 D EventStreamRepository: Thread: 2. ring.core.app.logs. Inserted events into db. Total count is 165, flushing=false
08-02 18:32:25.753 24641 9291 D EventStreamRepository: Thread: 2. ring.core.app.logs. Reached minSize in db, scheduling the worker
08-02 18:32:25.753 24641 9268 D EventStreamRepository: Thread: 2. ring.core.app. Inserted events into db. Total count is 200, flushing=false
08-02 18:32:25.753 24641 9268 D EventStreamRepository: Thread: 2. ring.core.app. Reached minSize in db, scheduling the worker
08-02 18:32:25.757 24641 24723 D WM-Processor: Processor cancelling 7575768f-ac1d-4abe-a0b6-9d3d40e060ba
08-02 18:32:25.757 24641 24723 D WM-Processor: WorkerWrapper could not be found for 7575768f-ac1d-4abe-a0b6-9d3d40e060ba
08-02 18:32:25.778 24641 24723 D WM-GreedyScheduler: Cancelling work ID 7575768f-ac1d-4abe-a0b6-9d3d40e060ba
08-02 18:32:25.790 24641 24723 D WM-SystemJobScheduler: Scheduling work ID 083b3f0b-b551-44d4-b9ea-7fb4d6190388Job ID 1079707
08-02 18:32:25.795 24641 24723 D WM-Processor: Processor cancelling 57a52f72-6d5c-4c7b-8336-de98a147f801
08-02 18:32:25.795 24641 24723 D WM-Processor: WorkerWrapper could not be found for 57a52f72-6d5c-4c7b-8336-de98a147f801
08-02 18:32:25.808 24641 24723 D WM-GreedyScheduler: Cancelling work ID 57a52f72-6d5c-4c7b-8336-de98a147f801
08-02 18:32:25.815 24641 24723 D WM-SystemJobScheduler: Scheduling work ID f3f8354c-9a4a-4e96-adf2-d4cc4d0c9ed1Job ID 1079708
08-02 18:32:26.056 1450 1450 I adbd : adbd service requested 'shell,v2,TERM=xterm:export ANDROID_LOG_TAGS=''; exec logcat '-d' '-v' 'threadtime''